[INFO] cloning repository https://github.com/NhanDuong21/vibeping-mobile-app
[INFO] running `Command { std: "git" "-c" "credential.helper=" "-c" "credential.helper=/workspace/cargo-home/bin/git-credential-null" "clone" "--bare" "https://github.com/NhanDuong21/vibeping-mobile-app" "/workspace/cache/git-repos/https%3A%2F%2Fgithub.com%2FNhanDuong21%2Fvibeping-mobile-app", kill_on_drop: false }`
[INFO] [stderr] Cloning into bare repository '/workspace/cache/git-repos/https%3A%2F%2Fgithub.com%2FNhanDuong21%2Fvibeping-mobile-app'...
[INFO] running `Command { std: "git" "rev-parse" "HEAD", kill_on_drop: false }`
[INFO] [stdout] 77d97a7efd9741c301d2e4317fbdb3ee28f3f446
[INFO] checking NhanDuong21/vibeping-mobile-app against 3154cc1a3e6424e44f438a95007d043ed5ceaaf6 for pr-133502-30
[INFO] running `Command { std: "git" "clone" "/workspace/cache/git-repos/https%3A%2F%2Fgithub.com%2FNhanDuong21%2Fvibeping-mobile-app" "/workspace/builds/worker-3-tc2/source", kill_on_drop: false }`
[INFO] [stderr] Cloning into '/workspace/builds/worker-3-tc2/source'...
[INFO] [stderr] done.
[INFO] removed /workspace/builds/worker-3-tc2/source/rust-toolchain.toml
[INFO] started tweaking git repo https://github.com/NhanDuong21/vibeping-mobile-app
[INFO] finished tweaking git repo https://github.com/NhanDuong21/vibeping-mobile-app
[INFO] tweaked toml for git repo https://github.com/NhanDuong21/vibeping-mobile-app written to /workspace/builds/worker-3-tc2/source/Cargo.toml
[INFO] validating manifest of git repo https://github.com/NhanDuong21/vibeping-mobile-app on toolchain 3154cc1a3e6424e44f438a95007d043ed5ceaaf6
[INFO] running `Command { std: CARGO_HOME="/workspace/cargo-home" RUSTUP_HOME="/workspace/rustup-home" "/workspace/cargo-home/bin/cargo" "+3154cc1a3e6424e44f438a95007d043ed5ceaaf6" "metadata" "--manifest-path" "Cargo.toml" "--no-deps", kill_on_drop: false }`
[INFO] crate git repo https://github.com/NhanDuong21/vibeping-mobile-app already has a lockfile, it will not be regenerated
[INFO] running `Command { std: CARGO_HOME="/workspace/cargo-home" RUSTUP_HOME="/workspace/rustup-home" "/workspace/cargo-home/bin/cargo" "+3154cc1a3e6424e44f438a95007d043ed5ceaaf6" "fetch" "--manifest-path" "Cargo.toml", kill_on_drop: false }`
[INFO] running `Command { std: "docker" "create" "-v" "/var/lib/crater-agent-workspace/builds/worker-3-tc2/source:/opt/rustwide/workdir:ro,Z" "-v" "/var/lib/crater-agent-workspace/builds/worker-3-tc2/target:/opt/rustwide/target:rw,Z" "-v" "/var/lib/crater-agent-workspace/cargo-home:/opt/rustwide/cargo-home:ro,Z" "-v" "/var/lib/crater-agent-workspace/rustup-home:/opt/rustwide/rustup-home:ro,Z" "-m" "1610612736" "--network" "none" "ghcr.io/rust-lang/crates-build-env/linux@sha256:77db811e55d90add9212f6832c23229e3de5f1c1f9905e8cb07319ea15df73ac" "sleep" "infinity", kill_on_drop: false }`
[INFO] [stdout] 3c6bccf0b6fc8a10146fae4dea5790b23873cd345aa43a06fb819d0c414791b7
[INFO] running `Command { std: "docker" "start" "3c6bccf0b6fc8a10146fae4dea5790b23873cd345aa43a06fb819d0c414791b7", kill_on_drop: false }`
[INFO] running `Command { std: "docker" "inspect" "3c6bccf0b6fc8a10146fae4dea5790b23873cd345aa43a06fb819d0c414791b7", kill_on_drop: false }`
[INFO] running `Command { std: "docker" "exec" "-e" "SOURCE_DIR=/opt/rustwide/workdir" "-e" "CARGO_HOME=/opt/rustwide/cargo-home" "-e" "RUSTUP_HOME=/opt/rustwide/rustup-home" "-e" "CARGO_TARGET_DIR=/opt/rustwide/target" "-w" "/opt/rustwide/workdir" "--user" "0:0" "3c6bccf0b6fc8a10146fae4dea5790b23873cd345aa43a06fb819d0c414791b7" "/opt/rustwide/cargo-home/bin/cargo" "+3154cc1a3e6424e44f438a95007d043ed5ceaaf6" "metadata" "--no-deps" "--format-version=1", kill_on_drop: false }`
[INFO] running `Command { std: "docker" "inspect" "3c6bccf0b6fc8a10146fae4dea5790b23873cd345aa43a06fb819d0c414791b7", kill_on_drop: false }`
[INFO] running `Command { std: "docker" "exec" "-e" "SOURCE_DIR=/opt/rustwide/workdir" "-e" "CARGO_HOME=/opt/rustwide/cargo-home" "-e" "RUSTUP_HOME=/opt/rustwide/rustup-home" "-e" "CARGO_TARGET_DIR=/opt/rustwide/target" "-e" "CARGO_INCREMENTAL=0" "-e" "RUST_BACKTRACE=full" "-e" "RUSTFLAGS=--cap-lints=forbid" "-e" "RUSTDOCFLAGS=--cap-lints=forbid" "-w" "/opt/rustwide/workdir" "--user" "0:0" "3c6bccf0b6fc8a10146fae4dea5790b23873cd345aa43a06fb819d0c414791b7" "/opt/rustwide/cargo-home/bin/cargo" "+3154cc1a3e6424e44f438a95007d043ed5ceaaf6" "check" "--frozen" "--all" "--all-targets" "--message-format=json", kill_on_drop: false }`
[INFO] [stderr]     Checking typenum v1.20.1
[INFO] [stderr]    Compiling generic-array v0.14.7
[INFO] [stderr]     Checking subtle v2.6.1
[INFO] [stderr]    Compiling getrandom v0.4.3
[INFO] [stderr]    Compiling proc-macro2 v1.0.107
[INFO] [stderr]     Checking getrandom v0.2.17
[INFO] [stderr]     Checking rand_core v0.10.1
[INFO] [stderr]     Checking const-oid v0.9.6
[INFO] [stderr]    Compiling serde_core v1.0.229
[INFO] [stderr]     Checking cmov v0.5.4
[INFO] [stderr]     Checking bytes v1.12.1
[INFO] [stderr]     Checking memchr v2.8.3
[INFO] [stderr]     Checking rand_core v0.6.4
[INFO] [stderr]    Compiling cc v1.4.4
[INFO] [stderr]     Checking ctutils v0.4.2
[INFO] [stderr]    Compiling num-traits v0.2.19
[INFO] [stderr]    Compiling vcpkg v0.2.15
[INFO] [stderr]     Checking smallvec v1.16.0
[INFO] [stderr]    Compiling quote v1.0.47
[INFO] [stderr]     Checking socket2 v0.6.5
[INFO] [stderr]     Checking mio v1.2.2
[INFO] [stderr]    Compiling syn v3.0.4
[INFO] [stderr]    Compiling syn v2.0.119
[INFO] [stderr]    Compiling stable_deref_trait v1.2.1
[INFO] [stderr]     Checking base64ct v1.8.3
[INFO] [stderr]     Checking futures-sink v0.3.34
[INFO] [stderr]     Checking cpufeatures v0.2.17
[INFO] [stderr]    Compiling zmij v1.0.23
[INFO] [stderr]     Checking pem-rfc7468 v0.7.0
[INFO] [stderr]     Checking tracing-core v0.1.36
[INFO] [stderr]    Compiling libc v0.2.189
[INFO] [stderr]     Checking const-oid v0.10.2
[INFO] [stderr]     Checking hybrid-array v0.4.14
[INFO] [stderr]     Checking crypto-common v0.1.7
[INFO] [stderr]     Checking block-buffer v0.10.4
[INFO] [stderr]     Checking der v0.7.10
[INFO] [stderr]     Checking digest v0.10.7
[INFO] [stderr]     Checking spin v0.9.9
[INFO] [stderr]     Checking hmac v0.12.1
[INFO] [stderr]     Checking sha2 v0.10.9
[INFO] [stderr]     Checking http v1.5.0
[INFO] [stderr]     Checking futures-task v0.3.34
[INFO] [stderr]    Compiling cfg-if v1.0.4
[INFO] [stderr]     Checking cpufeatures v0.3.1
[INFO] [stderr]     Checking hashbrown v0.17.1
[INFO] [stderr]     Checking futures-util v0.3.34
[INFO] [stderr]     Checking spki v0.7.3
[INFO] [stderr]     Checking pkcs8 v0.10.2
[INFO] [stderr]    Compiling litemap v0.8.3
[INFO] [stderr]     Checking indexmap v2.14.1
[INFO] [stderr]    Compiling zerocopy v0.8.56
[INFO] [stderr]     Checking crypto-common v0.2.2
[INFO] [stderr]     Checking block-buffer v0.12.1
[INFO] [stderr]    Compiling writeable v0.6.4
[INFO] [stderr]    Compiling crossbeam-utils v0.8.22
[INFO] [stderr]    Compiling serde_json v1.0.151
[INFO] [stderr]     Checking inout v0.2.2
[INFO] [stderr]     Checking hkdf v0.12.4
[INFO] [stderr]     Checking ff v0.13.1
[INFO] [stderr]     Checking digest v0.11.3
[INFO] [stderr]    Compiling futures-core v0.3.34
[INFO] [stderr]    Compiling heck v0.5.0
[INFO] [stderr]     Checking base16ct v0.2.0
[INFO] [stderr]    Compiling pin-project-lite v0.2.17
[INFO] [stderr]    Compiling utf8_iter v1.0.4
[INFO] [stderr]     Checking sec1 v0.7.3
[INFO] [stderr]     Checking group v0.13.0
[INFO] [stderr]     Checking http-body v1.1.0
[INFO] [stderr]     Checking signature v2.2.0
[INFO] [stderr]     Checking crypto-bigint v0.5.5
[INFO] [stderr]    Compiling openssl-sys v0.9.117
[INFO] [stderr]     Checking aho-corasick v1.1.5
[INFO] [stderr]     Checking regex-syntax v0.8.11
[INFO] [stderr]     Checking cpubits v0.1.1
[INFO] [stderr]     Checking utf8parse v0.2.2
[INFO] [stderr]    Compiling scopeguard v1.2.0
[INFO] [stderr]    Compiling anyhow v1.0.104
[INFO] [stderr]     Checking elliptic-curve v0.13.8
[INFO] [stderr]    Compiling synstructure v0.13.2
[INFO] [stderr]    Compiling lock_api v0.4.14
[INFO] [stderr]     Checking anstyle-parse v1.0.0
[INFO] [stderr]     Checking cipher v0.5.2
[INFO] [stderr]     Checking lazy_static v1.5.0
[INFO] [stderr]    Compiling icu_properties_data v2.3.0
[INFO] [stderr]    Compiling icu_normalizer_data v2.3.0
[INFO] [stderr]     Checking tower-service v0.3.3
[INFO] [stderr]    Compiling unicase v2.9.0
[INFO] [stderr]     Checking is_terminal_polyfill v1.70.2
[INFO] [stderr]     Checking anstyle v1.0.14
[INFO] [stderr]     Checking anstyle-query v1.1.5
[INFO] [stderr]     Checking colorchoice v1.0.5
[INFO] [stderr]    Compiling mime_guess v2.0.5
[INFO] [stderr]     Checking anstream v1.0.0
[INFO] [stderr]     Checking form_urlencoded v1.2.2
[INFO] [stderr]     Checking universal-hash v0.6.1
[INFO] [stderr]     Checking der v0.8.1
[INFO] [stderr]     Checking rfc6979 v0.4.0
[INFO] [stderr]     Checking inout v0.1.4
[INFO] [stderr]     Checking regex-automata v0.4.18
[INFO] [stderr]     Checking futures-channel v0.3.34
[INFO] [stderr]     Checking num-integer v0.1.47
[INFO] [stderr]    Compiling zerovec-derive v0.11.6
[INFO] [stderr]    Compiling displaydoc v0.2.7
[INFO] [stderr]    Compiling serde_derive v1.0.229
[INFO] [stderr]    Compiling zerofrom-derive v0.1.7
[INFO] [stderr]    Compiling yoke-derive v0.8.2
[INFO] [stderr]    Compiling tracing-attributes v0.1.31
[INFO] [stderr]    Compiling tokio-macros v2.7.2
[INFO] [stderr]     Checking tokio v1.53.1
[INFO] [stderr]    Compiling thiserror-impl v2.0.20
[INFO] [stderr]    Compiling zerofrom v0.1.8
[INFO] [stderr]    Compiling yoke v0.8.3
[INFO] [stderr]    Compiling zerovec v0.11.8
[INFO] [stderr]     Checking tracing v0.1.44
[INFO] [stderr]    Compiling zerotrie v0.2.5
[INFO] [stderr]     Checking ppv-lite86 v0.2.21
[INFO] [stderr]    Compiling httparse v1.10.1
[INFO] [stderr]    Compiling num-bigint-dig v0.8.6
[INFO] [stderr]     Checking rand_chacha v0.3.1
[INFO] [stderr]     Checking clap_lex v1.1.0
[INFO] [stderr]     Checking strsim v0.11.1
[INFO] [stderr]     Checking thiserror v2.0.20
[INFO] [stderr]     Checking spki v0.8.0
[INFO] [stderr]     Checking clap_builder v4.6.6
[INFO] [stderr]    Compiling tinystr v0.8.4
[INFO] [stderr]    Compiling potential_utf v0.1.6
[INFO] [stderr]     Checking rand v0.8.8
[INFO] [stderr]    Compiling icu_collections v2.3.0
[INFO] [stderr]     Checking num-iter v0.1.46
[INFO] [stderr]    Compiling icu_locale_core v2.3.0
[INFO] [stderr]    Compiling clap_derive v4.6.4
[INFO] [stderr]     Checking cipher v0.4.4
[INFO] [stderr]     Checking serde v1.0.229
[INFO] [stderr]     Checking ecdsa v0.16.9
[INFO] [stderr]     Checking polyval v0.7.3
[INFO] [stderr]     Checking icu_provider v2.3.1
[INFO] [stderr]     Checking aes v0.9.3
[INFO] [stderr]     Checking chrono v0.4.45
[INFO] [stderr]    Compiling icu_properties v2.3.0
[INFO] [stderr]    Compiling icu_normalizer v2.3.0
[INFO] [stderr]     Checking http-body-util v0.1.5
[INFO] [stderr]    Compiling parking_lot_core v0.9.12
[INFO] [stderr]     Checking universal-hash v0.5.1
[INFO] [stderr]     Checking keccak v0.2.2
[INFO] [stderr]     Checking httpdate v1.0.3
[INFO] [stderr]     Checking tower-layer v0.3.3
[INFO] [stderr]     Checking opaque-debug v0.3.1
[INFO] [stderr]    Compiling allocator-api2 v0.2.21
[INFO] [stderr]     Checking sponge-cursor v0.1.0
[INFO] [stderr]    Compiling percent-encoding v2.3.2
[INFO] [stderr]    Compiling foldhash v0.2.0
[INFO] [stderr]    Compiling once_cell v1.21.4
[INFO] [stderr]    Compiling openssl v0.10.81
[INFO] [stderr]    Compiling futures-io v0.3.34
[INFO] [stderr]     Checking try-lock v0.2.5
[INFO] [stderr]    Compiling slab v0.4.12
[INFO] [stderr]     Checking want v0.3.1
[INFO] [stderr]    Compiling hashbrown v0.16.1
[INFO] [stderr]    Compiling idna_adapter v1.2.2
[INFO] [stderr]     Checking shake v0.1.0
[INFO] [stderr]    Compiling idna v1.1.0
[INFO] [stderr]     Checking clap v4.6.6
[INFO] [stderr]     Checking polyval v0.6.2
[INFO] [stderr]     Checking foreign-types v0.3.2
[INFO] [stderr]    Compiling parking_lot v0.12.5
[INFO] [stderr]     Checking ghash v0.6.0
[INFO] [stderr]     Checking pkcs8 v0.11.0
[INFO] [stderr]     Checking tokio-util v0.7.19
[INFO] [stderr]    Compiling openssl-macros v0.1.1
[INFO] [stderr]     Checking ctr v0.10.1
[INFO] [stderr]     Checking primeorder v0.13.6
[INFO] [stderr]     Checking signature v3.0.0
[INFO] [stderr]     Checking h2 v0.4.19
[INFO] [stderr]     Checking aead v0.6.1
[INFO] [stderr]     Checking module-lattice v0.2.3
[INFO] [stderr]     Checking pkcs1 v0.7.5
[INFO] [stderr]    Compiling libsqlite3-sys v0.37.0
[INFO] [stderr]    Compiling parking v2.2.1
[INFO] [stderr]    Compiling crc-catalog v2.5.0
[INFO] [stderr]    Compiling log v0.4.34
[INFO] [stderr]    Compiling iana-time-zone v0.1.65
[INFO] [stderr]     Checking byteorder v1.5.0
[INFO] [stderr]     Checking mime v0.3.17
[INFO] [stderr]    Compiling native-tls v0.2.18
[INFO] [stderr]    Compiling crossbeam-queue v0.3.13
[INFO] [stderr]     Checking aes-keywrap v0.9.0
[INFO] [stderr]    Compiling crc v3.4.0
[INFO] [stderr]    Compiling event-listener v5.4.2
[INFO] [stderr]     Checking ml-dsa v0.1.1
[INFO] [stderr]     Checking rsa v0.9.10
[INFO] [stderr]     Checking aes-gcm v0.11.1
[INFO] [stderr]    Compiling either v1.18.0
[INFO] [stderr]    Compiling hashlink v0.11.1
[INFO] [stderr]    Compiling futures-intrusive v0.5.0
[INFO] [stderr]    Compiling url v2.5.8
[INFO] [stderr]     Checking ghash v0.5.1
[INFO] [stderr]     Checking ctr v0.9.2
[INFO] [stderr]     Checking aes v0.8.4
[INFO] [stderr]     Checking sha2 v0.11.0
[INFO] [stderr]     Checking hmac-sha512 v1.1.12
[INFO] [stderr]     Checking hmac-sha256 v1.1.14
[INFO] [stderr]     Checking aead v0.5.2
[INFO] [stderr]    Compiling option-ext v0.2.0
[INFO] [stderr]     Checking ct-codecs v1.1.7
[INFO] [stderr]     Checking openssl-probe v0.2.1
[INFO] [stderr]     Checking sync_wrapper v1.0.2
[INFO] [stderr]     Checking constant_time_eq v0.4.2
[INFO] [stderr]    Compiling base64 v0.22.1
[INFO] [stderr]     Checking blake2b_simd v1.0.5
[INFO] [stderr]     Checking ed25519-compact v2.4.2
[INFO] [stderr]    Compiling dirs-sys v0.5.0
[INFO] [stderr]     Checking aes-gcm v0.10.3
[INFO] [stderr]     Checking superboring v0.1.14
[INFO] [stderr]    Compiling flume v0.12.0
[INFO] [stderr]    Compiling futures-executor v0.3.34
[INFO] [stderr]     Checking p256 v0.13.2
[INFO] [stderr]     Checking p384 v0.13.1
[INFO] [stderr]    Compiling atoi v2.0.0
[INFO] [stderr]     Checking k256 v0.13.4
[INFO] [stderr]    Compiling tokio-stream v0.1.19
[INFO] [stderr]     Checking hyper v1.11.1
[INFO] [stderr]     Checking hmac v0.13.0
[INFO] [stderr]    Compiling sqlx-core v0.9.0
[INFO] [stderr]     Checking coarsetime v0.1.37
[INFO] [stderr]     Checking binstring v0.1.7
[INFO] [stderr]     Checking ryu v1.0.23
[INFO] [stderr]     Checking hmac-sha1-compact v1.1.7
[INFO] [stderr]    Compiling itoa v1.0.18
[INFO] [stderr]    Compiling same-file v1.0.6
[INFO] [stderr]     Checking hyper-util v0.1.20
[INFO] [stderr]    Compiling walkdir v2.5.0
[INFO] [stderr]     Checking tokio-native-tls v0.3.1
[INFO] [stderr]     Checking serde_urlencoded v0.7.1
[INFO] [stderr]     Checking jwt-simple v0.12.17
[INFO] [stderr]     Checking hkdf v0.13.0
[INFO] [stderr]     Checking ece-native v0.5.0
[INFO] [stderr]    Compiling dirs v6.0.0
[INFO] [stderr]     Checking tower v0.5.3
[INFO] [stderr]     Checking axum-core v0.5.6
[INFO] [stderr]     Checking matchers v0.2.0
[INFO] [stderr]     Checking sharded-slab v0.1.7
[INFO] [stderr]     Checking serde_path_to_error v0.1.20
[INFO] [stderr]     Checking tracing-log v0.2.0
[INFO] [stderr]     Checking thread_local v1.1.10
[INFO] [stderr]    Compiling dotenvy v0.15.7
[INFO] [stderr]     Checking matchit v0.8.4
[INFO] [stderr]     Checking nu-ansi-term v0.50.3
[INFO] [stderr]    Compiling hex v0.4.3
[INFO] [stderr]     Checking tracing-subscriber v0.3.23
[INFO] [stderr]     Checking hyper-tls v0.6.0
[INFO] [stderr]     Checking web-push-native v0.5.0
[INFO] [stderr]    Compiling shellexpand v3.1.2
[INFO] [stderr]    Compiling rust-embed-utils v8.12.0
[INFO] [stderr]     Checking winnow v1.0.4
[INFO] [stderr]    Compiling rustix v1.1.4
[INFO] [stderr]     Checking axum v0.8.9
[INFO] [stderr]    Compiling rust-embed-impl v8.12.0
[INFO] [stderr]     Checking toml_parser v1.1.3+spec-1.1.0
[INFO] [stderr]    Compiling async-stream-impl v0.3.6
[INFO] [stderr]    Compiling sqlx-sqlite v0.9.0
[INFO] [stderr]     Checking serde_spanned v1.1.1
[INFO] [stderr]     Checking toml_datetime v0.7.5+spec-1.1.0
[INFO] [stderr]    Compiling regex v1.13.1
[INFO] [stderr]     Checking linux-raw-sys v0.12.1
[INFO] [stderr]    Compiling vibeping v1.3.3 (/opt/rustwide/workdir/apps/desktop)
[INFO] [stderr]     Checking winnow v0.7.15
[INFO] [stderr]     Checking toml_writer v1.1.2+spec-1.1.0
[INFO] [stderr]     Checking async-stream v0.3.6
[INFO] [stderr]     Checking rust-embed v8.12.0
[INFO] [stderr]     Checking tower-http v0.7.1
[INFO] [stderr]     Checking uuid v1.26.0
[INFO] [stderr]    Compiling utoipa-gen v5.5.0
[INFO] [stderr]     Checking fs2 v0.4.3
[INFO] [stderr]     Checking http-range-header v0.4.2
[INFO] [stderr]     Checking tower-http v0.6.11
[INFO] [stderr]     Checking vibeping-gate1 v0.1.0 (/opt/rustwide/workdir/spikes/codex-rate-limits)
[INFO] [stderr]    Compiling sqlx-macros-core v0.9.0
[INFO] [stderr]     Checking tempfile v3.27.0
[INFO] [stderr]     Checking toml_edit v0.24.1+spec-1.1.0
[INFO] [stderr]    Compiling sqlx-macros v0.9.0
[INFO] [stderr]     Checking vibeping-gate0 v0.1.0 (/opt/rustwide/workdir/spikes/tailscale-web-push)
[INFO] [stderr]     Checking utoipa v5.5.0
[INFO] [stderr]     Checking sqlx v0.9.0
[INFO] [stdout] error: #[derive(RustEmbed)] folder '/opt/rustwide/workdir/apps/desktop/../mobile/dist/vibeping-mobile/browser' does not exist. cwd: '/opt/rustwide/workdir'
[INFO] [stdout]   --> apps/desktop/src/infrastructure/web/assets.rs:9:1
[INFO] [stdout]    |
[INFO] [stdout]  9 | / #[folder = "$CARGO_MANIFEST_DIR/../mobile/dist/vibeping-mobile/browser"]
[INFO] [stdout] 10 | | struct WebAssets;
[INFO] [stdout]    | |_________________^
[INFO] [stdout] 
[INFO] [stdout] 
[INFO] [stdout] error: #[derive(RustEmbed)] folder '/opt/rustwide/workdir/apps/desktop/../mobile/dist/vibeping-mobile/browser' does not exist. cwd: '/opt/rustwide/workdir'
[INFO] [stdout]   --> apps/desktop/src/infrastructure/web/assets.rs:9:1
[INFO] [stdout]    |
[INFO] [stdout]  9 | / #[folder = "$CARGO_MANIFEST_DIR/../mobile/dist/vibeping-mobile/browser"]
[INFO] [stdout] 10 | | struct WebAssets;
[INFO] [stdout]    | |_________________^
[INFO] [stdout] 
[INFO] [stdout] 
[INFO] [stdout] warning: unused import: `OsStr`
[INFO] [stdout]  --> apps/desktop/src/features/lifecycle/process_support.rs:2:11
[INFO] [stdout]   |
[INFO] [stdout] 2 |     ffi::{OsStr, OsString},
[INFO] [stdout]   |           ^^^^^
[INFO] [stdout]   |
[INFO] [stdout]   = note: `#[warn(unused_imports)]` (part of `#[warn(unused)]`) on by default
[INFO] [stdout] 
[INFO] [stdout] 
[INFO] [stdout] warning: unused import: `OsStr`
[INFO] [stdout]  --> apps/desktop/src/features/lifecycle/process_support.rs:2:11
[INFO] [stdout]   |
[INFO] [stdout] 2 |     ffi::{OsStr, OsString},
[INFO] [stdout]   |           ^^^^^
[INFO] [stdout]   |
[INFO] [stdout]   = note: `#[warn(unused_imports)]` (part of `#[warn(unused)]`) on by default
[INFO] [stdout] 
[INFO] [stdout] 
[INFO] [stdout] warning: unreachable statement
[INFO] [stdout]   --> apps/desktop/src/features/always_ready/supervisor.rs:49:5
[INFO] [stdout]    |
[INFO] [stdout] 47 |         anyhow::bail!("Chức năng này cần Windows");
[INFO] [stdout]    |         ------------------------------------------ any code following this expression is unreachable
[INFO] [stdout] 48 |     }
[INFO] [stdout] 49 |     let mut failures = 0;
[INFO] [stdout]    |     ^^^^^^^^^^^^^^^^^^^^^ unreachable statement
[INFO] [stdout]    |
[INFO] [stdout]    = note: `#[warn(unreachable_code)]` (part of `#[warn(unused)]`) on by default
[INFO] [stdout] 
[INFO] [stdout] 
[INFO] [stdout] warning: variable does not need to be mutable
[INFO] [stdout]   --> apps/desktop/src/features/always_ready/supervisor.rs:41:18
[INFO] [stdout]    |
[INFO] [stdout] 41 |     let (sender, mut receiver) = mpsc::unbounded_channel();
[INFO] [stdout]    |                  ----^^^^^^^^
[INFO] [stdout]    |                  |
[INFO] [stdout]    |                  help: remove this `mut`
[INFO] [stdout]    |
[INFO] [stdout]    = note: `#[warn(unused_mut)]` (part of `#[warn(unused)]`) on by default
[INFO] [stdout] 
[INFO] [stdout] 
[INFO] [stdout] warning: unreachable statement
[INFO] [stdout]   --> apps/desktop/src/features/always_ready/supervisor.rs:49:5
[INFO] [stdout]    |
[INFO] [stdout] 47 |         anyhow::bail!("Chức năng này cần Windows");
[INFO] [stdout]    |         ------------------------------------------ any code following this expression is unreachable
[INFO] [stdout] 48 |     }
[INFO] [stdout] 49 |     let mut failures = 0;
[INFO] [stdout]    |     ^^^^^^^^^^^^^^^^^^^^^ unreachable statement
[INFO] [stdout]    |
[INFO] [stdout]    = note: `#[warn(unreachable_code)]` (part of `#[warn(unused)]`) on by default
[INFO] [stdout] 
[INFO] [stdout] 
[INFO] [stdout] warning: variable does not need to be mutable
[INFO] [stdout]   --> apps/desktop/src/features/always_ready/supervisor.rs:41:18
[INFO] [stdout]    |
[INFO] [stdout] 41 |     let (sender, mut receiver) = mpsc::unbounded_channel();
[INFO] [stdout]    |                  ----^^^^^^^^
[INFO] [stdout]    |                  |
[INFO] [stdout]    |                  help: remove this `mut`
[INFO] [stdout]    |
[INFO] [stdout]    = note: `#[warn(unused_mut)]` (part of `#[warn(unused)]`) on by default
[INFO] [stdout] 
[INFO] [stdout] 
[INFO] [stdout] error[E0599]: no associated function or constant named `get` found for struct `WebAssets` in the current scope
[INFO] [stdout]   --> apps/desktop/src/infrastructure/web/assets.rs:23:37
[INFO] [stdout]    |
[INFO] [stdout] 10 | struct WebAssets;
[INFO] [stdout]    | ---------------- associated function or constant `get` not found for this struct
[INFO] [stdout] ...
[INFO] [stdout] 23 |     if let Some(asset) = WebAssets::get(path) {
[INFO] [stdout]    |                                     ^^^ associated function or constant not found in `WebAssets`
[INFO] [stdout]    |
[INFO] [stdout]    = help: items from traits can only be used if the trait is implemented and in scope
[INFO] [stdout]    = note: the following traits define an item `get`, perhaps you need to implement one of them:
[INFO] [stdout]            candidate #1: `Embed`
[INFO] [stdout]            candidate #2: `Row`
[INFO] [stdout]            candidate #3: `SliceIndex`
[INFO] [stdout]            candidate #4: `TableLike`
[INFO] [stdout]            candidate #5: `icu_collections::codepointtrie::cptrie::TypedCodePointTrie`
[INFO] [stdout]            candidate #6: `icu_properties::names::PropertyEnumToValueNameLookup`
[INFO] [stdout]            candidate #7: `icu_provider::baked::DataStore`
[INFO] [stdout]            candidate #8: `toml_parser::source::SourceIndex`
[INFO] [stdout] 
[INFO] [stdout] 
[INFO] [stdout] error[E0599]: no associated function or constant named `get` found for struct `WebAssets` in the current scope
[INFO] [stdout]   --> apps/desktop/src/infrastructure/web/assets.rs:23:37
[INFO] [stdout]    |
[INFO] [stdout] 10 | struct WebAssets;
[INFO] [stdout]    | ---------------- associated function or constant `get` not found for this struct
[INFO] [stdout] ...
[INFO] [stdout] 23 |     if let Some(asset) = WebAssets::get(path) {
[INFO] [stdout]    |                                     ^^^ associated function or constant not found in `WebAssets`
[INFO] [stdout]    |
[INFO] [stdout]    = help: items from traits can only be used if the trait is implemented and in scope
[INFO] [stdout]    = note: the following traits define an item `get`, perhaps you need to implement one of them:
[INFO] [stdout]            candidate #1: `Embed`
[INFO] [stdout]            candidate #2: `Row`
[INFO] [stdout]            candidate #3: `SliceIndex`
[INFO] [stdout]            candidate #4: `TableLike`
[INFO] [stdout]            candidate #5: `icu_collections::codepointtrie::cptrie::TypedCodePointTrie`
[INFO] [stdout]            candidate #6: `icu_properties::names::PropertyEnumToValueNameLookup`
[INFO] [stdout]            candidate #7: `icu_provider::baked::DataStore`
[INFO] [stdout]            candidate #8: `toml_parser::source::SourceIndex`
[INFO] [stdout] 
[INFO] [stdout] 
[INFO] [stdout] error[E0599]: no associated function or constant named `get` found for struct `WebAssets` in the current scope
[INFO] [stdout]   --> apps/desktop/src/infrastructure/web/assets.rs:26:22
[INFO] [stdout]    |
[INFO] [stdout] 10 | struct WebAssets;
[INFO] [stdout]    | ---------------- associated function or constant `get` not found for this struct
[INFO] [stdout] ...
[INFO] [stdout] 26 |     match WebAssets::get("index.html") {
[INFO] [stdout]    |                      ^^^ associated function or constant not found in `WebAssets`
[INFO] [stdout]    |
[INFO] [stdout]    = help: items from traits can only be used if the trait is implemented and in scope
[INFO] [stdout]    = note: the following traits define an item `get`, perhaps you need to implement one of them:
[INFO] [stdout]            candidate #1: `Embed`
[INFO] [stdout]            candidate #2: `Row`
[INFO] [stdout]            candidate #3: `SliceIndex`
[INFO] [stdout]            candidate #4: `TableLike`
[INFO] [stdout]            candidate #5: `icu_collections::codepointtrie::cptrie::TypedCodePointTrie`
[INFO] [stdout]            candidate #6: `icu_properties::names::PropertyEnumToValueNameLookup`
[INFO] [stdout]            candidate #7: `icu_provider::baked::DataStore`
[INFO] [stdout]            candidate #8: `toml_parser::source::SourceIndex`
[INFO] [stdout] 
[INFO] [stdout] 
[INFO] [stdout] error[E0599]: no associated function or constant named `get` found for struct `WebAssets` in the current scope
[INFO] [stdout]   --> apps/desktop/src/infrastructure/web/assets.rs:26:22
[INFO] [stdout]    |
[INFO] [stdout] 10 | struct WebAssets;
[INFO] [stdout]    | ---------------- associated function or constant `get` not found for this struct
[INFO] [stdout] ...
[INFO] [stdout] 26 |     match WebAssets::get("index.html") {
[INFO] [stdout]    |                      ^^^ associated function or constant not found in `WebAssets`
[INFO] [stdout]    |
[INFO] [stdout]    = help: items from traits can only be used if the trait is implemented and in scope
[INFO] [stdout]    = note: the following traits define an item `get`, perhaps you need to implement one of them:
[INFO] [stdout]            candidate #1: `Embed`
[INFO] [stdout]            candidate #2: `Row`
[INFO] [stdout]            candidate #3: `SliceIndex`
[INFO] [stdout]            candidate #4: `TableLike`
[INFO] [stdout]            candidate #5: `icu_collections::codepointtrie::cptrie::TypedCodePointTrie`
[INFO] [stdout]            candidate #6: `icu_properties::names::PropertyEnumToValueNameLookup`
[INFO] [stdout]            candidate #7: `icu_provider::baked::DataStore`
[INFO] [stdout]            candidate #8: `toml_parser::source::SourceIndex`
[INFO] [stdout] 
[INFO] [stdout] 
[INFO] [stdout] warning: unused variable: `shared`
[INFO] [stdout]   --> apps/desktop/src/features/always_ready/supervisor.rs:38:9
[INFO] [stdout]    |
[INFO] [stdout] 38 |     let shared = Arc::new(Mutex::new(config::status(paths.data_dir())));
[INFO] [stdout]    |         ^^^^^^ help: if this is intentional, prefix it with an underscore: `_shared`
[INFO] [stdout]    |
[INFO] [stdout]    = note: `#[warn(unused_variables)]` (part of `#[warn(unused)]`) on by default
[INFO] [stdout] 
[INFO] [stdout] 
[INFO] [stdout] warning: unused variable: `stop`
[INFO] [stdout]   --> apps/desktop/src/features/always_ready/supervisor.rs:39:9
[INFO] [stdout]    |
[INFO] [stdout] 39 |     let stop = Arc::new(AtomicBool::new(false));
[INFO] [stdout]    |         ^^^^ help: if this is intentional, prefix it with an underscore: `_stop`
[INFO] [stdout] 
[INFO] [stdout] 
[INFO] [stdout] warning: unused variable: `available`
[INFO] [stdout]   --> apps/desktop/src/features/always_ready/supervisor.rs:40:9
[INFO] [stdout]    |
[INFO] [stdout] 40 |     let available = Arc::new(AtomicBool::new(false));
[INFO] [stdout]    |         ^^^^^^^^^ help: if this is intentional, prefix it with an underscore: `_available`
[INFO] [stdout] 
[INFO] [stdout] 
[INFO] [stdout] warning: unused variable: `receiver`
[INFO] [stdout]   --> apps/desktop/src/features/always_ready/supervisor.rs:41:18
[INFO] [stdout]    |
[INFO] [stdout] 41 |     let (sender, mut receiver) = mpsc::unbounded_channel();
[INFO] [stdout]    |                  ^^^^^^^^^^^^ help: if this is intentional, prefix it with an underscore: `_receiver`
[INFO] [stdout] 
[INFO] [stdout] 
[INFO] [stdout] warning: unused variable: `shared`
[INFO] [stdout]   --> apps/desktop/src/features/always_ready/supervisor.rs:38:9
[INFO] [stdout]    |
[INFO] [stdout] 38 |     let shared = Arc::new(Mutex::new(config::status(paths.data_dir())));
[INFO] [stdout]    |         ^^^^^^ help: if this is intentional, prefix it with an underscore: `_shared`
[INFO] [stdout]    |
[INFO] [stdout]    = note: `#[warn(unused_variables)]` (part of `#[warn(unused)]`) on by default
[INFO] [stdout] 
[INFO] [stdout] 
[INFO] [stdout] warning: unused variable: `stop`
[INFO] [stdout]   --> apps/desktop/src/features/always_ready/supervisor.rs:39:9
[INFO] [stdout]    |
[INFO] [stdout] 39 |     let stop = Arc::new(AtomicBool::new(false));
[INFO] [stdout]    |         ^^^^ help: if this is intentional, prefix it with an underscore: `_stop`
[INFO] [stdout] 
[INFO] [stdout] 
[INFO] [stdout] warning: unused variable: `available`
[INFO] [stdout]   --> apps/desktop/src/features/always_ready/supervisor.rs:40:9
[INFO] [stdout]    |
[INFO] [stdout] 40 |     let available = Arc::new(AtomicBool::new(false));
[INFO] [stdout]    |         ^^^^^^^^^ help: if this is intentional, prefix it with an underscore: `_available`
[INFO] [stdout] 
[INFO] [stdout] 
[INFO] [stdout] warning: unused variable: `receiver`
[INFO] [stdout]   --> apps/desktop/src/features/always_ready/supervisor.rs:41:18
[INFO] [stdout]    |
[INFO] [stdout] 41 |     let (sender, mut receiver) = mpsc::unbounded_channel();
[INFO] [stdout]    |                  ^^^^^^^^^^^^ help: if this is intentional, prefix it with an underscore: `_receiver`
[INFO] [stdout] 
[INFO] [stdout] 
[INFO] [stdout] For more information about this error, try `rustc --explain E0599`.
[INFO] [stdout] 
[INFO] [stderr] error: could not compile `vibeping` (lib) due to 3 previous errors; 7 warnings emitted
[INFO] [stderr] warning: build failed, waiting for other jobs to finish...
[INFO] [stdout] For more information about this error, try `rustc --explain E0599`.
[INFO] [stdout] 
[INFO] [stderr] error: could not compile `vibeping` (lib test) due to 3 previous errors; 7 warnings emitted
[INFO] running `Command { std: "docker" "inspect" "3c6bccf0b6fc8a10146fae4dea5790b23873cd345aa43a06fb819d0c414791b7", kill_on_drop: false }`
[INFO] running `Command { std: "docker" "rm" "-f" "3c6bccf0b6fc8a10146fae4dea5790b23873cd345aa43a06fb819d0c414791b7", kill_on_drop: false }`
[INFO] [stdout] 3c6bccf0b6fc8a10146fae4dea5790b23873cd345aa43a06fb819d0c414791b7
