[INFO] cloning repository https://github.com/Nerdisman/Irin
[INFO] running `Command { std: "git" "-c" "credential.helper=" "-c" "credential.helper=/workspace/cargo-home/bin/git-credential-null" "clone" "--bare" "https://github.com/Nerdisman/Irin" "/workspace/cache/git-repos/https%3A%2F%2Fgithub.com%2FNerdisman%2FIrin", kill_on_drop: false }`
[INFO] [stderr] Cloning into bare repository '/workspace/cache/git-repos/https%3A%2F%2Fgithub.com%2FNerdisman%2FIrin'...
[INFO] running `Command { std: "git" "rev-parse" "HEAD", kill_on_drop: false }`
[INFO] [stdout] 95c20aa3c07e12c4d8f811b9f2d531fe9e10cf13
[INFO] checking Nerdisman/Irin against 3154cc1a3e6424e44f438a95007d043ed5ceaaf6+rustflags=-Znext-solver=coherence for pr-133502-30
[INFO] running `Command { std: "git" "clone" "/workspace/cache/git-repos/https%3A%2F%2Fgithub.com%2FNerdisman%2FIrin" "/workspace/builds/worker-5-tc1/source", kill_on_drop: false }`
[INFO] [stderr] Cloning into '/workspace/builds/worker-5-tc1/source'...
[INFO] [stderr] done.
[INFO] started tweaking git repo https://github.com/Nerdisman/Irin
[INFO] finished tweaking git repo https://github.com/Nerdisman/Irin
[INFO] tweaked toml for git repo https://github.com/Nerdisman/Irin written to /workspace/builds/worker-5-tc1/source/Cargo.toml
[INFO] validating manifest of git repo https://github.com/Nerdisman/Irin on toolchain 3154cc1a3e6424e44f438a95007d043ed5ceaaf6
[INFO] running `Command { std: CARGO_HOME="/workspace/cargo-home" RUSTUP_HOME="/workspace/rustup-home" "/workspace/cargo-home/bin/cargo" "+3154cc1a3e6424e44f438a95007d043ed5ceaaf6" "metadata" "--manifest-path" "Cargo.toml" "--no-deps", kill_on_drop: false }`
[INFO] crate git repo https://github.com/Nerdisman/Irin already has a lockfile, it will not be regenerated
[INFO] running `Command { std: CARGO_HOME="/workspace/cargo-home" RUSTUP_HOME="/workspace/rustup-home" "/workspace/cargo-home/bin/cargo" "+3154cc1a3e6424e44f438a95007d043ed5ceaaf6" "fetch" "--manifest-path" "Cargo.toml", kill_on_drop: false }`
[INFO] running `Command { std: "docker" "create" "-v" "/var/lib/crater-agent-workspace/builds/worker-5-tc1/source:/opt/rustwide/workdir:ro,Z" "-v" "/var/lib/crater-agent-workspace/builds/worker-5-tc1/target:/opt/rustwide/target:rw,Z" "-v" "/var/lib/crater-agent-workspace/cargo-home:/opt/rustwide/cargo-home:ro,Z" "-v" "/var/lib/crater-agent-workspace/rustup-home:/opt/rustwide/rustup-home:ro,Z" "-m" "1610612736" "--network" "none" "ghcr.io/rust-lang/crates-build-env/linux@sha256:77db811e55d90add9212f6832c23229e3de5f1c1f9905e8cb07319ea15df73ac" "sleep" "infinity", kill_on_drop: false }`
[INFO] [stdout] 8bea385a151cf7db9453099c4a972fb79d0f6f3462534e4eaa4943dc655a3f23
[INFO] running `Command { std: "docker" "start" "8bea385a151cf7db9453099c4a972fb79d0f6f3462534e4eaa4943dc655a3f23", kill_on_drop: false }`
[INFO] running `Command { std: "docker" "inspect" "8bea385a151cf7db9453099c4a972fb79d0f6f3462534e4eaa4943dc655a3f23", kill_on_drop: false }`
[INFO] running `Command { std: "docker" "exec" "-e" "SOURCE_DIR=/opt/rustwide/workdir" "-e" "CARGO_HOME=/opt/rustwide/cargo-home" "-e" "RUSTUP_HOME=/opt/rustwide/rustup-home" "-e" "CARGO_TARGET_DIR=/opt/rustwide/target" "-w" "/opt/rustwide/workdir" "--user" "0:0" "8bea385a151cf7db9453099c4a972fb79d0f6f3462534e4eaa4943dc655a3f23" "/opt/rustwide/cargo-home/bin/cargo" "+3154cc1a3e6424e44f438a95007d043ed5ceaaf6" "metadata" "--no-deps" "--format-version=1", kill_on_drop: false }`
[INFO] running `Command { std: "docker" "inspect" "8bea385a151cf7db9453099c4a972fb79d0f6f3462534e4eaa4943dc655a3f23", kill_on_drop: false }`
[INFO] running `Command { std: "docker" "exec" "-e" "SOURCE_DIR=/opt/rustwide/workdir" "-e" "CARGO_HOME=/opt/rustwide/cargo-home" "-e" "RUSTUP_HOME=/opt/rustwide/rustup-home" "-e" "CARGO_TARGET_DIR=/opt/rustwide/target" "-e" "CARGO_INCREMENTAL=0" "-e" "RUST_BACKTRACE=full" "-e" "RUSTFLAGS=--cap-lints=forbid -Znext-solver=coherence" "-e" "RUSTDOCFLAGS=--cap-lints=forbid" "-w" "/opt/rustwide/workdir" "--user" "0:0" "8bea385a151cf7db9453099c4a972fb79d0f6f3462534e4eaa4943dc655a3f23" "/opt/rustwide/cargo-home/bin/cargo" "+3154cc1a3e6424e44f438a95007d043ed5ceaaf6" "check" "--frozen" "--all" "--all-targets" "--message-format=json", kill_on_drop: false }`
[INFO] [stderr]    Compiling windows_x86_64_gnu v0.52.6
[INFO] [stderr]    Compiling serde_core v1.0.229
[INFO] [stderr]    Compiling syn v3.0.3
[INFO] [stderr]    Compiling syn v2.0.119
[INFO] [stderr]     Checking windows-targets v0.52.6
[INFO] [stderr]     Checking windows-result v0.2.0
[INFO] [stderr]     Checking windows-strings v0.1.0
[INFO] [stderr]    Compiling serde_derive v1.0.229
[INFO] [stderr]    Compiling windows-interface v0.58.0
[INFO] [stderr]    Compiling windows-implement v0.58.0
[INFO] [stderr]     Checking windows-core v0.58.0
[INFO] [stderr]     Checking windows v0.58.0
[INFO] [stderr]     Checking serde v1.0.229
[INFO] [stderr]     Checking serde_spanned v0.6.9
[INFO] [stderr]     Checking toml_datetime v0.6.11
[INFO] [stderr]     Checking toml_edit v0.22.27
[INFO] [stderr]     Checking toml v0.8.23
[INFO] [stderr]     Checking irin v0.2.0 (/opt/rustwide/workdir)
[INFO] [stdout] error[E0433]: cannot find `Win32` in `windows`
[INFO] [stdout]  --> src/hooks.rs:1:14
[INFO] [stdout]   |
[INFO] [stdout] 1 | use windows::Win32::Foundation::HWND;
[INFO] [stdout]   |              ^^^^^ could not find `Win32` in `windows`
[INFO] [stdout] 
[INFO] [stdout] 
[INFO] [stdout] error[E0433]: cannot find `Win32` in `windows`
[INFO] [stdout]  --> src/hooks.rs:2:14
[INFO] [stdout]   |
[INFO] [stdout] 2 | use windows::Win32::UI::Accessibility::{SetWinEventHook, UnhookWinEvent, HWINEVENTHOOK};
[INFO] [stdout]   |              ^^^^^ could not find `Win32` in `windows`
[INFO] [stdout] 
[INFO] [stdout] 
[INFO] [stdout] error[E0433]: cannot find `Win32` in `windows`
[INFO] [stdout]  --> src/hooks.rs:3:14
[INFO] [stdout]   |
[INFO] [stdout] 3 | use windows::Win32::UI::WindowsAndMessaging::*;
[INFO] [stdout]   |              ^^^^^ could not find `Win32` in `windows`
[INFO] [stdout] 
[INFO] [stdout] 
[INFO] [stdout] error[E0433]: cannot find `Win32` in `windows`
[INFO] [stdout]  --> src/hud.rs:9:14
[INFO] [stdout]   |
[INFO] [stdout] 9 | use windows::Win32::Foundation::{COLORREF, HWND, POINT, SIZE, WPARAM, LRESULT};
[INFO] [stdout]   |              ^^^^^ could not find `Win32` in `windows`
[INFO] [stdout] 
[INFO] [stdout] 
[INFO] [stdout] error[E0433]: cannot find `Win32` in `windows`
[INFO] [stdout]   --> src/hud.rs:10:14
[INFO] [stdout]    |
[INFO] [stdout] 10 | use windows::Win32::Graphics::Gdi::{
[INFO] [stdout]    |              ^^^^^ could not find `Win32` in `windows`
[INFO] [stdout] 
[INFO] [stdout] 
[INFO] [stdout] error[E0433]: cannot find `Win32` in `windows`
[INFO] [stdout]   --> src/hud.rs:17:14
[INFO] [stdout]    |
[INFO] [stdout] 17 | use windows::Win32::System::LibraryLoader::GetModuleHandleW;
[INFO] [stdout]    |              ^^^^^ could not find `Win32` in `windows`
[INFO] [stdout] 
[INFO] [stdout] 
[INFO] [stdout] error[E0433]: cannot find `Win32` in `windows`
[INFO] [stdout]   --> src/hud.rs:18:14
[INFO] [stdout]    |
[INFO] [stdout] 18 | use windows::Win32::UI::WindowsAndMessaging::{
[INFO] [stdout]    |              ^^^^^ could not find `Win32` in `windows`
[INFO] [stdout] 
[INFO] [stdout] 
[INFO] [stdout] error[E0432]: unresolved import `windows::core`
[INFO] [stdout]  --> src/hud.rs:8:14
[INFO] [stdout]   |
[INFO] [stdout] 8 | use windows::core::{w, PCWSTR};
[INFO] [stdout]   |              ^^^^ could not find `core` in `windows`
[INFO] [stdout] 
[INFO] [stdout] 
[INFO] [stdout] error[E0433]: cannot find `Win32` in `windows`
[INFO] [stdout]  --> src/manager.rs:6:14
[INFO] [stdout]   |
[INFO] [stdout] 6 | use windows::Win32::Foundation::{BOOL, CloseHandle, FALSE, HWND, LPARAM, POINT, RECT, TRUE, WPARAM};
[INFO] [stdout]   |              ^^^^^ could not find `Win32` in `windows`
[INFO] [stdout] 
[INFO] [stdout] 
[INFO] [stdout] error[E0433]: cannot find `Win32` in `windows`
[INFO] [stdout]  --> src/manager.rs:7:14
[INFO] [stdout]   |
[INFO] [stdout] 7 | use windows::Win32::Graphics::Dwm::{DwmGetWindowAttribute, DWMWA_CLOAKED};
[INFO] [stdout]   |              ^^^^^ could not find `Win32` in `windows`
[INFO] [stdout] 
[INFO] [stdout] 
[INFO] [stdout] error[E0433]: cannot find `Win32` in `windows`
[INFO] [stdout]  --> src/manager.rs:8:14
[INFO] [stdout]   |
[INFO] [stdout] 8 | use windows::Win32::Graphics::Gdi::*;
[INFO] [stdout]   |              ^^^^^ could not find `Win32` in `windows`
[INFO] [stdout] 
[INFO] [stdout] 
[INFO] [stdout] error[E0433]: cannot find `Win32` in `windows`
[INFO] [stdout]  --> src/manager.rs:9:14
[INFO] [stdout]   |
[INFO] [stdout] 9 | use windows::Win32::System::Threading::{
[INFO] [stdout]   |              ^^^^^ could not find `Win32` in `windows`
[INFO] [stdout] 
[INFO] [stdout] 
[INFO] [stdout] error[E0433]: cannot find `Win32` in `windows`
[INFO] [stdout]   --> src/manager.rs:13:14
[INFO] [stdout]    |
[INFO] [stdout] 13 | use windows::Win32::UI::HiDpi::{GetDpiForMonitor, GetDpiForSystem, MDT_EFFECTIVE_DPI};
[INFO] [stdout]    |              ^^^^^ could not find `Win32` in `windows`
[INFO] [stdout] 
[INFO] [stdout] 
[INFO] [stdout] error[E0433]: cannot find `Win32` in `windows`
[INFO] [stdout]   --> src/manager.rs:14:14
[INFO] [stdout]    |
[INFO] [stdout] 14 | use windows::Win32::UI::WindowsAndMessaging::*;
[INFO] [stdout]    |              ^^^^^ could not find `Win32` in `windows`
[INFO] [stdout] 
[INFO] [stdout] 
[INFO] [stdout] error[E0432]: unresolved import `windows::core`
[INFO] [stdout]  --> src/manager.rs:5:14
[INFO] [stdout]   |
[INFO] [stdout] 5 | use windows::core::PWSTR;
[INFO] [stdout]   |              ^^^^ could not find `core` in `windows`
[INFO] [stdout] 
[INFO] [stdout] 
[INFO] [stdout] error[E0433]: cannot find `Win32` in `windows`
[INFO] [stdout]  --> src/tray.rs:3:14
[INFO] [stdout]   |
[INFO] [stdout] 3 | use windows::Win32::Foundation::{BOOL, HWND, LPARAM, WPARAM};
[INFO] [stdout]   |              ^^^^^ could not find `Win32` in `windows`
[INFO] [stdout] 
[INFO] [stdout] 
[INFO] [stdout] error[E0433]: cannot find `Win32` in `windows`
[INFO] [stdout]  --> src/tray.rs:4:14
[INFO] [stdout]   |
[INFO] [stdout] 4 | use windows::Win32::UI::WindowsAndMessaging::{
[INFO] [stdout]   |              ^^^^^ could not find `Win32` in `windows`
[INFO] [stdout] 
[INFO] [stdout] 
[INFO] [stdout] error[E0433]: cannot find `Win32` in `windows`
[INFO] [stdout]   --> src/tray.rs:10:14
[INFO] [stdout]    |
[INFO] [stdout] 10 | use windows::Win32::UI::Shell::{
[INFO] [stdout]    |              ^^^^^ could not find `Win32` in `windows`
[INFO] [stdout] 
[INFO] [stdout] 
[INFO] [stdout] error[E0433]: cannot find `windows` in `os`
[INFO] [stdout]   --> src/main.rs:10:14
[INFO] [stdout]    |
[INFO] [stdout] 10 | use std::os::windows::ffi::OsStrExt;
[INFO] [stdout]    |              ^^^^^^^ could not find `windows` in `os`
[INFO] [stdout]    |
[INFO] [stdout] note: found an item that was configured out
[INFO] [stdout]   --> /rustc/3154cc1a3e6424e44f438a95007d043ed5ceaaf6/library/std/src/os/mod.rs:62:4
[INFO] [stdout]    |
[INFO] [stdout]    = note: the item is gated behind the `windows` feature
[INFO] [stdout] 
[INFO] [stdout] 
[INFO] [stdout] error[E0432]: unresolved import `windows::core`
[INFO] [stdout]  --> src/tray.rs:2:14
[INFO] [stdout]   |
[INFO] [stdout] 2 | use windows::core::{w, PCWSTR};
[INFO] [stdout]   |              ^^^^ could not find `core` in `windows`
[INFO] [stdout] 
[INFO] [stdout] 
[INFO] [stdout] error[E0433]: cannot find `Win32` in `windows`
[INFO] [stdout]   --> src/main.rs:15:14
[INFO] [stdout]    |
[INFO] [stdout] 15 | use windows::Win32::Foundation::{HWND, LPARAM, LRESULT, WPARAM};
[INFO] [stdout]    |              ^^^^^ could not find `Win32` in `windows`
[INFO] [stdout] 
[INFO] [stdout] 
[INFO] [stdout] error[E0433]: cannot find `Win32` in `windows`
[INFO] [stdout]   --> src/main.rs:16:14
[INFO] [stdout]    |
[INFO] [stdout] 16 | use windows::Win32::Graphics::Gdi::HBRUSH;
[INFO] [stdout]    |              ^^^^^ could not find `Win32` in `windows`
[INFO] [stdout] 
[INFO] [stdout] 
[INFO] [stdout] error[E0433]: cannot find `Win32` in `windows`
[INFO] [stdout]   --> src/main.rs:17:14
[INFO] [stdout]    |
[INFO] [stdout] 17 | use windows::Win32::System::LibraryLoader::GetModuleHandleW;
[INFO] [stdout]    |              ^^^^^ could not find `Win32` in `windows`
[INFO] [stdout] 
[INFO] [stdout] 
[INFO] [stdout] error[E0433]: cannot find `Win32` in `windows`
[INFO] [stdout]   --> src/main.rs:18:14
[INFO] [stdout]    |
[INFO] [stdout] 18 | use windows::Win32::UI::Accessibility::HWINEVENTHOOK;
[INFO] [stdout]    |              ^^^^^ could not find `Win32` in `windows`
[INFO] [stdout] 
[INFO] [stdout] 
[INFO] [stdout] error[E0433]: cannot find `Win32` in `windows`
[INFO] [stdout]   --> src/main.rs:19:14
[INFO] [stdout]    |
[INFO] [stdout] 19 | use windows::Win32::UI::HiDpi::{
[INFO] [stdout]    |              ^^^^^ could not find `Win32` in `windows`
[INFO] [stdout] 
[INFO] [stdout] 
[INFO] [stdout] error[E0433]: cannot find `Win32` in `windows`
[INFO] [stdout]   --> src/main.rs:22:14
[INFO] [stdout]    |
[INFO] [stdout] 22 | use windows::Win32::UI::Input::KeyboardAndMouse::{
[INFO] [stdout]    |              ^^^^^ could not find `Win32` in `windows`
[INFO] [stdout] 
[INFO] [stdout] 
[INFO] [stdout] error[E0433]: cannot find `Win32` in `windows`
[INFO] [stdout]   --> src/main.rs:25:14
[INFO] [stdout]    |
[INFO] [stdout] 25 | use windows::Win32::UI::Shell::ShellExecuteW;
[INFO] [stdout]    |              ^^^^^ could not find `Win32` in `windows`
[INFO] [stdout] 
[INFO] [stdout] 
[INFO] [stdout] error[E0433]: cannot find `Win32` in `windows`
[INFO] [stdout]   --> src/main.rs:26:14
[INFO] [stdout]    |
[INFO] [stdout] 26 | use windows::Win32::UI::WindowsAndMessaging::*;
[INFO] [stdout]    |              ^^^^^ could not find `Win32` in `windows`
[INFO] [stdout] 
[INFO] [stdout] 
[INFO] [stdout] error[E0432]: unresolved import `windows::core`
[INFO] [stdout]   --> src/main.rs:14:14
[INFO] [stdout]    |
[INFO] [stdout] 14 | use windows::core::{w, HSTRING, PCWSTR};
[INFO] [stdout]    |              ^^^^ could not find `core` in `windows`
[INFO] [stdout] 
[INFO] [stdout] 
[INFO] [stdout] error[E0408]: variable `EVENT_OBJECT_SHOW` is not bound in all patterns
[INFO] [stdout]   --> src/hooks.rs:68:9
[INFO] [stdout]    |
[INFO] [stdout] 68 |         EVENT_OBJECT_CREATE | EVENT_OBJECT_SHOW => {
[INFO] [stdout]    |         ^^^^^^^^^^^^^^^^^^^   ----------------- variable not in all patterns
[INFO] [stdout]    |         |
[INFO] [stdout]    |         pattern doesn't bind `EVENT_OBJECT_SHOW`
[INFO] [stdout]    |
[INFO] [stdout] help: if you meant to match on a unit struct, unit variant or a `const` item, consider making the path in the pattern qualified: `path::to::ModOrType::EVENT_OBJECT_SHOW`
[INFO] [stdout]   --> src/hooks.rs:68:31
[INFO] [stdout]    |
[INFO] [stdout] 68 |         EVENT_OBJECT_CREATE | EVENT_OBJECT_SHOW => {
[INFO] [stdout]    |                               ^^^^^^^^^^^^^^^^^
[INFO] [stdout] 
[INFO] [stdout] 
[INFO] [stdout] error[E0408]: variable `EVENT_OBJECT_CREATE` is not bound in all patterns
[INFO] [stdout]   --> src/hooks.rs:68:31
[INFO] [stdout]    |
[INFO] [stdout] 68 |         EVENT_OBJECT_CREATE | EVENT_OBJECT_SHOW => {
[INFO] [stdout]    |         -------------------   ^^^^^^^^^^^^^^^^^ pattern doesn't bind `EVENT_OBJECT_CREATE`
[INFO] [stdout]    |         |
[INFO] [stdout]    |         variable not in all patterns
[INFO] [stdout]    |
[INFO] [stdout] help: if you meant to match on a unit struct, unit variant or a `const` item, consider making the path in the pattern qualified: `path::to::ModOrType::EVENT_OBJECT_CREATE`
[INFO] [stdout]   --> src/hooks.rs:68:9
[INFO] [stdout]    |
[INFO] [stdout] 68 |         EVENT_OBJECT_CREATE | EVENT_OBJECT_SHOW => {
[INFO] [stdout]    |         ^^^^^^^^^^^^^^^^^^^
[INFO] [stdout] 
[INFO] [stdout] 
[INFO] [stdout] error[E0433]: cannot find `Win32` in `windows`
[INFO] [stdout]    --> src/hud.rs:351:22
[INFO] [stdout]     |
[INFO] [stdout] 351 |     lparam: windows::Win32::Foundation::LPARAM,
[INFO] [stdout]     |                      ^^^^^ could not find `Win32` in `windows`
[INFO] [stdout] 
[INFO] [stdout] 
[INFO] [stdout] error[E0433]: cannot find `Win32` in `windows`
[INFO] [stdout]  --> src/hooks.rs:1:14
[INFO] [stdout]   |
[INFO] [stdout] 1 | use windows::Win32::Foundation::HWND;
[INFO] [stdout]   |              ^^^^^ could not find `Win32` in `windows`
[INFO] [stdout] 
[INFO] [stdout] 
[INFO] [stdout] error[E0433]: cannot find `Win32` in `windows`
[INFO] [stdout]  --> src/hooks.rs:2:14
[INFO] [stdout]   |
[INFO] [stdout] 2 | use windows::Win32::UI::Accessibility::{SetWinEventHook, UnhookWinEvent, HWINEVENTHOOK};
[INFO] [stdout]   |              ^^^^^ could not find `Win32` in `windows`
[INFO] [stdout] 
[INFO] [stdout] 
[INFO] [stdout] error[E0433]: cannot find `Win32` in `windows`
[INFO] [stdout]  --> src/hooks.rs:3:14
[INFO] [stdout]   |
[INFO] [stdout] 3 | use windows::Win32::UI::WindowsAndMessaging::*;
[INFO] [stdout]   |              ^^^^^ could not find `Win32` in `windows`
[INFO] [stdout] 
[INFO] [stdout] 
[INFO] [stdout] error[E0433]: cannot find `Win32` in `windows`
[INFO] [stdout]  --> src/hud.rs:9:14
[INFO] [stdout]   |
[INFO] [stdout] 9 | use windows::Win32::Foundation::{COLORREF, HWND, POINT, SIZE, WPARAM, LRESULT};
[INFO] [stdout]   |              ^^^^^ could not find `Win32` in `windows`
[INFO] [stdout] 
[INFO] [stdout] 
[INFO] [stdout] error[E0433]: cannot find `Win32` in `windows`
[INFO] [stdout]   --> src/hud.rs:10:14
[INFO] [stdout]    |
[INFO] [stdout] 10 | use windows::Win32::Graphics::Gdi::{
[INFO] [stdout]    |              ^^^^^ could not find `Win32` in `windows`
[INFO] [stdout] 
[INFO] [stdout] 
[INFO] [stdout] error[E0433]: cannot find `Win32` in `windows`
[INFO] [stdout]   --> src/hud.rs:17:14
[INFO] [stdout]    |
[INFO] [stdout] 17 | use windows::Win32::System::LibraryLoader::GetModuleHandleW;
[INFO] [stdout]    |              ^^^^^ could not find `Win32` in `windows`
[INFO] [stdout] 
[INFO] [stdout] 
[INFO] [stdout] error[E0433]: cannot find `Win32` in `windows`
[INFO] [stdout]   --> src/hud.rs:18:14
[INFO] [stdout]    |
[INFO] [stdout] 18 | use windows::Win32::UI::WindowsAndMessaging::{
[INFO] [stdout]    |              ^^^^^ could not find `Win32` in `windows`
[INFO] [stdout] 
[INFO] [stdout] 
[INFO] [stdout] error[E0432]: unresolved import `windows::core`
[INFO] [stdout]  --> src/hud.rs:8:14
[INFO] [stdout]   |
[INFO] [stdout] 8 | use windows::core::{w, PCWSTR};
[INFO] [stdout]   |              ^^^^ could not find `core` in `windows`
[INFO] [stdout] 
[INFO] [stdout] 
[INFO] [stdout] error[E0433]: cannot find `Win32` in `windows`
[INFO] [stdout]  --> src/manager.rs:6:14
[INFO] [stdout]   |
[INFO] [stdout] 6 | use windows::Win32::Foundation::{BOOL, CloseHandle, FALSE, HWND, LPARAM, POINT, RECT, TRUE, WPARAM};
[INFO] [stdout]   |              ^^^^^ could not find `Win32` in `windows`
[INFO] [stdout] 
[INFO] [stdout] 
[INFO] [stdout] error[E0433]: cannot find `Win32` in `windows`
[INFO] [stdout]  --> src/manager.rs:7:14
[INFO] [stdout]   |
[INFO] [stdout] 7 | use windows::Win32::Graphics::Dwm::{DwmGetWindowAttribute, DWMWA_CLOAKED};
[INFO] [stdout]   |              ^^^^^ could not find `Win32` in `windows`
[INFO] [stdout] 
[INFO] [stdout] 
[INFO] [stdout] error[E0433]: cannot find `Win32` in `windows`
[INFO] [stdout]  --> src/manager.rs:8:14
[INFO] [stdout]   |
[INFO] [stdout] 8 | use windows::Win32::Graphics::Gdi::*;
[INFO] [stdout]   |              ^^^^^ could not find `Win32` in `windows`
[INFO] [stdout] 
[INFO] [stdout] 
[INFO] [stdout] error[E0433]: cannot find `Win32` in `windows`
[INFO] [stdout]  --> src/manager.rs:9:14
[INFO] [stdout]   |
[INFO] [stdout] 9 | use windows::Win32::System::Threading::{
[INFO] [stdout]   |              ^^^^^ could not find `Win32` in `windows`
[INFO] [stdout] 
[INFO] [stdout] 
[INFO] [stdout] error[E0433]: cannot find `Win32` in `windows`
[INFO] [stdout]   --> src/manager.rs:13:14
[INFO] [stdout]    |
[INFO] [stdout] 13 | use windows::Win32::UI::HiDpi::{GetDpiForMonitor, GetDpiForSystem, MDT_EFFECTIVE_DPI};
[INFO] [stdout]    |              ^^^^^ could not find `Win32` in `windows`
[INFO] [stdout] 
[INFO] [stdout] 
[INFO] [stdout] error[E0433]: cannot find `Win32` in `windows`
[INFO] [stdout]   --> src/manager.rs:14:14
[INFO] [stdout]    |
[INFO] [stdout] 14 | use windows::Win32::UI::WindowsAndMessaging::*;
[INFO] [stdout]    |              ^^^^^ could not find `Win32` in `windows`
[INFO] [stdout] 
[INFO] [stdout] 
[INFO] [stdout] error[E0432]: unresolved import `windows::core`
[INFO] [stdout]  --> src/manager.rs:5:14
[INFO] [stdout]   |
[INFO] [stdout] 5 | use windows::core::PWSTR;
[INFO] [stdout]   |              ^^^^ could not find `core` in `windows`
[INFO] [stdout] 
[INFO] [stdout] 
[INFO] [stdout] error[E0433]: cannot find `Win32` in `windows`
[INFO] [stdout]  --> src/tray.rs:3:14
[INFO] [stdout]   |
[INFO] [stdout] 3 | use windows::Win32::Foundation::{BOOL, HWND, LPARAM, WPARAM};
[INFO] [stdout]   |              ^^^^^ could not find `Win32` in `windows`
[INFO] [stdout] 
[INFO] [stdout] 
[INFO] [stdout] error[E0433]: cannot find `Win32` in `windows`
[INFO] [stdout]  --> src/tray.rs:4:14
[INFO] [stdout]   |
[INFO] [stdout] 4 | use windows::Win32::UI::WindowsAndMessaging::{
[INFO] [stdout]   |              ^^^^^ could not find `Win32` in `windows`
[INFO] [stdout] 
[INFO] [stdout] 
[INFO] [stdout] error[E0433]: cannot find `Win32` in `windows`
[INFO] [stdout]   --> src/tray.rs:10:14
[INFO] [stdout]    |
[INFO] [stdout] 10 | use windows::Win32::UI::Shell::{
[INFO] [stdout]    |              ^^^^^ could not find `Win32` in `windows`
[INFO] [stdout] 
[INFO] [stdout] 
[INFO] [stdout] error[E0433]: cannot find `windows` in `os`
[INFO] [stdout]   --> src/main.rs:10:14
[INFO] [stdout]    |
[INFO] [stdout] 10 | use std::os::windows::ffi::OsStrExt;
[INFO] [stdout]    |              ^^^^^^^ could not find `windows` in `os`
[INFO] [stdout]    |
[INFO] [stdout] note: found an item that was configured out
[INFO] [stdout]   --> /rustc/3154cc1a3e6424e44f438a95007d043ed5ceaaf6/library/std/src/os/mod.rs:62:4
[INFO] [stdout]    |
[INFO] [stdout]    = note: the item is gated behind the `windows` feature
[INFO] [stdout] 
[INFO] [stdout] 
[INFO] [stdout] error[E0432]: unresolved import `windows::core`
[INFO] [stdout]  --> src/tray.rs:2:14
[INFO] [stdout]   |
[INFO] [stdout] 2 | use windows::core::{w, PCWSTR};
[INFO] [stdout]   |              ^^^^ could not find `core` in `windows`
[INFO] [stdout] 
[INFO] [stdout] 
[INFO] [stdout] error[E0433]: cannot find `Win32` in `windows`
[INFO] [stdout]   --> src/main.rs:15:14
[INFO] [stdout]    |
[INFO] [stdout] 15 | use windows::Win32::Foundation::{HWND, LPARAM, LRESULT, WPARAM};
[INFO] [stdout]    |              ^^^^^ could not find `Win32` in `windows`
[INFO] [stdout] 
[INFO] [stdout] 
[INFO] [stdout] error[E0433]: cannot find `Win32` in `windows`
[INFO] [stdout]   --> src/main.rs:16:14
[INFO] [stdout]    |
[INFO] [stdout] 16 | use windows::Win32::Graphics::Gdi::HBRUSH;
[INFO] [stdout]    |              ^^^^^ could not find `Win32` in `windows`
[INFO] [stdout] 
[INFO] [stdout] 
[INFO] [stdout] error[E0433]: cannot find `Win32` in `windows`
[INFO] [stdout]   --> src/main.rs:17:14
[INFO] [stdout]    |
[INFO] [stdout] 17 | use windows::Win32::System::LibraryLoader::GetModuleHandleW;
[INFO] [stdout]    |              ^^^^^ could not find `Win32` in `windows`
[INFO] [stdout] 
[INFO] [stdout] 
[INFO] [stdout] error[E0433]: cannot find `Win32` in `windows`
[INFO] [stdout]   --> src/main.rs:18:14
[INFO] [stdout]    |
[INFO] [stdout] 18 | use windows::Win32::UI::Accessibility::HWINEVENTHOOK;
[INFO] [stdout]    |              ^^^^^ could not find `Win32` in `windows`
[INFO] [stdout] 
[INFO] [stdout] 
[INFO] [stdout] error[E0433]: cannot find `Win32` in `windows`
[INFO] [stdout]   --> src/main.rs:19:14
[INFO] [stdout]    |
[INFO] [stdout] 19 | use windows::Win32::UI::HiDpi::{
[INFO] [stdout]    |              ^^^^^ could not find `Win32` in `windows`
[INFO] [stdout] 
[INFO] [stdout] 
[INFO] [stdout] error[E0433]: cannot find `Win32` in `windows`
[INFO] [stdout]   --> src/main.rs:22:14
[INFO] [stdout]    |
[INFO] [stdout] 22 | use windows::Win32::UI::Input::KeyboardAndMouse::{
[INFO] [stdout]    |              ^^^^^ could not find `Win32` in `windows`
[INFO] [stdout] 
[INFO] [stdout] 
[INFO] [stdout] error[E0433]: cannot find `Win32` in `windows`
[INFO] [stdout]   --> src/main.rs:25:14
[INFO] [stdout]    |
[INFO] [stdout] 25 | use windows::Win32::UI::Shell::ShellExecuteW;
[INFO] [stdout]    |              ^^^^^ could not find `Win32` in `windows`
[INFO] [stdout] 
[INFO] [stdout] 
[INFO] [stdout] error[E0433]: cannot find `Win32` in `windows`
[INFO] [stdout]   --> src/main.rs:26:14
[INFO] [stdout]    |
[INFO] [stdout] 26 | use windows::Win32::UI::WindowsAndMessaging::*;
[INFO] [stdout]    |              ^^^^^ could not find `Win32` in `windows`
[INFO] [stdout] 
[INFO] [stdout] 
[INFO] [stdout] error[E0432]: unresolved import `windows::core`
[INFO] [stdout]   --> src/main.rs:14:14
[INFO] [stdout]    |
[INFO] [stdout] 14 | use windows::core::{w, HSTRING, PCWSTR};
[INFO] [stdout]    |              ^^^^ could not find `core` in `windows`
[INFO] [stdout] 
[INFO] [stdout] 
[INFO] [stdout] error[E0408]: variable `EVENT_OBJECT_SHOW` is not bound in all patterns
[INFO] [stdout]   --> src/hooks.rs:68:9
[INFO] [stdout]    |
[INFO] [stdout] 68 |         EVENT_OBJECT_CREATE | EVENT_OBJECT_SHOW => {
[INFO] [stdout]    |         ^^^^^^^^^^^^^^^^^^^   ----------------- variable not in all patterns
[INFO] [stdout]    |         |
[INFO] [stdout]    |         pattern doesn't bind `EVENT_OBJECT_SHOW`
[INFO] [stdout]    |
[INFO] [stdout] help: if you meant to match on a unit struct, unit variant or a `const` item, consider making the path in the pattern qualified: `path::to::ModOrType::EVENT_OBJECT_SHOW`
[INFO] [stdout]   --> src/hooks.rs:68:31
[INFO] [stdout]    |
[INFO] [stdout] 68 |         EVENT_OBJECT_CREATE | EVENT_OBJECT_SHOW => {
[INFO] [stdout]    |                               ^^^^^^^^^^^^^^^^^
[INFO] [stdout] 
[INFO] [stdout] 
[INFO] [stdout] error[E0408]: variable `EVENT_OBJECT_CREATE` is not bound in all patterns
[INFO] [stdout]   --> src/hooks.rs:68:31
[INFO] [stdout]    |
[INFO] [stdout] 68 |         EVENT_OBJECT_CREATE | EVENT_OBJECT_SHOW => {
[INFO] [stdout]    |         -------------------   ^^^^^^^^^^^^^^^^^ pattern doesn't bind `EVENT_OBJECT_CREATE`
[INFO] [stdout]    |         |
[INFO] [stdout]    |         variable not in all patterns
[INFO] [stdout]    |
[INFO] [stdout] help: if you meant to match on a unit struct, unit variant or a `const` item, consider making the path in the pattern qualified: `path::to::ModOrType::EVENT_OBJECT_CREATE`
[INFO] [stdout]   --> src/hooks.rs:68:9
[INFO] [stdout]    |
[INFO] [stdout] 68 |         EVENT_OBJECT_CREATE | EVENT_OBJECT_SHOW => {
[INFO] [stdout]    |         ^^^^^^^^^^^^^^^^^^^
[INFO] [stdout] 
[INFO] [stdout] 
[INFO] [stdout] error[E0433]: cannot find `Win32` in `windows`
[INFO] [stdout]    --> src/hud.rs:351:22
[INFO] [stdout]     |
[INFO] [stdout] 351 |     lparam: windows::Win32::Foundation::LPARAM,
[INFO] [stdout]     |                      ^^^^^ could not find `Win32` in `windows`
[INFO] [stdout] 
[INFO] [stdout] 
[INFO] [stdout] error[E0433]: cannot find `Win32` in `windows`
[INFO] [stdout]    --> src/main.rs:340:39
[INFO] [stdout]     |
[INFO] [stdout] 340 |                 let mut pt = windows::Win32::Foundation::POINT::default();
[INFO] [stdout]     |                                       ^^^^^ could not find `Win32` in `windows`
[INFO] [stdout] 
[INFO] [stdout] 
[INFO] [stdout] error[E0425]: cannot find value `EVENT_OBJECT_CREATE` in this scope
[INFO] [stdout]   --> src/hooks.rs:11:13
[INFO] [stdout]    |
[INFO] [stdout] 11 |             EVENT_OBJECT_CREATE,
[INFO] [stdout]    |             ^^^^^^^^^^^^^^^^^^^ not found in this scope
[INFO] [stdout] 
[INFO] [stdout] 
[INFO] [stdout] error[E0425]: cannot find value `EVENT_OBJECT_NAMECHANGE` in this scope
[INFO] [stdout]   --> src/hooks.rs:12:13
[INFO] [stdout]    |
[INFO] [stdout] 12 |             EVENT_OBJECT_NAMECHANGE,
[INFO] [stdout]    |             ^^^^^^^^^^^^^^^^^^^^^^^ not found in this scope
[INFO] [stdout] 
[INFO] [stdout] 
[INFO] [stdout] error[E0425]: cannot find value `WINEVENT_OUTOFCONTEXT` in this scope
[INFO] [stdout]   --> src/hooks.rs:17:13
[INFO] [stdout]    |
[INFO] [stdout] 17 |             WINEVENT_OUTOFCONTEXT,
[INFO] [stdout]    |             ^^^^^^^^^^^^^^^^^^^^^ not found in this scope
[INFO] [stdout] 
[INFO] [stdout] 
[INFO] [stdout] error[E0425]: cannot find value `EVENT_SYSTEM_FOREGROUND` in this scope
[INFO] [stdout]   --> src/hooks.rs:23:13
[INFO] [stdout]    |
[INFO] [stdout] 23 |             EVENT_SYSTEM_FOREGROUND,
[INFO] [stdout]    |             ^^^^^^^^^^^^^^^^^^^^^^^ not found in this scope
[INFO] [stdout] 
[INFO] [stdout] 
[INFO] [stdout] error[E0425]: cannot find value `EVENT_SYSTEM_MINIMIZEEND` in this scope
[INFO] [stdout]   --> src/hooks.rs:24:13
[INFO] [stdout]    |
[INFO] [stdout] 24 |             EVENT_SYSTEM_MINIMIZEEND,
[INFO] [stdout]    |             ^^^^^^^^^^^^^^^^^^^^^^^^ not found in this scope
[INFO] [stdout] 
[INFO] [stdout] 
[INFO] [stdout] error[E0425]: cannot find value `WINEVENT_OUTOFCONTEXT` in this scope
[INFO] [stdout]   --> src/hooks.rs:29:13
[INFO] [stdout]    |
[INFO] [stdout] 29 |             WINEVENT_OUTOFCONTEXT,
[INFO] [stdout]    |             ^^^^^^^^^^^^^^^^^^^^^ not found in this scope
[INFO] [stdout] 
[INFO] [stdout] 
[INFO] [stdout] error[E0425]: cannot find value `GA_ROOT` in this scope
[INFO] [stdout]    --> src/manager.rs:238:39
[INFO] [stdout]     |
[INFO] [stdout] 238 |         if unsafe { GetAncestor(hwnd, GA_ROOT) } != hwnd {
[INFO] [stdout]     |                                       ^^^^^^^ not found in this scope
[INFO] [stdout] 
[INFO] [stdout] 
[INFO] [stdout] error[E0425]: cannot find value `GW_OWNER` in this scope
[INFO] [stdout]    --> src/manager.rs:242:38
[INFO] [stdout]     |
[INFO] [stdout] 242 |         if !unsafe { GetWindow(hwnd, GW_OWNER) }.unwrap_or_default().0.is_null() {
[INFO] [stdout]     |                                      ^^^^^^^^ not found in this scope
[INFO] [stdout] 
[INFO] [stdout] 
[INFO] [stdout] error[E0425]: cannot find value `GWL_EXSTYLE` in this scope
[INFO] [stdout]    --> src/manager.rs:246:56
[INFO] [stdout]     |
[INFO] [stdout] 246 |         let exstyle = unsafe { GetWindowLongPtrW(hwnd, GWL_EXSTYLE) } as u32;
[INFO] [stdout]     |                                                        ^^^^^^^^^^^ not found in this scope
[INFO] [stdout] 
[INFO] [stdout] 
[INFO] [stdout] error[E0425]: cannot find value `WS_EX_TOOLWINDOW` in this scope
[INFO] [stdout]    --> src/manager.rs:247:22
[INFO] [stdout]     |
[INFO] [stdout] 247 |         if exstyle & WS_EX_TOOLWINDOW.0 != 0 {
[INFO] [stdout]     |                      ^^^^^^^^^^^^^^^^ not found in this scope
[INFO] [stdout] 
[INFO] [stdout] 
[INFO] [stdout] error[E0425]: cannot find value `WM_CLOSE` in this scope
[INFO] [stdout]    --> src/manager.rs:579:44
[INFO] [stdout]     |
[INFO] [stdout] 579 |                 let _ = PostMessageW(hwnd, WM_CLOSE, WPARAM(0), LPARAM(0));
[INFO] [stdout]     |                                            ^^^^^^^^ not found in this scope
[INFO] [stdout] 
[INFO] [stdout] 
[INFO] [stdout] error[E0425]: cannot find value `SW_SHOW` in this scope
[INFO] [stdout]    --> src/manager.rs:700:53
[INFO] [stdout]     |
[INFO] [stdout] 700 |                 let _ = ShowWindow(w.hwnd, if vis { SW_SHOW } else { SW_HIDE });
[INFO] [stdout]     |                                                     ^^^^^^^ not found in this scope
[INFO] [stdout] 
[INFO] [stdout] 
[INFO] [stdout] error[E0425]: cannot find value `SW_HIDE` in this scope
[INFO] [stdout]    --> src/manager.rs:700:70
[INFO] [stdout]     |
[INFO] [stdout] 700 |                 let _ = ShowWindow(w.hwnd, if vis { SW_SHOW } else { SW_HIDE });
[INFO] [stdout]     |                                                                      ^^^^^^^ not found in this scope
[INFO] [stdout] 
[INFO] [stdout] 
[INFO] [stdout] error[E0425]: cannot find value `SWP_NOACTIVATE` in this scope
[INFO] [stdout]    --> src/manager.rs:711:21
[INFO] [stdout]     |
[INFO] [stdout] 711 |                     SWP_NOACTIVATE | SWP_NOZORDER | SWP_ASYNCWINDOWPOS,
[INFO] [stdout]     |                     ^^^^^^^^^^^^^^ not found in this scope
[INFO] [stdout] 
[INFO] [stdout] 
[INFO] [stdout] error[E0425]: cannot find value `SWP_NOZORDER` in this scope
[INFO] [stdout]    --> src/manager.rs:711:38
[INFO] [stdout]     |
[INFO] [stdout] 711 |                     SWP_NOACTIVATE | SWP_NOZORDER | SWP_ASYNCWINDOWPOS,
[INFO] [stdout]     |                                      ^^^^^^^^^^^^ not found in this scope
[INFO] [stdout] 
[INFO] [stdout] 
[INFO] [stdout] error[E0425]: cannot find value `SWP_ASYNCWINDOWPOS` in this scope
[INFO] [stdout]    --> src/manager.rs:711:53
[INFO] [stdout]     |
[INFO] [stdout] 711 |                     SWP_NOACTIVATE | SWP_NOZORDER | SWP_ASYNCWINDOWPOS,
[INFO] [stdout]     |                                                     ^^^^^^^^^^^^^^^^^^ not found in this scope
[INFO] [stdout] 
[INFO] [stdout] 
[INFO] [stdout] error[E0425]: cannot find value `HWND_TOP` in this scope
[INFO] [stdout]    --> src/manager.rs:727:25
[INFO] [stdout]     |
[INFO] [stdout] 727 |                         HWND_TOP,
[INFO] [stdout]     |                         ^^^^^^^^ not found in this scope
[INFO] [stdout] 
[INFO] [stdout] 
[INFO] [stdout] error[E0425]: cannot find value `SWP_NOMOVE` in this scope
[INFO] [stdout]    --> src/manager.rs:732:25
[INFO] [stdout]     |
[INFO] [stdout] 732 |                         SWP_NOMOVE | SWP_NOSIZE | SWP_NOACTIVATE,
[INFO] [stdout]     |                         ^^^^^^^^^^ not found in this scope
[INFO] [stdout] 
[INFO] [stdout] 
[INFO] [stdout] error[E0425]: cannot find value `SWP_NOSIZE` in this scope
[INFO] [stdout]    --> src/manager.rs:732:38
[INFO] [stdout]     |
[INFO] [stdout] 732 |                         SWP_NOMOVE | SWP_NOSIZE | SWP_NOACTIVATE,
[INFO] [stdout]     |                                      ^^^^^^^^^^ not found in this scope
[INFO] [stdout] 
[INFO] [stdout] 
[INFO] [stdout] error[E0425]: cannot find value `SWP_NOACTIVATE` in this scope
[INFO] [stdout]    --> src/manager.rs:732:51
[INFO] [stdout]     |
[INFO] [stdout] 732 |                         SWP_NOMOVE | SWP_NOSIZE | SWP_NOACTIVATE,
[INFO] [stdout]     |                                                   ^^^^^^^^^^^^^^ not found in this scope
[INFO] [stdout] 
[INFO] [stdout] 
[INFO] [stdout] error[E0425]: cannot find value `SW_SHOW` in this scope
[INFO] [stdout]    --> src/manager.rs:767:48
[INFO] [stdout]     |
[INFO] [stdout] 767 |                     let _ = ShowWindow(w.hwnd, SW_SHOW);
[INFO] [stdout]     |                                                ^^^^^^^ not found in this scope
[INFO] [stdout] 
[INFO] [stdout] 
[INFO] [stdout] error[E0425]: cannot find type `HMONITOR` in this scope
[INFO] [stdout]    --> src/manager.rs:807:27
[INFO] [stdout]     |
[INFO] [stdout] 807 | fn pick_monitor(areas: &[(HMONITOR, RECT)], spec: &str) -> Option<(HMONITOR, RECT)> {
[INFO] [stdout]     |                           ^^^^^^^^ not found in this scope
[INFO] [stdout] 
[INFO] [stdout] 
[INFO] [stdout] error[E0425]: cannot find type `HMONITOR` in this scope
[INFO] [stdout]    --> src/manager.rs:807:68
[INFO] [stdout]     |
[INFO] [stdout] 807 | fn pick_monitor(areas: &[(HMONITOR, RECT)], spec: &str) -> Option<(HMONITOR, RECT)> {
[INFO] [stdout]     |                                                                    ^^^^^^^^ not found in this scope
[INFO] [stdout]     |
[INFO] [stdout] help: you might be missing a type parameter
[INFO] [stdout]     |
[INFO] [stdout] 807 | fn pick_monitor<HMONITOR>(areas: &[(HMONITOR, RECT)], spec: &str) -> Option<(HMONITOR, RECT)> {
[INFO] [stdout]     |                ++++++++++
[INFO] [stdout] 
[INFO] [stdout] 
[INFO] [stdout] error[E0425]: cannot find value `MONITOR_DEFAULTTONEAREST` in this scope
[INFO] [stdout]    --> src/manager.rs:813:61
[INFO] [stdout]     |
[INFO] [stdout] 813 |             unsafe { MonitorFromPoint(POINT { x: 0, y: 0 }, MONITOR_DEFAULTTONEAREST) };
[INFO] [stdout]     |                                                             ^^^^^^^^^^^^^^^^^^^^^^^^ not found in this scope
[INFO] [stdout] 
[INFO] [stdout] 
[INFO] [stdout] error[E0425]: cannot find type `HMONITOR` in this scope
[INFO] [stdout]    --> src/manager.rs:827:22
[INFO] [stdout]     |
[INFO] [stdout] 827 | fn monitor_dpi(hmon: HMONITOR) -> u32 {
[INFO] [stdout]     |                      ^^^^^^^^ not found in this scope
[INFO] [stdout] 
[INFO] [stdout] 
[INFO] [stdout] error[E0425]: cannot find type `HMONITOR` in this scope
[INFO] [stdout]    --> src/manager.rs:843:40
[INFO] [stdout]     |
[INFO] [stdout] 843 | unsafe fn enumerate_monitors() -> Vec<(HMONITOR, RECT)> {
[INFO] [stdout]     |                                        ^^^^^^^^ not found in this scope
[INFO] [stdout]     |
[INFO] [stdout] help: you might be missing a type parameter
[INFO] [stdout]     |
[INFO] [stdout] 843 | unsafe fn enumerate_monitors<HMONITOR>() -> Vec<(HMONITOR, RECT)> {
[INFO] [stdout]     |                             ++++++++++
[INFO] [stdout] 
[INFO] [stdout] 
[INFO] [stdout] error[E0425]: cannot find type `HMONITOR` in this scope
[INFO] [stdout]    --> src/manager.rs:857:11
[INFO] [stdout]     |
[INFO] [stdout] 857 |     hmon: HMONITOR,
[INFO] [stdout]     |           ^^^^^^^^ not found in this scope
[INFO] [stdout] 
[INFO] [stdout] 
[INFO] [stdout] error[E0425]: cannot find type `HDC` in this scope
[INFO] [stdout]    --> src/manager.rs:858:11
[INFO] [stdout]     |
[INFO] [stdout] 858 |     _hdc: HDC,
[INFO] [stdout]     |           ^^^ not found in this scope
[INFO] [stdout] 
[INFO] [stdout] 
[INFO] [stdout] error[E0425]: cannot find type `HMONITOR` in this scope
[INFO] [stdout]    --> src/manager.rs:862:54
[INFO] [stdout]     |
[INFO] [stdout] 862 |     let list = unsafe { &mut *(lparam.0 as *mut Vec<(HMONITOR, RECT)>) };
[INFO] [stdout]     |                                                      ^^^^^^^^ not found in this scope
[INFO] [stdout]     |
[INFO] [stdout] help: you might be missing a type parameter
[INFO] [stdout]     |
[INFO] [stdout] 856 | unsafe extern "system" fn monitor_enum_proc<HMONITOR>(
[INFO] [stdout]     |                                            ++++++++++
[INFO] [stdout] 
[INFO] [stdout] 
[INFO] [stdout] error[E0422]: cannot find struct, variant or union type `MONITORINFO` in this scope
[INFO] [stdout]    --> src/manager.rs:863:20
[INFO] [stdout]     |
[INFO] [stdout] 863 |     let mut info = MONITORINFO {
[INFO] [stdout]     |                    ^^^^^^^^^^^ not found in this scope
[INFO] [stdout] 
[INFO] [stdout] 
[INFO] [stdout] error[E0425]: cannot find type `MONITORINFO` in this scope
[INFO] [stdout]    --> src/manager.rs:864:37
[INFO] [stdout]     |
[INFO] [stdout] 864 |         cbSize: std::mem::size_of::<MONITORINFO>() as u32,
[INFO] [stdout]     |                                     ^^^^^^^^^^^ not found in this scope
[INFO] [stdout]     |
[INFO] [stdout] help: you might be missing a type parameter
[INFO] [stdout]     |
[INFO] [stdout] 856 | unsafe extern "system" fn monitor_enum_proc<MONITORINFO>(
[INFO] [stdout]     |                                            +++++++++++++
[INFO] [stdout] 
[INFO] [stdout] 
[INFO] [stdout] error[E0425]: cannot find value `WM_APP` in this scope
[INFO] [stdout]   --> src/main.rs:53:27
[INFO] [stdout]    |
[INFO] [stdout] 53 | pub const TRAY_MSG: u32 = WM_APP + 1;
[INFO] [stdout]    |                           ^^^^^^ not found in this scope
[INFO] [stdout] 
[INFO] [stdout] 
[INFO] [stdout] error[E0425]: cannot find value `WM_APP` in this scope
[INFO] [stdout]   --> src/main.rs:59:28
[INFO] [stdout]    |
[INFO] [stdout] 59 | const ACT_SCROLL_UP: u32 = WM_APP + 10;
[INFO] [stdout]    |                            ^^^^^^ not found in this scope
[INFO] [stdout] 
[INFO] [stdout] 
[INFO] [stdout] error[E0425]: cannot find value `WM_APP` in this scope
[INFO] [stdout]   --> src/main.rs:60:30
[INFO] [stdout]    |
[INFO] [stdout] 60 | const ACT_SCROLL_DOWN: u32 = WM_APP + 11;
[INFO] [stdout]    |                              ^^^^^^ not found in this scope
[INFO] [stdout] 
[INFO] [stdout] 
[INFO] [stdout] error[E0425]: cannot find value `WM_APP` in this scope
[INFO] [stdout]   --> src/main.rs:61:24
[INFO] [stdout]    |
[INFO] [stdout] 61 | const ACT_FIRST: u32 = WM_APP + 12;
[INFO] [stdout]    |                        ^^^^^^ not found in this scope
[INFO] [stdout] 
[INFO] [stdout] 
[INFO] [stdout] error[E0425]: cannot find value `WM_APP` in this scope
[INFO] [stdout]   --> src/main.rs:62:23
[INFO] [stdout]    |
[INFO] [stdout] 62 | const ACT_LAST: u32 = WM_APP + 13;
[INFO] [stdout]    |                       ^^^^^^ not found in this scope
[INFO] [stdout] 
[INFO] [stdout] 
[INFO] [stdout] error[E0425]: cannot find value `WM_APP` in this scope
[INFO] [stdout]   --> src/main.rs:63:24
[INFO] [stdout]    |
[INFO] [stdout] 63 | const ACT_PAUSE: u32 = WM_APP + 14;
[INFO] [stdout]    |                        ^^^^^^ not found in this scope
[INFO] [stdout] 
[INFO] [stdout] 
[INFO] [stdout] error[E0425]: cannot find value `MB_OK` in this scope
[INFO] [stdout]    --> src/main.rs:106:17
[INFO] [stdout]     |
[INFO] [stdout] 106 |                 MB_OK | MB_ICONINFORMATION,
[INFO] [stdout]     |                 ^^^^^ not found in this scope
[INFO] [stdout] 
[INFO] [stdout] 
[INFO] [stdout] error[E0425]: cannot find value `MB_ICONINFORMATION` in this scope
[INFO] [stdout]    --> src/main.rs:106:25
[INFO] [stdout]     |
[INFO] [stdout] 106 |                 MB_OK | MB_ICONINFORMATION,
[INFO] [stdout]     |                         ^^^^^^^^^^^^^^^^^^ not found in this scope
[INFO] [stdout] 
[INFO] [stdout] 
[INFO] [stdout] error[E0422]: cannot find struct, variant or union type `WNDCLASSW` in this scope
[INFO] [stdout]    --> src/main.rs:132:18
[INFO] [stdout]     |
[INFO] [stdout] 132 |         let wc = WNDCLASSW {
[INFO] [stdout]     |                  ^^^^^^^^^ not found in this scope
[INFO] [stdout] 
[INFO] [stdout] 
[INFO] [stdout] error[E0425]: cannot find value `MB_OK` in this scope
[INFO] [stdout]    --> src/main.rs:218:13
[INFO] [stdout]     |
[INFO] [stdout] 218 |             MB_OK | MB_ICONINFORMATION,
[INFO] [stdout]     |             ^^^^^ not found in this scope
[INFO] [stdout] 
[INFO] [stdout] 
[INFO] [stdout] error[E0425]: cannot find value `MB_ICONINFORMATION` in this scope
[INFO] [stdout]    --> src/main.rs:218:21
[INFO] [stdout]     |
[INFO] [stdout] 218 |             MB_OK | MB_ICONINFORMATION,
[INFO] [stdout]     |                     ^^^^^^^^^^^^^^^^^^ not found in this scope
[INFO] [stdout] 
[INFO] [stdout] 
[INFO] [stdout] error[E0425]: cannot find value `WM_LBUTTONDBLCLK` in this scope
[INFO] [stdout]    --> src/main.rs:337:25
[INFO] [stdout]     |
[INFO] [stdout] 337 |             if click == WM_LBUTTONDBLCLK {
[INFO] [stdout]     |                         ^^^^^^^^^^^^^^^^ not found in this scope
[INFO] [stdout] 
[INFO] [stdout] 
[INFO] [stdout] error[E0425]: cannot find value `WM_CONTEXTMENU` in this scope
[INFO] [stdout]    --> src/main.rs:339:32
[INFO] [stdout]     |
[INFO] [stdout] 339 |             } else if click == WM_CONTEXTMENU {
[INFO] [stdout]     |                                ^^^^^^^^^^^^^^ not found in this scope
[INFO] [stdout] 
[INFO] [stdout] 
[INFO] [stdout] error[E0425]: cannot find value `SW_SHOWNORMAL` in this scope
[INFO] [stdout]    --> src/main.rs:437:13
[INFO] [stdout]     |
[INFO] [stdout] 437 |             SW_SHOWNORMAL,
[INFO] [stdout]     |             ^^^^^^^^^^^^^ not found in this scope
[INFO] [stdout] 
[INFO] [stdout] 
[INFO] [stdout] error[E0425]: cannot find function, tuple struct or tuple variant `IsWindow` in this scope
[INFO] [stdout]    --> src/manager.rs:173:26
[INFO] [stdout]     |
[INFO] [stdout] 173 |             if !unsafe { IsWindow(hwnd) }.as_bool() || !self.matches(hwnd) {
[INFO] [stdout]     |                          ^^^^^^^^ not found in this scope
[INFO] [stdout] 
[INFO] [stdout] 
[INFO] [stdout] error[E0425]: cannot find function, tuple struct or tuple variant `IsWindow` in this scope
[INFO] [stdout]    --> src/manager.rs:234:42
[INFO] [stdout]     |
[INFO] [stdout] 234 |         if hwnd.0.is_null() || !unsafe { IsWindow(hwnd) }.as_bool() {
[INFO] [stdout]     |                                          ^^^^^^^^ not found in this scope
[INFO] [stdout] 
[INFO] [stdout] 
[INFO] [stdout] error[E0425]: cannot find function, tuple struct or tuple variant `GetAncestor` in this scope
[INFO] [stdout]    --> src/manager.rs:238:21
[INFO] [stdout]     |
[INFO] [stdout] 238 |         if unsafe { GetAncestor(hwnd, GA_ROOT) } != hwnd {
[INFO] [stdout]     |                     ^^^^^^^^^^^ not found in this scope
[INFO] [stdout] 
[INFO] [stdout] 
[INFO] [stdout] error[E0425]: cannot find function, tuple struct or tuple variant `GetWindow` in this scope
[INFO] [stdout]    --> src/manager.rs:242:22
[INFO] [stdout]     |
[INFO] [stdout] 242 |         if !unsafe { GetWindow(hwnd, GW_OWNER) }.unwrap_or_default().0.is_null() {
[INFO] [stdout]     |                      ^^^^^^^^^ not found in this scope
[INFO] [stdout] 
[INFO] [stdout] 
[INFO] [stdout] error[E0425]: cannot find function, tuple struct or tuple variant `GetWindowLongPtrW` in this scope
[INFO] [stdout]    --> src/manager.rs:246:32
[INFO] [stdout]     |
[INFO] [stdout] 246 |         let exstyle = unsafe { GetWindowLongPtrW(hwnd, GWL_EXSTYLE) } as u32;
[INFO] [stdout]     |                                ^^^^^^^^^^^^^^^^^ not found in this scope
[INFO] [stdout] 
[INFO] [stdout] 
[INFO] [stdout] error[E0425]: cannot find function, tuple struct or tuple variant `GetWindowThreadProcessId` in this scope
[INFO] [stdout]    --> src/manager.rs:307:18
[INFO] [stdout]     |
[INFO] [stdout] 307 |         unsafe { GetWindowThreadProcessId(hwnd, Some(&mut pid)) };
[INFO] [stdout]     |                  ^^^^^^^^^^^^^^^^^^^^^^^^ not found in this scope
[INFO] [stdout] 
[INFO] [stdout] 
[INFO] [stdout] error[E0425]: cannot find function, tuple struct or tuple variant `GetWindowTextW` in this scope
[INFO] [stdout]    --> src/manager.rs:353:28
[INFO] [stdout]     |
[INFO] [stdout] 353 |         let len = unsafe { GetWindowTextW(hwnd, &mut buf) };
[INFO] [stdout]     |                            ^^^^^^^^^^^^^^ not found in this scope
[INFO] [stdout] 
[INFO] [stdout] 
[INFO] [stdout] error[E0425]: cannot find function, tuple struct or tuple variant `IsWindowVisible` in this scope
[INFO] [stdout]    --> src/manager.rs:375:22
[INFO] [stdout]     |
[INFO] [stdout] 375 |         if !unsafe { IsWindowVisible(hwnd) }.as_bool() {
[INFO] [stdout]     |                      ^^^^^^^^^^^^^^^ not found in this scope
[INFO] [stdout] 
[INFO] [stdout] 
[INFO] [stdout] error[E0425]: cannot find function, tuple struct or tuple variant `EnumWindows` in this scope
[INFO] [stdout]    --> src/manager.rs:437:21
[INFO] [stdout]     |
[INFO] [stdout] 437 |             let _ = EnumWindows(Some(enum_windows_proc), LPARAM(&mut found as *mut _ as isize));
[INFO] [stdout]     |                     ^^^^^^^^^^^ not found in this scope
[INFO] [stdout] 
[INFO] [stdout] 
[INFO] [stdout] error[E0425]: cannot find function, tuple struct or tuple variant `PostMessageW` in this scope
[INFO] [stdout]    --> src/manager.rs:579:25
[INFO] [stdout]     |
[INFO] [stdout] 579 |                 let _ = PostMessageW(hwnd, WM_CLOSE, WPARAM(0), LPARAM(0));
[INFO] [stdout]     |                         ^^^^^^^^^^^^ not found in this scope
[INFO] [stdout] 
[INFO] [stdout] 
[INFO] [stdout] error[E0425]: cannot find function, tuple struct or tuple variant `SetTimer` in this scope
[INFO] [stdout]    --> src/manager.rs:621:25
[INFO] [stdout]     |
[INFO] [stdout] 621 |                 let _ = SetTimer(hwnd, crate::TIMER_ANIM, 16, None);
[INFO] [stdout]     |                         ^^^^^^^^ not found in this scope
[INFO] [stdout] 
[INFO] [stdout] 
[INFO] [stdout] error[E0425]: cannot find function, tuple struct or tuple variant `SetForegroundWindow` in this scope
[INFO] [stdout]    --> src/manager.rs:666:29
[INFO] [stdout]     |
[INFO] [stdout] 666 |                     let _ = SetForegroundWindow(hwnd);
[INFO] [stdout]     |                             ^^^^^^^^^^^^^^^^^^^ not found in this scope
[INFO] [stdout] 
[INFO] [stdout] 
[INFO] [stdout] error[E0425]: cannot find function, tuple struct or tuple variant `ShowWindow` in this scope
[INFO] [stdout]    --> src/manager.rs:700:25
[INFO] [stdout]     |
[INFO] [stdout] 700 |                 let _ = ShowWindow(w.hwnd, if vis { SW_SHOW } else { SW_HIDE });
[INFO] [stdout]     |                         ^^^^^^^^^^ not found in this scope
[INFO] [stdout] 
[INFO] [stdout] 
[INFO] [stdout] error[E0425]: cannot find function, tuple struct or tuple variant `SetWindowPos` in this scope
[INFO] [stdout]    --> src/manager.rs:704:25
[INFO] [stdout]     |
[INFO] [stdout] 704 |                 let _ = SetWindowPos(
[INFO] [stdout]     |                         ^^^^^^^^^^^^ not found in this scope
[INFO] [stdout] 
[INFO] [stdout] 
[INFO] [stdout] error[E0425]: cannot find function, tuple struct or tuple variant `SetWindowPos` in this scope
[INFO] [stdout]    --> src/manager.rs:725:29
[INFO] [stdout]     |
[INFO] [stdout] 725 |                     let _ = SetWindowPos(
[INFO] [stdout]     |                             ^^^^^^^^^^^^ not found in this scope
[INFO] [stdout] 
[INFO] [stdout] 
[INFO] [stdout] error[E0425]: cannot find function, tuple struct or tuple variant `ShowWindow` in this scope
[INFO] [stdout]    --> src/manager.rs:767:29
[INFO] [stdout]     |
[INFO] [stdout] 767 |                     let _ = ShowWindow(w.hwnd, SW_SHOW);
[INFO] [stdout]     |                             ^^^^^^^^^^ not found in this scope
[INFO] [stdout] 
[INFO] [stdout] 
[INFO] [stdout] error[E0433]: cannot find type `HMONITOR` in this scope
[INFO] [stdout]    --> src/manager.rs:784:9
[INFO] [stdout]     |
[INFO] [stdout] 784 |         HMONITOR::default(),
[INFO] [stdout]     |         ^^^^^^^^ use of undeclared type `HMONITOR`
[INFO] [stdout] 
[INFO] [stdout] 
[INFO] [stdout] error[E0425]: cannot find function, tuple struct or tuple variant `MonitorFromPoint` in this scope
[INFO] [stdout]    --> src/manager.rs:813:22
[INFO] [stdout]     |
[INFO] [stdout] 813 |             unsafe { MonitorFromPoint(POINT { x: 0, y: 0 }, MONITOR_DEFAULTTONEAREST) };
[INFO] [stdout]     |                      ^^^^^^^^^^^^^^^^ not found in this scope
[INFO] [stdout] 
[INFO] [stdout] 
[INFO] [stdout] error[E0425]: cannot find function, tuple struct or tuple variant `EnumDisplayMonitors` in this scope
[INFO] [stdout]    --> src/manager.rs:846:17
[INFO] [stdout]     |
[INFO] [stdout] 846 |         let _ = EnumDisplayMonitors(
[INFO] [stdout]     |                 ^^^^^^^^^^^^^^^^^^^ not found in this scope
[INFO] [stdout] 
[INFO] [stdout] 
[INFO] [stdout] error[E0425]: cannot find function, tuple struct or tuple variant `GetMonitorInfoW` in this scope
[INFO] [stdout]    --> src/manager.rs:869:17
[INFO] [stdout]     |
[INFO] [stdout] 869 |     if unsafe { GetMonitorInfoW(hmon, &mut info) }.as_bool() {
[INFO] [stdout]     |                 ^^^^^^^^^^^^^^^ not found in this scope
[INFO] [stdout] 
[INFO] [stdout] 
[INFO] [stdout] error[E0425]: cannot find function, tuple struct or tuple variant `FindWindowW` in this scope
[INFO] [stdout]    --> src/main.rs:101:12
[INFO] [stdout]     |
[INFO] [stdout] 101 |         if FindWindowW(w!("IrinMsgWnd"), None).is_ok() {
[INFO] [stdout]     |            ^^^^^^^^^^^ not found in this scope
[INFO] [stdout] 
[INFO] [stdout] 
[INFO] [stdout] error[E0425]: cannot find function, tuple struct or tuple variant `MessageBoxW` in this scope
[INFO] [stdout]    --> src/main.rs:102:21
[INFO] [stdout]     |
[INFO] [stdout] 102 |             let _ = MessageBoxW(
[INFO] [stdout]     |                     ^^^^^^^^^^^ not found in this scope
[INFO] [stdout] 
[INFO] [stdout] 
[INFO] [stdout] error[E0425]: cannot find function, tuple struct or tuple variant `WNDCLASS_STYLES` in this scope
[INFO] [stdout]    --> src/main.rs:133:20
[INFO] [stdout]     |
[INFO] [stdout] 133 |             style: WNDCLASS_STYLES(0),
[INFO] [stdout]     |                    ^^^^^^^^^^^^^^^ not found in this scope
[INFO] [stdout] 
[INFO] [stdout] 
[INFO] [stdout] error[E0433]: cannot find type `HICON` in this scope
[INFO] [stdout]    --> src/main.rs:138:20
[INFO] [stdout]     |
[INFO] [stdout] 138 |             hIcon: HICON::default(),
[INFO] [stdout]     |                    ^^^^^ use of undeclared type `HICON`
[INFO] [stdout] 
[INFO] [stdout] 
[INFO] [stdout] error[E0433]: cannot find type `HCURSOR` in this scope
[INFO] [stdout]    --> src/main.rs:139:22
[INFO] [stdout]     |
[INFO] [stdout] 139 |             hCursor: HCURSOR::default(),
[INFO] [stdout]     |                      ^^^^^^^ use of undeclared type `HCURSOR`
[INFO] [stdout] 
[INFO] [stdout] 
[INFO] [stdout] error[E0425]: cannot find function, tuple struct or tuple variant `RegisterClassW` in this scope
[INFO] [stdout]    --> src/main.rs:144:17
[INFO] [stdout]     |
[INFO] [stdout] 144 |         let _ = RegisterClassW(&wc);
[INFO] [stdout]     |                 ^^^^^^^^^^^^^^ not found in this scope
[INFO] [stdout] 
[INFO] [stdout] 
[INFO] [stdout] error[E0425]: cannot find function, tuple struct or tuple variant `WINDOW_EX_STYLE` in this scope
[INFO] [stdout]    --> src/main.rs:148:13
[INFO] [stdout]     |
[INFO] [stdout] 148 |             WINDOW_EX_STYLE(0),
[INFO] [stdout]     |             ^^^^^^^^^^^^^^^ not found in this scope
[INFO] [stdout] 
[INFO] [stdout] 
[INFO] [stdout] error[E0425]: cannot find function, tuple struct or tuple variant `WINDOW_STYLE` in this scope
[INFO] [stdout]    --> src/main.rs:151:13
[INFO] [stdout]     |
[INFO] [stdout] 151 |             WINDOW_STYLE(0),
[INFO] [stdout]     |             ^^^^^^^^^^^^ not found in this scope
[INFO] [stdout] 
[INFO] [stdout] 
[INFO] [stdout] error[E0425]: cannot find function, tuple struct or tuple variant `CreateWindowExW` in this scope
[INFO] [stdout]    --> src/main.rs:147:20
[INFO] [stdout]     |
[INFO] [stdout] 147 |         let hwnd = CreateWindowExW(
[INFO] [stdout]     |                    ^^^^^^^^^^^^^^^ not found in this scope
[INFO] [stdout] 
[INFO] [stdout] 
[INFO] [stdout] error[E0425]: cannot find function, tuple struct or tuple variant `RegisterWindowMessageW` in this scope
[INFO] [stdout]    --> src/main.rs:165:40
[INFO] [stdout]     |
[INFO] [stdout] 165 |         *TASKBAR_CREATED.lock() = Some(RegisterWindowMessageW(w!("TaskbarCreated")));
[INFO] [stdout]     |                                        ^^^^^^^^^^^^^^^^^^^^^^ not found in this scope
[INFO] [stdout] 
[INFO] [stdout] 
[INFO] [stdout] error[E0425]: cannot find function, tuple struct or tuple variant `SetTimer` in this scope
[INFO] [stdout]    --> src/main.rs:184:17
[INFO] [stdout]     |
[INFO] [stdout] 184 |         let _ = SetTimer(hwnd, TIMER_CFG, 2000, None);
[INFO] [stdout]     |                 ^^^^^^^^ not found in this scope
[INFO] [stdout] 
[INFO] [stdout] 
[INFO] [stdout] error[E0433]: cannot find type `MSG` in this scope
[INFO] [stdout]    --> src/main.rs:187:23
[INFO] [stdout]     |
[INFO] [stdout] 187 |         let mut msg = MSG::default();
[INFO] [stdout]     |                       ^^^ use of undeclared type `MSG`
[INFO] [stdout] 
[INFO] [stdout] 
[INFO] [stdout] error[E0425]: cannot find function, tuple struct or tuple variant `GetMessageW` in this scope
[INFO] [stdout]    --> src/main.rs:188:15
[INFO] [stdout]     |
[INFO] [stdout] 188 |         while GetMessageW(&mut msg, None, 0, 0).as_bool() {
[INFO] [stdout]     |               ^^^^^^^^^^^ not found in this scope
[INFO] [stdout] 
[INFO] [stdout] 
[INFO] [stdout] error[E0425]: cannot find function, tuple struct or tuple variant `TranslateMessage` in this scope
[INFO] [stdout]    --> src/main.rs:189:21
[INFO] [stdout]     |
[INFO] [stdout] 189 |             let _ = TranslateMessage(&msg);
[INFO] [stdout]     |                     ^^^^^^^^^^^^^^^^ not found in this scope
[INFO] [stdout] 
[INFO] [stdout] 
[INFO] [stdout] error[E0425]: cannot find function, tuple struct or tuple variant `DispatchMessageW` in this scope
[INFO] [stdout]    --> src/main.rs:190:13
[INFO] [stdout]     |
[INFO] [stdout] 190 |             DispatchMessageW(&msg);
[INFO] [stdout]     |             ^^^^^^^^^^^^^^^^ not found in this scope
[INFO] [stdout] 
[INFO] [stdout] 
[INFO] [stdout] error[E0425]: cannot find function, tuple struct or tuple variant `MessageBoxW` in this scope
[INFO] [stdout]    --> src/main.rs:214:17
[INFO] [stdout]     |
[INFO] [stdout] 214 |         let _ = MessageBoxW(
[INFO] [stdout]     |                 ^^^^^^^^^^^ not found in this scope
[INFO] [stdout] 
[INFO] [stdout] 
[INFO] [stdout] error[E0425]: cannot find function, tuple struct or tuple variant `PostQuitMessage` in this scope
[INFO] [stdout]    --> src/main.rs:275:13
[INFO] [stdout]     |
[INFO] [stdout] 275 |             PostQuitMessage(0);
[INFO] [stdout]     |             ^^^^^^^^^^^^^^^ not found in this scope
[INFO] [stdout] 
[INFO] [stdout] 
[INFO] [stdout] error[E0425]: cannot find function, tuple struct or tuple variant `GetCursorPos` in this scope
[INFO] [stdout]    --> src/main.rs:342:29
[INFO] [stdout]     |
[INFO] [stdout] 342 |                     let _ = GetCursorPos(&mut pt);
[INFO] [stdout]     |                             ^^^^^^^^^^^^ not found in this scope
[INFO] [stdout] 
[INFO] [stdout] 
[INFO] [stdout] error[E0425]: cannot find function, tuple struct or tuple variant `KillTimer` in this scope
[INFO] [stdout]    --> src/main.rs:360:29
[INFO] [stdout]     |
[INFO] [stdout] 360 |                     let _ = KillTimer(hwnd, TIMER_ANIM);
[INFO] [stdout]     |                             ^^^^^^^^^ not found in this scope
[INFO] [stdout] 
[INFO] [stdout] 
[INFO] [stdout] error[E0425]: cannot find function, tuple struct or tuple variant `KillTimer` in this scope
[INFO] [stdout]    --> src/main.rs:372:29
[INFO] [stdout]     |
[INFO] [stdout] 372 |                     let _ = KillTimer(hwnd, TIMER_HUD);
[INFO] [stdout]     |                             ^^^^^^^^^ not found in this scope
[INFO] [stdout] 
[INFO] [stdout] 
[INFO] [stdout] error[E0425]: cannot find function, tuple struct or tuple variant `PostQuitMessage` in this scope
[INFO] [stdout]    --> src/main.rs:396:17
[INFO] [stdout]     |
[INFO] [stdout] 396 |                 PostQuitMessage(0);
[INFO] [stdout]     |                 ^^^^^^^^^^^^^^^ not found in this scope
[INFO] [stdout] 
[INFO] [stdout] 
[INFO] [stdout] error[E0425]: cannot find function, tuple struct or tuple variant `DefWindowProcW` in this scope
[INFO] [stdout]    --> src/main.rs:404:23
[INFO] [stdout]     |
[INFO] [stdout] 404 |         _ => unsafe { DefWindowProcW(hwnd, msg, wparam, lparam) },
[INFO] [stdout]     |                       ^^^^^^^^^^^^^^ not found in this scope
[INFO] [stdout] 
[INFO] [stdout] 
[INFO] [stdout] error[E0425]: cannot find function, tuple struct or tuple variant `PostQuitMessage` in this scope
[INFO] [stdout]    --> src/main.rs:414:13
[INFO] [stdout]     |
[INFO] [stdout] 414 |             PostQuitMessage(0);
[INFO] [stdout]     |             ^^^^^^^^^^^^^^^ not found in this scope
[INFO] [stdout] 
[INFO] [stdout] 
[INFO] [stdout] error[E0599]: no method named `encode_wide` found for reference `&OsStr` in the current scope
[INFO] [stdout]    --> src/main.rs:427:10
[INFO] [stdout]     |
[INFO] [stdout] 425 |     let wide: Vec<u16> = path
[INFO] [stdout] 426 |         .as_os_str()
[INFO] [stdout] 427 |         .encode_wide()
[INFO] [stdout]     |          ^^^^^^^^^^^ method not found in `&OsStr`
[INFO] [stdout] 
[INFO] [stdout] 
[INFO] [stdout] error[E0433]: cannot find `Win32` in `windows`
[INFO] [stdout]    --> src/main.rs:340:39
[INFO] [stdout]     |
[INFO] [stdout] 340 |                 let mut pt = windows::Win32::Foundation::POINT::default();
[INFO] [stdout]     |                                       ^^^^^ could not find `Win32` in `windows`
[INFO] [stdout] 
[INFO] [stdout] 
[INFO] [stdout] error[E0425]: cannot find value `EVENT_OBJECT_CREATE` in this scope
[INFO] [stdout]   --> src/hooks.rs:11:13
[INFO] [stdout]    |
[INFO] [stdout] 11 |             EVENT_OBJECT_CREATE,
[INFO] [stdout]    |             ^^^^^^^^^^^^^^^^^^^ not found in this scope
[INFO] [stdout] 
[INFO] [stdout] 
[INFO] [stdout] error[E0425]: cannot find value `EVENT_OBJECT_NAMECHANGE` in this scope
[INFO] [stdout]   --> src/hooks.rs:12:13
[INFO] [stdout]    |
[INFO] [stdout] 12 |             EVENT_OBJECT_NAMECHANGE,
[INFO] [stdout]    |             ^^^^^^^^^^^^^^^^^^^^^^^ not found in this scope
[INFO] [stdout] 
[INFO] [stdout] 
[INFO] [stdout] error[E0425]: cannot find value `WINEVENT_OUTOFCONTEXT` in this scope
[INFO] [stdout]   --> src/hooks.rs:17:13
[INFO] [stdout]    |
[INFO] [stdout] 17 |             WINEVENT_OUTOFCONTEXT,
[INFO] [stdout]    |             ^^^^^^^^^^^^^^^^^^^^^ not found in this scope
[INFO] [stdout] 
[INFO] [stdout] 
[INFO] [stdout] error[E0425]: cannot find value `EVENT_SYSTEM_FOREGROUND` in this scope
[INFO] [stdout]   --> src/hooks.rs:23:13
[INFO] [stdout]    |
[INFO] [stdout] 23 |             EVENT_SYSTEM_FOREGROUND,
[INFO] [stdout]    |             ^^^^^^^^^^^^^^^^^^^^^^^ not found in this scope
[INFO] [stdout] 
[INFO] [stdout] 
[INFO] [stdout] error[E0425]: cannot find value `EVENT_SYSTEM_MINIMIZEEND` in this scope
[INFO] [stdout]   --> src/hooks.rs:24:13
[INFO] [stdout]    |
[INFO] [stdout] 24 |             EVENT_SYSTEM_MINIMIZEEND,
[INFO] [stdout]    |             ^^^^^^^^^^^^^^^^^^^^^^^^ not found in this scope
[INFO] [stdout] 
[INFO] [stdout] 
[INFO] [stdout] error[E0425]: cannot find value `WINEVENT_OUTOFCONTEXT` in this scope
[INFO] [stdout]   --> src/hooks.rs:29:13
[INFO] [stdout]    |
[INFO] [stdout] 29 |             WINEVENT_OUTOFCONTEXT,
[INFO] [stdout]    |             ^^^^^^^^^^^^^^^^^^^^^ not found in this scope
[INFO] [stdout] 
[INFO] [stdout] 
[INFO] [stdout] error[E0425]: cannot find value `GA_ROOT` in this scope
[INFO] [stdout]    --> src/manager.rs:238:39
[INFO] [stdout]     |
[INFO] [stdout] 238 |         if unsafe { GetAncestor(hwnd, GA_ROOT) } != hwnd {
[INFO] [stdout]     |                                       ^^^^^^^ not found in this scope
[INFO] [stdout] 
[INFO] [stdout] 
[INFO] [stdout] error[E0425]: cannot find value `GW_OWNER` in this scope
[INFO] [stdout]    --> src/manager.rs:242:38
[INFO] [stdout]     |
[INFO] [stdout] 242 |         if !unsafe { GetWindow(hwnd, GW_OWNER) }.unwrap_or_default().0.is_null() {
[INFO] [stdout]     |                                      ^^^^^^^^ not found in this scope
[INFO] [stdout] 
[INFO] [stdout] 
[INFO] [stdout] error[E0425]: cannot find value `GWL_EXSTYLE` in this scope
[INFO] [stdout]    --> src/manager.rs:246:56
[INFO] [stdout]     |
[INFO] [stdout] 246 |         let exstyle = unsafe { GetWindowLongPtrW(hwnd, GWL_EXSTYLE) } as u32;
[INFO] [stdout]     |                                                        ^^^^^^^^^^^ not found in this scope
[INFO] [stdout] 
[INFO] [stdout] 
[INFO] [stdout] error[E0425]: cannot find value `WS_EX_TOOLWINDOW` in this scope
[INFO] [stdout]    --> src/manager.rs:247:22
[INFO] [stdout]     |
[INFO] [stdout] 247 |         if exstyle & WS_EX_TOOLWINDOW.0 != 0 {
[INFO] [stdout]     |                      ^^^^^^^^^^^^^^^^ not found in this scope
[INFO] [stdout] 
[INFO] [stdout] 
[INFO] [stdout] Some errors have detailed explanations: E0408, E0422, E0425, E0432, E0433, E0599.
[INFO] [stdout] 
[INFO] [stdout] error[E0425]: cannot find value `WM_CLOSE` in this scope
[INFO] [stdout]    --> src/manager.rs:579:44
[INFO] [stdout]     |
[INFO] [stdout] 579 |                 let _ = PostMessageW(hwnd, WM_CLOSE, WPARAM(0), LPARAM(0));
[INFO] [stdout]     |                                            ^^^^^^^^ not found in this scope
[INFO] [stdout] 
[INFO] [stdout] 
[INFO] [stdout] error[E0425]: cannot find value `SW_SHOW` in this scope
[INFO] [stdout]    --> src/manager.rs:700:53
[INFO] [stdout]     |
[INFO] [stdout] 700 |                 let _ = ShowWindow(w.hwnd, if vis { SW_SHOW } else { SW_HIDE });
[INFO] [stdout]     |                                                     ^^^^^^^ not found in this scope
[INFO] [stdout] 
[INFO] [stdout] 
[INFO] [stdout] error[E0425]: cannot find value `SW_HIDE` in this scope
[INFO] [stdout]    --> src/manager.rs:700:70
[INFO] [stdout]     |
[INFO] [stdout] 700 |                 let _ = ShowWindow(w.hwnd, if vis { SW_SHOW } else { SW_HIDE });
[INFO] [stdout]     |                                                                      ^^^^^^^ not found in this scope
[INFO] [stdout] 
[INFO] [stdout] 
[INFO] [stdout] error[E0425]: cannot find value `SWP_NOACTIVATE` in this scope
[INFO] [stdout]    --> src/manager.rs:711:21
[INFO] [stdout]     |
[INFO] [stdout] 711 |                     SWP_NOACTIVATE | SWP_NOZORDER | SWP_ASYNCWINDOWPOS,
[INFO] [stdout]     |                     ^^^^^^^^^^^^^^ not found in this scope
[INFO] [stdout] 
[INFO] [stdout] 
[INFO] [stdout] error[E0425]: cannot find value `SWP_NOZORDER` in this scope
[INFO] [stdout]    --> src/manager.rs:711:38
[INFO] [stdout]     |
[INFO] [stdout] 711 |                     SWP_NOACTIVATE | SWP_NOZORDER | SWP_ASYNCWINDOWPOS,
[INFO] [stdout]     |                                      ^^^^^^^^^^^^ not found in this scope
[INFO] [stdout] 
[INFO] [stdout] 
[INFO] [stdout] error[E0425]: cannot find value `SWP_ASYNCWINDOWPOS` in this scope
[INFO] [stdout]    --> src/manager.rs:711:53
[INFO] [stdout]     |
[INFO] [stdout] 711 |                     SWP_NOACTIVATE | SWP_NOZORDER | SWP_ASYNCWINDOWPOS,
[INFO] [stdout]     |                                                     ^^^^^^^^^^^^^^^^^^ not found in this scope
[INFO] [stdout] 
[INFO] [stdout] 
[INFO] [stdout] error[E0425]: cannot find value `HWND_TOP` in this scope
[INFO] [stdout]    --> src/manager.rs:727:25
[INFO] [stdout]     |
[INFO] [stdout] 727 |                         HWND_TOP,
[INFO] [stdout]     |                         ^^^^^^^^ not found in this scope
[INFO] [stdout] 
[INFO] [stdout] 
[INFO] [stdout] error[E0425]: cannot find value `SWP_NOMOVE` in this scope
[INFO] [stdout]    --> src/manager.rs:732:25
[INFO] [stdout]     |
[INFO] [stdout] 732 |                         SWP_NOMOVE | SWP_NOSIZE | SWP_NOACTIVATE,
[INFO] [stdout]     |                         ^^^^^^^^^^ not found in this scope
[INFO] [stdout] 
[INFO] [stdout] 
[INFO] [stdout] error[E0425]: cannot find value `SWP_NOSIZE` in this scope
[INFO] [stdout]    --> src/manager.rs:732:38
[INFO] [stdout]     |
[INFO] [stdout] 732 |                         SWP_NOMOVE | SWP_NOSIZE | SWP_NOACTIVATE,
[INFO] [stdout]     |                                      ^^^^^^^^^^ not found in this scope
[INFO] [stdout] 
[INFO] [stdout] 
[INFO] [stdout] error[E0425]: cannot find value `SWP_NOACTIVATE` in this scope
[INFO] [stdout]    --> src/manager.rs:732:51
[INFO] [stdout]     |
[INFO] [stdout] 732 |                         SWP_NOMOVE | SWP_NOSIZE | SWP_NOACTIVATE,
[INFO] [stdout]     |                                                   ^^^^^^^^^^^^^^ not found in this scope
[INFO] [stdout] 
[INFO] [stdout] 
[INFO] [stdout] error[E0425]: cannot find value `SW_SHOW` in this scope
[INFO] [stdout]    --> src/manager.rs:767:48
[INFO] [stdout]     |
[INFO] [stdout] 767 |                     let _ = ShowWindow(w.hwnd, SW_SHOW);
[INFO] [stdout]     |                                                ^^^^^^^ not found in this scope
[INFO] [stdout] 
[INFO] [stdout] 
[INFO] [stdout] error[E0425]: cannot find type `HMONITOR` in this scope
[INFO] [stdout]    --> src/manager.rs:807:27
[INFO] [stdout]     |
[INFO] [stdout] 807 | fn pick_monitor(areas: &[(HMONITOR, RECT)], spec: &str) -> Option<(HMONITOR, RECT)> {
[INFO] [stdout]     |                           ^^^^^^^^ not found in this scope
[INFO] [stdout] 
[INFO] [stdout] 
[INFO] [stdout] error[E0425]: cannot find type `HMONITOR` in this scope
[INFO] [stdout]    --> src/manager.rs:807:68
[INFO] [stdout]     |
[INFO] [stdout] 807 | fn pick_monitor(areas: &[(HMONITOR, RECT)], spec: &str) -> Option<(HMONITOR, RECT)> {
[INFO] [stdout]     |                                                                    ^^^^^^^^ not found in this scope
[INFO] [stdout]     |
[INFO] [stdout] help: you might be missing a type parameter
[INFO] [stdout]     |
[INFO] [stdout] 807 | fn pick_monitor<HMONITOR>(areas: &[(HMONITOR, RECT)], spec: &str) -> Option<(HMONITOR, RECT)> {
[INFO] [stdout]     |                ++++++++++
[INFO] [stdout] 
[INFO] [stdout] 
[INFO] [stdout] error[E0425]: cannot find value `MONITOR_DEFAULTTONEAREST` in this scope
[INFO] [stdout]    --> src/manager.rs:813:61
[INFO] [stdout]     |
[INFO] [stdout] 813 |             unsafe { MonitorFromPoint(POINT { x: 0, y: 0 }, MONITOR_DEFAULTTONEAREST) };
[INFO] [stdout]     |                                                             ^^^^^^^^^^^^^^^^^^^^^^^^ not found in this scope
[INFO] [stdout] 
[INFO] [stdout] 
[INFO] [stdout] error[E0425]: cannot find type `HMONITOR` in this scope
[INFO] [stdout]    --> src/manager.rs:827:22
[INFO] [stdout]     |
[INFO] [stdout] 827 | fn monitor_dpi(hmon: HMONITOR) -> u32 {
[INFO] [stdout]     |                      ^^^^^^^^ not found in this scope
[INFO] [stdout] 
[INFO] [stdout] 
[INFO] [stdout] error[E0425]: cannot find type `HMONITOR` in this scope
[INFO] [stdout]    --> src/manager.rs:843:40
[INFO] [stdout]     |
[INFO] [stdout] 843 | unsafe fn enumerate_monitors() -> Vec<(HMONITOR, RECT)> {
[INFO] [stdout]     |                                        ^^^^^^^^ not found in this scope
[INFO] [stdout]     |
[INFO] [stdout] help: you might be missing a type parameter
[INFO] [stdout]     |
[INFO] [stdout] 843 | unsafe fn enumerate_monitors<HMONITOR>() -> Vec<(HMONITOR, RECT)> {
[INFO] [stdout]     |                             ++++++++++
[INFO] [stdout] 
[INFO] [stdout] 
[INFO] [stdout] error[E0425]: cannot find type `HMONITOR` in this scope
[INFO] [stdout]    --> src/manager.rs:857:11
[INFO] [stdout]     |
[INFO] [stdout] 857 |     hmon: HMONITOR,
[INFO] [stdout]     |           ^^^^^^^^ not found in this scope
[INFO] [stdout] 
[INFO] [stdout] 
[INFO] [stdout] error[E0425]: cannot find type `HDC` in this scope
[INFO] [stdout]    --> src/manager.rs:858:11
[INFO] [stdout]     |
[INFO] [stdout] 858 |     _hdc: HDC,
[INFO] [stdout]     |           ^^^ not found in this scope
[INFO] [stdout] 
[INFO] [stdout] 
[INFO] [stdout] error[E0425]: cannot find type `HMONITOR` in this scope
[INFO] [stdout]    --> src/manager.rs:862:54
[INFO] [stdout]     |
[INFO] [stdout] 862 |     let list = unsafe { &mut *(lparam.0 as *mut Vec<(HMONITOR, RECT)>) };
[INFO] [stdout]     |                                                      ^^^^^^^^ not found in this scope
[INFO] [stdout]     |
[INFO] [stdout] help: you might be missing a type parameter
[INFO] [stdout]     |
[INFO] [stdout] 856 | unsafe extern "system" fn monitor_enum_proc<HMONITOR>(
[INFO] [stdout]     |                                            ++++++++++
[INFO] [stdout] 
[INFO] [stdout] 
[INFO] [stdout] error[E0422]: cannot find struct, variant or union type `MONITORINFO` in this scope
[INFO] [stdout]    --> src/manager.rs:863:20
[INFO] [stdout]     |
[INFO] [stdout] 863 |     let mut info = MONITORINFO {
[INFO] [stdout]     |                    ^^^^^^^^^^^ not found in this scope
[INFO] [stdout] 
[INFO] [stdout] 
[INFO] [stdout] error[E0425]: cannot find type `MONITORINFO` in this scope
[INFO] [stdout]    --> src/manager.rs:864:37
[INFO] [stdout]     |
[INFO] [stdout] 864 |         cbSize: std::mem::size_of::<MONITORINFO>() as u32,
[INFO] [stdout]     |                                     ^^^^^^^^^^^ not found in this scope
[INFO] [stdout]     |
[INFO] [stdout] help: you might be missing a type parameter
[INFO] [stdout]     |
[INFO] [stdout] 856 | unsafe extern "system" fn monitor_enum_proc<MONITORINFO>(
[INFO] [stdout]     |                                            +++++++++++++
[INFO] [stdout] 
[INFO] [stdout] 
[INFO] [stdout] error[E0425]: cannot find value `WM_APP` in this scope
[INFO] [stdout]   --> src/main.rs:53:27
[INFO] [stdout]    |
[INFO] [stdout] 53 | pub const TRAY_MSG: u32 = WM_APP + 1;
[INFO] [stdout]    |                           ^^^^^^ not found in this scope
[INFO] [stdout] 
[INFO] [stdout] 
[INFO] [stdout] error[E0425]: cannot find value `WM_APP` in this scope
[INFO] [stdout]   --> src/main.rs:59:28
[INFO] [stdout]    |
[INFO] [stdout] 59 | const ACT_SCROLL_UP: u32 = WM_APP + 10;
[INFO] [stdout]    |                            ^^^^^^ not found in this scope
[INFO] [stdout] 
[INFO] [stdout] 
[INFO] [stdout] error[E0425]: cannot find value `WM_APP` in this scope
[INFO] [stdout]   --> src/main.rs:60:30
[INFO] [stdout]    |
[INFO] [stdout] 60 | const ACT_SCROLL_DOWN: u32 = WM_APP + 11;
[INFO] [stdout]    |                              ^^^^^^ not found in this scope
[INFO] [stdout] 
[INFO] [stdout] 
[INFO] [stdout] error[E0425]: cannot find value `WM_APP` in this scope
[INFO] [stdout]   --> src/main.rs:61:24
[INFO] [stdout]    |
[INFO] [stdout] 61 | const ACT_FIRST: u32 = WM_APP + 12;
[INFO] [stdout]    |                        ^^^^^^ not found in this scope
[INFO] [stdout] 
[INFO] [stdout] 
[INFO] [stdout] error[E0425]: cannot find value `WM_APP` in this scope
[INFO] [stdout]   --> src/main.rs:62:23
[INFO] [stdout]    |
[INFO] [stdout] 62 | const ACT_LAST: u32 = WM_APP + 13;
[INFO] [stdout]    |                       ^^^^^^ not found in this scope
[INFO] [stdout] 
[INFO] [stdout] 
[INFO] [stdout] error[E0425]: cannot find value `WM_APP` in this scope
[INFO] [stdout]   --> src/main.rs:63:24
[INFO] [stdout]    |
[INFO] [stdout] 63 | const ACT_PAUSE: u32 = WM_APP + 14;
[INFO] [stdout]    |                        ^^^^^^ not found in this scope
[INFO] [stdout] 
[INFO] [stdout] 
[INFO] [stdout] error[E0425]: cannot find value `MB_OK` in this scope
[INFO] [stdout]    --> src/main.rs:106:17
[INFO] [stdout]     |
[INFO] [stdout] 106 |                 MB_OK | MB_ICONINFORMATION,
[INFO] [stdout]     |                 ^^^^^ not found in this scope
[INFO] [stdout] 
[INFO] [stdout] 
[INFO] [stdout] error[E0425]: cannot find value `MB_ICONINFORMATION` in this scope
[INFO] [stdout]    --> src/main.rs:106:25
[INFO] [stdout]     |
[INFO] [stdout] 106 |                 MB_OK | MB_ICONINFORMATION,
[INFO] [stdout]     |                         ^^^^^^^^^^^^^^^^^^ not found in this scope
[INFO] [stdout] 
[INFO] [stdout] 
[INFO] [stdout] error[E0422]: cannot find struct, variant or union type `WNDCLASSW` in this scope
[INFO] [stdout]    --> src/main.rs:132:18
[INFO] [stdout]     |
[INFO] [stdout] 132 |         let wc = WNDCLASSW {
[INFO] [stdout]     |                  ^^^^^^^^^ not found in this scope
[INFO] [stdout] 
[INFO] [stdout] 
[INFO] [stdout] error[E0425]: cannot find value `MB_OK` in this scope
[INFO] [stdout]    --> src/main.rs:218:13
[INFO] [stdout]     |
[INFO] [stdout] 218 |             MB_OK | MB_ICONINFORMATION,
[INFO] [stdout]     |             ^^^^^ not found in this scope
[INFO] [stdout] 
[INFO] [stdout] 
[INFO] [stdout] error[E0425]: cannot find value `MB_ICONINFORMATION` in this scope
[INFO] [stdout]    --> src/main.rs:218:21
[INFO] [stdout]     |
[INFO] [stdout] 218 |             MB_OK | MB_ICONINFORMATION,
[INFO] [stdout]     |                     ^^^^^^^^^^^^^^^^^^ not found in this scope
[INFO] [stdout] 
[INFO] [stdout] 
[INFO] [stdout] error[E0425]: cannot find value `WM_LBUTTONDBLCLK` in this scope
[INFO] [stdout]    --> src/main.rs:337:25
[INFO] [stdout]     |
[INFO] [stdout] 337 |             if click == WM_LBUTTONDBLCLK {
[INFO] [stdout]     |                         ^^^^^^^^^^^^^^^^ not found in this scope
[INFO] [stdout] 
[INFO] [stdout] 
[INFO] [stdout] error[E0425]: cannot find value `WM_CONTEXTMENU` in this scope
[INFO] [stdout]    --> src/main.rs:339:32
[INFO] [stdout]     |
[INFO] [stdout] 339 |             } else if click == WM_CONTEXTMENU {
[INFO] [stdout]     |                                ^^^^^^^^^^^^^^ not found in this scope
[INFO] [stdout] 
[INFO] [stdout] 
[INFO] [stdout] error[E0425]: cannot find value `SW_SHOWNORMAL` in this scope
[INFO] [stdout]    --> src/main.rs:437:13
[INFO] [stdout]     |
[INFO] [stdout] 437 |             SW_SHOWNORMAL,
[INFO] [stdout]     |             ^^^^^^^^^^^^^ not found in this scope
[INFO] [stdout] 
[INFO] [stdout] 
[INFO] [stdout] For more information about an error, try `rustc --explain E0408`.
[INFO] [stdout] 
[INFO] [stderr] error: could not compile `irin` (bin "irin" test) due to 122 previous errors
[INFO] [stderr] warning: build failed, waiting for other jobs to finish...
[INFO] [stdout] error[E0425]: cannot find function, tuple struct or tuple variant `IsWindow` in this scope
[INFO] [stdout]    --> src/manager.rs:173:26
[INFO] [stdout]     |
[INFO] [stdout] 173 |             if !unsafe { IsWindow(hwnd) }.as_bool() || !self.matches(hwnd) {
[INFO] [stdout]     |                          ^^^^^^^^ not found in this scope
[INFO] [stdout] 
[INFO] [stdout] 
[INFO] [stdout] error[E0425]: cannot find function, tuple struct or tuple variant `IsWindow` in this scope
[INFO] [stdout]    --> src/manager.rs:234:42
[INFO] [stdout]     |
[INFO] [stdout] 234 |         if hwnd.0.is_null() || !unsafe { IsWindow(hwnd) }.as_bool() {
[INFO] [stdout]     |                                          ^^^^^^^^ not found in this scope
[INFO] [stdout] 
[INFO] [stdout] 
[INFO] [stdout] error[E0425]: cannot find function, tuple struct or tuple variant `GetAncestor` in this scope
[INFO] [stdout]    --> src/manager.rs:238:21
[INFO] [stdout]     |
[INFO] [stdout] 238 |         if unsafe { GetAncestor(hwnd, GA_ROOT) } != hwnd {
[INFO] [stdout]     |                     ^^^^^^^^^^^ not found in this scope
[INFO] [stdout] 
[INFO] [stdout] 
[INFO] [stdout] error[E0425]: cannot find function, tuple struct or tuple variant `GetWindow` in this scope
[INFO] [stdout]    --> src/manager.rs:242:22
[INFO] [stdout]     |
[INFO] [stdout] 242 |         if !unsafe { GetWindow(hwnd, GW_OWNER) }.unwrap_or_default().0.is_null() {
[INFO] [stdout]     |                      ^^^^^^^^^ not found in this scope
[INFO] [stdout] 
[INFO] [stdout] 
[INFO] [stdout] error[E0425]: cannot find function, tuple struct or tuple variant `GetWindowLongPtrW` in this scope
[INFO] [stdout]    --> src/manager.rs:246:32
[INFO] [stdout]     |
[INFO] [stdout] 246 |         let exstyle = unsafe { GetWindowLongPtrW(hwnd, GWL_EXSTYLE) } as u32;
[INFO] [stdout]     |                                ^^^^^^^^^^^^^^^^^ not found in this scope
[INFO] [stdout] 
[INFO] [stdout] 
[INFO] [stdout] error[E0425]: cannot find function, tuple struct or tuple variant `GetWindowThreadProcessId` in this scope
[INFO] [stdout]    --> src/manager.rs:307:18
[INFO] [stdout]     |
[INFO] [stdout] 307 |         unsafe { GetWindowThreadProcessId(hwnd, Some(&mut pid)) };
[INFO] [stdout]     |                  ^^^^^^^^^^^^^^^^^^^^^^^^ not found in this scope
[INFO] [stdout] 
[INFO] [stdout] 
[INFO] [stdout] error[E0425]: cannot find function, tuple struct or tuple variant `GetWindowTextW` in this scope
[INFO] [stdout]    --> src/manager.rs:353:28
[INFO] [stdout]     |
[INFO] [stdout] 353 |         let len = unsafe { GetWindowTextW(hwnd, &mut buf) };
[INFO] [stdout]     |                            ^^^^^^^^^^^^^^ not found in this scope
[INFO] [stdout] 
[INFO] [stdout] 
[INFO] [stdout] error[E0425]: cannot find function, tuple struct or tuple variant `IsWindowVisible` in this scope
[INFO] [stdout]    --> src/manager.rs:375:22
[INFO] [stdout]     |
[INFO] [stdout] 375 |         if !unsafe { IsWindowVisible(hwnd) }.as_bool() {
[INFO] [stdout]     |                      ^^^^^^^^^^^^^^^ not found in this scope
[INFO] [stdout] 
[INFO] [stdout] 
[INFO] [stdout] error[E0425]: cannot find function, tuple struct or tuple variant `EnumWindows` in this scope
[INFO] [stdout]    --> src/manager.rs:437:21
[INFO] [stdout]     |
[INFO] [stdout] 437 |             let _ = EnumWindows(Some(enum_windows_proc), LPARAM(&mut found as *mut _ as isize));
[INFO] [stdout]     |                     ^^^^^^^^^^^ not found in this scope
[INFO] [stdout] 
[INFO] [stdout] 
[INFO] [stdout] error[E0425]: cannot find function, tuple struct or tuple variant `PostMessageW` in this scope
[INFO] [stdout]    --> src/manager.rs:579:25
[INFO] [stdout]     |
[INFO] [stdout] 579 |                 let _ = PostMessageW(hwnd, WM_CLOSE, WPARAM(0), LPARAM(0));
[INFO] [stdout]     |                         ^^^^^^^^^^^^ not found in this scope
[INFO] [stdout] 
[INFO] [stdout] 
[INFO] [stdout] error[E0425]: cannot find function, tuple struct or tuple variant `SetTimer` in this scope
[INFO] [stdout]    --> src/manager.rs:621:25
[INFO] [stdout]     |
[INFO] [stdout] 621 |                 let _ = SetTimer(hwnd, crate::TIMER_ANIM, 16, None);
[INFO] [stdout]     |                         ^^^^^^^^ not found in this scope
[INFO] [stdout] 
[INFO] [stdout] 
[INFO] [stdout] error[E0425]: cannot find function, tuple struct or tuple variant `SetForegroundWindow` in this scope
[INFO] [stdout]    --> src/manager.rs:666:29
[INFO] [stdout]     |
[INFO] [stdout] 666 |                     let _ = SetForegroundWindow(hwnd);
[INFO] [stdout]     |                             ^^^^^^^^^^^^^^^^^^^ not found in this scope
[INFO] [stdout] 
[INFO] [stdout] 
[INFO] [stdout] error[E0425]: cannot find function, tuple struct or tuple variant `ShowWindow` in this scope
[INFO] [stdout]    --> src/manager.rs:700:25
[INFO] [stdout]     |
[INFO] [stdout] 700 |                 let _ = ShowWindow(w.hwnd, if vis { SW_SHOW } else { SW_HIDE });
[INFO] [stdout]     |                         ^^^^^^^^^^ not found in this scope
[INFO] [stdout] 
[INFO] [stdout] 
[INFO] [stdout] error[E0425]: cannot find function, tuple struct or tuple variant `SetWindowPos` in this scope
[INFO] [stdout]    --> src/manager.rs:704:25
[INFO] [stdout]     |
[INFO] [stdout] 704 |                 let _ = SetWindowPos(
[INFO] [stdout]     |                         ^^^^^^^^^^^^ not found in this scope
[INFO] [stdout] 
[INFO] [stdout] 
[INFO] [stdout] error[E0425]: cannot find function, tuple struct or tuple variant `SetWindowPos` in this scope
[INFO] [stdout]    --> src/manager.rs:725:29
[INFO] [stdout]     |
[INFO] [stdout] 725 |                     let _ = SetWindowPos(
[INFO] [stdout]     |                             ^^^^^^^^^^^^ not found in this scope
[INFO] [stdout] 
[INFO] [stdout] 
[INFO] [stdout] error[E0425]: cannot find function, tuple struct or tuple variant `ShowWindow` in this scope
[INFO] [stdout]    --> src/manager.rs:767:29
[INFO] [stdout]     |
[INFO] [stdout] 767 |                     let _ = ShowWindow(w.hwnd, SW_SHOW);
[INFO] [stdout]     |                             ^^^^^^^^^^ not found in this scope
[INFO] [stdout] 
[INFO] [stdout] 
[INFO] [stdout] error[E0433]: cannot find type `HMONITOR` in this scope
[INFO] [stdout]    --> src/manager.rs:784:9
[INFO] [stdout]     |
[INFO] [stdout] 784 |         HMONITOR::default(),
[INFO] [stdout]     |         ^^^^^^^^ use of undeclared type `HMONITOR`
[INFO] [stdout] 
[INFO] [stdout] 
[INFO] [stdout] error[E0425]: cannot find function, tuple struct or tuple variant `MonitorFromPoint` in this scope
[INFO] [stdout]    --> src/manager.rs:813:22
[INFO] [stdout]     |
[INFO] [stdout] 813 |             unsafe { MonitorFromPoint(POINT { x: 0, y: 0 }, MONITOR_DEFAULTTONEAREST) };
[INFO] [stdout]     |                      ^^^^^^^^^^^^^^^^ not found in this scope
[INFO] [stdout] 
[INFO] [stdout] 
[INFO] [stdout] error[E0425]: cannot find function, tuple struct or tuple variant `EnumDisplayMonitors` in this scope
[INFO] [stdout]    --> src/manager.rs:846:17
[INFO] [stdout]     |
[INFO] [stdout] 846 |         let _ = EnumDisplayMonitors(
[INFO] [stdout]     |                 ^^^^^^^^^^^^^^^^^^^ not found in this scope
[INFO] [stdout] 
[INFO] [stdout] 
[INFO] [stdout] error[E0425]: cannot find function, tuple struct or tuple variant `GetMonitorInfoW` in this scope
[INFO] [stdout]    --> src/manager.rs:869:17
[INFO] [stdout]     |
[INFO] [stdout] 869 |     if unsafe { GetMonitorInfoW(hmon, &mut info) }.as_bool() {
[INFO] [stdout]     |                 ^^^^^^^^^^^^^^^ not found in this scope
[INFO] [stdout] 
[INFO] [stdout] 
[INFO] [stdout] error[E0425]: cannot find function, tuple struct or tuple variant `FindWindowW` in this scope
[INFO] [stdout]    --> src/main.rs:101:12
[INFO] [stdout]     |
[INFO] [stdout] 101 |         if FindWindowW(w!("IrinMsgWnd"), None).is_ok() {
[INFO] [stdout]     |            ^^^^^^^^^^^ not found in this scope
[INFO] [stdout] 
[INFO] [stdout] 
[INFO] [stdout] error[E0425]: cannot find function, tuple struct or tuple variant `MessageBoxW` in this scope
[INFO] [stdout]    --> src/main.rs:102:21
[INFO] [stdout]     |
[INFO] [stdout] 102 |             let _ = MessageBoxW(
[INFO] [stdout]     |                     ^^^^^^^^^^^ not found in this scope
[INFO] [stdout] 
[INFO] [stdout] 
[INFO] [stdout] error[E0425]: cannot find function, tuple struct or tuple variant `WNDCLASS_STYLES` in this scope
[INFO] [stdout]    --> src/main.rs:133:20
[INFO] [stdout]     |
[INFO] [stdout] 133 |             style: WNDCLASS_STYLES(0),
[INFO] [stdout]     |                    ^^^^^^^^^^^^^^^ not found in this scope
[INFO] [stdout] 
[INFO] [stdout] 
[INFO] [stdout] error[E0433]: cannot find type `HICON` in this scope
[INFO] [stdout]    --> src/main.rs:138:20
[INFO] [stdout]     |
[INFO] [stdout] 138 |             hIcon: HICON::default(),
[INFO] [stdout]     |                    ^^^^^ use of undeclared type `HICON`
[INFO] [stdout] 
[INFO] [stdout] 
[INFO] [stdout] error[E0433]: cannot find type `HCURSOR` in this scope
[INFO] [stdout]    --> src/main.rs:139:22
[INFO] [stdout]     |
[INFO] [stdout] 139 |             hCursor: HCURSOR::default(),
[INFO] [stdout]     |                      ^^^^^^^ use of undeclared type `HCURSOR`
[INFO] [stdout] 
[INFO] [stdout] 
[INFO] [stdout] error[E0425]: cannot find function, tuple struct or tuple variant `RegisterClassW` in this scope
[INFO] [stdout]    --> src/main.rs:144:17
[INFO] [stdout]     |
[INFO] [stdout] 144 |         let _ = RegisterClassW(&wc);
[INFO] [stdout]     |                 ^^^^^^^^^^^^^^ not found in this scope
[INFO] [stdout] 
[INFO] [stdout] 
[INFO] [stdout] error[E0425]: cannot find function, tuple struct or tuple variant `WINDOW_EX_STYLE` in this scope
[INFO] [stdout]    --> src/main.rs:148:13
[INFO] [stdout]     |
[INFO] [stdout] 148 |             WINDOW_EX_STYLE(0),
[INFO] [stdout]     |             ^^^^^^^^^^^^^^^ not found in this scope
[INFO] [stdout] 
[INFO] [stdout] 
[INFO] [stdout] error[E0425]: cannot find function, tuple struct or tuple variant `WINDOW_STYLE` in this scope
[INFO] [stdout]    --> src/main.rs:151:13
[INFO] [stdout]     |
[INFO] [stdout] 151 |             WINDOW_STYLE(0),
[INFO] [stdout]     |             ^^^^^^^^^^^^ not found in this scope
[INFO] [stdout] 
[INFO] [stdout] 
[INFO] [stdout] error[E0425]: cannot find function, tuple struct or tuple variant `CreateWindowExW` in this scope
[INFO] [stdout]    --> src/main.rs:147:20
[INFO] [stdout]     |
[INFO] [stdout] 147 |         let hwnd = CreateWindowExW(
[INFO] [stdout]     |                    ^^^^^^^^^^^^^^^ not found in this scope
[INFO] [stdout] 
[INFO] [stdout] 
[INFO] [stdout] error[E0425]: cannot find function, tuple struct or tuple variant `RegisterWindowMessageW` in this scope
[INFO] [stdout]    --> src/main.rs:165:40
[INFO] [stdout]     |
[INFO] [stdout] 165 |         *TASKBAR_CREATED.lock() = Some(RegisterWindowMessageW(w!("TaskbarCreated")));
[INFO] [stdout]     |                                        ^^^^^^^^^^^^^^^^^^^^^^ not found in this scope
[INFO] [stdout] 
[INFO] [stdout] 
[INFO] [stdout] error[E0425]: cannot find function, tuple struct or tuple variant `SetTimer` in this scope
[INFO] [stdout]    --> src/main.rs:184:17
[INFO] [stdout]     |
[INFO] [stdout] 184 |         let _ = SetTimer(hwnd, TIMER_CFG, 2000, None);
[INFO] [stdout]     |                 ^^^^^^^^ not found in this scope
[INFO] [stdout] 
[INFO] [stdout] 
[INFO] [stdout] error[E0433]: cannot find type `MSG` in this scope
[INFO] [stdout]    --> src/main.rs:187:23
[INFO] [stdout]     |
[INFO] [stdout] 187 |         let mut msg = MSG::default();
[INFO] [stdout]     |                       ^^^ use of undeclared type `MSG`
[INFO] [stdout] 
[INFO] [stdout] 
[INFO] [stdout] error[E0425]: cannot find function, tuple struct or tuple variant `GetMessageW` in this scope
[INFO] [stdout]    --> src/main.rs:188:15
[INFO] [stdout]     |
[INFO] [stdout] 188 |         while GetMessageW(&mut msg, None, 0, 0).as_bool() {
[INFO] [stdout]     |               ^^^^^^^^^^^ not found in this scope
[INFO] [stdout] 
[INFO] [stdout] 
[INFO] [stdout] error[E0425]: cannot find function, tuple struct or tuple variant `TranslateMessage` in this scope
[INFO] [stdout]    --> src/main.rs:189:21
[INFO] [stdout]     |
[INFO] [stdout] 189 |             let _ = TranslateMessage(&msg);
[INFO] [stdout]     |                     ^^^^^^^^^^^^^^^^ not found in this scope
[INFO] [stdout] 
[INFO] [stdout] 
[INFO] [stdout] error[E0425]: cannot find function, tuple struct or tuple variant `DispatchMessageW` in this scope
[INFO] [stdout]    --> src/main.rs:190:13
[INFO] [stdout]     |
[INFO] [stdout] 190 |             DispatchMessageW(&msg);
[INFO] [stdout]     |             ^^^^^^^^^^^^^^^^ not found in this scope
[INFO] [stdout] 
[INFO] [stdout] 
[INFO] [stdout] error[E0425]: cannot find function, tuple struct or tuple variant `MessageBoxW` in this scope
[INFO] [stdout]    --> src/main.rs:214:17
[INFO] [stdout]     |
[INFO] [stdout] 214 |         let _ = MessageBoxW(
[INFO] [stdout]     |                 ^^^^^^^^^^^ not found in this scope
[INFO] [stdout] 
[INFO] [stdout] 
[INFO] [stdout] error[E0425]: cannot find function, tuple struct or tuple variant `PostQuitMessage` in this scope
[INFO] [stdout]    --> src/main.rs:275:13
[INFO] [stdout]     |
[INFO] [stdout] 275 |             PostQuitMessage(0);
[INFO] [stdout]     |             ^^^^^^^^^^^^^^^ not found in this scope
[INFO] [stdout] 
[INFO] [stdout] 
[INFO] [stdout] error[E0425]: cannot find function, tuple struct or tuple variant `GetCursorPos` in this scope
[INFO] [stdout]    --> src/main.rs:342:29
[INFO] [stdout]     |
[INFO] [stdout] 342 |                     let _ = GetCursorPos(&mut pt);
[INFO] [stdout]     |                             ^^^^^^^^^^^^ not found in this scope
[INFO] [stdout] 
[INFO] [stdout] 
[INFO] [stdout] error[E0425]: cannot find function, tuple struct or tuple variant `KillTimer` in this scope
[INFO] [stdout]    --> src/main.rs:360:29
[INFO] [stdout]     |
[INFO] [stdout] 360 |                     let _ = KillTimer(hwnd, TIMER_ANIM);
[INFO] [stdout]     |                             ^^^^^^^^^ not found in this scope
[INFO] [stdout] 
[INFO] [stdout] 
[INFO] [stdout] error[E0425]: cannot find function, tuple struct or tuple variant `KillTimer` in this scope
[INFO] [stdout]    --> src/main.rs:372:29
[INFO] [stdout]     |
[INFO] [stdout] 372 |                     let _ = KillTimer(hwnd, TIMER_HUD);
[INFO] [stdout]     |                             ^^^^^^^^^ not found in this scope
[INFO] [stdout] 
[INFO] [stdout] 
[INFO] [stdout] error[E0425]: cannot find function, tuple struct or tuple variant `PostQuitMessage` in this scope
[INFO] [stdout]    --> src/main.rs:396:17
[INFO] [stdout]     |
[INFO] [stdout] 396 |                 PostQuitMessage(0);
[INFO] [stdout]     |                 ^^^^^^^^^^^^^^^ not found in this scope
[INFO] [stdout] 
[INFO] [stdout] 
[INFO] [stdout] error[E0425]: cannot find function, tuple struct or tuple variant `DefWindowProcW` in this scope
[INFO] [stdout]    --> src/main.rs:404:23
[INFO] [stdout]     |
[INFO] [stdout] 404 |         _ => unsafe { DefWindowProcW(hwnd, msg, wparam, lparam) },
[INFO] [stdout]     |                       ^^^^^^^^^^^^^^ not found in this scope
[INFO] [stdout] 
[INFO] [stdout] 
[INFO] [stdout] error[E0425]: cannot find function, tuple struct or tuple variant `PostQuitMessage` in this scope
[INFO] [stdout]    --> src/main.rs:414:13
[INFO] [stdout]     |
[INFO] [stdout] 414 |             PostQuitMessage(0);
[INFO] [stdout]     |             ^^^^^^^^^^^^^^^ not found in this scope
[INFO] [stdout] 
[INFO] [stdout] 
[INFO] [stdout] error[E0599]: no method named `encode_wide` found for reference `&OsStr` in the current scope
[INFO] [stdout]    --> src/main.rs:427:10
[INFO] [stdout]     |
[INFO] [stdout] 425 |     let wide: Vec<u16> = path
[INFO] [stdout] 426 |         .as_os_str()
[INFO] [stdout] 427 |         .encode_wide()
[INFO] [stdout]     |          ^^^^^^^^^^^ method not found in `&OsStr`
[INFO] [stdout] 
[INFO] [stdout] 
[INFO] [stdout] Some errors have detailed explanations: E0408, E0422, E0425, E0432, E0433, E0599.
[INFO] [stdout] 
[INFO] [stdout] For more information about an error, try `rustc --explain E0408`.
[INFO] [stdout] 
[INFO] [stderr] error: could not compile `irin` (bin "irin") due to 122 previous errors
[INFO] running `Command { std: "docker" "inspect" "8bea385a151cf7db9453099c4a972fb79d0f6f3462534e4eaa4943dc655a3f23", kill_on_drop: false }`
[INFO] running `Command { std: "docker" "rm" "-f" "8bea385a151cf7db9453099c4a972fb79d0f6f3462534e4eaa4943dc655a3f23", kill_on_drop: false }`
[INFO] [stdout] 8bea385a151cf7db9453099c4a972fb79d0f6f3462534e4eaa4943dc655a3f23
