[INFO] cloning repository https://github.com/NengGanHui/com.bandbbs.ebook-AstroBox
[INFO] running `Command { std: "git" "-c" "credential.helper=" "-c" "credential.helper=/workspace/cargo-home/bin/git-credential-null" "clone" "--bare" "https://github.com/NengGanHui/com.bandbbs.ebook-AstroBox" "/workspace/cache/git-repos/https%3A%2F%2Fgithub.com%2FNengGanHui%2Fcom.bandbbs.ebook-AstroBox", kill_on_drop: false }`
[INFO] [stderr] Cloning into bare repository '/workspace/cache/git-repos/https%3A%2F%2Fgithub.com%2FNengGanHui%2Fcom.bandbbs.ebook-AstroBox'...
[INFO] running `Command { std: "git" "rev-parse" "HEAD", kill_on_drop: false }`
[INFO] [stdout] 90c040757b1070375d0f128908ff2ef45f9a602f
[INFO] checking NengGanHui/com.bandbbs.ebook-AstroBox against 3154cc1a3e6424e44f438a95007d043ed5ceaaf6 for pr-133502-30
[INFO] running `Command { std: "git" "clone" "/workspace/cache/git-repos/https%3A%2F%2Fgithub.com%2FNengGanHui%2Fcom.bandbbs.ebook-AstroBox" "/workspace/builds/worker-5-tc2/source", kill_on_drop: false }`
[INFO] [stderr] Cloning into '/workspace/builds/worker-5-tc2/source'...
[INFO] [stderr] done.
[INFO] removed /workspace/builds/worker-5-tc2/source/.cargo/config.toml
[INFO] started tweaking git repo https://github.com/NengGanHui/com.bandbbs.ebook-AstroBox
[INFO] finished tweaking git repo https://github.com/NengGanHui/com.bandbbs.ebook-AstroBox
[INFO] tweaked toml for git repo https://github.com/NengGanHui/com.bandbbs.ebook-AstroBox written to /workspace/builds/worker-5-tc2/source/Cargo.toml
[INFO] validating manifest of git repo https://github.com/NengGanHui/com.bandbbs.ebook-AstroBox on toolchain 3154cc1a3e6424e44f438a95007d043ed5ceaaf6
[INFO] running `Command { std: CARGO_HOME="/workspace/cargo-home" RUSTUP_HOME="/workspace/rustup-home" "/workspace/cargo-home/bin/cargo" "+3154cc1a3e6424e44f438a95007d043ed5ceaaf6" "metadata" "--manifest-path" "Cargo.toml" "--no-deps", kill_on_drop: false }`
[INFO] crate git repo https://github.com/NengGanHui/com.bandbbs.ebook-AstroBox already has a lockfile, it will not be regenerated
[INFO] running `Command { std: CARGO_HOME="/workspace/cargo-home" RUSTUP_HOME="/workspace/rustup-home" "/workspace/cargo-home/bin/cargo" "+3154cc1a3e6424e44f438a95007d043ed5ceaaf6" "fetch" "--manifest-path" "Cargo.toml", kill_on_drop: false }`
[INFO] running `Command { std: "docker" "create" "-v" "/var/lib/crater-agent-workspace/builds/worker-5-tc2/source:/opt/rustwide/workdir:ro,Z" "-v" "/var/lib/crater-agent-workspace/builds/worker-5-tc2/target:/opt/rustwide/target:rw,Z" "-v" "/var/lib/crater-agent-workspace/cargo-home:/opt/rustwide/cargo-home:ro,Z" "-v" "/var/lib/crater-agent-workspace/rustup-home:/opt/rustwide/rustup-home:ro,Z" "-m" "1610612736" "--network" "none" "ghcr.io/rust-lang/crates-build-env/linux@sha256:77db811e55d90add9212f6832c23229e3de5f1c1f9905e8cb07319ea15df73ac" "sleep" "infinity", kill_on_drop: false }`
[INFO] [stdout] d86d3f2ba523041cae565ebbf13be1e335feaea8a1cb55e874c503a9b20aba8d
[INFO] running `Command { std: "docker" "start" "d86d3f2ba523041cae565ebbf13be1e335feaea8a1cb55e874c503a9b20aba8d", kill_on_drop: false }`
[INFO] running `Command { std: "docker" "inspect" "d86d3f2ba523041cae565ebbf13be1e335feaea8a1cb55e874c503a9b20aba8d", kill_on_drop: false }`
[INFO] running `Command { std: "docker" "exec" "-e" "SOURCE_DIR=/opt/rustwide/workdir" "-e" "CARGO_HOME=/opt/rustwide/cargo-home" "-e" "RUSTUP_HOME=/opt/rustwide/rustup-home" "-e" "CARGO_TARGET_DIR=/opt/rustwide/target" "-w" "/opt/rustwide/workdir" "--user" "0:0" "d86d3f2ba523041cae565ebbf13be1e335feaea8a1cb55e874c503a9b20aba8d" "/opt/rustwide/cargo-home/bin/cargo" "+3154cc1a3e6424e44f438a95007d043ed5ceaaf6" "metadata" "--no-deps" "--format-version=1", kill_on_drop: false }`
[INFO] running `Command { std: "docker" "inspect" "d86d3f2ba523041cae565ebbf13be1e335feaea8a1cb55e874c503a9b20aba8d", kill_on_drop: false }`
[INFO] running `Command { std: "docker" "exec" "-e" "SOURCE_DIR=/opt/rustwide/workdir" "-e" "CARGO_HOME=/opt/rustwide/cargo-home" "-e" "RUSTUP_HOME=/opt/rustwide/rustup-home" "-e" "CARGO_TARGET_DIR=/opt/rustwide/target" "-e" "CARGO_INCREMENTAL=0" "-e" "RUST_BACKTRACE=full" "-e" "RUSTFLAGS=--cap-lints=forbid" "-e" "RUSTDOCFLAGS=--cap-lints=forbid" "-w" "/opt/rustwide/workdir" "--user" "0:0" "d86d3f2ba523041cae565ebbf13be1e335feaea8a1cb55e874c503a9b20aba8d" "/opt/rustwide/cargo-home/bin/cargo" "+3154cc1a3e6424e44f438a95007d043ed5ceaaf6" "check" "--frozen" "--all" "--all-targets" "--message-format=json", kill_on_drop: false }`
[INFO] [stderr]    Compiling hashbrown v0.16.0
[INFO] [stderr]    Compiling bitflags v2.10.0
[INFO] [stderr]    Compiling semver v1.0.27
[INFO] [stderr]    Compiling serde_core v1.0.228
[INFO] [stderr]    Compiling serde v1.0.228
[INFO] [stderr]    Compiling syn v2.0.110
[INFO] [stderr]    Compiling anyhow v1.0.100
[INFO] [stderr]    Compiling memchr v2.7.6
[INFO] [stderr]    Compiling zerocopy v0.8.27
[INFO] [stderr]    Compiling id-arena v2.2.1
[INFO] [stderr]    Compiling log v0.4.28
[INFO] [stderr]    Compiling wasmparser v0.240.0
[INFO] [stderr]    Compiling leb128 v0.2.5
[INFO] [stderr]    Compiling wasm-encoder v0.240.0
[INFO] [stderr]    Compiling smallvec v1.15.1
[INFO] [stderr]    Compiling leb128fmt v0.1.0
[INFO] [stderr]    Compiling wit-bindgen-rust v0.34.0
[INFO] [stderr]     Checking futures-core v0.3.31
[INFO] [stderr]     Checking tracing-core v0.1.34
[INFO] [stderr]    Compiling wit-bindgen-rust v0.47.0
[INFO] [stderr]    Compiling wit-bindgen-rust-macro v0.34.0
[INFO] [stderr]     Checking futures-channel v0.3.31
[INFO] [stderr]    Compiling wit-bindgen-rt v0.34.0
[INFO] [stderr]    Compiling wit-bindgen-rust-macro v0.47.0
[INFO] [stderr]    Compiling spdx v0.10.9
[INFO] [stderr]    Compiling wit-bindgen v0.47.0
[INFO] [stderr]     Checking percent-encoding v2.3.2
[INFO] [stderr]     Checking time-core v0.1.6
[INFO] [stderr]     Checking time v0.3.44
[INFO] [stderr]     Checking http v1.3.1
[INFO] [stderr]     Checking form_urlencoded v1.2.2
[INFO] [stderr]     Checking tracing-log v0.2.0
[INFO] [stderr]     Checking crossbeam-channel v0.5.15
[INFO] [stderr]     Checking tracing-subscriber v0.3.20
[INFO] [stderr]    Compiling ahash v0.8.12
[INFO] [stderr]    Compiling hashbrown v0.14.5
[INFO] [stderr]    Compiling indexmap v2.12.0
[INFO] [stderr]    Compiling serde_json v1.0.145
[INFO] [stderr]    Compiling wasmparser v0.219.2
[INFO] [stderr]    Compiling prettyplease v0.2.37
[INFO] [stderr]    Compiling serde_derive v1.0.228
[INFO] [stderr]    Compiling futures-macro v0.3.31
[INFO] [stderr]    Compiling thiserror-impl v1.0.69
[INFO] [stderr]    Compiling tracing-attributes v0.1.30
[INFO] [stderr]    Compiling waki-macros v0.5.1
[INFO] [stderr]     Checking futures-util v0.3.31
[INFO] [stderr]     Checking tracing v0.1.41
[INFO] [stderr]     Checking thiserror v1.0.69
[INFO] [stderr]     Checking tracing-appender v0.2.3
[INFO] [stderr]     Checking futures-executor v0.3.31
[INFO] [stderr]     Checking futures v0.3.31
[INFO] [stderr]    Compiling wasm-encoder v0.219.2
[INFO] [stderr]    Compiling wit-parser v0.219.2
[INFO] [stderr]    Compiling wit-parser v0.240.0
[INFO] [stderr]    Compiling wasm-metadata v0.219.2
[INFO] [stderr]    Compiling wasm-metadata v0.240.0
[INFO] [stderr]    Compiling wit-bindgen-core v0.34.0
[INFO] [stderr]    Compiling wit-component v0.219.2
[INFO] [stderr]    Compiling wit-component v0.240.0
[INFO] [stderr]    Compiling wit-bindgen-core v0.47.0
[INFO] [stderr]     Checking wit-bindgen v0.34.0
[INFO] [stderr]     Checking waki v0.5.1
[INFO] [stderr]     Checking ebooksync-ng v0.1.0 (/opt/rustwide/workdir)
[INFO] [stdout] error: failed to resolve directory while parsing WIT for path [/opt/rustwide/workdir/wit]
[INFO] [stdout]        
[INFO] [stdout]        Caused by:
[INFO] [stdout]          failed to parse package: /opt/rustwide/workdir/wit
[INFO] [stdout]        
[INFO] [stdout]        Caused by:
[INFO] [stdout]          no `package` header was found in any WIT file for this package
[INFO] [stdout]   --> src/lib.rs:8:1
[INFO] [stdout]    |
[INFO] [stdout]  8 | / wit_bindgen::generate!({
[INFO] [stdout]  9 | |     path: "wit",
[INFO] [stdout] 10 | |     world: "psys-world-v3",
[INFO] [stdout] 11 | |     generate_all,
[INFO] [stdout] 12 | | });
[INFO] [stdout]    | |__^
[INFO] [stdout]    |
[INFO] [stdout]    = note: this error originates in the macro `wit_bindgen::generate` (in Nightly builds, run with -Z macro-backtrace for more info)
[INFO] [stdout] 
[INFO] [stdout] 
[INFO] [stdout] error[E0433]: cannot find `exports` in the crate root
[INFO] [stdout]  --> src/lib.rs:1:12
[INFO] [stdout]   |
[INFO] [stdout] 1 | use crate::exports::astrobox::psys_plugin::{event_v3 as event, lifecycle};
[INFO] [stdout]   |            ^^^^^^^ unresolved import
[INFO] [stdout]   |
[INFO] [stdout] help: a similar path exists
[INFO] [stdout]   |
[INFO] [stdout] 1 | use crate::waki::bindings::exports::astrobox::psys_plugin::{event_v3 as event, lifecycle};
[INFO] [stdout]   |            ++++++++++++++++
[INFO] [stdout] 
[INFO] [stdout] 
[INFO] [stdout] error[E0433]: cannot find `astrobox` in the crate root
[INFO] [stdout]  --> src/ui.rs:3:12
[INFO] [stdout]   |
[INFO] [stdout] 3 | use crate::astrobox::psys_host::{
[INFO] [stdout]   |            ^^^^^^^^ could not find `astrobox` in the crate root
[INFO] [stdout] 
[INFO] [stdout] 
[INFO] [stdout] error: failed to resolve directory while parsing WIT for path [/opt/rustwide/workdir/wit]
[INFO] [stdout]        
[INFO] [stdout]        Caused by:
[INFO] [stdout]          failed to parse package: /opt/rustwide/workdir/wit
[INFO] [stdout]        
[INFO] [stdout]        Caused by:
[INFO] [stdout]          no `package` header was found in any WIT file for this package
[INFO] [stdout]   --> src/lib.rs:8:1
[INFO] [stdout]    |
[INFO] [stdout]  8 | / wit_bindgen::generate!({
[INFO] [stdout]  9 | |     path: "wit",
[INFO] [stdout] 10 | |     world: "psys-world-v3",
[INFO] [stdout] 11 | |     generate_all,
[INFO] [stdout] 12 | | });
[INFO] [stdout]    | |__^
[INFO] [stdout]    |
[INFO] [stdout]    = note: this error originates in the macro `wit_bindgen::generate` (in Nightly builds, run with -Z macro-backtrace for more info)
[INFO] [stdout] 
[INFO] [stdout] 
[INFO] [stdout] error: cannot find macro `export` in this scope
[INFO] [stdout]   --> src/lib.rs:94:1
[INFO] [stdout]    |
[INFO] [stdout] 94 | export!(MyPlugin);
[INFO] [stdout]    | ^^^^^^
[INFO] [stdout] 
[INFO] [stdout] 
[INFO] [stdout] error[E0433]: cannot find `exports` in the crate root
[INFO] [stdout]  --> src/lib.rs:1:12
[INFO] [stdout]   |
[INFO] [stdout] 1 | use crate::exports::astrobox::psys_plugin::{event_v3 as event, lifecycle};
[INFO] [stdout]   |            ^^^^^^^ unresolved import
[INFO] [stdout]   |
[INFO] [stdout] help: a similar path exists
[INFO] [stdout]   |
[INFO] [stdout] 1 | use crate::waki::bindings::exports::astrobox::psys_plugin::{event_v3 as event, lifecycle};
[INFO] [stdout]   |            ++++++++++++++++
[INFO] [stdout] 
[INFO] [stdout] 
[INFO] [stdout] error[E0433]: cannot find `astrobox` in the crate root
[INFO] [stdout]  --> src/ui.rs:3:12
[INFO] [stdout]   |
[INFO] [stdout] 3 | use crate::astrobox::psys_host::{
[INFO] [stdout]   |            ^^^^^^^^ could not find `astrobox` in the crate root
[INFO] [stdout] 
[INFO] [stdout] 
[INFO] [stdout] For more information about this error, try `rustc --explain E0433`.
[INFO] [stdout] 
[INFO] [stdout] error: cannot find macro `export` in this scope
[INFO] [stdout]   --> src/lib.rs:94:1
[INFO] [stdout]    |
[INFO] [stdout] 94 | export!(MyPlugin);
[INFO] [stdout]    | ^^^^^^
[INFO] [stdout] 
[INFO] [stdout] 
[INFO] [stderr] error: could not compile `ebooksync-ng` (lib test) due to 4 previous errors
[INFO] [stderr] warning: build failed, waiting for other jobs to finish...
[INFO] [stdout] For more information about this error, try `rustc --explain E0433`.
[INFO] [stdout] 
[INFO] [stderr] error: could not compile `ebooksync-ng` (lib) due to 4 previous errors
[INFO] [stderr] warning: unused dependency `waki`
[INFO] [stderr]  --> Cargo.toml:7:1
[INFO] [stderr]   |
[INFO] [stderr] 7 | waki = "0.5.1"
[INFO] [stderr]   | ^^^^^^^^^^^^^^
[INFO] [stderr]   |
[INFO] [stderr]   = note: `cargo::unused_dependencies` is set to `warn` by default
[INFO] [stderr] help: consider removing the dependency on `waki`
[INFO] [stderr] warning: `ebooksync-ng` (manifest) generated 1 warning
[INFO] running `Command { std: "docker" "inspect" "d86d3f2ba523041cae565ebbf13be1e335feaea8a1cb55e874c503a9b20aba8d", kill_on_drop: false }`
[INFO] running `Command { std: "docker" "rm" "-f" "d86d3f2ba523041cae565ebbf13be1e335feaea8a1cb55e874c503a9b20aba8d", kill_on_drop: false }`
[INFO] [stdout] d86d3f2ba523041cae565ebbf13be1e335feaea8a1cb55e874c503a9b20aba8d
