[INFO] cloning repository https://github.com/NHendrickson9616/MoPaPPa
[INFO] running `Command { std: "git" "-c" "credential.helper=" "-c" "credential.helper=/workspace/cargo-home/bin/git-credential-null" "clone" "--bare" "https://github.com/NHendrickson9616/MoPaPPa" "/workspace/cache/git-repos/https%3A%2F%2Fgithub.com%2FNHendrickson9616%2FMoPaPPa", kill_on_drop: false }`
[INFO] [stderr] Cloning into bare repository '/workspace/cache/git-repos/https%3A%2F%2Fgithub.com%2FNHendrickson9616%2FMoPaPPa'...
[INFO] running `Command { std: "git" "rev-parse" "HEAD", kill_on_drop: false }`
[INFO] [stdout] 5a13bbef30053eb7b0cb049be5bddccd0158c6cd
[INFO] checking NHendrickson9616/MoPaPPa against 3154cc1a3e6424e44f438a95007d043ed5ceaaf6 for pr-133502-30
[INFO] running `Command { std: "git" "clone" "/workspace/cache/git-repos/https%3A%2F%2Fgithub.com%2FNHendrickson9616%2FMoPaPPa" "/workspace/builds/worker-3-tc2/source", kill_on_drop: false }`
[INFO] [stderr] Cloning into '/workspace/builds/worker-3-tc2/source'...
[INFO] [stderr] done.
[INFO] started tweaking git repo https://github.com/NHendrickson9616/MoPaPPa
[INFO] finished tweaking git repo https://github.com/NHendrickson9616/MoPaPPa
[INFO] tweaked toml for git repo https://github.com/NHendrickson9616/MoPaPPa written to /workspace/builds/worker-3-tc2/source/Cargo.toml
[INFO] validating manifest of git repo https://github.com/NHendrickson9616/MoPaPPa on toolchain 3154cc1a3e6424e44f438a95007d043ed5ceaaf6
[INFO] running `Command { std: CARGO_HOME="/workspace/cargo-home" RUSTUP_HOME="/workspace/rustup-home" "/workspace/cargo-home/bin/cargo" "+3154cc1a3e6424e44f438a95007d043ed5ceaaf6" "metadata" "--manifest-path" "Cargo.toml" "--no-deps", kill_on_drop: false }`
[INFO] crate git repo https://github.com/NHendrickson9616/MoPaPPa already has a lockfile, it will not be regenerated
[INFO] running `Command { std: CARGO_HOME="/workspace/cargo-home" RUSTUP_HOME="/workspace/rustup-home" "/workspace/cargo-home/bin/cargo" "+3154cc1a3e6424e44f438a95007d043ed5ceaaf6" "fetch" "--manifest-path" "Cargo.toml", kill_on_drop: false }`
[INFO] running `Command { std: "docker" "create" "-v" "/var/lib/crater-agent-workspace/builds/worker-3-tc2/source:/opt/rustwide/workdir:ro,Z" "-v" "/var/lib/crater-agent-workspace/builds/worker-3-tc2/target:/opt/rustwide/target:rw,Z" "-v" "/var/lib/crater-agent-workspace/cargo-home:/opt/rustwide/cargo-home:ro,Z" "-v" "/var/lib/crater-agent-workspace/rustup-home:/opt/rustwide/rustup-home:ro,Z" "-m" "1610612736" "--network" "none" "ghcr.io/rust-lang/crates-build-env/linux@sha256:77db811e55d90add9212f6832c23229e3de5f1c1f9905e8cb07319ea15df73ac" "sleep" "infinity", kill_on_drop: false }`
[INFO] [stdout] 62c932d255508d27bde6e403f1beb78f5b564cdbdf344c6cd4646bbe73b3dbef
[INFO] running `Command { std: "docker" "start" "62c932d255508d27bde6e403f1beb78f5b564cdbdf344c6cd4646bbe73b3dbef", kill_on_drop: false }`
[INFO] running `Command { std: "docker" "inspect" "62c932d255508d27bde6e403f1beb78f5b564cdbdf344c6cd4646bbe73b3dbef", kill_on_drop: false }`
[INFO] running `Command { std: "docker" "exec" "-e" "SOURCE_DIR=/opt/rustwide/workdir" "-e" "CARGO_HOME=/opt/rustwide/cargo-home" "-e" "RUSTUP_HOME=/opt/rustwide/rustup-home" "-e" "CARGO_TARGET_DIR=/opt/rustwide/target" "-w" "/opt/rustwide/workdir" "--user" "0:0" "62c932d255508d27bde6e403f1beb78f5b564cdbdf344c6cd4646bbe73b3dbef" "/opt/rustwide/cargo-home/bin/cargo" "+3154cc1a3e6424e44f438a95007d043ed5ceaaf6" "metadata" "--no-deps" "--format-version=1", kill_on_drop: false }`
[INFO] running `Command { std: "docker" "inspect" "62c932d255508d27bde6e403f1beb78f5b564cdbdf344c6cd4646bbe73b3dbef", kill_on_drop: false }`
[INFO] running `Command { std: "docker" "exec" "-e" "SOURCE_DIR=/opt/rustwide/workdir" "-e" "CARGO_HOME=/opt/rustwide/cargo-home" "-e" "RUSTUP_HOME=/opt/rustwide/rustup-home" "-e" "CARGO_TARGET_DIR=/opt/rustwide/target" "-e" "CARGO_INCREMENTAL=0" "-e" "RUST_BACKTRACE=full" "-e" "RUSTFLAGS=--cap-lints=forbid" "-e" "RUSTDOCFLAGS=--cap-lints=forbid" "-w" "/opt/rustwide/workdir" "--user" "0:0" "62c932d255508d27bde6e403f1beb78f5b564cdbdf344c6cd4646bbe73b3dbef" "/opt/rustwide/cargo-home/bin/cargo" "+3154cc1a3e6424e44f438a95007d043ed5ceaaf6" "check" "--frozen" "--all" "--all-targets" "--message-format=json", kill_on_drop: false }`
[INFO] [stderr]     Checking bit-vec v0.8.0
[INFO] [stderr]     Checking regex-automata v0.4.18
[INFO] [stderr]     Checking bit-set v0.8.0
[INFO] [stderr]     Checking bstr v1.13.1
[INFO] [stderr]     Checking fancy-regex v0.17.0
[INFO] [stderr]     Checking regex v1.13.1
[INFO] [stderr]     Checking tiktoken-rs v0.12.0
[INFO] [stderr]     Checking mopappa v0.1.0 (/opt/rustwide/workdir)
[INFO] [stdout] error[E0425]: cannot find type `SymbolId` in this scope
[INFO] [stdout]  --> src/model/ir.rs:2:17
[INFO] [stdout]   |
[INFO] [stdout] 2 |     pub symbol: SymbolId,
[INFO] [stdout]   |                 ^^^^^^^^ not found in this scope
[INFO] [stdout] 
[INFO] [stdout] 
[INFO] [stdout] error[E0425]: cannot find type `Field` in this scope
[INFO] [stdout]  --> src/model/ir.rs:3:20
[INFO] [stdout]   |
[INFO] [stdout] 3 |     pub items: Vec<Field>,
[INFO] [stdout]   |                    ^^^^^ not found in this scope
[INFO] [stdout]   |
[INFO] [stdout] help: consider importing this trait
[INFO] [stdout]   |
[INFO] [stdout] 1 + use std::field::Field;
[INFO] [stdout]   |
[INFO] [stdout] 
[INFO] [stdout] 
[INFO] [stdout] error[E0425]: cannot find type `SymbolId` in this scope
[INFO] [stdout]  --> src/model/ir.rs:8:17
[INFO] [stdout]   |
[INFO] [stdout] 8 |     pub symbol: SymbolId,
[INFO] [stdout]   |                 ^^^^^^^^ not found in this scope
[INFO] [stdout] 
[INFO] [stdout] 
[INFO] [stdout] error[E0425]: cannot find type `GenericParam` in this scope
[INFO] [stdout]  --> src/model/ir.rs:9:23
[INFO] [stdout]   |
[INFO] [stdout] 9 |     pub generics: Vec<GenericParam>,
[INFO] [stdout]   |                       ^^^^^^^^^^^^ not found in this scope
[INFO] [stdout]   |
[INFO] [stdout] help: you might be missing a type parameter
[INFO] [stdout]   |
[INFO] [stdout] 7 | struct Function<GenericParam> {
[INFO] [stdout]   |                ++++++++++++++
[INFO] [stdout] 
[INFO] [stdout] 
[INFO] [stdout] error[E0425]: cannot find type `Param` in this scope
[INFO] [stdout]   --> src/model/ir.rs:11:21
[INFO] [stdout]    |
[INFO] [stdout] 11 |     pub params: Vec<Param>,
[INFO] [stdout]    |                     ^^^^^ not found in this scope
[INFO] [stdout]    |
[INFO] [stdout] help: you might be missing a type parameter
[INFO] [stdout]    |
[INFO] [stdout]  7 | struct Function<Param> {
[INFO] [stdout]    |                +++++++
[INFO] [stdout] 
[INFO] [stdout] 
[INFO] [stdout] error[E0425]: cannot find type `Item` in this scope
[INFO] [stdout]   --> src/model/ir.rs:22:10
[INFO] [stdout]    |
[INFO] [stdout] 22 |     Item(Item),
[INFO] [stdout]    |          ^^^^ not found in this scope
[INFO] [stdout]    |
[INFO] [stdout] help: there is an enum variant `crate::model::ir::Statement::Item`; try using the variant's enum
[INFO] [stdout]    |
[INFO] [stdout] 22 -     Item(Item),
[INFO] [stdout] 22 +     Item(crate::model::ir::Statement),
[INFO] [stdout]    |
[INFO] [stdout] 
[INFO] [stdout] 
[INFO] [stdout] error[E0425]: cannot find type `SymbolId` in this scope
[INFO] [stdout]   --> src/model/ir.rs:27:12
[INFO] [stdout]    |
[INFO] [stdout] 27 |     Symbol(SymbolId),
[INFO] [stdout]    |            ^^^^^^^^ not found in this scope
[INFO] [stdout] 
[INFO] [stdout] 
[INFO] [stdout] error[E0425]: cannot find type `Literal` in this scope
[INFO] [stdout]   --> src/model/ir.rs:28:13
[INFO] [stdout]    |
[INFO] [stdout] 28 |     Literal(Literal),
[INFO] [stdout]    |             ^^^^^^^ not found in this scope
[INFO] [stdout]    |
[INFO] [stdout] help: there is an enum variant `crate::model::ir::Expression::Literal`; try using the variant's enum
[INFO] [stdout]    |
[INFO] [stdout] 28 -     Literal(Literal),
[INFO] [stdout] 28 +     Literal(crate::model::ir::Expression),
[INFO] [stdout]    |
[INFO] [stdout] 
[INFO] [stdout] 
[INFO] [stdout] error[E0425]: cannot find type `CallExpression` in this scope
[INFO] [stdout]   --> src/model/ir.rs:31:10
[INFO] [stdout]    |
[INFO] [stdout] 31 |     Call(CallExpression),
[INFO] [stdout]    |          ^^^^^^^^^^^^^^ not found in this scope
[INFO] [stdout] 
[INFO] [stdout] 
[INFO] [stdout] error[E0425]: cannot find type `MatchExpression` in this scope
[INFO] [stdout]   --> src/model/ir.rs:34:11
[INFO] [stdout]    |
[INFO] [stdout] 34 |     Match(MatchExpression),
[INFO] [stdout]    |           ^^^^^^^^^^^^^^^ not found in this scope
[INFO] [stdout] 
[INFO] [stdout] 
[INFO] [stdout] error[E0425]: cannot find type `LoopExpression` in this scope
[INFO] [stdout]   --> src/model/ir.rs:35:10
[INFO] [stdout]    |
[INFO] [stdout] 35 |     Loop(LoopExpression),
[INFO] [stdout]    |          ^^^^^^^^^^^^^^ not found in this scope
[INFO] [stdout] 
[INFO] [stdout] 
[INFO] [stdout] error[E0425]: cannot find type `Closure` in this scope
[INFO] [stdout]   --> src/model/ir.rs:36:13
[INFO] [stdout]    |
[INFO] [stdout] 36 |     Closure(Closure),
[INFO] [stdout]    |             ^^^^^^^ not found in this scope
[INFO] [stdout]    |
[INFO] [stdout] help: there is an enum variant `crate::model::ir::Expression::Closure`; try using the variant's enum
[INFO] [stdout]    |
[INFO] [stdout] 36 -     Closure(Closure),
[INFO] [stdout] 36 +     Closure(crate::model::ir::Expression),
[INFO] [stdout]    |
[INFO] [stdout] 
[INFO] [stdout] 
[INFO] [stdout] error[E0425]: cannot find type `SymbolId` in this scope
[INFO] [stdout]   --> src/model/ir.rs:63:17
[INFO] [stdout]    |
[INFO] [stdout] 63 |     pub symbol: SymbolId,
[INFO] [stdout]    |                 ^^^^^^^^ not found in this scope
[INFO] [stdout] 
[INFO] [stdout] 
[INFO] [stdout] error[E0425]: cannot find type `SymbolId` in this scope
[INFO] [stdout]   --> src/model/ir.rs:96:12
[INFO] [stdout]    |
[INFO] [stdout] 96 |     Custom(SymbolId),
[INFO] [stdout]    |            ^^^^^^^^ not found in this scope
[INFO] [stdout] 
[INFO] [stdout] 
[INFO] [stdout] For more information about this error, try `rustc --explain E0425`.
[INFO] [stdout] 
[INFO] [stdout] error[E0425]: cannot find type `SymbolId` in this scope
[INFO] [stdout]  --> src/model/ir.rs:2:17
[INFO] [stdout]   |
[INFO] [stdout] 2 |     pub symbol: SymbolId,
[INFO] [stdout]   |                 ^^^^^^^^ not found in this scope
[INFO] [stdout] 
[INFO] [stdout] 
[INFO] [stdout] error[E0425]: cannot find type `Field` in this scope
[INFO] [stdout]  --> src/model/ir.rs:3:20
[INFO] [stdout]   |
[INFO] [stdout] 3 |     pub items: Vec<Field>,
[INFO] [stdout]   |                    ^^^^^ not found in this scope
[INFO] [stdout]   |
[INFO] [stdout] help: consider importing this trait
[INFO] [stdout]   |
[INFO] [stdout] 1 + use std::field::Field;
[INFO] [stdout]   |
[INFO] [stdout] 
[INFO] [stdout] 
[INFO] [stdout] error[E0425]: cannot find type `SymbolId` in this scope
[INFO] [stdout]  --> src/model/ir.rs:8:17
[INFO] [stdout]   |
[INFO] [stdout] 8 |     pub symbol: SymbolId,
[INFO] [stdout]   |                 ^^^^^^^^ not found in this scope
[INFO] [stdout] 
[INFO] [stdout] 
[INFO] [stdout] error[E0425]: cannot find type `GenericParam` in this scope
[INFO] [stdout]  --> src/model/ir.rs:9:23
[INFO] [stdout]   |
[INFO] [stdout] 9 |     pub generics: Vec<GenericParam>,
[INFO] [stdout]   |                       ^^^^^^^^^^^^ not found in this scope
[INFO] [stdout]   |
[INFO] [stdout] help: you might be missing a type parameter
[INFO] [stdout]   |
[INFO] [stdout] 7 | struct Function<GenericParam> {
[INFO] [stdout]   |                ++++++++++++++
[INFO] [stdout] 
[INFO] [stdout] 
[INFO] [stdout] error[E0425]: cannot find type `Param` in this scope
[INFO] [stdout]   --> src/model/ir.rs:11:21
[INFO] [stdout]    |
[INFO] [stdout] 11 |     pub params: Vec<Param>,
[INFO] [stdout]    |                     ^^^^^ not found in this scope
[INFO] [stdout]    |
[INFO] [stdout] help: you might be missing a type parameter
[INFO] [stdout]    |
[INFO] [stdout]  7 | struct Function<Param> {
[INFO] [stdout]    |                +++++++
[INFO] [stdout] 
[INFO] [stdout] 
[INFO] [stdout] error[E0425]: cannot find type `Item` in this scope
[INFO] [stdout]   --> src/model/ir.rs:22:10
[INFO] [stdout]    |
[INFO] [stdout] 22 |     Item(Item),
[INFO] [stdout]    |          ^^^^ not found in this scope
[INFO] [stdout]    |
[INFO] [stdout] help: there is an enum variant `crate::model::ir::Statement::Item`; try using the variant's enum
[INFO] [stdout]    |
[INFO] [stdout] 22 -     Item(Item),
[INFO] [stdout] 22 +     Item(crate::model::ir::Statement),
[INFO] [stdout]    |
[INFO] [stdout] 
[INFO] [stdout] 
[INFO] [stdout] error[E0425]: cannot find type `SymbolId` in this scope
[INFO] [stdout]   --> src/model/ir.rs:27:12
[INFO] [stdout]    |
[INFO] [stdout] 27 |     Symbol(SymbolId),
[INFO] [stdout]    |            ^^^^^^^^ not found in this scope
[INFO] [stdout] 
[INFO] [stdout] 
[INFO] [stderr] error: could not compile `mopappa` (lib) due to 14 previous errors
[INFO] [stderr] warning: build failed, waiting for other jobs to finish...
[INFO] [stdout] error[E0425]: cannot find type `Literal` in this scope
[INFO] [stdout]   --> src/model/ir.rs:28:13
[INFO] [stdout]    |
[INFO] [stdout] 28 |     Literal(Literal),
[INFO] [stdout]    |             ^^^^^^^ not found in this scope
[INFO] [stdout]    |
[INFO] [stdout] help: there is an enum variant `crate::model::ir::Expression::Literal`; try using the variant's enum
[INFO] [stdout]    |
[INFO] [stdout] 28 -     Literal(Literal),
[INFO] [stdout] 28 +     Literal(crate::model::ir::Expression),
[INFO] [stdout]    |
[INFO] [stdout] 
[INFO] [stdout] 
[INFO] [stdout] error[E0425]: cannot find type `CallExpression` in this scope
[INFO] [stdout]   --> src/model/ir.rs:31:10
[INFO] [stdout]    |
[INFO] [stdout] 31 |     Call(CallExpression),
[INFO] [stdout]    |          ^^^^^^^^^^^^^^ not found in this scope
[INFO] [stdout] 
[INFO] [stdout] 
[INFO] [stdout] error[E0425]: cannot find type `MatchExpression` in this scope
[INFO] [stdout]   --> src/model/ir.rs:34:11
[INFO] [stdout]    |
[INFO] [stdout] 34 |     Match(MatchExpression),
[INFO] [stdout]    |           ^^^^^^^^^^^^^^^ not found in this scope
[INFO] [stdout] 
[INFO] [stdout] 
[INFO] [stdout] error[E0425]: cannot find type `LoopExpression` in this scope
[INFO] [stdout]   --> src/model/ir.rs:35:10
[INFO] [stdout]    |
[INFO] [stdout] 35 |     Loop(LoopExpression),
[INFO] [stdout]    |          ^^^^^^^^^^^^^^ not found in this scope
[INFO] [stdout] 
[INFO] [stdout] 
[INFO] [stdout] error[E0425]: cannot find type `Closure` in this scope
[INFO] [stdout]   --> src/model/ir.rs:36:13
[INFO] [stdout]    |
[INFO] [stdout] 36 |     Closure(Closure),
[INFO] [stdout]    |             ^^^^^^^ not found in this scope
[INFO] [stdout]    |
[INFO] [stdout] help: there is an enum variant `crate::model::ir::Expression::Closure`; try using the variant's enum
[INFO] [stdout]    |
[INFO] [stdout] 36 -     Closure(Closure),
[INFO] [stdout] 36 +     Closure(crate::model::ir::Expression),
[INFO] [stdout]    |
[INFO] [stdout] 
[INFO] [stdout] 
[INFO] [stdout] error[E0425]: cannot find type `SymbolId` in this scope
[INFO] [stdout]   --> src/model/ir.rs:63:17
[INFO] [stdout]    |
[INFO] [stdout] 63 |     pub symbol: SymbolId,
[INFO] [stdout]    |                 ^^^^^^^^ not found in this scope
[INFO] [stdout] 
[INFO] [stdout] 
[INFO] [stdout] error[E0425]: cannot find type `SymbolId` in this scope
[INFO] [stdout]   --> src/model/ir.rs:96:12
[INFO] [stdout]    |
[INFO] [stdout] 96 |     Custom(SymbolId),
[INFO] [stdout]    |            ^^^^^^^^ not found in this scope
[INFO] [stdout] 
[INFO] [stdout] 
[INFO] [stdout] For more information about this error, try `rustc --explain E0425`.
[INFO] [stdout] 
[INFO] [stderr] error: could not compile `mopappa` (lib test) due to 14 previous errors
[INFO] running `Command { std: "docker" "inspect" "62c932d255508d27bde6e403f1beb78f5b564cdbdf344c6cd4646bbe73b3dbef", kill_on_drop: false }`
[INFO] running `Command { std: "docker" "rm" "-f" "62c932d255508d27bde6e403f1beb78f5b564cdbdf344c6cd4646bbe73b3dbef", kill_on_drop: false }`
[INFO] [stdout] 62c932d255508d27bde6e403f1beb78f5b564cdbdf344c6cd4646bbe73b3dbef
