[INFO] cloning repository https://github.com/MrRainbowCoding/Piper
[INFO] running `Command { std: "git" "-c" "credential.helper=" "-c" "credential.helper=/workspace/cargo-home/bin/git-credential-null" "clone" "--bare" "https://github.com/MrRainbowCoding/Piper" "/workspace/cache/git-repos/https%3A%2F%2Fgithub.com%2FMrRainbowCoding%2FPiper", kill_on_drop: false }`
[INFO] [stderr] Cloning into bare repository '/workspace/cache/git-repos/https%3A%2F%2Fgithub.com%2FMrRainbowCoding%2FPiper'...
[INFO] running `Command { std: "git" "rev-parse" "HEAD", kill_on_drop: false }`
[INFO] [stdout] 87582e5069454470201248824aaa1f462111b370
[INFO] checking MrRainbowCoding/Piper against 3154cc1a3e6424e44f438a95007d043ed5ceaaf6+rustflags=-Znext-solver=coherence for pr-133502-30
[INFO] running `Command { std: "git" "clone" "/workspace/cache/git-repos/https%3A%2F%2Fgithub.com%2FMrRainbowCoding%2FPiper" "/workspace/builds/worker-3-tc1/source", kill_on_drop: false }`
[INFO] [stderr] Cloning into '/workspace/builds/worker-3-tc1/source'...
[INFO] [stderr] done.
[INFO] removed /workspace/builds/worker-3-tc1/source/.cargo/config.toml
[INFO] started tweaking git repo https://github.com/MrRainbowCoding/Piper
[INFO] finished tweaking git repo https://github.com/MrRainbowCoding/Piper
[INFO] tweaked toml for git repo https://github.com/MrRainbowCoding/Piper written to /workspace/builds/worker-3-tc1/source/Cargo.toml
[INFO] validating manifest of git repo https://github.com/MrRainbowCoding/Piper on toolchain 3154cc1a3e6424e44f438a95007d043ed5ceaaf6
[INFO] running `Command { std: CARGO_HOME="/workspace/cargo-home" RUSTUP_HOME="/workspace/rustup-home" "/workspace/cargo-home/bin/cargo" "+3154cc1a3e6424e44f438a95007d043ed5ceaaf6" "metadata" "--manifest-path" "Cargo.toml" "--no-deps", kill_on_drop: false }`
[INFO] crate git repo https://github.com/MrRainbowCoding/Piper already has a lockfile, it will not be regenerated
[INFO] running `Command { std: CARGO_HOME="/workspace/cargo-home" RUSTUP_HOME="/workspace/rustup-home" "/workspace/cargo-home/bin/cargo" "+3154cc1a3e6424e44f438a95007d043ed5ceaaf6" "fetch" "--manifest-path" "Cargo.toml", kill_on_drop: false }`
[INFO] [stderr]     Updating git repository `https://github.com/second-state/wasi_hyper.git`
[INFO] [stderr]     Updating git repository `https://github.com/second-state/wasi_reqwest.git`
[INFO] [stderr]     Updating git repository `https://github.com/second-state/socket2.git`
[INFO] [stderr]     Updating git repository `https://github.com/second-state/wasi_tokio.git`
[INFO] [stderr]     Updating crates.io index
[INFO] [stderr]     Updating git repository `https://github.com/second-state/wasi_mio.git`
[INFO] [stderr]  Downloading crates ...
[INFO] [stderr]   Downloaded wasi-logger v0.1.2
[INFO] [stderr]   Downloaded wit-bindgen-rust v0.24.0
[INFO] [stderr]   Downloaded wit-bindgen v0.24.0
[INFO] [stderr]   Downloaded wit-bindgen-rust-macro v0.24.0
[INFO] [stderr]   Downloaded value-bag-sval2 v1.10.0
[INFO] [stderr]   Downloaded sval_serde v2.13.2
[INFO] [stderr]   Downloaded sval_json v2.13.2
[INFO] [stderr]   Downloaded sval_fmt v2.13.2
[INFO] [stderr]   Downloaded sval_dynamic v2.13.2
[INFO] [stderr]   Downloaded leb128 v0.2.5
[INFO] [stderr]   Downloaded wit-bindgen-core v0.24.0
[INFO] [stderr]   Downloaded value-bag v1.10.0
[INFO] [stderr]   Downloaded sval_nested v2.13.2
[INFO] [stderr]   Downloaded wit-bindgen-rt v0.24.0
[INFO] [stderr]   Downloaded serde_json v1.0.132
[INFO] [stderr]   Downloaded wit-component v0.202.0
[INFO] [stderr]   Downloaded phf v0.7.24
[INFO] [stderr]   Downloaded wasmedge_stable_diffusion v0.3.2
[INFO] [stderr]   Downloaded sval_ref v2.13.2
[INFO] [stderr]   Downloaded value-bag-serde1 v1.10.0
[INFO] [stderr]   Downloaded serde_fmt v1.0.3
[INFO] [stderr]   Downloaded typeid v1.0.2
[INFO] [stderr]   Downloaded id-arena v2.2.1
[INFO] [stderr]   Downloaded uuid-macro-internal v1.11.0
[INFO] [stderr]   Downloaded dns-parser v0.8.0
[INFO] [stderr]   Downloaded thiserror-impl v1.0.68
[INFO] [stderr]   Downloaded chunked_transfer v0.3.1
[INFO] [stderr]   Downloaded safemem v0.3.3
[INFO] [stderr]   Downloaded typemap v0.3.3
[INFO] [stderr]   Downloaded unsafe-any v0.4.2
[INFO] [stderr]   Downloaded traitobject v0.1.0
[INFO] [stderr]   Downloaded plugin v0.2.6
[INFO] [stderr]   Downloaded log v0.3.9
[INFO] [stderr]   Downloaded modifier v0.1.0
[INFO] [stderr]   Downloaded typeable v0.1.2
[INFO] [stderr]   Downloaded mime v0.2.6
[INFO] [stderr]   Downloaded groupable v0.2.0
[INFO] [stderr]   Downloaded mime_guess v1.8.8
[INFO] [stderr]   Downloaded phf_codegen v0.7.24
[INFO] [stderr]   Downloaded phf_shared v0.7.24
[INFO] [stderr]   Downloaded phf_generator v0.7.24
[INFO] [stderr]   Downloaded rand_xorshift v0.1.1
[INFO] [stderr]   Downloaded rand_core v0.3.1
[INFO] [stderr]   Downloaded rand_pcg v0.1.2
[INFO] [stderr]   Downloaded autocfg v0.1.8
[INFO] [stderr]   Downloaded rdrand v0.4.0
[INFO] [stderr]   Downloaded fuchsia-cprng v0.1.1
[INFO] [stderr]   Downloaded rand_isaac v0.1.1
[INFO] [stderr]   Downloaded rand_hc v0.1.0
[INFO] [stderr]   Downloaded rand_chacha v0.1.1
[INFO] [stderr]   Downloaded wasmedge-wasi-nn v0.8.0
[INFO] [stderr]   Downloaded derive_utils v0.14.2
[INFO] [stderr]   Downloaded ipnet v2.10.1
[INFO] [stderr]   Downloaded chat-prompts v0.17.4
[INFO] [stderr]   Downloaded slug v0.1.6
[INFO] [stderr]   Downloaded avif-serialize v0.8.2
[INFO] [stderr]   Downloaded sval v2.13.2
[INFO] [stderr]   Downloaded sval_buffer v2.13.2
[INFO] [stderr]   Downloaded erased-serde v0.4.5
[INFO] [stderr]   Downloaded wasm-metadata v0.202.0
[INFO] [stderr]   Downloaded uuid v1.11.0
[INFO] [stderr]   Downloaded wasmedge_wasi_socket v0.5.5
[INFO] [stderr]   Downloaded thiserror v1.0.68
[INFO] [stderr]   Downloaded twoway v0.1.8
[INFO] [stderr]   Downloaded tiny_http v0.6.4
[INFO] [stderr]   Downloaded ascii v0.8.7
[INFO] [stderr]   Downloaded time v0.1.45
[INFO] [stderr]   Downloaded wasi v0.10.0+wasi-snapshot-preview1
[INFO] [stderr]   Downloaded httparse v1.9.5
[INFO] [stderr]   Downloaded unicase v2.8.0
[INFO] [stderr]   Downloaded iron v0.6.1
[INFO] [stderr]   Downloaded rand_core v0.4.2
[INFO] [stderr]   Downloaded rand_os v0.1.3
[INFO] [stderr]   Downloaded rand_jitter v0.1.4
[INFO] [stderr]   Downloaded buf_redux v0.8.4
[INFO] [stderr]   Downloaded llama-core v0.22.0
[INFO] [stderr]   Downloaded text-splitter v0.7.0
[INFO] [stderr]   Downloaded auto_enums v0.8.6
[INFO] [stderr]   Downloaded qdrant_rest_client v0.1.1
[INFO] [stderr]   Downloaded endpoints v0.17.2
[INFO] [stderr]   Downloaded unic-segment v0.9.0
[INFO] [stderr]   Downloaded pest_meta v2.7.14
[INFO] [stderr]   Downloaded fdeflate v0.3.6
[INFO] [stderr]   Downloaded serde v1.0.214
[INFO] [stderr]   Downloaded serde_derive v1.0.214
[INFO] [stderr]   Downloaded wasm-encoder v0.202.0
[INFO] [stderr]   Downloaded multipart-2021 v0.19.0
[INFO] [stderr]   Downloaded unicode-bidi v0.3.17
[INFO] [stderr]   Downloaded mustache v0.9.0
[INFO] [stderr]   Downloaded unic-ucd-segment v0.9.0
[INFO] [stderr]   Downloaded ignore v0.4.23
[INFO] [stderr]   Downloaded phf_shared v0.11.2
[INFO] [stderr]   Downloaded chrono-tz-build v0.3.0
[INFO] [stderr]   Downloaded phf_generator v0.11.2
[INFO] [stderr]   Downloaded cc v1.1.36
[INFO] [stderr]   Downloaded nickel v0.11.0
[INFO] [stderr]   Downloaded fancy-regex v0.12.0
[INFO] [stderr]   Downloaded pest_generator v2.7.14
[INFO] [stderr]   Downloaded phf v0.11.2
[INFO] [stderr]   Downloaded phf_codegen v0.11.2
[INFO] [stderr]   Downloaded tera v1.20.0
[INFO] [stderr]   Downloaded zune-jpeg v0.4.13
[INFO] [stderr]   Downloaded wit-parser v0.202.0
[INFO] [stderr]   Downloaded hyper v0.10.16
[INFO] [stderr]   Downloaded rand v0.6.5
[INFO] [stderr]   Downloaded pulldown-cmark v0.10.3
[INFO] [stderr]   Downloaded built v0.7.5
[INFO] [stderr]   Downloaded parse-zoneinfo v0.3.1
[INFO] [stderr]   Downloaded wasmparser v0.202.0
[INFO] [stderr]   Downloaded pest v2.7.14
[INFO] [stderr]   Downloaded humansize v2.1.3
[INFO] [stderr]   Downloaded pest_derive v2.7.14
[INFO] [stderr]   Downloaded aligned-vec v0.5.0
[INFO] [stderr]   Downloaded lebe v0.5.2
[INFO] [stderr]   Downloaded rustix v0.38.39
[INFO] [stderr]   Downloaded bstr v1.10.0
[INFO] [stderr]   Downloaded clap_lex v0.7.2
[INFO] [stderr]   Downloaded ravif v0.11.11
[INFO] [stderr]   Downloaded globwalk v0.9.1
[INFO] [stderr]   Downloaded bit_field v0.10.2
[INFO] [stderr]   Downloaded v_frame v0.3.8
[INFO] [stderr]   Downloaded spdx v0.10.6
[INFO] [stderr]   Downloaded version-compare v0.2.0
[INFO] [stderr]   Downloaded libc v0.2.162
[INFO] [stderr]   Downloaded profiling-procmacros v1.0.16
[INFO] [stderr]   Downloaded crossbeam-deque v0.8.5
[INFO] [stderr]   Downloaded rgb v0.8.50
[INFO] [stderr]   Downloaded imgref v1.11.0
[INFO] [stderr]   Downloaded globset v0.4.15
[INFO] [stderr]   Downloaded enum_dispatch v0.3.13
[INFO] [stderr]   Downloaded arbitrary v1.4.1
[INFO] [stderr]   Downloaded av1-grain v0.2.3
[INFO] [stderr]   Downloaded png v0.17.14
[INFO] [stderr]   Downloaded gif v0.13.1
[INFO] [stderr]   Downloaded weezl v0.1.8
[INFO] [stderr]   Downloaded image-webp v0.1.3
[INFO] [stderr]   Downloaded half v2.4.1
[INFO] [stderr]   Downloaded clap v4.5.20
[INFO] [stderr]   Downloaded bitstream-io v2.6.0
[INFO] [stderr]   Downloaded bytemuck v1.19.0
[INFO] [stderr]   Downloaded flate2 v1.0.34
[INFO] [stderr]   Downloaded libfuzzer-sys v0.4.8
[INFO] [stderr]   Downloaded clap_builder v4.5.20
[INFO] [stderr]   Downloaded exr v1.73.0
[INFO] [stderr]   Downloaded chrono-tz v0.9.0
[INFO] [stderr]   Downloaded jpeg-decoder v0.3.1
[INFO] [stderr]   Downloaded tiktoken-rs v0.5.9
[INFO] [stderr]   Downloaded tiff v0.9.1
[INFO] [stderr]   Downloaded rav1e v0.7.1
[INFO] [stderr]   Downloaded image v0.25.0
[INFO] running `Command { std: "docker" "create" "-v" "/var/lib/crater-agent-workspace/builds/worker-3-tc1/source:/opt/rustwide/workdir:ro,Z" "-v" "/var/lib/crater-agent-workspace/builds/worker-3-tc1/target:/opt/rustwide/target:rw,Z" "-v" "/var/lib/crater-agent-workspace/cargo-home:/opt/rustwide/cargo-home:ro,Z" "-v" "/var/lib/crater-agent-workspace/rustup-home:/opt/rustwide/rustup-home:ro,Z" "-m" "1610612736" "--network" "none" "ghcr.io/rust-lang/crates-build-env/linux@sha256:77db811e55d90add9212f6832c23229e3de5f1c1f9905e8cb07319ea15df73ac" "sleep" "infinity", kill_on_drop: false }`
[INFO] [stdout] 5b962f116ff16fd866dd1508117ffb519d9f7e01f593131cfd2f184b3dbb458d
[INFO] running `Command { std: "docker" "start" "5b962f116ff16fd866dd1508117ffb519d9f7e01f593131cfd2f184b3dbb458d", kill_on_drop: false }`
[INFO] running `Command { std: "docker" "inspect" "5b962f116ff16fd866dd1508117ffb519d9f7e01f593131cfd2f184b3dbb458d", kill_on_drop: false }`
[INFO] running `Command { std: "docker" "exec" "-e" "SOURCE_DIR=/opt/rustwide/workdir" "-e" "CARGO_HOME=/opt/rustwide/cargo-home" "-e" "RUSTUP_HOME=/opt/rustwide/rustup-home" "-e" "CARGO_TARGET_DIR=/opt/rustwide/target" "-w" "/opt/rustwide/workdir" "--user" "0:0" "5b962f116ff16fd866dd1508117ffb519d9f7e01f593131cfd2f184b3dbb458d" "/opt/rustwide/cargo-home/bin/cargo" "+3154cc1a3e6424e44f438a95007d043ed5ceaaf6" "metadata" "--no-deps" "--format-version=1", kill_on_drop: false }`
[INFO] running `Command { std: "docker" "inspect" "5b962f116ff16fd866dd1508117ffb519d9f7e01f593131cfd2f184b3dbb458d", kill_on_drop: false }`
[INFO] running `Command { std: "docker" "exec" "-e" "SOURCE_DIR=/opt/rustwide/workdir" "-e" "CARGO_HOME=/opt/rustwide/cargo-home" "-e" "RUSTUP_HOME=/opt/rustwide/rustup-home" "-e" "CARGO_TARGET_DIR=/opt/rustwide/target" "-e" "CARGO_INCREMENTAL=0" "-e" "RUST_BACKTRACE=full" "-e" "RUSTFLAGS=--cap-lints=forbid -Znext-solver=coherence" "-e" "RUSTDOCFLAGS=--cap-lints=forbid" "-w" "/opt/rustwide/workdir" "--user" "0:0" "5b962f116ff16fd866dd1508117ffb519d9f7e01f593131cfd2f184b3dbb458d" "/opt/rustwide/cargo-home/bin/cargo" "+3154cc1a3e6424e44f438a95007d043ed5ceaaf6" "check" "--frozen" "--all" "--all-targets" "--message-format=json", kill_on_drop: false }`
[INFO] [stderr]    Compiling proc-macro2 v1.0.89
[INFO] [stderr]    Compiling unicode-ident v1.0.13
[INFO] [stderr]    Compiling autocfg v1.4.0
[INFO] [stderr]    Compiling libc v0.2.162
[INFO] [stderr]    Compiling serde v1.0.214
[INFO] [stderr]     Checking cfg-if v1.0.0
[INFO] [stderr]     Checking memchr v2.7.4
[INFO] [stderr]    Compiling typeid v1.0.2
[INFO] [stderr]     Checking smallvec v1.13.2
[INFO] [stderr]    Compiling anyhow v1.0.93
[INFO] [stderr]    Compiling serde_json v1.0.132
[INFO] [stderr]     Checking stable_deref_trait v1.2.0
[INFO] [stderr]    Compiling version_check v0.1.5
[INFO] [stderr]    Compiling rand_core v0.4.2
[INFO] [stderr]     Checking itoa v1.0.11
[INFO] [stderr]    Compiling thiserror v1.0.68
[INFO] [stderr]    Compiling autocfg v0.1.8
[INFO] [stderr]     Checking once_cell v1.20.2
[INFO] [stderr]     Checking aho-corasick v1.1.3
[INFO] [stderr]    Compiling parking_lot_core v0.9.10
[INFO] [stderr]     Checking regex-syntax v0.8.5
[INFO] [stderr]    Compiling unicase v1.4.2
[INFO] [stderr]    Compiling num-traits v0.2.19
[INFO] [stderr]    Compiling lock_api v0.4.12
[INFO] [stderr]     Checking byteorder v1.5.0
[INFO] [stderr]     Checking getrandom v0.2.15
[INFO] [stderr]     Checking num_cpus v1.16.0
[INFO] [stderr]    Compiling quote v1.0.37
[INFO] [stderr]     Checking pin-project-lite v0.2.15
[INFO] [stderr]    Compiling crossbeam-utils v0.8.20
[INFO] [stderr]     Checking litemap v0.7.3
[INFO] [stderr]    Compiling shlex v1.3.0
[INFO] [stderr]    Compiling syn v2.0.87
[INFO] [stderr]     Checking writeable v0.5.5
[INFO] [stderr]    Compiling cc v1.1.36
[INFO] [stderr]    Compiling rand_core v0.3.1
[INFO] [stderr]     Checking bytes v1.8.0
[INFO] [stderr]     Checking bitflags v2.6.0
[INFO] [stderr]    Compiling semver v1.0.23
[INFO] [stderr]     Checking parking_lot v0.12.3
[INFO] [stderr]    Compiling equivalent v1.0.1
[INFO] [stderr]     Checking icu_locid_transform_data v1.5.0
[INFO] [stderr]    Compiling siphasher v0.3.11
[INFO] [stderr]    Compiling httparse v1.9.5
[INFO] [stderr]    Compiling hashbrown v0.15.1
[INFO] [stderr]    Compiling phf_shared v0.11.2
[INFO] [stderr]     Checking crossbeam-epoch v0.9.18
[INFO] [stderr]    Compiling rand_pcg v0.1.2
[INFO] [stderr]    Compiling slab v0.4.9
[INFO] [stderr]    Compiling rand_chacha v0.1.1
[INFO] [stderr]    Compiling rand_core v0.6.4
[INFO] [stderr]     Checking futures-core v0.3.31
[INFO] [stderr]    Compiling ryu v1.0.18
[INFO] [stderr]     Checking simd-adler32 v0.3.7
[INFO] [stderr]     Checking futures-sink v0.3.31
[INFO] [stderr]     Checking icu_properties_data v1.5.0
[INFO] [stderr]     Checking regex-automata v0.4.8
[INFO] [stderr]    Compiling rand v0.8.5
[INFO] [stderr]     Checking crossbeam-deque v0.8.5
[INFO] [stderr]     Checking mio v0.8.10 (https://github.com/second-state/wasi_mio.git?branch=v0.8.x#c8dc9eb0)
[INFO] [stderr]    Compiling ring v0.17.8
[INFO] [stderr]     Checking socket2 v0.5.7 (https://github.com/second-state/socket2.git?branch=v0.5.x#450d51df)
[INFO] [stderr]     Checking signal-hook-registry v1.4.2
[INFO] [stderr]    Compiling rand v0.6.5
[INFO] [stderr]     Checking spin v0.9.8
[INFO] [stderr]     Checking percent-encoding v2.3.1
[INFO] [stderr]     Checking write16 v1.0.0
[INFO] [stderr]     Checking icu_normalizer_data v1.5.0
[INFO] [stderr]     Checking tinyvec_macros v0.1.1
[INFO] [stderr]    Compiling siphasher v0.2.3
[INFO] [stderr]     Checking utf16_iter v1.0.5
[INFO] [stderr]    Compiling rand_os v0.1.3
[INFO] [stderr]    Compiling phf_shared v0.7.24
[INFO] [stderr]     Checking tinyvec v1.8.0
[INFO] [stderr]    Compiling phf_generator v0.11.2
[INFO] [stderr]    Compiling indexmap v2.6.0
[INFO] [stderr]     Checking futures-channel v0.3.31
[INFO] [stderr]     Checking num-integer v0.1.46
[INFO] [stderr]    Compiling rand_isaac v0.1.1
[INFO] [stderr]    Compiling rand_xorshift v0.1.1
[INFO] [stderr]    Compiling rand_hc v0.1.0
[INFO] [stderr]    Compiling rand_jitter v0.1.4
[INFO] [stderr]     Checking regex v1.11.1
[INFO] [stderr]     Checking bstr v1.10.0
[INFO] [stderr]    Compiling wasmparser v0.202.0
[INFO] [stderr]     Checking either v1.13.0
[INFO] [stderr]     Checking adler2 v2.0.0
[INFO] [stderr]    Compiling leb128 v0.2.5
[INFO] [stderr]     Checking futures-io v0.3.31
[INFO] [stderr]    Compiling log v0.4.22
[INFO] [stderr]     Checking pin-utils v0.1.0
[INFO] [stderr]    Compiling id-arena v2.2.1
[INFO] [stderr]     Checking futures-task v0.3.31
[INFO] [stderr]    Compiling unicode-xid v0.2.6
[INFO] [stderr]    Compiling spdx v0.10.6
[INFO] [stderr]    Compiling wasm-encoder v0.202.0
[INFO] [stderr]     Checking miniz_oxide v0.8.0
[INFO] [stderr]    Compiling synstructure v0.13.1
[INFO] [stderr]     Checking num-bigint v0.4.6
[INFO] [stderr]     Checking unicode-normalization v0.1.24
[INFO] [stderr]    Compiling parse-zoneinfo v0.3.1
[INFO] [stderr]    Compiling phf_codegen v0.11.2
[INFO] [stderr]     Checking http v0.2.12
[INFO] [stderr]     Checking form_urlencoded v1.2.1
[INFO] [stderr]    Compiling phf v0.11.2
[INFO] [stderr]     Checking tracing-core v0.1.32
[INFO] [stderr]    Compiling ucd-trie v0.1.7
[INFO] [stderr]     Checking iana-time-zone v0.1.61
[INFO] [stderr]     Checking minimal-lexical v0.2.1
[INFO] [stderr]     Checking arrayvec v0.7.6
[INFO] [stderr]     Checking traitobject v0.1.0
[INFO] [stderr]     Checking aligned-vec v0.5.0
[INFO] [stdout] error[E0119]: conflicting implementations of trait `Trait` for type `(dyn Send + Sync + 'static)`
[INFO] [stdout]   --> /opt/rustwide/cargo-home/registry/src/index.crates.io-1949cf8c6b5b557f/traitobject-0.1.0/src/impls.rs:72:1
[INFO] [stdout]    |
[INFO] [stdout] 71 | unsafe impl Trait for ::std::marker::Send + Sync { }
[INFO] [stdout]    | ------------------------------------------------ first implementation here
[INFO] [stdout] 72 | unsafe impl Trait for ::std::marker::Send + Send + Sync { }
[INFO] [stdout]    | ^^^^^^^^^^^^^^^^^^^^^^^^^^^^^^^^^^^^^^^^^^^^^^^^^^^^^^^ conflicting implementation for `(dyn Send + Sync + 'static)`
[INFO] [stdout] 
[INFO] [stdout] 
[INFO] [stdout] error[E0119]: conflicting implementations of trait `Trait` for type `(dyn Send + Sync + 'static)`
[INFO] [stdout]   --> /opt/rustwide/cargo-home/registry/src/index.crates.io-1949cf8c6b5b557f/traitobject-0.1.0/src/impls.rs:73:1
[INFO] [stdout]    |
[INFO] [stdout] 71 | unsafe impl Trait for ::std::marker::Send + Sync { }
[INFO] [stdout]    | ------------------------------------------------ first implementation here
[INFO] [stdout] 72 | unsafe impl Trait for ::std::marker::Send + Send + Sync { }
[INFO] [stdout] 73 | unsafe impl Trait for ::std::marker::Sync + Send { }
[INFO] [stdout]    | ^^^^^^^^^^^^^^^^^^^^^^^^^^^^^^^^^^^^^^^^^^^^^^^^ conflicting implementation for `(dyn Send + Sync + 'static)`
[INFO] [stdout] 
[INFO] [stdout] 
[INFO] [stdout] error[E0119]: conflicting implementations of trait `Trait` for type `(dyn Send + Sync + 'static)`
[INFO] [stdout]   --> /opt/rustwide/cargo-home/registry/src/index.crates.io-1949cf8c6b5b557f/traitobject-0.1.0/src/impls.rs:75:1
[INFO] [stdout]    |
[INFO] [stdout] 71 | unsafe impl Trait for ::std::marker::Send + Sync { }
[INFO] [stdout]    | ------------------------------------------------ first implementation here
[INFO] [stdout] ...
[INFO] [stdout] 75 | unsafe impl Trait for ::std::marker::Sync + Send + Sync { }
[INFO] [stdout]    | ^^^^^^^^^^^^^^^^^^^^^^^^^^^^^^^^^^^^^^^^^^^^^^^^^^^^^^^ conflicting implementation for `(dyn Send + Sync + 'static)`
[INFO] [stdout] 
[INFO] [stdout] 
[INFO] [stdout] For more information about this error, try `rustc --explain E0119`.
[INFO] [stdout] 
[INFO] [stderr] error: could not compile `traitobject` (lib) due to 3 previous errors
[INFO] [stderr] warning: build failed, waiting for other jobs to finish...
[INFO] running `Command { std: "docker" "inspect" "5b962f116ff16fd866dd1508117ffb519d9f7e01f593131cfd2f184b3dbb458d", kill_on_drop: false }`
[INFO] running `Command { std: "docker" "rm" "-f" "5b962f116ff16fd866dd1508117ffb519d9f7e01f593131cfd2f184b3dbb458d", kill_on_drop: false }`
[INFO] [stdout] 5b962f116ff16fd866dd1508117ffb519d9f7e01f593131cfd2f184b3dbb458d
