[INFO] cloning repository https://github.com/Moskyera/protector
[INFO] running `Command { std: "git" "-c" "credential.helper=" "-c" "credential.helper=/workspace/cargo-home/bin/git-credential-null" "clone" "--bare" "https://github.com/Moskyera/protector" "/workspace/cache/git-repos/https%3A%2F%2Fgithub.com%2FMoskyera%2Fprotector", kill_on_drop: false }`
[INFO] [stderr] Cloning into bare repository '/workspace/cache/git-repos/https%3A%2F%2Fgithub.com%2FMoskyera%2Fprotector'...
[INFO] running `Command { std: "git" "rev-parse" "HEAD", kill_on_drop: false }`
[INFO] [stdout] fb7cee2b91283b58c29ce7f2b7b87273cc0a65bd
[INFO] checking Moskyera/protector against 3154cc1a3e6424e44f438a95007d043ed5ceaaf6 for pr-133502-30
[INFO] running `Command { std: "git" "clone" "/workspace/cache/git-repos/https%3A%2F%2Fgithub.com%2FMoskyera%2Fprotector" "/workspace/builds/worker-5-tc2/source", kill_on_drop: false }`
[INFO] [stderr] Cloning into '/workspace/builds/worker-5-tc2/source'...
[INFO] [stderr] done.
[INFO] removed /workspace/builds/worker-5-tc2/source/rust-toolchain.toml
[INFO] started tweaking git repo https://github.com/Moskyera/protector
[INFO] finished tweaking git repo https://github.com/Moskyera/protector
[INFO] tweaked toml for git repo https://github.com/Moskyera/protector written to /workspace/builds/worker-5-tc2/source/Cargo.toml
[INFO] validating manifest of git repo https://github.com/Moskyera/protector on toolchain 3154cc1a3e6424e44f438a95007d043ed5ceaaf6
[INFO] running `Command { std: CARGO_HOME="/workspace/cargo-home" RUSTUP_HOME="/workspace/rustup-home" "/workspace/cargo-home/bin/cargo" "+3154cc1a3e6424e44f438a95007d043ed5ceaaf6" "metadata" "--manifest-path" "Cargo.toml" "--no-deps", kill_on_drop: false }`
[INFO] crate git repo https://github.com/Moskyera/protector already has a lockfile, it will not be regenerated
[INFO] running `Command { std: CARGO_HOME="/workspace/cargo-home" RUSTUP_HOME="/workspace/rustup-home" "/workspace/cargo-home/bin/cargo" "+3154cc1a3e6424e44f438a95007d043ed5ceaaf6" "fetch" "--manifest-path" "Cargo.toml", kill_on_drop: false }`
[INFO] [stderr] warning: unused field `repository` in `workspace.package`
[INFO] [stderr]   --> Cargo.toml:66:1
[INFO] [stderr]    |
[INFO] [stderr] 66 | repository = "https://github.com/protector/protector"
[INFO] [stderr]    | ^^^^^^^^^^
[INFO] [stderr]    |
[INFO] [stderr]    = note: `cargo::unused_workspace_package_fields` is set to `warn` by default
[INFO] [stderr] help: consider removing the field `workspace.package.repository`
[INFO] [stderr] warning: workspace (manifest) generated 1 warning
[INFO] running `Command { std: "docker" "create" "-v" "/var/lib/crater-agent-workspace/builds/worker-5-tc2/source:/opt/rustwide/workdir:ro,Z" "-v" "/var/lib/crater-agent-workspace/builds/worker-5-tc2/target:/opt/rustwide/target:rw,Z" "-v" "/var/lib/crater-agent-workspace/cargo-home:/opt/rustwide/cargo-home:ro,Z" "-v" "/var/lib/crater-agent-workspace/rustup-home:/opt/rustwide/rustup-home:ro,Z" "-m" "1610612736" "--network" "none" "ghcr.io/rust-lang/crates-build-env/linux@sha256:77db811e55d90add9212f6832c23229e3de5f1c1f9905e8cb07319ea15df73ac" "sleep" "infinity", kill_on_drop: false }`
[INFO] [stdout] a1307618037f59c7cfc25b1a2e0e035fce5d57f561ec1fcc3093893c5b4e6f2e
[INFO] running `Command { std: "docker" "start" "a1307618037f59c7cfc25b1a2e0e035fce5d57f561ec1fcc3093893c5b4e6f2e", kill_on_drop: false }`
[INFO] running `Command { std: "docker" "inspect" "a1307618037f59c7cfc25b1a2e0e035fce5d57f561ec1fcc3093893c5b4e6f2e", kill_on_drop: false }`
[INFO] running `Command { std: "docker" "exec" "-e" "SOURCE_DIR=/opt/rustwide/workdir" "-e" "CARGO_HOME=/opt/rustwide/cargo-home" "-e" "RUSTUP_HOME=/opt/rustwide/rustup-home" "-e" "CARGO_TARGET_DIR=/opt/rustwide/target" "-w" "/opt/rustwide/workdir" "--user" "0:0" "a1307618037f59c7cfc25b1a2e0e035fce5d57f561ec1fcc3093893c5b4e6f2e" "/opt/rustwide/cargo-home/bin/cargo" "+3154cc1a3e6424e44f438a95007d043ed5ceaaf6" "metadata" "--no-deps" "--format-version=1", kill_on_drop: false }`
[INFO] running `Command { std: "docker" "inspect" "a1307618037f59c7cfc25b1a2e0e035fce5d57f561ec1fcc3093893c5b4e6f2e", kill_on_drop: false }`
[INFO] running `Command { std: "docker" "exec" "-e" "SOURCE_DIR=/opt/rustwide/workdir" "-e" "CARGO_HOME=/opt/rustwide/cargo-home" "-e" "RUSTUP_HOME=/opt/rustwide/rustup-home" "-e" "CARGO_TARGET_DIR=/opt/rustwide/target" "-e" "CARGO_INCREMENTAL=0" "-e" "RUST_BACKTRACE=full" "-e" "RUSTFLAGS=--cap-lints=forbid" "-e" "RUSTDOCFLAGS=--cap-lints=forbid" "-w" "/opt/rustwide/workdir" "--user" "0:0" "a1307618037f59c7cfc25b1a2e0e035fce5d57f561ec1fcc3093893c5b4e6f2e" "/opt/rustwide/cargo-home/bin/cargo" "+3154cc1a3e6424e44f438a95007d043ed5ceaaf6" "check" "--frozen" "--all" "--all-targets" "--message-format=json", kill_on_drop: false }`
[INFO] [stderr] warning: unused field `repository` in `workspace.package`
[INFO] [stderr]   --> Cargo.toml:66:1
[INFO] [stderr]    |
[INFO] [stderr] 66 | repository = "https://github.com/protector/protector"
[INFO] [stderr]    | ^^^^^^^^^^
[INFO] [stderr]    |
[INFO] [stderr]    = note: `cargo::unused_workspace_package_fields` is set to `warn` by default
[INFO] [stderr] help: consider removing the field `workspace.package.repository`
[INFO] [stderr] warning: workspace (manifest) generated 1 warning
[INFO] [stderr]    Compiling quote v1.0.46
[INFO] [stderr]    Compiling proc-macro2 v1.0.106
[INFO] [stderr]     Checking smallvec v1.15.2
[INFO] [stderr]    Compiling zerocopy v0.8.54
[INFO] [stderr]    Compiling wayland-sys v0.31.11
[INFO] [stderr]     Checking crypto-common v0.1.7
[INFO] [stderr]    Compiling cc v1.2.67
[INFO] [stderr]    Compiling quick-xml v0.39.4
[INFO] [stderr]     Checking fastrand v2.4.1
[INFO] [stderr]     Checking futures-core v0.3.33
[INFO] [stderr]    Compiling num-traits v0.2.19
[INFO] [stderr]    Compiling crossbeam-utils v0.8.22
[INFO] [stderr]     Checking futures-io v0.3.33
[INFO] [stderr]     Checking digest v0.10.7
[INFO] [stderr]     Checking getrandom v0.4.3
[INFO] [stderr]     Checking tracing-core v0.1.36
[INFO] [stderr]    Compiling indexmap v2.14.0
[INFO] [stderr]    Compiling toml_parser v1.1.2+spec-1.1.0
[INFO] [stderr]     Checking concurrent-queue v2.5.0
[INFO] [stderr]     Checking aho-corasick v1.1.5
[INFO] [stderr]     Checking inout v0.1.4
[INFO] [stderr]     Checking uuid v1.24.0
[INFO] [stderr]    Compiling syn v2.0.119
[INFO] [stderr]     Checking cipher v0.4.4
[INFO] [stderr]    Compiling wayland-scanner v0.31.10
[INFO] [stderr]     Checking futures-lite v2.6.1
[INFO] [stderr]     Checking universal-hash v0.5.1
[INFO] [stderr]     Checking bit-vec v0.8.0
[INFO] [stderr]    Compiling toml_edit v0.25.13+spec-1.1.0
[INFO] [stderr]     Checking opaque-debug v0.3.1
[INFO] [stderr]     Checking arrayvec v0.7.8
[INFO] [stderr]     Checking bit-set v0.8.0
[INFO] [stderr]     Checking hex-conservative v0.2.2
[INFO] [stderr]     Checking polyval v0.6.2
[INFO] [stderr]    Compiling gl_generator v0.14.0
[INFO] [stderr]     Checking either v1.17.0
[INFO] [stderr]     Checking deranged v0.5.8
[INFO] [stderr]    Compiling wayland-backend v0.3.15
[INFO] [stderr]     Checking regex-automata v0.4.18
[INFO] [stderr]    Compiling proc-macro-crate v3.5.0
[INFO] [stderr]     Checking time-core v0.1.9
[INFO] [stderr]     Checking num-conv v0.2.2
[INFO] [stderr]     Checking password-hash v0.5.0
[INFO] [stderr]    Compiling serde_json v1.0.150
[INFO] [stderr]     Checking itertools v0.14.0
[INFO] [stderr]     Checking unicode-normalization v0.1.25
[INFO] [stderr]     Checking ghash v0.5.1
[INFO] [stderr]     Checking bitcoin_hashes v0.14.101
[INFO] [stderr]     Checking ctr v0.9.2
[INFO] [stderr]     Checking wayland-client v0.31.14
[INFO] [stderr]     Checking aes v0.8.4
[INFO] [stderr]     Checking blake2 v0.10.6
[INFO] [stderr]     Checking time v0.3.55
[INFO] [stderr]     Checking aead v0.5.2
[INFO] [stderr]    Compiling x11-dl v2.21.0
[INFO] [stderr]     Checking rustix v0.38.44
[INFO] [stderr]     Checking wayland-csd-frame v0.3.0
[INFO] [stderr]     Checking aes-gcm v0.10.3
[INFO] [stderr]     Checking parking_lot_core v0.9.12
[INFO] [stderr]     Checking async-channel v2.5.0
[INFO] [stderr]     Checking wayland-protocols v0.32.13
[INFO] [stderr]     Checking wayland-cursor v0.31.14
[INFO] [stderr]     Checking sha1 v0.10.7
[INFO] [stderr]     Checking sha2 v0.10.9
[INFO] [stderr]     Checking hmac v0.12.1
[INFO] [stderr]     Checking memmap2 v0.9.11
[INFO] [stderr]     Checking anstyle-parse v1.0.0
[INFO] [stderr]     Checking piper v0.2.5
[INFO] [stderr]     Checking parking_lot v0.12.5
[INFO] [stderr]     Checking async-io v2.6.0
[INFO] [stderr]     Checking regex v1.13.1
[INFO] [stderr]     Checking fancy-regex v0.18.0
[INFO] [stderr]     Checking gethostname v1.1.0
[INFO] [stderr]     Checking anstyle v1.0.14
[INFO] [stderr]     Checking colorchoice v1.0.5
[INFO] [stderr]     Checking x11rb v0.13.2
[INFO] [stderr]     Checking anstream v1.0.0
[INFO] [stderr]     Checking zxcvbn v3.1.1
[INFO] [stderr]     Checking flate2 v1.1.9
[INFO] [stderr]     Checking blocking v1.6.2
[INFO] [stderr]    Compiling glutin_egl_sys v0.7.1
[INFO] [stderr]    Compiling glutin_glx_sys v0.6.1
[INFO] [stderr]    Compiling synstructure v0.13.2
[INFO] [stderr]    Compiling winit v0.30.13
[INFO] [stderr]     Checking epaint_default_fonts v0.31.1
[INFO] [stderr]     Checking pxfm v0.1.30
[INFO] [stderr]     Checking profiling v1.0.18
[INFO] [stderr]     Checking clap_lex v1.1.0
[INFO] [stderr]     Checking clap_builder v4.6.2
[INFO] [stderr]     Checking png v0.18.1
[INFO] [stderr]     Checking async-signal v0.2.14
[INFO] [stderr]     Checking xkbcommon-dl v0.4.2
[INFO] [stderr]    Compiling glutin v0.32.3
[INFO] [stderr]    Compiling memoffset v0.9.1
[INFO] [stderr]     Checking const-oid v0.10.2
[INFO] [stderr]     Checking async-process v2.5.0
[INFO] [stderr]    Compiling serde_derive v1.0.228
[INFO] [stderr]    Compiling zerocopy-derive v0.8.54
[INFO] [stderr]    Compiling zerofrom-derive v0.1.7
[INFO] [stderr]    Compiling yoke-derive v0.8.2
[INFO] [stderr]    Compiling zeroize_derive v1.5.0
[INFO] [stderr]    Compiling zerovec-derive v0.11.3
[INFO] [stderr]    Compiling displaydoc v0.2.6
[INFO] [stderr]     Checking zerofrom v0.1.8
[INFO] [stderr]     Checking yoke v0.8.3
[INFO] [stderr]     Checking zeroize v1.9.0
[INFO] [stderr]    Compiling tracing-attributes v0.1.31
[INFO] [stderr]    Compiling thiserror-impl v2.0.18
[INFO] [stderr]     Checking zerotrie v0.2.4
[INFO] [stderr]    Compiling bytemuck_derive v1.11.0
[INFO] [stderr]    Compiling enumflags2_derive v0.7.12
[INFO] [stderr]     Checking zerovec v0.11.6
[INFO] [stderr]    Compiling thiserror-impl v1.0.69
[INFO] [stderr]     Checking wayland-protocols-wlr v0.3.12
[INFO] [stderr]     Checking tracing v0.1.44
[INFO] [stderr]     Checking thiserror v2.0.18
[INFO] [stderr]     Checking tinystr v0.8.3
[INFO] [stderr]     Checking potential_utf v0.1.5
[INFO] [stderr]     Checking icu_collections v2.2.0
[INFO] [stderr]     Checking hybrid-array v0.4.14
[INFO] [stderr]     Checking icu_locale_core v2.2.0
[INFO] [stderr]     Checking bytemuck v1.25.1
[INFO] [stderr]     Checking argon2 v0.5.3
[INFO] [stderr]     Checking thiserror v1.0.69
[INFO] [stderr]     Checking calloop v0.13.0
[INFO] [stderr]     Checking emath v0.31.1
[INFO] [stderr]     Checking calloop v0.14.4
[INFO] [stderr]     Checking wayland-protocols-plasma v0.3.12
[INFO] [stderr]     Checking calloop-wayland-source v0.3.0
[INFO] [stderr]     Checking icu_provider v2.2.0
[INFO] [stderr]     Checking smithay-client-toolkit v0.19.2
[INFO] [stderr]     Checking ecolor v0.31.1
[INFO] [stderr]     Checking serde v1.0.228
[INFO] [stderr]     Checking icu_properties v2.2.0
[INFO] [stderr]     Checking icu_normalizer v2.2.0
[INFO] [stderr]     Checking crypto-common v0.2.2
[INFO] [stderr]     Checking block-buffer v0.12.1
[INFO] [stderr]     Checking calloop-wayland-source v0.4.1
[INFO] [stderr]     Checking bip39 v2.2.2
[INFO] [stderr]     Checking chrono v0.4.45
[INFO] [stderr]    Compiling zvariant_utils v3.5.0
[INFO] [stderr]    Compiling enumflags2 v0.7.12
[INFO] [stderr]     Checking wayland-protocols-experimental v20250721.0.1
[INFO] [stderr]    Compiling zvariant_derive v5.13.1
[INFO] [stderr]     Checking digest v0.11.3
[INFO] [stderr]     Checking wayland-protocols-misc v0.3.12
[INFO] [stderr]     Checking moxcms v0.8.1
[INFO] [stderr]     Checking idna_adapter v1.2.2
[INFO] [stderr]    Compiling clap_derive v4.6.1
[INFO] [stderr]     Checking idna v1.1.0
[INFO] [stderr]     Checking smithay-client-toolkit v0.20.0
[INFO] [stderr]     Checking url v2.5.8
[INFO] [stderr]     Checking der v0.8.1
[INFO] [stderr]    Compiling async-recursion v1.1.1
[INFO] [stderr]    Compiling zvariant v5.13.1
[INFO] [stderr]    Compiling serde_repr v0.1.20
[INFO] [stderr]    Compiling futures-macro v0.3.33
[INFO] [stderr]     Checking ppv-lite86 v0.2.21
[INFO] [stderr]     Checking ahash v0.8.12
[INFO] [stderr]    Compiling async-trait v0.1.89
[INFO] [stderr]     Checking epaint v0.31.1
[INFO] [stderr]     Checking rand_chacha v0.3.1
[INFO] [stderr]     Checking rand_chacha v0.9.0
[INFO] [stderr]     Checking rand v0.8.7
[INFO] [stderr]     Checking clap v4.6.2
[INFO] [stderr]     Checking async-executor v1.14.0
[INFO] [stderr]     Checking async-broadcast v0.7.2
[INFO] [stderr]    Compiling glutin-winit v0.5.0
[INFO] [stderr]     Checking ordered-stream v0.2.0
[INFO] [stderr]     Checking egui v0.31.1
[INFO] [stderr]     Checking futures-task v0.3.33
[INFO] [stderr]     Checking protector-core v0.1.0 (/opt/rustwide/workdir/protector-core)
[INFO] [stderr]     Checking futures-util v0.3.33
[INFO] [stderr]     Checking zbus_names v4.3.4
[INFO] [stdout] error[E0433]: cannot find module or crate `libc` in this scope
[INFO] [stdout]    --> protector-core/src/process_hardening.rs:158:21
[INFO] [stdout]     |
[INFO] [stdout] 158 |         if unsafe { libc::prctl(PR_SET_DUMPABLE, 0, 0, 0, 0) } == 0 {
[INFO] [stdout]     |                     ^^^^ use of unresolved module or unlinked crate `libc`
[INFO] [stdout]     |
[INFO] [stdout]     = help: if you wanted to use a crate named `libc`, use `cargo add libc` to add it to your `Cargo.toml`
[INFO] [stdout] 
[INFO] [stdout] 
[INFO] [stdout] error[E0433]: cannot find module or crate `libc` in this scope
[INFO] [stdout]    --> protector-core/src/process_hardening.rs:174:21
[INFO] [stdout]     |
[INFO] [stdout] 174 |         if unsafe { libc::setrlimit(libc::RLIMIT_CORE, &limit) } == 0 {
[INFO] [stdout]     |                     ^^^^ use of unresolved module or unlinked crate `libc`
[INFO] [stdout]     |
[INFO] [stdout]     = help: if you wanted to use a crate named `libc`, use `cargo add libc` to add it to your `Cargo.toml`
[INFO] [stdout] 
[INFO] [stdout] 
[INFO] [stdout] error[E0433]: cannot find module or crate `libc` in this scope
[INFO] [stdout]    --> protector-core/src/process_hardening.rs:174:37
[INFO] [stdout]     |
[INFO] [stdout] 174 |         if unsafe { libc::setrlimit(libc::RLIMIT_CORE, &limit) } == 0 {
[INFO] [stdout]     |                                     ^^^^ use of unresolved module or unlinked crate `libc`
[INFO] [stdout]     |
[INFO] [stdout]     = help: if you wanted to use a crate named `libc`, use `cargo add libc` to add it to your `Cargo.toml`
[INFO] [stdout] 
[INFO] [stdout] 
[INFO] [stderr]     Checking rand v0.9.5
[INFO] [stderr]     Checking image v0.25.10
[INFO] [stderr]     Checking spki v0.8.0
[INFO] [stderr]     Checking smithay-clipboard v0.7.3
[INFO] [stdout] error[E0433]: cannot find module or crate `libc` in this scope
[INFO] [stdout]    --> protector-core/src/process_hardening.rs:169:21
[INFO] [stdout]     |
[INFO] [stdout] 169 |         let limit = libc::rlimit {
[INFO] [stdout]     |                     ^^^^ use of unresolved module or unlinked crate `libc`
[INFO] [stdout]     |
[INFO] [stdout]     = help: if you wanted to use a crate named `libc`, use `cargo add libc` to add it to your `Cargo.toml`
[INFO] [stdout] 
[INFO] [stdout] 
[INFO] [stdout] For more information about this error, try `rustc --explain E0433`.
[INFO] [stdout] 
[INFO] [stderr] error: could not compile `protector-core` (lib) due to 4 previous errors
[INFO] [stderr] warning: build failed, waiting for other jobs to finish...
[INFO] running `Command { std: "docker" "inspect" "a1307618037f59c7cfc25b1a2e0e035fce5d57f561ec1fcc3093893c5b4e6f2e", kill_on_drop: false }`
[INFO] running `Command { std: "docker" "rm" "-f" "a1307618037f59c7cfc25b1a2e0e035fce5d57f561ec1fcc3093893c5b4e6f2e", kill_on_drop: false }`
[INFO] [stdout] a1307618037f59c7cfc25b1a2e0e035fce5d57f561ec1fcc3093893c5b4e6f2e
