[INFO] cloning repository https://github.com/Mortisshadow/pc-activity-mqtt
[INFO] running `Command { std: "git" "-c" "credential.helper=" "-c" "credential.helper=/workspace/cargo-home/bin/git-credential-null" "clone" "--bare" "https://github.com/Mortisshadow/pc-activity-mqtt" "/workspace/cache/git-repos/https%3A%2F%2Fgithub.com%2FMortisshadow%2Fpc-activity-mqtt", kill_on_drop: false }`
[INFO] [stderr] Cloning into bare repository '/workspace/cache/git-repos/https%3A%2F%2Fgithub.com%2FMortisshadow%2Fpc-activity-mqtt'...
[INFO] running `Command { std: "git" "rev-parse" "HEAD", kill_on_drop: false }`
[INFO] [stdout] cc5c746c71274286c2a47169fad50a2b92cb4a07
[INFO] checking Mortisshadow/pc-activity-mqtt against 3154cc1a3e6424e44f438a95007d043ed5ceaaf6 for pr-133502-30
[INFO] running `Command { std: "git" "clone" "/workspace/cache/git-repos/https%3A%2F%2Fgithub.com%2FMortisshadow%2Fpc-activity-mqtt" "/workspace/builds/worker-4-tc2/source", kill_on_drop: false }`
[INFO] [stderr] Cloning into '/workspace/builds/worker-4-tc2/source'...
[INFO] [stderr] done.
[INFO] started tweaking git repo https://github.com/Mortisshadow/pc-activity-mqtt
[INFO] finished tweaking git repo https://github.com/Mortisshadow/pc-activity-mqtt
[INFO] tweaked toml for git repo https://github.com/Mortisshadow/pc-activity-mqtt written to /workspace/builds/worker-4-tc2/source/Cargo.toml
[INFO] validating manifest of git repo https://github.com/Mortisshadow/pc-activity-mqtt on toolchain 3154cc1a3e6424e44f438a95007d043ed5ceaaf6
[INFO] running `Command { std: CARGO_HOME="/workspace/cargo-home" RUSTUP_HOME="/workspace/rustup-home" "/workspace/cargo-home/bin/cargo" "+3154cc1a3e6424e44f438a95007d043ed5ceaaf6" "metadata" "--manifest-path" "Cargo.toml" "--no-deps", kill_on_drop: false }`
[INFO] crate git repo https://github.com/Mortisshadow/pc-activity-mqtt already has a lockfile, it will not be regenerated
[INFO] running `Command { std: CARGO_HOME="/workspace/cargo-home" RUSTUP_HOME="/workspace/rustup-home" "/workspace/cargo-home/bin/cargo" "+3154cc1a3e6424e44f438a95007d043ed5ceaaf6" "fetch" "--manifest-path" "Cargo.toml", kill_on_drop: false }`
[INFO] [stderr]     Blocking waiting for file lock on package cache
[INFO] running `Command { std: "docker" "create" "-v" "/var/lib/crater-agent-workspace/builds/worker-4-tc2/source:/opt/rustwide/workdir:ro,Z" "-v" "/var/lib/crater-agent-workspace/builds/worker-4-tc2/target:/opt/rustwide/target:rw,Z" "-v" "/var/lib/crater-agent-workspace/cargo-home:/opt/rustwide/cargo-home:ro,Z" "-v" "/var/lib/crater-agent-workspace/rustup-home:/opt/rustwide/rustup-home:ro,Z" "-m" "1610612736" "--network" "none" "ghcr.io/rust-lang/crates-build-env/linux@sha256:77db811e55d90add9212f6832c23229e3de5f1c1f9905e8cb07319ea15df73ac" "sleep" "infinity", kill_on_drop: false }`
[INFO] [stdout] 9c779fc8dfac195918ef3e5763a9aa9dc3aa86e1a85a4d436e648f824e0d4be3
[INFO] running `Command { std: "docker" "start" "9c779fc8dfac195918ef3e5763a9aa9dc3aa86e1a85a4d436e648f824e0d4be3", kill_on_drop: false }`
[INFO] running `Command { std: "docker" "inspect" "9c779fc8dfac195918ef3e5763a9aa9dc3aa86e1a85a4d436e648f824e0d4be3", kill_on_drop: false }`
[INFO] running `Command { std: "docker" "exec" "-e" "SOURCE_DIR=/opt/rustwide/workdir" "-e" "CARGO_HOME=/opt/rustwide/cargo-home" "-e" "RUSTUP_HOME=/opt/rustwide/rustup-home" "-e" "CARGO_TARGET_DIR=/opt/rustwide/target" "-w" "/opt/rustwide/workdir" "--user" "0:0" "9c779fc8dfac195918ef3e5763a9aa9dc3aa86e1a85a4d436e648f824e0d4be3" "/opt/rustwide/cargo-home/bin/cargo" "+3154cc1a3e6424e44f438a95007d043ed5ceaaf6" "metadata" "--no-deps" "--format-version=1", kill_on_drop: false }`
[INFO] running `Command { std: "docker" "inspect" "9c779fc8dfac195918ef3e5763a9aa9dc3aa86e1a85a4d436e648f824e0d4be3", kill_on_drop: false }`
[INFO] running `Command { std: "docker" "exec" "-e" "SOURCE_DIR=/opt/rustwide/workdir" "-e" "CARGO_HOME=/opt/rustwide/cargo-home" "-e" "RUSTUP_HOME=/opt/rustwide/rustup-home" "-e" "CARGO_TARGET_DIR=/opt/rustwide/target" "-e" "CARGO_INCREMENTAL=0" "-e" "RUST_BACKTRACE=full" "-e" "RUSTFLAGS=--cap-lints=forbid" "-e" "RUSTDOCFLAGS=--cap-lints=forbid" "-w" "/opt/rustwide/workdir" "--user" "0:0" "9c779fc8dfac195918ef3e5763a9aa9dc3aa86e1a85a4d436e648f824e0d4be3" "/opt/rustwide/cargo-home/bin/cargo" "+3154cc1a3e6424e44f438a95007d043ed5ceaaf6" "check" "--frozen" "--all" "--all-targets" "--message-format=json", kill_on_drop: false }`
[INFO] [stderr]    Compiling syn v3.0.3
[INFO] [stderr]     Checking toml_write v0.1.2
[INFO] [stderr]     Checking winnow v0.7.15
[INFO] [stderr]     Checking flume v0.11.1
[INFO] [stderr]     Checking futures-util v0.3.34
[INFO] [stderr]     Checking windows-sys v0.61.2
[INFO] [stderr]    Compiling serde_derive v1.0.229
[INFO] [stderr]    Compiling tokio-macros v2.7.2
[INFO] [stderr]    Compiling thiserror-impl v2.0.20
[INFO] [stderr]     Checking tokio v1.53.1
[INFO] [stderr]     Checking thiserror v2.0.20
[INFO] [stderr]     Checking serde v1.0.229
[INFO] [stderr]     Checking toml_datetime v0.6.11
[INFO] [stderr]     Checking serde_spanned v0.6.9
[INFO] [stderr]     Checking toml_edit v0.22.27
[INFO] [stderr]     Checking tokio-stream v0.1.19
[INFO] [stderr]     Checking tokio-util v0.7.19
[INFO] [stderr]     Checking rumqttc v0.25.1
[INFO] [stderr]     Checking toml v0.8.23
[INFO] [stderr]     Checking pc-activity-mqtt v0.1.1 (/opt/rustwide/workdir)
[INFO] [stdout] error: pc-activity-mqtt is a Windows-only application
[INFO] [stdout]  --> src/main.rs:4:1
[INFO] [stdout]   |
[INFO] [stdout] 4 | compile_error!("pc-activity-mqtt is a Windows-only application");
[INFO] [stdout]   | ^^^^^^^^^^^^^^^^^^^^^^^^^^^^^^^^^^^^^^^^^^^^^^^^^^^^^^^^^^^^^^^^
[INFO] [stdout] 
[INFO] [stdout] 
[INFO] [stdout] error[E0433]: cannot find `windows` in `os`
[INFO] [stdout]  --> src/util.rs:2:14
[INFO] [stdout]   |
[INFO] [stdout] 2 | use std::os::windows::ffi::OsStrExt;
[INFO] [stdout]   |              ^^^^^^^ could not find `windows` in `os`
[INFO] [stdout]   |
[INFO] [stdout] note: found an item that was configured out
[INFO] [stdout]  --> /rustc/3154cc1a3e6424e44f438a95007d043ed5ceaaf6/library/std/src/os/mod.rs:62:4
[INFO] [stdout]   |
[INFO] [stdout]   = note: the item is gated behind the `windows` feature
[INFO] [stdout] 
[INFO] [stdout] 
[INFO] [stdout] error: pc-activity-mqtt is a Windows-only application
[INFO] [stdout]  --> src/main.rs:4:1
[INFO] [stdout]   |
[INFO] [stdout] 4 | compile_error!("pc-activity-mqtt is a Windows-only application");
[INFO] [stdout]   | ^^^^^^^^^^^^^^^^^^^^^^^^^^^^^^^^^^^^^^^^^^^^^^^^^^^^^^^^^^^^^^^^
[INFO] [stdout] 
[INFO] [stdout] 
[INFO] [stdout] error[E0433]: cannot find `windows` in `os`
[INFO] [stdout]  --> src/util.rs:2:14
[INFO] [stdout]   |
[INFO] [stdout] 2 | use std::os::windows::ffi::OsStrExt;
[INFO] [stdout]   |              ^^^^^^^ could not find `windows` in `os`
[INFO] [stdout]   |
[INFO] [stdout] note: found an item that was configured out
[INFO] [stdout]  --> /rustc/3154cc1a3e6424e44f438a95007d043ed5ceaaf6/library/std/src/os/mod.rs:62:4
[INFO] [stdout]   |
[INFO] [stdout]   = note: the item is gated behind the `windows` feature
[INFO] [stdout] 
[INFO] [stdout] 
[INFO] [stdout] error[E0599]: no method named `encode_wide` found for reference `&OsStr` in the current scope
[INFO] [stdout]  --> src/util.rs:5:20
[INFO] [stdout]   |
[INFO] [stdout] 5 |     value.as_ref().encode_wide().chain(Some(0)).collect()
[INFO] [stdout]   |                    ^^^^^^^^^^^ method not found in `&OsStr`
[INFO] [stdout] 
[INFO] [stdout] 
[INFO] [stdout] error[E0599]: no method named `encode_wide` found for reference `&OsStr` in the current scope
[INFO] [stdout]  --> src/util.rs:5:20
[INFO] [stdout]   |
[INFO] [stdout] 5 |     value.as_ref().encode_wide().chain(Some(0)).collect()
[INFO] [stdout]   |                    ^^^^^^^^^^^ method not found in `&OsStr`
[INFO] [stdout] 
[INFO] [stdout] 
[INFO] [stdout] Some errors have detailed explanations: E0433, E0599.
[INFO] [stdout] 
[INFO] [stdout] For more information about an error, try `rustc --explain E0433`.
[INFO] [stdout] 
[INFO] [stderr] error: could not compile `pc-activity-mqtt` (bin "pc-activity-mqtt" test) due to 3 previous errors
[INFO] [stderr] warning: build failed, waiting for other jobs to finish...
[INFO] [stdout] Some errors have detailed explanations: E0433, E0599.
[INFO] [stdout] 
[INFO] [stdout] For more information about an error, try `rustc --explain E0433`.
[INFO] [stdout] 
[INFO] [stderr] error: could not compile `pc-activity-mqtt` (bin "pc-activity-mqtt") due to 3 previous errors
[INFO] running `Command { std: "docker" "inspect" "9c779fc8dfac195918ef3e5763a9aa9dc3aa86e1a85a4d436e648f824e0d4be3", kill_on_drop: false }`
[INFO] running `Command { std: "docker" "rm" "-f" "9c779fc8dfac195918ef3e5763a9aa9dc3aa86e1a85a4d436e648f824e0d4be3", kill_on_drop: false }`
[INFO] [stdout] 9c779fc8dfac195918ef3e5763a9aa9dc3aa86e1a85a4d436e648f824e0d4be3
