[INFO] cloning repository https://github.com/MomentumScript/SpeedClient
[INFO] running `Command { std: "git" "-c" "credential.helper=" "-c" "credential.helper=/workspace/cargo-home/bin/git-credential-null" "clone" "--bare" "https://github.com/MomentumScript/SpeedClient" "/workspace/cache/git-repos/https%3A%2F%2Fgithub.com%2FMomentumScript%2FSpeedClient", kill_on_drop: false }`
[INFO] [stderr] Cloning into bare repository '/workspace/cache/git-repos/https%3A%2F%2Fgithub.com%2FMomentumScript%2FSpeedClient'...
[INFO] running `Command { std: "git" "rev-parse" "HEAD", kill_on_drop: false }`
[INFO] [stdout] 10758f8abcb8cf9e9f32d1eb93bc776a859ff1e5
[INFO] checking MomentumScript/SpeedClient against 3154cc1a3e6424e44f438a95007d043ed5ceaaf6+rustflags=-Znext-solver=coherence for pr-133502-30
[INFO] running `Command { std: "git" "clone" "/workspace/cache/git-repos/https%3A%2F%2Fgithub.com%2FMomentumScript%2FSpeedClient" "/workspace/builds/worker-5-tc1/source", kill_on_drop: false }`
[INFO] [stderr] Cloning into '/workspace/builds/worker-5-tc1/source'...
[INFO] [stderr] done.
[INFO] started tweaking git repo https://github.com/MomentumScript/SpeedClient
[INFO] finished tweaking git repo https://github.com/MomentumScript/SpeedClient
[INFO] tweaked toml for git repo https://github.com/MomentumScript/SpeedClient written to /workspace/builds/worker-5-tc1/source/Cargo.toml
[INFO] validating manifest of git repo https://github.com/MomentumScript/SpeedClient on toolchain 3154cc1a3e6424e44f438a95007d043ed5ceaaf6
[INFO] running `Command { std: CARGO_HOME="/workspace/cargo-home" RUSTUP_HOME="/workspace/rustup-home" "/workspace/cargo-home/bin/cargo" "+3154cc1a3e6424e44f438a95007d043ed5ceaaf6" "metadata" "--manifest-path" "Cargo.toml" "--no-deps", kill_on_drop: false }`
[INFO] crate git repo https://github.com/MomentumScript/SpeedClient already has a lockfile, it will not be regenerated
[INFO] running `Command { std: CARGO_HOME="/workspace/cargo-home" RUSTUP_HOME="/workspace/rustup-home" "/workspace/cargo-home/bin/cargo" "+3154cc1a3e6424e44f438a95007d043ed5ceaaf6" "fetch" "--manifest-path" "Cargo.toml", kill_on_drop: false }`
[INFO] [stderr]  Downloading crates ...
[INFO] [stderr]   Downloaded eframe v0.28.1
[INFO] [stderr]   Downloaded ecolor v0.28.1
[INFO] [stderr]   Downloaded egui_glow v0.28.1
[INFO] [stderr]   Downloaded emath v0.28.1
[INFO] [stderr]   Downloaded egui-winit v0.28.1
[INFO] [stderr]   Downloaded egui v0.28.1
[INFO] [stderr]   Downloaded epaint v0.28.1
[INFO] running `Command { std: "docker" "create" "-v" "/var/lib/crater-agent-workspace/builds/worker-5-tc1/source:/opt/rustwide/workdir:ro,Z" "-v" "/var/lib/crater-agent-workspace/builds/worker-5-tc1/target:/opt/rustwide/target:rw,Z" "-v" "/var/lib/crater-agent-workspace/cargo-home:/opt/rustwide/cargo-home:ro,Z" "-v" "/var/lib/crater-agent-workspace/rustup-home:/opt/rustwide/rustup-home:ro,Z" "-m" "1610612736" "--network" "none" "ghcr.io/rust-lang/crates-build-env/linux@sha256:77db811e55d90add9212f6832c23229e3de5f1c1f9905e8cb07319ea15df73ac" "sleep" "infinity", kill_on_drop: false }`
[INFO] [stdout] 22fb7af602677a31becd103355d6b0bac2d45f4455560b6f8d337ac2b39339b2
[INFO] running `Command { std: "docker" "start" "22fb7af602677a31becd103355d6b0bac2d45f4455560b6f8d337ac2b39339b2", kill_on_drop: false }`
[INFO] running `Command { std: "docker" "inspect" "22fb7af602677a31becd103355d6b0bac2d45f4455560b6f8d337ac2b39339b2", kill_on_drop: false }`
[INFO] running `Command { std: "docker" "exec" "-e" "SOURCE_DIR=/opt/rustwide/workdir" "-e" "CARGO_HOME=/opt/rustwide/cargo-home" "-e" "RUSTUP_HOME=/opt/rustwide/rustup-home" "-e" "CARGO_TARGET_DIR=/opt/rustwide/target" "-w" "/opt/rustwide/workdir" "--user" "0:0" "22fb7af602677a31becd103355d6b0bac2d45f4455560b6f8d337ac2b39339b2" "/opt/rustwide/cargo-home/bin/cargo" "+3154cc1a3e6424e44f438a95007d043ed5ceaaf6" "metadata" "--no-deps" "--format-version=1", kill_on_drop: false }`
[INFO] running `Command { std: "docker" "inspect" "22fb7af602677a31becd103355d6b0bac2d45f4455560b6f8d337ac2b39339b2", kill_on_drop: false }`
[INFO] running `Command { std: "docker" "exec" "-e" "SOURCE_DIR=/opt/rustwide/workdir" "-e" "CARGO_HOME=/opt/rustwide/cargo-home" "-e" "RUSTUP_HOME=/opt/rustwide/rustup-home" "-e" "CARGO_TARGET_DIR=/opt/rustwide/target" "-e" "CARGO_INCREMENTAL=0" "-e" "RUST_BACKTRACE=full" "-e" "RUSTFLAGS=--cap-lints=forbid -Znext-solver=coherence" "-e" "RUSTDOCFLAGS=--cap-lints=forbid" "-w" "/opt/rustwide/workdir" "--user" "0:0" "22fb7af602677a31becd103355d6b0bac2d45f4455560b6f8d337ac2b39339b2" "/opt/rustwide/cargo-home/bin/cargo" "+3154cc1a3e6424e44f438a95007d043ed5ceaaf6" "check" "--frozen" "--all" "--all-targets" "--message-format=json", kill_on_drop: false }`
[INFO] [stderr]    Compiling proc-macro2 v1.0.107
[INFO] [stderr]     Checking smallvec v1.15.2
[INFO] [stderr]    Compiling quote v1.0.47
[INFO] [stderr]    Compiling cc v1.4.3
[INFO] [stderr]    Compiling libc v0.2.189
[INFO] [stderr]     Checking wayland-sys v0.31.11
[INFO] [stderr]    Compiling cfg_aliases v0.1.1
[INFO] [stderr]    Compiling getrandom v0.3.4
[INFO] [stderr]    Compiling log v0.4.33
[INFO] [stderr]     Checking tracing-core v0.1.36
[INFO] [stderr]    Compiling smithay-client-toolkit v0.18.1
[INFO] [stderr]     Checking zeroize v1.9.0
[INFO] [stderr]    Compiling winit v0.29.15
[INFO] [stderr]    Compiling gl_generator v0.14.0
[INFO] [stderr]     Checking raw-window-handle v0.5.2
[INFO] [stderr]     Checking rustls-pki-types v1.15.1
[INFO] [stderr]     Checking flate2 v1.1.9
[INFO] [stderr]     Checking xkbcommon-dl v0.4.2
[INFO] [stderr]     Checking tracing v0.1.44
[INFO] [stderr]    Compiling glutin v0.31.3
[INFO] [stderr]    Compiling zmij v1.0.23
[INFO] [stderr]    Compiling glutin_glx_sys v0.5.0
[INFO] [stderr]    Compiling glutin_egl_sys v0.6.0
[INFO] [stderr]     Checking calloop v0.14.4
[INFO] [stderr]    Compiling syn v3.0.3
[INFO] [stderr]    Compiling syn v2.0.119
[INFO] [stderr]    Compiling wayland-scanner v0.31.11
[INFO] [stderr]    Compiling glutin-winit v0.4.2
[INFO] [stderr]    Compiling rustls v0.23.43
[INFO] [stderr]     Checking ahash v0.8.12
[INFO] [stderr]     Checking parking_lot_core v0.9.12
[INFO] [stderr]     Checking memmap2 v0.9.11
[INFO] [stderr]     Checking x11-dl v2.21.0
[INFO] [stderr]     Checking parking_lot v0.12.5
[INFO] [stderr]     Checking x11rb v0.13.2
[INFO] [stderr]    Compiling wayland-backend v0.3.17
[INFO] [stderr]    Compiling ring v0.17.14
[INFO] [stderr]     Checking getrandom v0.2.17
[INFO] [stderr]    Compiling serde_json v1.0.151
[INFO] [stderr]    Compiling serde v1.0.229
[INFO] [stderr]     Checking png v0.18.1
[INFO] [stderr]     Checking wayland-csd-frame v0.3.0
[INFO] [stderr]     Checking wayland-client v0.31.15
[INFO] [stderr]     Checking webpki-roots v1.0.9
[INFO] [stderr]     Checking glow v0.13.1
[INFO] [stderr]     Checking memchr v2.8.3
[INFO] [stderr]     Checking arboard v3.6.1
[INFO] [stderr]     Checking web-time v0.2.4
[INFO] [stderr]    Compiling winapi v0.3.9
[INFO] [stderr]    Compiling synstructure v0.13.2
[INFO] [stderr]     Checking wayland-protocols v0.32.13
[INFO] [stderr]     Checking wayland-cursor v0.31.14
[INFO] [stderr]     Checking wayland-protocols v0.31.2
[INFO] [stderr]     Checking calloop-wayland-source v0.4.1
[INFO] [stderr]     Checking webpki-roots v0.26.11
[INFO] [stderr]    Compiling zerovec-derive v0.11.6
[INFO] [stderr]    Compiling displaydoc v0.2.7
[INFO] [stderr]    Compiling bytemuck_derive v1.12.0
[INFO] [stderr]    Compiling zerofrom-derive v0.1.7
[INFO] [stderr]    Compiling yoke-derive v0.8.2
[INFO] [stderr]    Compiling thiserror-impl v1.0.69
[INFO] [stderr]    Compiling thiserror-impl v2.0.20
[INFO] [stderr]     Checking zerofrom v0.1.8
[INFO] [stderr]     Checking rustls-webpki v0.103.15
[INFO] [stderr]     Checking yoke v0.8.3
[INFO] [stderr]     Checking bytemuck v1.25.2
[INFO] [stderr]     Checking zerovec v0.11.8
[INFO] [stderr]     Checking zerotrie v0.2.5
[INFO] [stderr]     Checking emath v0.28.1
[INFO] [stderr]     Checking thiserror v1.0.69
[INFO] [stderr]     Checking ecolor v0.28.1
[INFO] [stderr]     Checking calloop v0.12.4
[INFO] [stderr]     Checking image v0.25.10
[INFO] [stderr]     Checking epaint v0.28.1
[INFO] [stderr]     Checking tinystr v0.8.4
[INFO] [stderr]     Checking icu_locale_core v2.3.0
[INFO] [stderr]     Checking potential_utf v0.1.6
[INFO] [stderr]     Checking calloop-wayland-source v0.2.0
[INFO] [stderr]     Checking icu_collections v2.3.0
[INFO] [stderr]     Checking thiserror v2.0.20
[INFO] [stderr]     Checking egui v0.28.1
[INFO] [stderr]     Checking icu_provider v2.3.1
[INFO] [stderr]     Checking wayland-protocols-wlr v0.2.0
[INFO] [stderr]     Checking wayland-protocols-plasma v0.2.0
[INFO] [stderr]     Checking icu_properties v2.3.0
[INFO] [stderr]     Checking icu_normalizer v2.3.0
[INFO] [stderr]     Checking idna_adapter v1.2.2
[INFO] [stderr]     Checking idna v1.1.0
[INFO] [stderr]     Checking url v2.5.8
[INFO] [stderr]     Checking wayland-protocols-wlr v0.3.12
[INFO] [stderr]     Checking wayland-protocols-experimental v20250721.0.1
[INFO] [stderr]     Checking wayland-protocols-misc v0.3.12
[INFO] [stderr]     Checking webbrowser v1.2.4
[INFO] [stderr]     Checking ureq v2.12.1
[INFO] [stderr]     Checking egui_glow v0.28.1
[INFO] [stderr]     Checking smithay-client-toolkit v0.20.0
[INFO] [stderr]     Checking smithay-clipboard v0.7.3
[INFO] [stderr]     Checking egui-winit v0.28.1
[INFO] [stderr]     Checking eframe v0.28.1
[INFO] [stderr]     Checking speed-client v0.5.0 (/opt/rustwide/workdir)
[INFO] [stdout] error[E0433]: cannot find `windows` in `os`
[INFO] [stdout]  --> src/win.rs:2:14
[INFO] [stdout]   |
[INFO] [stdout] 2 | use std::os::windows::ffi::OsStrExt;
[INFO] [stdout]   |              ^^^^^^^ could not find `windows` in `os`
[INFO] [stdout]   |
[INFO] [stdout] note: found an item that was configured out
[INFO] [stdout]  --> /rustc/3154cc1a3e6424e44f438a95007d043ed5ceaaf6/library/std/src/os/mod.rs:62:4
[INFO] [stdout]   |
[INFO] [stdout]   = note: the item is gated behind the `windows` feature
[INFO] [stdout] 
[INFO] [stdout] 
[INFO] [stdout] error[E0433]: cannot find `shared` in `winapi`
[INFO] [stdout]  --> src/win.rs:3:13
[INFO] [stdout]   |
[INFO] [stdout] 3 | use winapi::shared::minwindef::{BOOL, LPARAM, TRUE};
[INFO] [stdout]   |             ^^^^^^ could not find `shared` in `winapi`
[INFO] [stdout] 
[INFO] [stdout] 
[INFO] [stdout] error[E0433]: cannot find `shared` in `winapi`
[INFO] [stdout]  --> src/win.rs:4:13
[INFO] [stdout]   |
[INFO] [stdout] 4 | use winapi::shared::windef::{HWND, POINT, RECT};
[INFO] [stdout]   |             ^^^^^^ could not find `shared` in `winapi`
[INFO] [stdout] 
[INFO] [stdout] 
[INFO] [stdout] error[E0433]: cannot find `um` in `winapi`
[INFO] [stdout]  --> src/win.rs:5:13
[INFO] [stdout]   |
[INFO] [stdout] 5 | use winapi::um::winuser::{
[INFO] [stdout]   |             ^^ could not find `um` in `winapi`
[INFO] [stdout] 
[INFO] [stdout] 
[INFO] [stdout] error[E0433]: cannot find `windows` in `os`
[INFO] [stdout]   --> src/main.rs:12:14
[INFO] [stdout]    |
[INFO] [stdout] 12 | use std::os::windows::process::CommandExt;
[INFO] [stdout]    |              ^^^^^^^ could not find `windows` in `os`
[INFO] [stdout]    |
[INFO] [stdout] note: found an item that was configured out
[INFO] [stdout]   --> /rustc/3154cc1a3e6424e44f438a95007d043ed5ceaaf6/library/std/src/os/mod.rs:62:4
[INFO] [stdout]    |
[INFO] [stdout]    = note: the item is gated behind the `windows` feature
[INFO] [stdout] 
[INFO] [stdout] 
[INFO] [stdout] error[E0433]: cannot find `windows` in `os`
[INFO] [stdout]  --> src/win.rs:2:14
[INFO] [stdout]   |
[INFO] [stdout] 2 | use std::os::windows::ffi::OsStrExt;
[INFO] [stdout]   |              ^^^^^^^ could not find `windows` in `os`
[INFO] [stdout]   |
[INFO] [stdout] note: found an item that was configured out
[INFO] [stdout]  --> /rustc/3154cc1a3e6424e44f438a95007d043ed5ceaaf6/library/std/src/os/mod.rs:62:4
[INFO] [stdout]   |
[INFO] [stdout]   = note: the item is gated behind the `windows` feature
[INFO] [stdout] 
[INFO] [stdout] 
[INFO] [stdout] error[E0433]: cannot find `shared` in `winapi`
[INFO] [stdout]  --> src/win.rs:3:13
[INFO] [stdout]   |
[INFO] [stdout] 3 | use winapi::shared::minwindef::{BOOL, LPARAM, TRUE};
[INFO] [stdout]   |             ^^^^^^ could not find `shared` in `winapi`
[INFO] [stdout] 
[INFO] [stdout] 
[INFO] [stdout] error[E0433]: cannot find `shared` in `winapi`
[INFO] [stdout]  --> src/win.rs:4:13
[INFO] [stdout]   |
[INFO] [stdout] 4 | use winapi::shared::windef::{HWND, POINT, RECT};
[INFO] [stdout]   |             ^^^^^^ could not find `shared` in `winapi`
[INFO] [stdout] 
[INFO] [stdout] 
[INFO] [stdout] error[E0433]: cannot find `um` in `winapi`
[INFO] [stdout]  --> src/win.rs:5:13
[INFO] [stdout]   |
[INFO] [stdout] 5 | use winapi::um::winuser::{
[INFO] [stdout]   |             ^^ could not find `um` in `winapi`
[INFO] [stdout] 
[INFO] [stdout] 
[INFO] [stdout] error[E0433]: cannot find `windows` in `os`
[INFO] [stdout]   --> src/main.rs:12:14
[INFO] [stdout]    |
[INFO] [stdout] 12 | use std::os::windows::process::CommandExt;
[INFO] [stdout]    |              ^^^^^^^ could not find `windows` in `os`
[INFO] [stdout]    |
[INFO] [stdout] note: found an item that was configured out
[INFO] [stdout]   --> /rustc/3154cc1a3e6424e44f438a95007d043ed5ceaaf6/library/std/src/os/mod.rs:62:4
[INFO] [stdout]    |
[INFO] [stdout]    = note: the item is gated behind the `windows` feature
[INFO] [stdout] 
[INFO] [stdout] 
[INFO] [stdout] error[E0599]: no method named `encode_wide` found for reference `&OsStr` in the current scope
[INFO] [stdout]   --> src/win.rs:14:19
[INFO] [stdout]    |
[INFO] [stdout] 14 |     OsStr::new(s).encode_wide().chain(std::iter::once(0)).collect()
[INFO] [stdout]    |                   ^^^^^^^^^^^ method not found in `&OsStr`
[INFO] [stdout] 
[INFO] [stdout] 
[INFO] [stdout] error[E0599]: no method named `creation_flags` found for mutable reference `&mut Command` in the current scope
[INFO] [stdout]    --> src/main.rs:138:10
[INFO] [stdout]     |
[INFO] [stdout] 136 |     let _ = Command::new("cmd")
[INFO] [stdout] 137 |         .args(["/C", "start", "", &bat.to_string_lossy()])
[INFO] [stdout] 138 |         .creation_flags(CREATE_NO_WINDOW)
[INFO] [stdout]     |          ^^^^^^^^^^^^^^ method not found in `&mut Command`
[INFO] [stdout] 
[INFO] [stdout] 
[INFO] [stdout] error[E0599]: no method named `encode_wide` found for reference `&OsStr` in the current scope
[INFO] [stdout]   --> src/win.rs:14:19
[INFO] [stdout]    |
[INFO] [stdout] 14 |     OsStr::new(s).encode_wide().chain(std::iter::once(0)).collect()
[INFO] [stdout]    |                   ^^^^^^^^^^^ method not found in `&OsStr`
[INFO] [stdout] 
[INFO] [stdout] 
[INFO] [stdout] warning: falling back to `f32` as the trait bound `f32: From<f64>` is not satisfied
[INFO] [stdout]     --> src/main.rs:1185:69
[INFO] [stdout]      |
[INFO] [stdout] 1185 |             p.line_segment([c + d * 7.6, c + d * 10.4], Stroke::new(1.6, col));
[INFO] [stdout]      |                                                                     ^^^ help: explicitly specify the type as `f32`: `1.6_f32`
[INFO] [stdout]      |
[INFO] [stdout]      = warning: this was previously accepted by the compiler but is being phased out; it will become a hard error in a future release!
[INFO] [stdout]      = note: for more information, see issue #154024 <https://github.com/rust-lang/rust/issues/154024>
[INFO] [stdout]      = note: `#[warn(float_literal_f32_fallback)]` (part of `#[warn(future_incompatible)]`) on by default
[INFO] [stdout] 
[INFO] [stdout] 
[INFO] [stdout] error[E0599]: no method named `creation_flags` found for mutable reference `&mut Command` in the current scope
[INFO] [stdout]    --> src/main.rs:138:10
[INFO] [stdout]     |
[INFO] [stdout] 136 |     let _ = Command::new("cmd")
[INFO] [stdout] 137 |         .args(["/C", "start", "", &bat.to_string_lossy()])
[INFO] [stdout] 138 |         .creation_flags(CREATE_NO_WINDOW)
[INFO] [stdout]     |          ^^^^^^^^^^^^^^ method not found in `&mut Command`
[INFO] [stdout] 
[INFO] [stdout] 
[INFO] [stdout] error[E0599]: no method named `creation_flags` found for mutable reference `&mut Command` in the current scope
[INFO] [stdout]     --> src/main.rs:1703:14
[INFO] [stdout]      |
[INFO] [stdout] 1697 | ...   let _ = Command::new("powershell")
[INFO] [stdout] 1698 | ...       .args([
[INFO] [stdout] 1699 | ...           "-NoProfile",
[INFO] [stdout] 1700 | ...           "-Command",
[INFO] [stdout] 1701 | ...           "Get-CimInstance Win32_Process -Filter \"Name='java.exe'\" | Where-Object { $_.CommandLine -like '*SpeedClient.jar*'...
[INFO] [stdout] 1702 | ...       ])
[INFO] [stdout] 1703 | ...       .creation_flags(CREATE_NO_WINDOW)
[INFO] [stdout]      |            ^^^^^^^^^^^^^^ method not found in `&mut Command`
[INFO] [stdout] 
[INFO] [stdout] 
[INFO] [stdout] error[E0599]: no method named `creation_flags` found for mutable reference `&mut Command` in the current scope
[INFO] [stdout]     --> src/main.rs:1858:22
[INFO] [stdout]      |
[INFO] [stdout] 1854 |                 cmd.arg("-jar")
[INFO] [stdout] 1855 |                     .arg(&jar)
[INFO] [stdout] 1856 |                     .stdout(Stdio::piped())
[INFO] [stdout] 1857 |                     .stderr(Stdio::piped())
[INFO] [stdout] 1858 |                     .creation_flags(CREATE_NO_WINDOW);
[INFO] [stdout]      |                      ^^^^^^^^^^^^^^ method not found in `&mut Command`
[INFO] [stdout] 
[INFO] [stdout] 
[INFO] [stdout] warning: falling back to `f32` as the trait bound `f32: From<f64>` is not satisfied
[INFO] [stdout]     --> src/main.rs:1185:69
[INFO] [stdout]      |
[INFO] [stdout] 1185 |             p.line_segment([c + d * 7.6, c + d * 10.4], Stroke::new(1.6, col));
[INFO] [stdout]      |                                                                     ^^^ help: explicitly specify the type as `f32`: `1.6_f32`
[INFO] [stdout]      |
[INFO] [stdout]      = warning: this was previously accepted by the compiler but is being phased out; it will become a hard error in a future release!
[INFO] [stdout]      = note: for more information, see issue #154024 <https://github.com/rust-lang/rust/issues/154024>
[INFO] [stdout]      = note: `#[warn(float_literal_f32_fallback)]` (part of `#[warn(future_incompatible)]`) on by default
[INFO] [stdout] 
[INFO] [stdout] 
[INFO] [stdout] error[E0599]: no method named `creation_flags` found for mutable reference `&mut Command` in the current scope
[INFO] [stdout]     --> src/main.rs:1900:14
[INFO] [stdout]      |
[INFO] [stdout] 1894 | ...   let _ = Command::new("powershell")
[INFO] [stdout] 1895 | ...       .args([
[INFO] [stdout] 1896 | ...           "-NoProfile",
[INFO] [stdout] 1897 | ...           "-Command",
[INFO] [stdout] 1898 | ...           "Get-CimInstance Win32_Process -Filter \"Name='java.exe'\" | Where-Object { $_.CommandLine -like '*SpeedClient.jar*'...
[INFO] [stdout] 1899 | ...       ])
[INFO] [stdout] 1900 | ...       .creation_flags(CREATE_NO_WINDOW)
[INFO] [stdout]      |            ^^^^^^^^^^^^^^ method not found in `&mut Command`
[INFO] [stdout] 
[INFO] [stdout] 
[INFO] [stdout] error[E0599]: no method named `creation_flags` found for mutable reference `&mut Command` in the current scope
[INFO] [stdout]     --> src/main.rs:1703:14
[INFO] [stdout]      |
[INFO] [stdout] 1697 | ...   let _ = Command::new("powershell")
[INFO] [stdout] 1698 | ...       .args([
[INFO] [stdout] 1699 | ...           "-NoProfile",
[INFO] [stdout] 1700 | ...           "-Command",
[INFO] [stdout] 1701 | ...           "Get-CimInstance Win32_Process -Filter \"Name='java.exe'\" | Where-Object { $_.CommandLine -like '*SpeedClient.jar*'...
[INFO] [stdout] 1702 | ...       ])
[INFO] [stdout] 1703 | ...       .creation_flags(CREATE_NO_WINDOW)
[INFO] [stdout]      |            ^^^^^^^^^^^^^^ method not found in `&mut Command`
[INFO] [stdout] 
[INFO] [stdout] 
[INFO] [stdout] error[E0599]: no method named `creation_flags` found for mutable reference `&mut Command` in the current scope
[INFO] [stdout]     --> src/main.rs:1858:22
[INFO] [stdout]      |
[INFO] [stdout] 1854 |                 cmd.arg("-jar")
[INFO] [stdout] 1855 |                     .arg(&jar)
[INFO] [stdout] 1856 |                     .stdout(Stdio::piped())
[INFO] [stdout] 1857 |                     .stderr(Stdio::piped())
[INFO] [stdout] 1858 |                     .creation_flags(CREATE_NO_WINDOW);
[INFO] [stdout]      |                      ^^^^^^^^^^^^^^ method not found in `&mut Command`
[INFO] [stdout] 
[INFO] [stdout] 
[INFO] [stdout] error[E0599]: no method named `creation_flags` found for mutable reference `&mut Command` in the current scope
[INFO] [stdout]     --> src/main.rs:1914:14
[INFO] [stdout]      |
[INFO] [stdout] 1908 | ...   let _ = Command::new("powershell")
[INFO] [stdout] 1909 | ...       .args([
[INFO] [stdout] 1910 | ...           "-NoProfile",
[INFO] [stdout] 1911 | ...           "-Command",
[INFO] [stdout] 1912 | ...           "Get-CimInstance Win32_Process -Filter \"Name='java.exe'\" | Where-Object { $_.CommandLine -like '*SpeedClient.jar*'...
[INFO] [stdout] 1913 | ...       ])
[INFO] [stdout] 1914 | ...       .creation_flags(CREATE_NO_WINDOW)
[INFO] [stdout]      |            ^^^^^^^^^^^^^^ method not found in `&mut Command`
[INFO] [stdout] 
[INFO] [stdout] 
[INFO] [stdout] error[E0599]: no method named `creation_flags` found for mutable reference `&mut Command` in the current scope
[INFO] [stdout]     --> src/main.rs:1900:14
[INFO] [stdout]      |
[INFO] [stdout] 1894 | ...   let _ = Command::new("powershell")
[INFO] [stdout] 1895 | ...       .args([
[INFO] [stdout] 1896 | ...           "-NoProfile",
[INFO] [stdout] 1897 | ...           "-Command",
[INFO] [stdout] 1898 | ...           "Get-CimInstance Win32_Process -Filter \"Name='java.exe'\" | Where-Object { $_.CommandLine -like '*SpeedClient.jar*'...
[INFO] [stdout] 1899 | ...       ])
[INFO] [stdout] 1900 | ...       .creation_flags(CREATE_NO_WINDOW)
[INFO] [stdout]      |            ^^^^^^^^^^^^^^ method not found in `&mut Command`
[INFO] [stdout] 
[INFO] [stdout] 
[INFO] [stdout] error[E0599]: no method named `creation_flags` found for mutable reference `&mut Command` in the current scope
[INFO] [stdout]     --> src/main.rs:1914:14
[INFO] [stdout]      |
[INFO] [stdout] 1908 | ...   let _ = Command::new("powershell")
[INFO] [stdout] 1909 | ...       .args([
[INFO] [stdout] 1910 | ...           "-NoProfile",
[INFO] [stdout] 1911 | ...           "-Command",
[INFO] [stdout] 1912 | ...           "Get-CimInstance Win32_Process -Filter \"Name='java.exe'\" | Where-Object { $_.CommandLine -like '*SpeedClient.jar*'...
[INFO] [stdout] 1913 | ...       ])
[INFO] [stdout] 1914 | ...       .creation_flags(CREATE_NO_WINDOW)
[INFO] [stdout]      |            ^^^^^^^^^^^^^^ method not found in `&mut Command`
[INFO] [stdout] 
[INFO] [stdout] 
[INFO] [stdout] error[E0599]: no method named `creation_flags` found for mutable reference `&mut Command` in the current scope
[INFO] [stdout]     --> src/main.rs:1927:22
[INFO] [stdout]      |
[INFO] [stdout] 1925 |                 let _ = Command::new("explorer")
[INFO] [stdout] 1926 |                     .arg(dir)
[INFO] [stdout] 1927 |                     .creation_flags(CREATE_NO_WINDOW)
[INFO] [stdout]      |                      ^^^^^^^^^^^^^^ method not found in `&mut Command`
[INFO] [stdout] 
[INFO] [stdout] 
[INFO] [stdout] error[E0599]: no method named `creation_flags` found for mutable reference `&mut Command` in the current scope
[INFO] [stdout]     --> src/main.rs:1927:22
[INFO] [stdout]      |
[INFO] [stdout] 1925 |                 let _ = Command::new("explorer")
[INFO] [stdout] 1926 |                     .arg(dir)
[INFO] [stdout] 1927 |                     .creation_flags(CREATE_NO_WINDOW)
[INFO] [stdout]      |                      ^^^^^^^^^^^^^^ method not found in `&mut Command`
[INFO] [stdout] 
[INFO] [stdout] 
[INFO] [stdout] error[E0599]: no method named `creation_flags` found for mutable reference `&mut Command` in the current scope
[INFO] [stdout]     --> src/main.rs:5071:26
[INFO] [stdout]      |
[INFO] [stdout] 5069 |                     let _ = Command::new("cmd")
[INFO] [stdout] 5070 |                         .args(["/C", "start", "", "https://discord.com/developers/applications"])
[INFO] [stdout] 5071 |                         .creation_flags(CREATE_NO_WINDOW)
[INFO] [stdout]      |                          ^^^^^^^^^^^^^^ method not found in `&mut Command`
[INFO] [stdout] 
[INFO] [stdout] 
[INFO] [stdout] warning: falling back to `f32` as the trait bound `f32: From<f64>` is not satisfied
[INFO] [stdout]     --> src/main.rs:5775:29
[INFO] [stdout]      |
[INFO] [stdout] 5775 |                 Stroke::new(2.0, highlight().gamma_multiply(a)),
[INFO] [stdout]      |                             ^^^ help: explicitly specify the type as `f32`: `2.0_f32`
[INFO] [stdout]      |
[INFO] [stdout]      = warning: this was previously accepted by the compiler but is being phased out; it will become a hard error in a future release!
[INFO] [stdout]      = note: for more information, see issue #154024 <https://github.com/rust-lang/rust/issues/154024>
[INFO] [stdout] 
[INFO] [stdout] 
[INFO] [stdout] warning: falling back to `f32` as the trait bound `f32: From<f64>` is not satisfied
[INFO] [stdout]     --> src/main.rs:5777:36
[INFO] [stdout]      |
[INFO] [stdout] 5777 |             let tick = Stroke::new(3.0, highlight().gamma_multiply(a));
[INFO] [stdout]      |                                    ^^^ help: explicitly specify the type as `f32`: `3.0_f32`
[INFO] [stdout]      |
[INFO] [stdout]      = warning: this was previously accepted by the compiler but is being phased out; it will become a hard error in a future release!
[INFO] [stdout]      = note: for more information, see issue #154024 <https://github.com/rust-lang/rust/issues/154024>
[INFO] [stdout] 
[INFO] [stdout] 
[INFO] [stdout] error[E0599]: no method named `creation_flags` found for mutable reference `&mut Command` in the current scope
[INFO] [stdout]     --> src/main.rs:5071:26
[INFO] [stdout]      |
[INFO] [stdout] 5069 |                     let _ = Command::new("cmd")
[INFO] [stdout] 5070 |                         .args(["/C", "start", "", "https://discord.com/developers/applications"])
[INFO] [stdout] 5071 |                         .creation_flags(CREATE_NO_WINDOW)
[INFO] [stdout]      |                          ^^^^^^^^^^^^^^ method not found in `&mut Command`
[INFO] [stdout] 
[INFO] [stdout] 
[INFO] [stdout] warning: falling back to `f32` as the trait bound `f32: From<f64>` is not satisfied
[INFO] [stdout]     --> src/main.rs:5775:29
[INFO] [stdout]      |
[INFO] [stdout] 5775 |                 Stroke::new(2.0, highlight().gamma_multiply(a)),
[INFO] [stdout]      |                             ^^^ help: explicitly specify the type as `f32`: `2.0_f32`
[INFO] [stdout]      |
[INFO] [stdout]      = warning: this was previously accepted by the compiler but is being phased out; it will become a hard error in a future release!
[INFO] [stdout]      = note: for more information, see issue #154024 <https://github.com/rust-lang/rust/issues/154024>
[INFO] [stdout] 
[INFO] [stdout] 
[INFO] [stdout] warning: falling back to `f32` as the trait bound `f32: From<f64>` is not satisfied
[INFO] [stdout]     --> src/main.rs:5777:36
[INFO] [stdout]      |
[INFO] [stdout] 5777 |             let tick = Stroke::new(3.0, highlight().gamma_multiply(a));
[INFO] [stdout]      |                                    ^^^ help: explicitly specify the type as `f32`: `3.0_f32`
[INFO] [stdout]      |
[INFO] [stdout]      = warning: this was previously accepted by the compiler but is being phased out; it will become a hard error in a future release!
[INFO] [stdout]      = note: for more information, see issue #154024 <https://github.com/rust-lang/rust/issues/154024>
[INFO] [stdout] 
[INFO] [stdout] 
[INFO] [stdout] warning: unused variable: `shown_key`
[INFO] [stdout]     --> src/main.rs:6781:17
[INFO] [stdout]      |
[INFO] [stdout] 6781 |             let shown_key = if kind == "good" { "up_to_date" } else { "update_failed" };
[INFO] [stdout]      |                 ^^^^^^^^^ help: if this is intentional, prefix it with an underscore: `_shown_key`
[INFO] [stdout]      |
[INFO] [stdout]      = note: `#[warn(unused_variables)]` (part of `#[warn(unused)]`) on by default
[INFO] [stdout] 
[INFO] [stdout] 
[INFO] [stdout] Some errors have detailed explanations: E0433, E0599.
[INFO] [stdout] 
[INFO] [stdout] For more information about an error, try `rustc --explain E0433`.
[INFO] [stdout] 
[INFO] [stderr] error: could not compile `speed-client` (bin "SpeedClient") due to 13 previous errors; 4 warnings emitted
[INFO] [stderr] warning: build failed, waiting for other jobs to finish...
[INFO] [stdout] warning: unused variable: `shown_key`
[INFO] [stdout]     --> src/main.rs:6781:17
[INFO] [stdout]      |
[INFO] [stdout] 6781 |             let shown_key = if kind == "good" { "up_to_date" } else { "update_failed" };
[INFO] [stdout]      |                 ^^^^^^^^^ help: if this is intentional, prefix it with an underscore: `_shown_key`
[INFO] [stdout]      |
[INFO] [stdout]      = note: `#[warn(unused_variables)]` (part of `#[warn(unused)]`) on by default
[INFO] [stdout] 
[INFO] [stdout] 
[INFO] [stdout] Some errors have detailed explanations: E0433, E0599.
[INFO] [stdout] 
[INFO] [stdout] For more information about an error, try `rustc --explain E0433`.
[INFO] [stdout] 
[INFO] [stderr] error: could not compile `speed-client` (bin "SpeedClient" test) due to 13 previous errors; 4 warnings emitted
[INFO] running `Command { std: "docker" "inspect" "22fb7af602677a31becd103355d6b0bac2d45f4455560b6f8d337ac2b39339b2", kill_on_drop: false }`
[INFO] running `Command { std: "docker" "rm" "-f" "22fb7af602677a31becd103355d6b0bac2d45f4455560b6f8d337ac2b39339b2", kill_on_drop: false }`
[INFO] [stdout] 22fb7af602677a31becd103355d6b0bac2d45f4455560b6f8d337ac2b39339b2
