[INFO] cloning repository https://github.com/Mohit-Pala/nice-nano-playground
[INFO] running `Command { std: "git" "-c" "credential.helper=" "-c" "credential.helper=/workspace/cargo-home/bin/git-credential-null" "clone" "--bare" "https://github.com/Mohit-Pala/nice-nano-playground" "/workspace/cache/git-repos/https%3A%2F%2Fgithub.com%2FMohit-Pala%2Fnice-nano-playground", kill_on_drop: false }`
[INFO] [stderr] Cloning into bare repository '/workspace/cache/git-repos/https%3A%2F%2Fgithub.com%2FMohit-Pala%2Fnice-nano-playground'...
[INFO] running `Command { std: "git" "rev-parse" "HEAD", kill_on_drop: false }`
[INFO] [stdout] 9cbbb520eadcb131a78826272b3d3e542338c07b
[INFO] checking Mohit-Pala/nice-nano-playground against 3154cc1a3e6424e44f438a95007d043ed5ceaaf6 for pr-133502-30
[INFO] running `Command { std: "git" "clone" "/workspace/cache/git-repos/https%3A%2F%2Fgithub.com%2FMohit-Pala%2Fnice-nano-playground" "/workspace/builds/worker-2-tc2/source", kill_on_drop: false }`
[INFO] [stderr] Cloning into '/workspace/builds/worker-2-tc2/source'...
[INFO] [stderr] done.
[INFO] started tweaking git repo https://github.com/Mohit-Pala/nice-nano-playground
[INFO] finished tweaking git repo https://github.com/Mohit-Pala/nice-nano-playground
[INFO] tweaked toml for git repo https://github.com/Mohit-Pala/nice-nano-playground written to /workspace/builds/worker-2-tc2/source/Cargo.toml
[INFO] validating manifest of git repo https://github.com/Mohit-Pala/nice-nano-playground on toolchain 3154cc1a3e6424e44f438a95007d043ed5ceaaf6
[INFO] running `Command { std: CARGO_HOME="/workspace/cargo-home" RUSTUP_HOME="/workspace/rustup-home" "/workspace/cargo-home/bin/cargo" "+3154cc1a3e6424e44f438a95007d043ed5ceaaf6" "metadata" "--manifest-path" "Cargo.toml" "--no-deps", kill_on_drop: false }`
[INFO] crate git repo https://github.com/Mohit-Pala/nice-nano-playground already has a lockfile, it will not be regenerated
[INFO] running `Command { std: CARGO_HOME="/workspace/cargo-home" RUSTUP_HOME="/workspace/rustup-home" "/workspace/cargo-home/bin/cargo" "+3154cc1a3e6424e44f438a95007d043ed5ceaaf6" "fetch" "--manifest-path" "Cargo.toml", kill_on_drop: false }`
[INFO] running `Command { std: "docker" "create" "-v" "/var/lib/crater-agent-workspace/builds/worker-2-tc2/source:/opt/rustwide/workdir:ro,Z" "-v" "/var/lib/crater-agent-workspace/builds/worker-2-tc2/target:/opt/rustwide/target:rw,Z" "-v" "/var/lib/crater-agent-workspace/cargo-home:/opt/rustwide/cargo-home:ro,Z" "-v" "/var/lib/crater-agent-workspace/rustup-home:/opt/rustwide/rustup-home:ro,Z" "-m" "1610612736" "--network" "none" "ghcr.io/rust-lang/crates-build-env/linux@sha256:77db811e55d90add9212f6832c23229e3de5f1c1f9905e8cb07319ea15df73ac" "sleep" "infinity", kill_on_drop: false }`
[INFO] [stdout] 6b180a5e5519cd84dbb6b2a9856fb0cec7066b0930f39e2ffcf615388ac90160
[INFO] running `Command { std: "docker" "start" "6b180a5e5519cd84dbb6b2a9856fb0cec7066b0930f39e2ffcf615388ac90160", kill_on_drop: false }`
[INFO] running `Command { std: "docker" "inspect" "6b180a5e5519cd84dbb6b2a9856fb0cec7066b0930f39e2ffcf615388ac90160", kill_on_drop: false }`
[INFO] running `Command { std: "docker" "exec" "-e" "SOURCE_DIR=/opt/rustwide/workdir" "-e" "CARGO_HOME=/opt/rustwide/cargo-home" "-e" "RUSTUP_HOME=/opt/rustwide/rustup-home" "-e" "CARGO_TARGET_DIR=/opt/rustwide/target" "-w" "/opt/rustwide/workdir" "--user" "0:0" "6b180a5e5519cd84dbb6b2a9856fb0cec7066b0930f39e2ffcf615388ac90160" "/opt/rustwide/cargo-home/bin/cargo" "+3154cc1a3e6424e44f438a95007d043ed5ceaaf6" "metadata" "--no-deps" "--format-version=1", kill_on_drop: false }`
[INFO] running `Command { std: "docker" "inspect" "6b180a5e5519cd84dbb6b2a9856fb0cec7066b0930f39e2ffcf615388ac90160", kill_on_drop: false }`
[INFO] running `Command { std: "docker" "exec" "-e" "SOURCE_DIR=/opt/rustwide/workdir" "-e" "CARGO_HOME=/opt/rustwide/cargo-home" "-e" "RUSTUP_HOME=/opt/rustwide/rustup-home" "-e" "CARGO_TARGET_DIR=/opt/rustwide/target" "-e" "CARGO_INCREMENTAL=0" "-e" "RUST_BACKTRACE=full" "-e" "RUSTFLAGS=--cap-lints=forbid" "-e" "RUSTDOCFLAGS=--cap-lints=forbid" "-w" "/opt/rustwide/workdir" "--user" "0:0" "6b180a5e5519cd84dbb6b2a9856fb0cec7066b0930f39e2ffcf615388ac90160" "/opt/rustwide/cargo-home/bin/cargo" "+3154cc1a3e6424e44f438a95007d043ed5ceaaf6" "check" "--frozen" "--all" "--all-targets" "--message-format=json", kill_on_drop: false }`
[INFO] [stderr]     Checking nb v1.1.0
[INFO] [stderr]     Checking void v1.0.2
[INFO] [stderr]     Checking hash32 v0.3.1
[INFO] [stderr]     Checking futures-core v0.3.34
[INFO] [stderr]    Compiling semver-parser v0.7.0
[INFO] [stderr]    Compiling syn v3.0.3
[INFO] [stderr]    Compiling heapless v0.8.0
[INFO] [stderr]    Compiling serde_core v1.0.229
[INFO] [stderr]    Compiling embedded-io-async v0.6.1
[INFO] [stderr]    Compiling embedded-hal-async v1.0.0
[INFO] [stderr]     Checking embedded-io v0.7.1
[INFO] [stderr]     Checking nb v0.1.3
[INFO] [stderr]     Checking futures-sink v0.3.33
[INFO] [stderr]     Checking embedded-hal v1.0.0
[INFO] [stderr]     Checking embedded-io v0.6.1
[INFO] [stderr]     Checking embedded-hal v0.2.7
[INFO] [stderr]    Compiling semver v0.9.0
[INFO] [stderr]    Compiling cortex-m v0.7.7
[INFO] [stderr]     Checking embedded-io-async v0.7.0
[INFO] [stderr]    Compiling embassy-time-driver v0.2.2
[INFO] [stderr]    Compiling serde v1.0.229
[INFO] [stderr]     Checking embassy-futures v0.1.2
[INFO] [stderr]     Checking vcell v0.1.3
[INFO] [stderr]    Compiling portable-atomic v1.14.0
[INFO] [stderr]    Compiling rustc_version v0.2.3
[INFO] [stderr]     Checking volatile-register v0.2.2
[INFO] [stderr]    Compiling defmt-macros v1.1.1
[INFO] [stderr]    Compiling cortex-m-rt v0.7.5
[INFO] [stderr]     Checking bitfield v0.13.2
[INFO] [stderr]    Compiling zerocopy v0.8.55
[INFO] [stderr]    Compiling heapless v0.9.3
[INFO] [stderr]    Compiling num-traits v0.2.19
[INFO] [stderr]    Compiling bare-metal v0.2.5
[INFO] [stderr]     Checking embassy-usb-driver v0.2.2
[INFO] [stderr]    Compiling zerocopy-derive v0.8.55
[INFO] [stderr]    Compiling defmt v1.1.1
[INFO] [stderr]    Compiling embassy-sync v0.8.0
[INFO] [stderr]    Compiling embassy-hal-internal v0.3.0
[INFO] [stderr]    Compiling usbd-hid-descriptors v0.10.0
[INFO] [stderr]    Compiling embassy-sync v0.7.2
[INFO] [stderr]    Compiling cortex-m-rt-macros v0.7.5
[INFO] [stderr]     Checking embedded-storage v0.3.1
[INFO] [stderr]    Compiling nrf-pac v0.1.0
[INFO] [stderr]    Compiling fixed v1.31.0
[INFO] [stderr]    Compiling byteorder v1.5.0
[INFO] [stderr]     Checking embedded-storage-async v0.4.1
[INFO] [stderr]     Checking usb-device v0.3.2
[INFO] [stderr]     Checking az v1.3.0
[INFO] [stderr]     Checking futures-task v0.3.34
[INFO] [stderr]     Checking ropk-proto v0.1.0 (/opt/rustwide/workdir/crates/ropk-proto)
[INFO] [stderr]     Checking bytemuck v1.25.2
[INFO] [stderr]     Checking embassy-net-driver v0.2.0
[INFO] [stderr]     Checking encode_unicode v0.3.6
[INFO] [stderr]    Compiling embassy-usb v0.6.0
[INFO] [stderr]     Checking embassy-net-driver-channel v0.4.0
[INFO] [stderr]     Checking embassy-embedded-hal v0.4.0
[INFO] [stderr]     Checking futures-util v0.3.34
[INFO] [stderr]     Checking embassy-time v0.5.1
[INFO] [stderr]     Checking rand_core v0.9.5
[INFO] [stderr]     Checking rand_core v0.6.4
[INFO] [stderr]     Checking static_cell v2.1.1
[INFO] [stderr]     Checking xtask v0.1.0 (/opt/rustwide/workdir/xtask)
[INFO] [stdout] warning: constant `CHIP` is never used
[INFO] [stdout]   --> xtask/src/main.rs:10:7
[INFO] [stdout]    |
[INFO] [stdout] 10 | const CHIP: &str = "nRF52840_xxAA";
[INFO] [stdout]    |       ^^^^
[INFO] [stdout]    |
[INFO] [stdout]    = note: `#[warn(dead_code)]` (part of `#[warn(unused)]`) on by default
[INFO] [stdout] 
[INFO] [stdout] 
[INFO] [stdout] warning: constant `DEFAULT_SPEED_KHZ` is never used
[INFO] [stdout]   --> xtask/src/main.rs:11:7
[INFO] [stdout]    |
[INFO] [stdout] 11 | const DEFAULT_SPEED_KHZ: &str = "100";
[INFO] [stdout]    |       ^^^^^^^^^^^^^^^^^
[INFO] [stdout] 
[INFO] [stdout] 
[INFO] [stdout] warning: constant `BOOTLOADER_HEX` is never used
[INFO] [stdout]   --> xtask/src/main.rs:12:7
[INFO] [stdout]    |
[INFO] [stdout] 12 | const BOOTLOADER_HEX: &str =
[INFO] [stdout]    |       ^^^^^^^^^^^^^^
[INFO] [stdout] 
[INFO] [stdout] 
[INFO] [stdout] warning: constant `CHIP` is never used
[INFO] [stdout]   --> xtask/src/main.rs:10:7
[INFO] [stdout]    |
[INFO] [stdout] 10 | const CHIP: &str = "nRF52840_xxAA";
[INFO] [stdout]    |       ^^^^
[INFO] [stdout]    |
[INFO] [stdout]    = note: `#[warn(dead_code)]` (part of `#[warn(unused)]`) on by default
[INFO] [stdout] 
[INFO] [stdout] 
[INFO] [stdout] warning: constant `DEFAULT_SPEED_KHZ` is never used
[INFO] [stdout]   --> xtask/src/main.rs:11:7
[INFO] [stdout]    |
[INFO] [stdout] 11 | const DEFAULT_SPEED_KHZ: &str = "100";
[INFO] [stdout]    |       ^^^^^^^^^^^^^^^^^
[INFO] [stdout] 
[INFO] [stdout] 
[INFO] [stdout] warning: constant `BOOTLOADER_HEX` is never used
[INFO] [stdout]   --> xtask/src/main.rs:12:7
[INFO] [stdout]    |
[INFO] [stdout] 12 | const BOOTLOADER_HEX: &str =
[INFO] [stdout]    |       ^^^^^^^^^^^^^^
[INFO] [stdout] 
[INFO] [stdout] 
[INFO] [stderr]     Checking ssmarshal v1.0.0
[INFO] [stderr]     Checking embassy-time v0.4.0
[INFO] [stderr]    Compiling thiserror-impl v2.0.19
[INFO] [stderr]    Compiling usbd-hid-macros v0.10.1
[INFO] [stderr]     Checking usbd-hid v0.10.1
[INFO] [stderr]    Compiling thiserror v2.0.19
[INFO] [stderr]    Compiling defmt-parser v1.0.0
[INFO] [stderr]     Checking ropk-usb v0.1.0 (/opt/rustwide/workdir/crates/ropk-usb)
[INFO] [stdout] warning: unused import: `MAX_PCKT_SIZE`
[INFO] [stdout]  --> crates/ropk-usb/src/usb_id_helper.rs:3:141
[INFO] [stdout]   |
[INFO] [stdout] 3 | ...{DUMMY_USB_CLASS, DUMMY_USB_PROTOCOL, DUMMY_USB_SUBCLASS, MAX_PCKT_SIZE}};
[INFO] [stdout]   |                                                              ^^^^^^^^^^^^^
[INFO] [stdout]   |
[INFO] [stdout]   = note: `#[warn(unused_imports)]` (part of `#[warn(unused)]`) on by default
[INFO] [stdout] 
[INFO] [stdout] 
[INFO] [stdout] warning: unused import: `MAX_PCKT_SIZE`
[INFO] [stdout]  --> crates/ropk-usb/src/usb_id_helper.rs:3:141
[INFO] [stdout]   |
[INFO] [stdout] 3 | ...{DUMMY_USB_CLASS, DUMMY_USB_PROTOCOL, DUMMY_USB_SUBCLASS, MAX_PCKT_SIZE}};
[INFO] [stdout]   |                                                              ^^^^^^^^^^^^^
[INFO] [stdout]   |
[INFO] [stdout]   = note: `#[warn(unused_imports)]` (part of `#[warn(unused)]`) on by default
[INFO] [stdout] 
[INFO] [stdout] 
[INFO] [stdout] warning: fields `conf_desc_len`, `bos_desc_len`, and `ctrl_buf_len` are never read
[INFO] [stdout]  --> crates/ropk-usb/src/usb_id_helper.rs:6:5
[INFO] [stdout]   |
[INFO] [stdout] 5 | pub struct UsbDescLens {
[INFO] [stdout]   |            ----------- fields in this struct
[INFO] [stdout] 6 |     conf_desc_len: u16,
[INFO] [stdout]   |     ^^^^^^^^^^^^^
[INFO] [stdout] 7 |     bos_desc_len: u16,
[INFO] [stdout]   |     ^^^^^^^^^^^^
[INFO] [stdout] 8 |     ctrl_buf_len: u16
[INFO] [stdout]   |     ^^^^^^^^^^^^
[INFO] [stdout]   |
[INFO] [stdout]   = note: `#[warn(dead_code)]` (part of `#[warn(unused)]`) on by default
[INFO] [stdout] 
[INFO] [stdout] 
[INFO] [stdout] warning: fields `conf_desc_len`, `bos_desc_len`, and `ctrl_buf_len` are never read
[INFO] [stdout]  --> crates/ropk-usb/src/usb_id_helper.rs:6:5
[INFO] [stdout]   |
[INFO] [stdout] 5 | pub struct UsbDescLens {
[INFO] [stdout]   |            ----------- fields in this struct
[INFO] [stdout] 6 |     conf_desc_len: u16,
[INFO] [stdout]   |     ^^^^^^^^^^^^^
[INFO] [stdout] 7 |     bos_desc_len: u16,
[INFO] [stdout]   |     ^^^^^^^^^^^^
[INFO] [stdout] 8 |     ctrl_buf_len: u16
[INFO] [stdout]   |     ^^^^^^^^^^^^
[INFO] [stdout]   |
[INFO] [stdout]   = note: `#[warn(dead_code)]` (part of `#[warn(unused)]`) on by default
[INFO] [stdout] 
[INFO] [stdout] 
[INFO] [stderr]     Checking half v2.7.1
[INFO] [stderr]     Checking embassy-nrf v0.6.0
[INFO] [stderr]     Checking ropk-radio v0.1.0 (/opt/rustwide/workdir/crates/ropk-radio)
[INFO] [stdout] error[E0433]: cannot find module or crate `ropk_proto` in this scope
[INFO] [stdout]  --> crates/ropk-radio/src/sc_radio_config.rs:3:5
[INFO] [stdout]   |
[INFO] [stdout] 3 | use ropk_proto::addr::{DISCOVERY_ADDR, DISCOVERY_CHANNEL, RadioAddr};
[INFO] [stdout]   |     ^^^^^^^^^^ use of unresolved module or unlinked crate `ropk_proto`
[INFO] [stdout]   |
[INFO] [stdout]   = help: if you wanted to use a crate named `ropk_proto`, use `cargo add ropk_proto` to add it to your `Cargo.toml`
[INFO] [stdout] 
[INFO] [stdout] 
[INFO] [stdout] error[E0433]: cannot find module or crate `ropk_proto` in this scope
[INFO] [stdout]  --> crates/ropk-radio/src/sc_radio_config.rs:3:5
[INFO] [stdout]   |
[INFO] [stdout] 3 | use ropk_proto::addr::{DISCOVERY_ADDR, DISCOVERY_CHANNEL, RadioAddr};
[INFO] [stdout]   |     ^^^^^^^^^^ use of unresolved module or unlinked crate `ropk_proto`
[INFO] [stdout]   |
[INFO] [stdout]   = help: if you wanted to use a crate named `ropk_proto`, use `cargo add ropk_proto` to add it to your `Cargo.toml`
[INFO] [stdout] 
[INFO] [stdout] 
[INFO] [stdout] error[E0609]: no field `base` on type `&SteamControllerRadioConfig`
[INFO] [stdout]   --> crates/ropk-radio/src/sc_radiosetup.rs:51:43
[INFO] [stdout]    |
[INFO] [stdout] 51 |         let rev_base: [u8; 4] = sc_config.base.map(bitrev8);
[INFO] [stdout]    |                                           ^^^^ unknown field
[INFO] [stdout]    |
[INFO] [stdout]    = note: available fields are: `addr`, `frequency`, `mode`, `tx_power`, `pcnf0` ... and 4 others
[INFO] [stdout] 
[INFO] [stdout] 
[INFO] [stdout] error[E0609]: no field `prefix` on type `&SteamControllerRadioConfig`
[INFO] [stdout]   --> crates/ropk-radio/src/sc_radiosetup.rs:53:58
[INFO] [stdout]    |
[INFO] [stdout] 53 |         let prefix0: Prefix0 = Prefix0(bitrev8(sc_config.prefix) as u32);
[INFO] [stdout]    |                                                          ^^^^^^ unknown field
[INFO] [stdout]    |
[INFO] [stdout]    = note: available fields are: `addr`, `frequency`, `mode`, `tx_power`, `pcnf0` ... and 4 others
[INFO] [stdout] 
[INFO] [stdout] 
[INFO] [stdout] error[E0609]: no field `tx_addr` on type `&SteamControllerRadioConfig`
[INFO] [stdout]   --> crates/ropk-radio/src/sc_radiosetup.rs:59:57
[INFO] [stdout]    |
[INFO] [stdout] 59 |         self.sc_radio.txaddress().write_value(sc_config.tx_addr);
[INFO] [stdout]    |                                                         ^^^^^^^ unknown field
[INFO] [stdout]    |
[INFO] [stdout]    = note: available fields are: `addr`, `frequency`, `mode`, `tx_power`, `pcnf0` ... and 4 others
[INFO] [stdout] 
[INFO] [stdout] 
[INFO] [stdout] error[E0609]: no field `rx_addr` on type `&SteamControllerRadioConfig`
[INFO] [stdout]   --> crates/ropk-radio/src/sc_radiosetup.rs:60:59
[INFO] [stdout]    |
[INFO] [stdout] 60 |         self.sc_radio.rxaddresses().write_value(sc_config.rx_addr);
[INFO] [stdout]    |                                                           ^^^^^^^ unknown field
[INFO] [stdout]    |
[INFO] [stdout]    = note: available fields are: `addr`, `frequency`, `mode`, `tx_power`, `pcnf0` ... and 4 others
[INFO] [stdout] 
[INFO] [stdout] 
[INFO] [stdout] Some errors have detailed explanations: E0433, E0609.
[INFO] [stdout] 
[INFO] [stdout] For more information about an error, try `rustc --explain E0433`.
[INFO] [stdout] 
[INFO] [stderr] error: could not compile `ropk-radio` (lib test) due to 5 previous errors
[INFO] [stderr] warning: build failed, waiting for other jobs to finish...
[INFO] [stdout] error[E0609]: no field `base` on type `&SteamControllerRadioConfig`
[INFO] [stdout]   --> crates/ropk-radio/src/sc_radiosetup.rs:51:43
[INFO] [stdout]    |
[INFO] [stdout] 51 |         let rev_base: [u8; 4] = sc_config.base.map(bitrev8);
[INFO] [stdout]    |                                           ^^^^ unknown field
[INFO] [stdout]    |
[INFO] [stdout]    = note: available fields are: `addr`, `frequency`, `mode`, `tx_power`, `pcnf0` ... and 4 others
[INFO] [stdout] 
[INFO] [stdout] 
[INFO] [stdout] error[E0609]: no field `prefix` on type `&SteamControllerRadioConfig`
[INFO] [stdout]   --> crates/ropk-radio/src/sc_radiosetup.rs:53:58
[INFO] [stdout]    |
[INFO] [stdout] 53 |         let prefix0: Prefix0 = Prefix0(bitrev8(sc_config.prefix) as u32);
[INFO] [stdout]    |                                                          ^^^^^^ unknown field
[INFO] [stdout]    |
[INFO] [stdout]    = note: available fields are: `addr`, `frequency`, `mode`, `tx_power`, `pcnf0` ... and 4 others
[INFO] [stdout] 
[INFO] [stdout] 
[INFO] [stdout] error[E0609]: no field `tx_addr` on type `&SteamControllerRadioConfig`
[INFO] [stdout]   --> crates/ropk-radio/src/sc_radiosetup.rs:59:57
[INFO] [stdout]    |
[INFO] [stdout] 59 |         self.sc_radio.txaddress().write_value(sc_config.tx_addr);
[INFO] [stdout]    |                                                         ^^^^^^^ unknown field
[INFO] [stdout]    |
[INFO] [stdout]    = note: available fields are: `addr`, `frequency`, `mode`, `tx_power`, `pcnf0` ... and 4 others
[INFO] [stdout] 
[INFO] [stdout] 
[INFO] [stdout] error[E0609]: no field `rx_addr` on type `&SteamControllerRadioConfig`
[INFO] [stdout]   --> crates/ropk-radio/src/sc_radiosetup.rs:60:59
[INFO] [stdout]    |
[INFO] [stdout] 60 |         self.sc_radio.rxaddresses().write_value(sc_config.rx_addr);
[INFO] [stdout]    |                                                           ^^^^^^^ unknown field
[INFO] [stdout]    |
[INFO] [stdout]    = note: available fields are: `addr`, `frequency`, `mode`, `tx_power`, `pcnf0` ... and 4 others
[INFO] [stdout] 
[INFO] [stdout] 
[INFO] [stdout] Some errors have detailed explanations: E0433, E0609.
[INFO] [stdout] 
[INFO] [stdout] For more information about an error, try `rustc --explain E0433`.
[INFO] [stdout] 
[INFO] [stderr] error: could not compile `ropk-radio` (lib) due to 5 previous errors
[INFO] [stderr] warning: unused dependency `defmt`
[INFO] [stderr]   --> crates/ropk-radio/Cargo.toml:10:1
[INFO] [stderr]    |
[INFO] [stderr] 10 | defmt = "1"
[INFO] [stderr]    | ^^^^^^^^^^^
[INFO] [stderr]    |
[INFO] [stderr]    = note: `cargo::unused_dependencies` is set to `warn` by default
[INFO] [stderr] help: consider removing the dependency on `defmt`
[INFO] [stderr] warning: `ropk-radio` (manifest) generated 1 warning
[INFO] running `Command { std: "docker" "inspect" "6b180a5e5519cd84dbb6b2a9856fb0cec7066b0930f39e2ffcf615388ac90160", kill_on_drop: false }`
[INFO] running `Command { std: "docker" "rm" "-f" "6b180a5e5519cd84dbb6b2a9856fb0cec7066b0930f39e2ffcf615388ac90160", kill_on_drop: false }`
[INFO] [stdout] 6b180a5e5519cd84dbb6b2a9856fb0cec7066b0930f39e2ffcf615388ac90160
