[INFO] cloning repository https://github.com/Minus193/MuteGuard
[INFO] running `Command { std: "git" "-c" "credential.helper=" "-c" "credential.helper=/workspace/cargo-home/bin/git-credential-null" "clone" "--bare" "https://github.com/Minus193/MuteGuard" "/workspace/cache/git-repos/https%3A%2F%2Fgithub.com%2FMinus193%2FMuteGuard", kill_on_drop: false }`
[INFO] [stderr] Cloning into bare repository '/workspace/cache/git-repos/https%3A%2F%2Fgithub.com%2FMinus193%2FMuteGuard'...
[INFO] running `Command { std: "git" "rev-parse" "HEAD", kill_on_drop: false }`
[INFO] [stdout] 8aea4b6441da8aaf1753e81e2ad9cdd1c7f3c195
[INFO] checking Minus193/MuteGuard against 3154cc1a3e6424e44f438a95007d043ed5ceaaf6+rustflags=-Znext-solver=coherence for pr-133502-30
[INFO] running `Command { std: "git" "clone" "/workspace/cache/git-repos/https%3A%2F%2Fgithub.com%2FMinus193%2FMuteGuard" "/workspace/builds/worker-7-tc1/source", kill_on_drop: false }`
[INFO] [stderr] Cloning into '/workspace/builds/worker-7-tc1/source'...
[INFO] [stderr] done.
[INFO] started tweaking git repo https://github.com/Minus193/MuteGuard
[INFO] finished tweaking git repo https://github.com/Minus193/MuteGuard
[INFO] tweaked toml for git repo https://github.com/Minus193/MuteGuard written to /workspace/builds/worker-7-tc1/source/Cargo.toml
[INFO] validating manifest of git repo https://github.com/Minus193/MuteGuard on toolchain 3154cc1a3e6424e44f438a95007d043ed5ceaaf6
[INFO] running `Command { std: CARGO_HOME="/workspace/cargo-home" RUSTUP_HOME="/workspace/rustup-home" "/workspace/cargo-home/bin/cargo" "+3154cc1a3e6424e44f438a95007d043ed5ceaaf6" "metadata" "--manifest-path" "Cargo.toml" "--no-deps", kill_on_drop: false }`
[INFO] crate git repo https://github.com/Minus193/MuteGuard already has a lockfile, it will not be regenerated
[INFO] running `Command { std: CARGO_HOME="/workspace/cargo-home" RUSTUP_HOME="/workspace/rustup-home" "/workspace/cargo-home/bin/cargo" "+3154cc1a3e6424e44f438a95007d043ed5ceaaf6" "fetch" "--manifest-path" "Cargo.toml", kill_on_drop: false }`
[INFO] [stderr]     Blocking waiting for file lock on package cache
[INFO] [stderr]     Updating crates.io index
[INFO] [stderr]     Blocking waiting for file lock on package cache
[INFO] [stderr]  Downloading crates ...
[INFO] [stderr]   Downloaded manganis v0.7.6
[INFO] [stderr]   Downloaded subsecond-types v0.7.6
[INFO] [stderr]   Downloaded const-serialize-macro v0.8.0-alpha.0
[INFO] [stderr]   Downloaded const-serialize-macro v0.7.2
[INFO] [stderr]   Downloaded wasm-bindgen-futures v0.4.68
[INFO] [stderr]   Downloaded dioxus-cli-config v0.7.6
[INFO] [stderr]   Downloaded dioxus-core-types v0.7.6
[INFO] [stderr]   Downloaded const-serialize v0.7.2
[INFO] [stderr]   Downloaded warnings-macro v0.2.0
[INFO] [stderr]   Downloaded const-serialize v0.8.0-alpha.0
[INFO] [stderr]   Downloaded tiny-skia-path v0.12.0
[INFO] [stderr]   Downloaded sledgehammer_utils v0.3.1
[INFO] [stderr]   Downloaded lazy-js-bundle v0.7.6
[INFO] [stderr]   Downloaded longest-increasing-subsequence v0.1.0
[INFO] [stderr]   Downloaded warnings v0.2.1
[INFO] [stderr]   Downloaded subsecond v0.7.6
[INFO] [stderr]   Downloaded manganis-macro v0.7.6
[INFO] [stderr]   Downloaded manganis-core v0.7.6
[INFO] [stderr]   Downloaded generational-box v0.7.6
[INFO] [stderr]   Downloaded sledgehammer_bindgen_macro v0.6.5
[INFO] [stderr]   Downloaded dioxus-hooks v0.7.6
[INFO] [stderr]   Downloaded dioxus-devtools v0.7.6
[INFO] [stderr]   Downloaded resvg v0.47.0
[INFO] [stderr]   Downloaded dioxus v0.7.6
[INFO] [stderr]   Downloaded dioxus-web v0.7.6
[INFO] [stderr]   Downloaded dioxus-signals v0.7.6
[INFO] [stderr]   Downloaded dioxus-interpreter-js v0.7.6
[INFO] [stderr]   Downloaded sledgehammer_bindgen v0.6.0
[INFO] [stderr]   Downloaded dioxus-html v0.7.6
[INFO] [stderr]   Downloaded enumset v1.1.10
[INFO] [stderr]   Downloaded enumset_derive v0.14.0
[INFO] [stderr]   Downloaded dioxus-html-internal-macro v0.7.6
[INFO] [stderr]   Downloaded convert_case v0.8.0
[INFO] [stderr]   Downloaded dioxus-core-macro v0.7.6
[INFO] [stderr]   Downloaded dioxus-rsx v0.7.6
[INFO] [stderr]   Downloaded dioxus-history v0.7.6
[INFO] [stderr]   Downloaded dioxus-document v0.7.6
[INFO] [stderr]   Downloaded usvg v0.47.0
[INFO] [stderr]   Downloaded tiny-skia v0.12.0
[INFO] [stderr]   Downloaded dioxus-core v0.7.6
[INFO] [stderr]   Downloaded rustls v0.23.39
[INFO] [stderr]   Downloaded web-sys v0.3.95
[INFO] [stderr]   Downloaded openssl-sys v0.9.114
[INFO] [stderr]   Downloaded dioxus-stores-macro v0.7.6
[INFO] [stderr]   Downloaded openssl v0.10.78
[INFO] [stderr]   Downloaded dioxus-devtools-types v0.7.6
[INFO] [stderr]   Downloaded dioxus-desktop v0.7.6
[INFO] [stderr]   Downloaded dioxus-stores v0.7.6
[INFO] [stderr]   Downloaded wry v0.53.5
[INFO] [stderr]   Downloaded winnow v1.0.2
[INFO] [stderr]   Downloaded no_std_io2 v0.9.3
[INFO] [stderr]   Downloaded global-hotkey v0.7.0
[INFO] [stderr]   Downloaded dioxus-config-macro v0.7.6
[INFO] [stderr]   Downloaded dioxus-asset-resolver v0.7.6
[INFO] [stderr]   Downloaded cocoa v0.26.1
[INFO] [stderr]   Downloaded dioxus-config-macros v0.7.6
[INFO] running `Command { std: "docker" "create" "-v" "/var/lib/crater-agent-workspace/builds/worker-7-tc1/source:/opt/rustwide/workdir:ro,Z" "-v" "/var/lib/crater-agent-workspace/builds/worker-7-tc1/target:/opt/rustwide/target:rw,Z" "-v" "/var/lib/crater-agent-workspace/cargo-home:/opt/rustwide/cargo-home:ro,Z" "-v" "/var/lib/crater-agent-workspace/rustup-home:/opt/rustwide/rustup-home:ro,Z" "-m" "1610612736" "--network" "none" "ghcr.io/rust-lang/crates-build-env/linux@sha256:77db811e55d90add9212f6832c23229e3de5f1c1f9905e8cb07319ea15df73ac" "sleep" "infinity", kill_on_drop: false }`
[INFO] [stdout] 70041dbe687e0b41df4af33a4e03c6aa08b9f4552ee9530495e8098fb0cbbf69
[INFO] running `Command { std: "docker" "start" "70041dbe687e0b41df4af33a4e03c6aa08b9f4552ee9530495e8098fb0cbbf69", kill_on_drop: false }`
[INFO] running `Command { std: "docker" "inspect" "70041dbe687e0b41df4af33a4e03c6aa08b9f4552ee9530495e8098fb0cbbf69", kill_on_drop: false }`
[INFO] running `Command { std: "docker" "exec" "-e" "SOURCE_DIR=/opt/rustwide/workdir" "-e" "CARGO_HOME=/opt/rustwide/cargo-home" "-e" "RUSTUP_HOME=/opt/rustwide/rustup-home" "-e" "CARGO_TARGET_DIR=/opt/rustwide/target" "-w" "/opt/rustwide/workdir" "--user" "0:0" "70041dbe687e0b41df4af33a4e03c6aa08b9f4552ee9530495e8098fb0cbbf69" "/opt/rustwide/cargo-home/bin/cargo" "+3154cc1a3e6424e44f438a95007d043ed5ceaaf6" "metadata" "--no-deps" "--format-version=1", kill_on_drop: false }`
[INFO] running `Command { std: "docker" "inspect" "70041dbe687e0b41df4af33a4e03c6aa08b9f4552ee9530495e8098fb0cbbf69", kill_on_drop: false }`
[INFO] running `Command { std: "docker" "exec" "-e" "SOURCE_DIR=/opt/rustwide/workdir" "-e" "CARGO_HOME=/opt/rustwide/cargo-home" "-e" "RUSTUP_HOME=/opt/rustwide/rustup-home" "-e" "CARGO_TARGET_DIR=/opt/rustwide/target" "-e" "CARGO_INCREMENTAL=0" "-e" "RUST_BACKTRACE=full" "-e" "RUSTFLAGS=--cap-lints=forbid -Znext-solver=coherence" "-e" "RUSTDOCFLAGS=--cap-lints=forbid" "-w" "/opt/rustwide/workdir" "--user" "0:0" "70041dbe687e0b41df4af33a4e03c6aa08b9f4552ee9530495e8098fb0cbbf69" "/opt/rustwide/cargo-home/bin/cargo" "+3154cc1a3e6424e44f438a95007d043ed5ceaaf6" "check" "--frozen" "--all" "--all-targets" "--message-format=json", kill_on_drop: false }`
[INFO] [stderr]    Compiling proc-macro2 v1.0.106
[INFO] [stderr]    Compiling hashbrown v0.17.0
[INFO] [stderr]    Compiling serde_core v1.0.228
[INFO] [stderr]    Compiling serde v1.0.228
[INFO] [stderr]     Checking memchr v2.8.0
[INFO] [stderr]     Checking futures-core v0.3.32
[INFO] [stderr]     Checking bitflags v2.11.1
[INFO] [stderr]     Checking log v0.4.29
[INFO] [stderr]    Compiling slotmap v1.1.1
[INFO] [stderr]     Checking memmap2 v0.9.11
[INFO] [stderr]     Checking parking_lot_core v0.9.12
[INFO] [stderr]     Checking simd-adler32 v0.3.9
[INFO] [stderr]     Checking dioxus-core-types v0.7.6
[INFO] [stderr]     Checking konst_macro_rules v0.2.19
[INFO] [stderr]     Checking libloading v0.8.9
[INFO] [stderr]    Compiling zerocopy v0.8.48
[INFO] [stderr]     Checking futures-channel v0.3.32
[INFO] [stderr]     Checking rustc-hash v2.1.2
[INFO] [stderr]     Checking longest-increasing-subsequence v0.1.0
[INFO] [stderr]    Compiling cc v1.2.61
[INFO] [stderr]     Checking parking_lot v0.12.5
[INFO] [stderr]     Checking crossbeam-epoch v0.9.20
[INFO] [stderr]    Compiling field-offset v0.3.6
[INFO] [stderr]     Checking miniz_oxide v0.8.9
[INFO] [stderr]     Checking bytemuck v1.25.0
[INFO] [stderr]    Compiling gtk v0.18.2
[INFO] [stderr]    Compiling x11 v2.21.0
[INFO] [stderr]    Compiling lazy-js-bundle v0.7.6
[INFO] [stderr]     Checking konst v0.2.20
[INFO] [stderr]    Compiling unicode-segmentation v1.13.2
[INFO] [stderr]    Compiling proc-macro2-diagnostics v0.10.1
[INFO] [stderr]     Checking typenum v1.20.0
[INFO] [stderr]     Checking fdeflate v0.3.7
[INFO] [stderr]    Compiling rustix v1.1.4
[INFO] [stderr]    Compiling openssl v0.10.78
[INFO] [stderr]    Compiling windows_x86_64_gnu v0.52.6
[INFO] [stderr]     Checking flate2 v1.1.9
[INFO] [stderr]     Checking crossbeam-deque v0.8.6
[INFO] [stderr]    Compiling libxdo-sys v0.11.0
[INFO] [stderr]     Checking nom v8.0.0
[INFO] [stderr]     Checking no_std_io2 v0.9.3
[INFO] [stderr]     Checking serde_json v1.0.149
[INFO] [stderr]    Compiling indexmap v2.14.0
[INFO] [stderr]     Checking crossbeam-channel v0.5.15
[INFO] [stderr]     Checking dioxus-cli-config v0.7.6
[INFO] [stderr]     Checking linux-raw-sys v0.12.1
[INFO] [stderr]     Checking rayon-core v1.13.0
[INFO] [stderr]     Checking dpi v0.1.2
[INFO] [stderr]    Compiling time-core v0.1.8
[INFO] [stderr]    Compiling num-conv v0.2.1
[INFO] [stderr]    Compiling native-tls v0.2.18
[INFO] [stderr]     Checking png v0.18.1
[INFO] [stderr]    Compiling time-macros v0.2.27
[INFO] [stderr]     Checking dirs-sys v0.5.0
[INFO] [stderr]     Checking rayon v1.12.0
[INFO] [stderr]     Checking zune-jpeg v0.5.15
[INFO] [stderr]    Compiling convert_case v0.8.0
[INFO] [stderr]     Checking deranged v0.5.8
[INFO] [stderr]     Checking core_maths v0.1.1
[INFO] [stderr]     Checking bitstream-io v4.10.0
[INFO] [stderr]    Compiling quote v1.0.45
[INFO] [stderr]    Compiling syn v2.0.117
[INFO] [stderr]    Compiling syn v1.0.109
[INFO] [stderr]    Compiling proc-macro-error-attr v1.0.4
[INFO] [stderr]    Compiling const_format_proc_macros v0.2.34
[INFO] [stderr]     Checking generic-array v0.14.7
[INFO] [stderr]    Compiling simd_helpers v0.1.0
[INFO] [stderr]     Checking rgb v0.8.53
[INFO] [stderr]     Checking libloading v0.7.4
[INFO] [stderr]    Compiling cookie v0.18.1
[INFO] [stderr]    Compiling openssl-sys v0.9.114
[INFO] [stderr]     Checking float-cmp v0.9.0
[INFO] [stderr]     Checking uuid v1.23.1
[INFO] [stderr]    Compiling proc-macro-error v1.0.4
[INFO] [stderr]     Checking strict-num v0.1.1
[INFO] [stderr]     Checking gif v0.14.2
[INFO] [stderr]    Compiling x11-dl v2.21.0
[INFO] [stderr]     Checking windows-targets v0.52.6
[INFO] [stderr]     Checking libxdo v0.6.0
[INFO] [stderr]     Checking ttf-parser v0.25.1
[INFO] [stderr]     Checking dirs v6.0.0
[INFO] [stderr]    Compiling dioxus-interpreter-js v0.7.6
[INFO] [stderr]    Compiling dioxus-document v0.7.6
[INFO] [stderr]     Checking zune-inflate v0.2.54
[INFO] [stderr]     Checking avif-serialize v0.8.8
[INFO] [stderr]     Checking block-buffer v0.10.4
[INFO] [stderr]     Checking const_format v0.2.36
[INFO] [stderr]     Checking crypto-common v0.1.7
[INFO] [stderr]     Checking time v0.3.47
[INFO] [stderr]    Compiling wry v0.53.5
[INFO] [stderr]     Checking rustc-hash v1.1.0
[INFO] [stderr]     Checking cfb v0.7.3
[INFO] [stderr]     Checking x11rb-protocol v0.13.2
[INFO] [stderr]    Compiling signal-hook v0.3.18
[INFO] [stderr]     Checking digest v0.10.7
[INFO] [stderr]     Checking pxfm v0.1.29
[INFO] [stderr]    Compiling rfd v0.17.2
[INFO] [stderr]    Compiling winnow v0.7.15
[INFO] [stderr]     Checking sha1 v0.10.6
[INFO] [stderr]     Checking roxmltree v0.20.0
[INFO] [stderr]     Checking sledgehammer_utils v0.3.1
[INFO] [stderr]     Checking maybe-rayon v0.1.1
[INFO] [stderr]     Checking tiny-skia-path v0.12.0
[INFO] [stderr]     Checking windows-result v0.2.0
[INFO] [stderr]     Checking png v0.17.16
[INFO] [stderr]    Compiling dioxus-desktop v0.7.6
[INFO] [stderr]     Checking qoi v0.4.1
[INFO] [stderr]     Checking infer v0.19.0
[INFO] [stderr]     Checking fontconfig-parser v0.5.8
[INFO] [stderr]     Checking kurbo v0.13.0
[INFO] [stderr]     Checking unicode-bidi-mirroring v0.4.0
[INFO] [stderr]     Checking unicode-ccc v0.4.0
[INFO] [stderr]     Checking raw-window-handle v0.5.2
[INFO] [stderr]     Checking pollster v0.4.0
[INFO] [stderr]     Checking unicode-script v0.5.8
[INFO] [stderr]     Checking unicode-properties v0.1.4
[INFO] [stderr]     Checking siphasher v1.0.2
[INFO] [stderr]     Checking windows-strings v0.1.0
[INFO] [stderr]     Checking roxmltree v0.21.1
[INFO] [stderr]     Checking simplecss v0.2.2
[INFO] [stderr]     Checking svgtypes v0.16.1
[INFO] [stderr]     Checking subtle v2.6.1
[INFO] [stderr]     Checking imagesize v0.14.0
[INFO] [stderr]     Checking dunce v1.0.5
[INFO] [stderr]     Checking unicode-vo v0.1.0
[INFO] [stderr]     Checking data-url v0.3.2
[INFO] [stderr]     Checking xmlwriter v0.1.0
[INFO] [stderr]     Checking pico-args v0.5.0
[INFO] [stderr]     Checking tiny-skia v0.12.0
[INFO] [stderr]    Compiling dioxus-config-macro v0.7.6
[INFO] [stderr]    Compiling muteguard v1.5.2 (/opt/rustwide/workdir)
[INFO] [stderr]     Checking dioxus-config-macros v0.7.6
[INFO] [stderr]     Checking rustybuzz v0.20.1
[INFO] [stderr]     Checking gethostname v1.1.0
[INFO] [stderr]     Checking moxcms v0.8.1
[INFO] [stderr]    Compiling synstructure v0.13.2
[INFO] [stderr]    Compiling darling_core v0.21.3
[INFO] [stderr]    Compiling macro-string v0.1.4
[INFO] [stderr]    Compiling dioxus-rsx v0.7.6
[INFO] [stderr]    Compiling serde_derive v1.0.228
[INFO] [stderr]    Compiling futures-macro v0.3.32
[INFO] [stderr]    Compiling thiserror-impl v2.0.18
[INFO] [stderr]    Compiling thiserror-impl v1.0.69
[INFO] [stderr]    Compiling zerovec-derive v0.11.3
[INFO] [stderr]    Compiling tracing-attributes v0.1.31
[INFO] [stderr]    Compiling displaydoc v0.2.5
[INFO] [stderr]    Compiling zerocopy-derive v0.8.48
[INFO] [stderr]    Compiling pin-project-internal v1.1.11
[INFO] [stderr]    Compiling equator-macro v0.4.2
[INFO] [stderr]    Compiling warnings-macro v0.2.0
[INFO] [stderr]    Compiling zerofrom-derive v0.1.7
[INFO] [stderr]    Compiling yoke-derive v0.8.2
[INFO] [stderr]    Compiling const-serialize-macro v0.7.2
[INFO] [stderr]     Checking equator v0.4.2
[INFO] [stderr]    Compiling const-serialize-macro v0.8.0-alpha.0
[INFO] [stderr]    Compiling arg_enum_proc_macro v0.3.4
[INFO] [stderr]     Checking futures-util v0.3.32
[INFO] [stderr]     Checking aligned-vec v0.6.4
[INFO] [stderr]    Compiling openssl-macros v0.1.1
[INFO] [stderr]     Checking thiserror v1.0.69
[INFO] [stderr]    Compiling profiling-procmacros v1.0.17
[INFO] [stderr]     Checking v_frame v0.3.9
[INFO] [stderr]    Compiling dioxus-core-macro v0.7.6
[INFO] [stderr]     Checking tracing v0.1.44
[INFO] [stderr]     Checking profiling v1.0.17
[INFO] [stderr]    Compiling const-serialize v0.7.2
[INFO] [stderr]    Compiling fax_derive v0.2.0
[INFO] [stderr]     Checking thiserror v2.0.18
[INFO] [stderr]     Checking generational-box v0.7.6
[INFO] [stderr]    Compiling async-trait v0.1.89
[INFO] [stderr]     Checking pin-project v1.1.11
[INFO] [stderr]     Checking warnings v0.2.1
[INFO] [stderr]    Compiling dioxus-html-internal-macro v0.7.6
[INFO] [stderr]    Compiling num-derive v0.4.2
[INFO] [stderr]    Compiling serde_repr v0.1.20
[INFO] [stderr]     Checking av1-grain v0.2.5
[INFO] [stderr]     Checking zerofrom v0.1.7
[INFO] [stderr]     Checking av-scenechange v0.14.1
[INFO] [stderr]     Checking fax v0.2.6
[INFO] [stderr]     Checking yoke v0.8.2
[INFO] [stderr]    Compiling sledgehammer_bindgen_macro v0.6.5
[INFO] [stderr]     Checking zerovec v0.11.6
[INFO] [stderr]     Checking zerotrie v0.2.4
[INFO] [stderr]    Compiling darling_macro v0.21.3
[INFO] [stderr]    Compiling tokio-macros v2.7.0
[INFO] [stderr]    Compiling dlopen2_derive v0.4.3
[INFO] [stderr]    Compiling darling v0.21.3
[INFO] [stderr]    Compiling enumset_derive v0.14.0
[INFO] [stderr]    Compiling dioxus-stores-macro v0.7.6
[INFO] [stderr]    Compiling windows-interface v0.58.0
[INFO] [stderr]    Compiling windows-implement v0.58.0
[INFO] [stderr]     Checking x11rb v0.13.2
[INFO] [stderr]     Checking rav1e v0.8.1
[INFO] [stderr]     Checking dlopen2 v0.8.2
[INFO] [stderr]     Checking tinystr v0.8.3
[INFO] [stderr]     Checking potential_utf v0.1.5
[INFO] [stderr]     Checking icu_collections v2.2.0
[INFO] [stderr]     Checking windows-core v0.58.0
[INFO] [stderr]     Checking icu_locale_core v2.2.0
[INFO] [stderr]     Checking sledgehammer_bindgen v0.6.0
[INFO] [stderr]     Checking windows v0.58.0
[INFO] [stderr]     Checking enumset v1.1.10
[INFO] [stderr]    Compiling toml_datetime v0.6.3
[INFO] [stderr]    Compiling serde_spanned v0.6.9
[INFO] [stderr]    Compiling const-serialize v0.8.0-alpha.0
[INFO] [stderr]    Compiling toml_edit v0.19.15
[INFO] [stderr]    Compiling toml_edit v0.20.2
[INFO] [stderr]    Compiling manganis-core v0.7.6
[INFO] [stderr]     Checking subsecond-types v0.7.6
[INFO] [stderr]     Checking bytes v1.11.1
[INFO] [stderr]     Checking keyboard-types v0.7.0
[INFO] [stderr]     Checking euclid v0.22.14
[INFO] [stderr]     Checking subsecond v0.7.6
[INFO] [stderr]     Checking icu_provider v2.2.0
[INFO] [stderr]     Checking futures-executor v0.3.32
[INFO] [stderr]     Checking icu_properties v2.2.0
[INFO] [stderr]     Checking icu_normalizer v2.2.0
[INFO] [stderr]     Checking dioxus-core v0.7.6
[INFO] [stderr]     Checking fontdb v0.23.0
[INFO] [stderr]     Checking usvg v0.47.0
[INFO] [stderr]     Checking http v1.4.0
[INFO] [stderr]     Checking tokio v1.52.1
[INFO] [stderr]    Compiling manganis-macro v0.7.6
[INFO] [stderr]     Checking global-hotkey v0.7.0
[INFO] [stderr]    Compiling proc-macro-crate v1.3.1
[INFO] [stderr]     Checking idna_adapter v1.2.1
[INFO] [stderr]     Checking manganis v0.7.6
[INFO] [stderr]     Checking idna v1.1.0
[INFO] [stderr]    Compiling toml v0.8.2
[INFO] [stderr]    Compiling proc-macro-crate v2.0.2
[INFO] [stderr]    Compiling gtk3-macros v0.18.2
[INFO] [stderr]     Checking url v2.5.8
[INFO] [stderr]     Checking resvg v0.47.0
[INFO] [stderr]    Compiling system-deps v6.2.2
[INFO] [stderr]     Checking dioxus-signals v0.7.6
[INFO] [stderr]     Checking dioxus-devtools-types v0.7.6
[INFO] [stderr]     Checking dioxus-history v0.7.6
[INFO] [stderr]    Compiling glib-macros v0.18.5
[INFO] [stderr]     Checking ppv-lite86 v0.2.21
[INFO] [stderr]     Checking half v2.7.1
[INFO] [stderr]     Checking webbrowser v1.2.4
[INFO] [stderr]     Checking tiff v0.11.3
[INFO] [stderr]     Checking exr v1.74.0
[INFO] [stderr]    Compiling glib-sys v0.18.1
[INFO] [stderr]    Compiling gobject-sys v0.18.0
[INFO] [stderr]    Compiling gio-sys v0.18.1
[INFO] [stderr]    Compiling gdk-sys v0.18.2
[INFO] [stderr]    Compiling pango-sys v0.18.0
[INFO] [stderr]    Compiling gdk-pixbuf-sys v0.18.0
[INFO] [stderr]    Compiling atk-sys v0.18.2
[INFO] [stderr]    Compiling cairo-sys-rs v0.18.2
[INFO] [stderr]    Compiling gtk-sys v0.18.2
[INFO] [stderr]    Compiling soup3-sys v0.5.0
[INFO] [stderr]    Compiling javascriptcore-rs-sys v1.1.1
[INFO] [stderr]    Compiling webkit2gtk-sys v2.0.1
[INFO] [stderr]     Checking dioxus-hooks v0.7.6
[INFO] [stderr]     Checking rand_chacha v0.9.0
[INFO] [stderr]    Compiling gdkx11-sys v0.18.2
[INFO] [stderr]     Checking dioxus-stores v0.7.6
[INFO] [stderr]     Checking rand v0.9.4
[INFO] [stderr]     Checking dioxus-html v0.7.6
[INFO] [stderr]     Checking tungstenite v0.28.0
[INFO] [stderr]     Checking ravif v0.13.0
[INFO] [stderr]     Checking dioxus-devtools v0.7.6
[INFO] [stderr]     Checking image v0.25.10
[INFO] [stderr]     Checking dioxus-asset-resolver v0.7.6
[INFO] [stderr]     Checking gdkwayland-sys v0.18.2
[INFO] [stderr]     Checking glib v0.18.5
[INFO] [stderr]     Checking libappindicator-sys v0.9.0
[INFO] [stderr]     Checking gio v0.18.4
[INFO] [stderr]     Checking cairo-rs v0.18.5
[INFO] [stderr]     Checking atk v0.18.2
[INFO] [stderr]     Checking javascriptcore-rs v1.1.2
[INFO] [stderr]     Checking pango v0.18.3
[INFO] [stderr]     Checking gdk-pixbuf v0.18.5
[INFO] [stderr]     Checking soup3 v0.5.0
[INFO] [stderr]     Checking gdk v0.18.2
[INFO] [stderr]     Checking libappindicator v0.9.0
[INFO] [stderr]     Checking webkit2gtk v2.0.1
[INFO] [stderr]     Checking muda v0.17.2
[INFO] [stderr]     Checking tao v0.34.8
[INFO] [stderr]     Checking tray-icon v0.21.3
[INFO] [stderr]     Checking dioxus v0.7.6
[INFO] [stdout] error[E0433]: cannot find `windows` in `os`
[INFO] [stdout]  --> src/main.rs:9:9
[INFO] [stdout]   |
[INFO] [stdout] 9 |     os::windows::ffi::OsStrExt,
[INFO] [stdout]   |         ^^^^^^^ could not find `windows` in `os`
[INFO] [stdout]   |
[INFO] [stdout] note: found an item that was configured out
[INFO] [stdout]  --> /rustc/3154cc1a3e6424e44f438a95007d043ed5ceaaf6/library/std/src/os/mod.rs:62:4
[INFO] [stdout]   |
[INFO] [stdout]   = note: the item is gated behind the `windows` feature
[INFO] [stdout] 
[INFO] [stdout] 
[INFO] [stdout] error[E0433]: cannot find `windows` in `os`
[INFO] [stdout]  --> src/main.rs:9:9
[INFO] [stdout]   |
[INFO] [stdout] 9 |     os::windows::ffi::OsStrExt,
[INFO] [stdout]   |         ^^^^^^^ could not find `windows` in `os`
[INFO] [stdout]   |
[INFO] [stdout] note: found an item that was configured out
[INFO] [stdout]  --> /rustc/3154cc1a3e6424e44f438a95007d043ed5ceaaf6/library/std/src/os/mod.rs:62:4
[INFO] [stdout]   |
[INFO] [stdout]   = note: the item is gated behind the `windows` feature
[INFO] [stdout] 
[INFO] [stdout] 
[INFO] [stdout] error[E0433]: cannot find `Data` in `windows`
[INFO] [stdout]   --> src/main.rs:28:5
[INFO] [stdout]    |
[INFO] [stdout] 28 |     Data::Xml::Dom::XmlDocument,
[INFO] [stdout]    |     ^^^^ could not find `Data` in `windows`
[INFO] [stdout] 
[INFO] [stdout] 
[INFO] [stdout] error[E0433]: cannot find `Data` in `windows`
[INFO] [stdout]   --> src/main.rs:28:5
[INFO] [stdout]    |
[INFO] [stdout] 28 |     Data::Xml::Dom::XmlDocument,
[INFO] [stdout]    |     ^^^^ could not find `Data` in `windows`
[INFO] [stdout] 
[INFO] [stdout] 
[INFO] [stdout] error[E0433]: cannot find `UI` in `windows`
[INFO] [stdout]   --> src/main.rs:29:5
[INFO] [stdout]    |
[INFO] [stdout] 29 |     UI::Notifications::{ToastNotification, ToastNotificationManager},
[INFO] [stdout]    |     ^^ could not find `UI` in `windows`
[INFO] [stdout] 
[INFO] [stdout] 
[INFO] [stdout] error[E0433]: cannot find `UI` in `windows`
[INFO] [stdout]   --> src/main.rs:29:5
[INFO] [stdout]    |
[INFO] [stdout] 29 |     UI::Notifications::{ToastNotification, ToastNotificationManager},
[INFO] [stdout]    |     ^^ could not find `UI` in `windows`
[INFO] [stdout] 
[INFO] [stdout] 
[INFO] [stdout] error[E0433]: cannot find `Win32` in `windows`
[INFO] [stdout]   --> src/main.rs:30:5
[INFO] [stdout]    |
[INFO] [stdout] 30 |     Win32::{
[INFO] [stdout]    |     ^^^^^ could not find `Win32` in `windows`
[INFO] [stdout] 
[INFO] [stdout] 
[INFO] [stdout] error[E0433]: cannot find `Win32` in `windows`
[INFO] [stdout]   --> src/main.rs:30:5
[INFO] [stdout]    |
[INFO] [stdout] 30 |     Win32::{
[INFO] [stdout]    |     ^^^^^ could not find `Win32` in `windows`
[INFO] [stdout] 
[INFO] [stdout] 
[INFO] [stdout] error[E0432]: unresolved import `dioxus::desktop::tao::platform::windows`
[INFO] [stdout]   --> src/main.rs:23:44
[INFO] [stdout]    |
[INFO] [stdout] 23 |     tao::{dpi::PhysicalPosition, platform::windows::WindowBuilderExtWindows},
[INFO] [stdout]    |                                            ^^^^^^^ could not find `windows` in `platform`
[INFO] [stdout]    |
[INFO] [stdout] note: found an item that was configured out
[INFO] [stdout]   --> /opt/rustwide/cargo-home/registry/src/index.crates.io-1949cf8c6b5b557f/tao-0.34.8/src/platform/mod.rs:28:9
[INFO] [stdout]    |
[INFO] [stdout] 28 | pub mod windows;
[INFO] [stdout]    |         ^^^^^^^
[INFO] [stdout]    |
[INFO] [stdout]   ::: /opt/rustwide/cargo-home/registry/src/index.crates.io-1949cf8c6b5b557f/tao-0.34.8/src/platform/windows.rs:5:8
[INFO] [stdout]    |
[INFO] [stdout]  5 | #![cfg(target_os = "windows")]
[INFO] [stdout]    |        --------------------- the item is gated behind the `windows` feature
[INFO] [stdout] 
[INFO] [stdout] 
[INFO] [stdout] error[E0433]: cannot find `Win32` in `windows`
[INFO] [stdout]   --> src/native_overlay.rs:15:5
[INFO] [stdout]    |
[INFO] [stdout] 15 |     Win32::{
[INFO] [stdout]    |     ^^^^^ could not find `Win32` in `windows`
[INFO] [stdout] 
[INFO] [stdout] 
[INFO] [stdout] error[E0432]: unresolved import `windows::core`
[INFO] [stdout]    --> src/main.rs:107:5
[INFO] [stdout]     |
[INFO] [stdout] 107 |     core::{HSTRING, PCWSTR, PSTR, w},
[INFO] [stdout]     |     ^^^^ could not find `core` in `windows`
[INFO] [stdout] 
[INFO] [stdout] 
[INFO] [stdout] error[E0432]: unresolved import `windows::core`
[INFO] [stdout]   --> src/native_overlay.rs:36:5
[INFO] [stdout]    |
[INFO] [stdout] 36 |     core::{PCWSTR, w},
[INFO] [stdout]    |     ^^^^ could not find `core` in `windows`
[INFO] [stdout] 
[INFO] [stdout] 
[INFO] [stdout] error[E0432]: unresolved import `dioxus::desktop::tao::platform::windows`
[INFO] [stdout]   --> src/main.rs:23:44
[INFO] [stdout]    |
[INFO] [stdout] 23 |     tao::{dpi::PhysicalPosition, platform::windows::WindowBuilderExtWindows},
[INFO] [stdout]    |                                            ^^^^^^^ could not find `windows` in `platform`
[INFO] [stdout]    |
[INFO] [stdout] note: found an item that was configured out
[INFO] [stdout]   --> /opt/rustwide/cargo-home/registry/src/index.crates.io-1949cf8c6b5b557f/tao-0.34.8/src/platform/mod.rs:28:9
[INFO] [stdout]    |
[INFO] [stdout] 28 | pub mod windows;
[INFO] [stdout]    |         ^^^^^^^
[INFO] [stdout]    |
[INFO] [stdout]   ::: /opt/rustwide/cargo-home/registry/src/index.crates.io-1949cf8c6b5b557f/tao-0.34.8/src/platform/windows.rs:5:8
[INFO] [stdout]    |
[INFO] [stdout]  5 | #![cfg(target_os = "windows")]
[INFO] [stdout]    |        --------------------- the item is gated behind the `windows` feature
[INFO] [stdout] 
[INFO] [stdout] 
[INFO] [stdout] error[E0433]: cannot find `Win32` in `windows`
[INFO] [stdout]   --> src/native_overlay.rs:15:5
[INFO] [stdout]    |
[INFO] [stdout] 15 |     Win32::{
[INFO] [stdout]    |     ^^^^^ could not find `Win32` in `windows`
[INFO] [stdout] 
[INFO] [stdout] 
[INFO] [stdout] error[E0432]: unresolved import `windows::core`
[INFO] [stdout]    --> src/main.rs:107:5
[INFO] [stdout]     |
[INFO] [stdout] 107 |     core::{HSTRING, PCWSTR, PSTR, w},
[INFO] [stdout]     |     ^^^^ could not find `core` in `windows`
[INFO] [stdout] 
[INFO] [stdout] 
[INFO] [stdout] error[E0432]: unresolved import `windows::core`
[INFO] [stdout]   --> src/native_overlay.rs:36:5
[INFO] [stdout]    |
[INFO] [stdout] 36 |     core::{PCWSTR, w},
[INFO] [stdout]    |     ^^^^ could not find `core` in `windows`
[INFO] [stdout] 
[INFO] [stdout] 
[INFO] [stdout] error[E0433]: cannot find `Win32` in `windows`
[INFO] [stdout]    --> src/native_overlay.rs:844:26
[INFO] [stdout]     |
[INFO] [stdout] 844 |                 windows::Win32::Graphics::Gdi::DT_CENTER
[INFO] [stdout]     |                          ^^^^^ could not find `Win32` in `windows`
[INFO] [stdout] 
[INFO] [stdout] 
[INFO] [stdout] error[E0433]: cannot find `Win32` in `windows`
[INFO] [stdout]    --> src/native_overlay.rs:844:26
[INFO] [stdout]     |
[INFO] [stdout] 844 |                 windows::Win32::Graphics::Gdi::DT_CENTER
[INFO] [stdout]     |                          ^^^^^ could not find `Win32` in `windows`
[INFO] [stdout] 
[INFO] [stdout] 
[INFO] [stdout] error[E0433]: cannot find `Win32` in `windows`
[INFO] [stdout]    --> src/native_overlay.rs:845:32
[INFO] [stdout]     |
[INFO] [stdout] 845 |                     | windows::Win32::Graphics::Gdi::DT_VCENTER
[INFO] [stdout]     |                                ^^^^^ could not find `Win32` in `windows`
[INFO] [stdout] 
[INFO] [stdout] 
[INFO] [stdout] error[E0433]: cannot find `Win32` in `windows`
[INFO] [stdout]    --> src/native_overlay.rs:846:32
[INFO] [stdout]     |
[INFO] [stdout] 846 |                     | windows::Win32::Graphics::Gdi::DT_SINGLELINE,
[INFO] [stdout]     |                                ^^^^^ could not find `Win32` in `windows`
[INFO] [stdout] 
[INFO] [stdout] 
[INFO] [stdout] error[E0433]: cannot find `Win32` in `windows`
[INFO] [stdout]    --> src/native_overlay.rs:845:32
[INFO] [stdout]     |
[INFO] [stdout] 845 |                     | windows::Win32::Graphics::Gdi::DT_VCENTER
[INFO] [stdout]     |                                ^^^^^ could not find `Win32` in `windows`
[INFO] [stdout] 
[INFO] [stdout] 
[INFO] [stdout] error[E0433]: cannot find `Win32` in `windows`
[INFO] [stdout]    --> src/native_overlay.rs:917:26
[INFO] [stdout]     |
[INFO] [stdout] 917 |                 windows::Win32::Graphics::Gdi::DT_VCENTER
[INFO] [stdout]     |                          ^^^^^ could not find `Win32` in `windows`
[INFO] [stdout] 
[INFO] [stdout] 
[INFO] [stdout] error[E0433]: cannot find `Win32` in `windows`
[INFO] [stdout]    --> src/native_overlay.rs:846:32
[INFO] [stdout]     |
[INFO] [stdout] 846 |                     | windows::Win32::Graphics::Gdi::DT_SINGLELINE,
[INFO] [stdout]     |                                ^^^^^ could not find `Win32` in `windows`
[INFO] [stdout] 
[INFO] [stdout] 
[INFO] [stdout] error[E0433]: cannot find `Win32` in `windows`
[INFO] [stdout]    --> src/native_overlay.rs:918:32
[INFO] [stdout]     |
[INFO] [stdout] 918 |                     | windows::Win32::Graphics::Gdi::DT_SINGLELINE
[INFO] [stdout]     |                                ^^^^^ could not find `Win32` in `windows`
[INFO] [stdout] 
[INFO] [stdout] 
[INFO] [stdout] error[E0433]: cannot find `Win32` in `windows`
[INFO] [stdout]    --> src/native_overlay.rs:917:26
[INFO] [stdout]     |
[INFO] [stdout] 917 |                 windows::Win32::Graphics::Gdi::DT_VCENTER
[INFO] [stdout]     |                          ^^^^^ could not find `Win32` in `windows`
[INFO] [stdout] 
[INFO] [stdout] 
[INFO] [stdout] error[E0433]: cannot find `Win32` in `windows`
[INFO] [stdout]    --> src/native_overlay.rs:919:32
[INFO] [stdout]     |
[INFO] [stdout] 919 |                     | windows::Win32::Graphics::Gdi::DT_NOPREFIX,
[INFO] [stdout]     |                                ^^^^^ could not find `Win32` in `windows`
[INFO] [stdout] 
[INFO] [stdout] 
[INFO] [stdout] error[E0433]: cannot find `Win32` in `windows`
[INFO] [stdout]    --> src/native_overlay.rs:918:32
[INFO] [stdout]     |
[INFO] [stdout] 918 |                     | windows::Win32::Graphics::Gdi::DT_SINGLELINE
[INFO] [stdout]     |                                ^^^^^ could not find `Win32` in `windows`
[INFO] [stdout] 
[INFO] [stdout] 
[INFO] [stdout] error[E0433]: cannot find `Win32` in `windows`
[INFO] [stdout]    --> src/main_parts/models.rs:673:15
[INFO] [stdout]     |
[INFO] [stdout] 673 | impl windows::Win32::Media::Audio::Endpoints::IAudioEndpointVolumeCallback_Impl
[INFO] [stdout]     |               ^^^^^ could not find `Win32` in `windows`
[INFO] [stdout] 
[INFO] [stdout] 
[INFO] [stdout] error[E0433]: cannot find `Win32` in `windows`
[INFO] [stdout]    --> src/native_overlay.rs:919:32
[INFO] [stdout]     |
[INFO] [stdout] 919 |                     | windows::Win32::Graphics::Gdi::DT_NOPREFIX,
[INFO] [stdout]     |                                ^^^^^ could not find `Win32` in `windows`
[INFO] [stdout] 
[INFO] [stdout] 
[INFO] [stdout] error[E0433]: cannot find `Win32` in `windows`
[INFO] [stdout]    --> src/main_parts/models.rs:693:15
[INFO] [stdout]     |
[INFO] [stdout] 693 | impl windows::Win32::Media::Audio::IMMNotificationClient_Impl for AudioDeviceNotificationSink_Impl {
[INFO] [stdout]     |               ^^^^^ could not find `Win32` in `windows`
[INFO] [stdout] 
[INFO] [stdout] 
[INFO] [stdout] error[E0433]: cannot find `Win32` in `windows`
[INFO] [stdout]    --> src/main_parts/models.rs:673:15
[INFO] [stdout]     |
[INFO] [stdout] 673 | impl windows::Win32::Media::Audio::Endpoints::IAudioEndpointVolumeCallback_Impl
[INFO] [stdout]     |               ^^^^^ could not find `Win32` in `windows`
[INFO] [stdout] 
[INFO] [stdout] 
[INFO] [stdout] error[E0433]: cannot find `Win32` in `windows`
[INFO] [stdout]    --> src/main_parts/models.rs:693:15
[INFO] [stdout]     |
[INFO] [stdout] 693 | impl windows::Win32::Media::Audio::IMMNotificationClient_Impl for AudioDeviceNotificationSink_Impl {
[INFO] [stdout]     |               ^^^^^ could not find `Win32` in `windows`
[INFO] [stdout] 
[INFO] [stdout] 
[INFO] [stdout] error[E0433]: cannot find `Win32` in `windows`
[INFO] [stdout]    --> src/main_parts/models.rs:728:25
[INFO] [stdout]     |
[INFO] [stdout] 728 |         _key: &windows::Win32::UI::Shell::PropertiesSystem::PROPERTYKEY,
[INFO] [stdout]     |                         ^^^^^ could not find `Win32` in `windows`
[INFO] [stdout] 
[INFO] [stdout] 
[INFO] [stdout] error[E0408]: variable `WM_DESTROY` is not bound in all patterns
[INFO] [stdout]    --> src/main_parts/app_boot.rs:124:22
[INFO] [stdout]     |
[INFO] [stdout] 124 |     if matches!(msg, WM_CLOSE | WM_DESTROY) {
[INFO] [stdout]     |                      ^^^^^^^^   ---------- variable not in all patterns
[INFO] [stdout]     |                      |
[INFO] [stdout]     |                      pattern doesn't bind `WM_DESTROY`
[INFO] [stdout]     |
[INFO] [stdout] help: if you meant to match on a unit struct, unit variant or a `const` item, consider making the path in the pattern qualified: `path::to::ModOrType::WM_DESTROY`
[INFO] [stdout]    --> src/main_parts/app_boot.rs:124:33
[INFO] [stdout]     |
[INFO] [stdout] 124 |     if matches!(msg, WM_CLOSE | WM_DESTROY) {
[INFO] [stdout]     |                                 ^^^^^^^^^^
[INFO] [stdout] 
[INFO] [stdout] 
[INFO] [stdout] error[E0408]: variable `WM_CLOSE` is not bound in all patterns
[INFO] [stdout]    --> src/main_parts/app_boot.rs:124:33
[INFO] [stdout]     |
[INFO] [stdout] 124 |     if matches!(msg, WM_CLOSE | WM_DESTROY) {
[INFO] [stdout]     |                      --------   ^^^^^^^^^^ pattern doesn't bind `WM_CLOSE`
[INFO] [stdout]     |                      |
[INFO] [stdout]     |                      variable not in all patterns
[INFO] [stdout]     |
[INFO] [stdout] help: if you meant to match on a unit struct, unit variant or a `const` item, consider making the path in the pattern qualified: `path::to::ModOrType::WM_CLOSE`
[INFO] [stdout]    --> src/main_parts/app_boot.rs:124:22
[INFO] [stdout]     |
[INFO] [stdout] 124 |     if matches!(msg, WM_CLOSE | WM_DESTROY) {
[INFO] [stdout]     |                      ^^^^^^^^
[INFO] [stdout] 
[INFO] [stdout] 
[INFO] [stdout] error[E0408]: variable `WM_DISPLAYCHANGE` is not bound in all patterns
[INFO] [stdout]    --> src/main_parts/app_boot.rs:144:9
[INFO] [stdout]     |
[INFO] [stdout] 144 |         WM_DWMCOMPOSITIONCHANGED
[INFO] [stdout]     |         ^^^^^^^^^^^^^^^^^^^^^^^^ pattern doesn't bind `WM_DISPLAYCHANGE`
[INFO] [stdout] 145 |             | WM_DISPLAYCHANGE
[INFO] [stdout]     |               ---------------- variable not in all patterns
[INFO] [stdout] 146 |             | WM_DPICHANGED
[INFO] [stdout]     |               ^^^^^^^^^^^^^ pattern doesn't bind `WM_DISPLAYCHANGE`
[INFO] [stdout] 147 |             | WM_SETTINGCHANGE
[INFO] [stdout]     |               ^^^^^^^^^^^^^^^^ pattern doesn't bind `WM_DISPLAYCHANGE`
[INFO] [stdout] 148 |             | WM_THEMECHANGED
[INFO] [stdout]     |               ^^^^^^^^^^^^^^^ pattern doesn't bind `WM_DISPLAYCHANGE`
[INFO] [stdout] 149 |             | WM_WINDOWPOSCHANGED
[INFO] [stdout]     |               ^^^^^^^^^^^^^^^^^^^ pattern doesn't bind `WM_DISPLAYCHANGE`
[INFO] [stdout]     |
[INFO] [stdout] help: if you meant to match on a unit struct, unit variant or a `const` item, consider making the path in the pattern qualified: `path::to::ModOrType::WM_DISPLAYCHANGE`
[INFO] [stdout]    --> src/main_parts/app_boot.rs:145:15
[INFO] [stdout]     |
[INFO] [stdout] 145 |             | WM_DISPLAYCHANGE
[INFO] [stdout]     |               ^^^^^^^^^^^^^^^^
[INFO] [stdout] 
[INFO] [stdout] 
[INFO] [stdout] error[E0408]: variable `WM_DPICHANGED` is not bound in all patterns
[INFO] [stdout]    --> src/main_parts/app_boot.rs:144:9
[INFO] [stdout]     |
[INFO] [stdout] 144 |         WM_DWMCOMPOSITIONCHANGED
[INFO] [stdout]     |         ^^^^^^^^^^^^^^^^^^^^^^^^ pattern doesn't bind `WM_DPICHANGED`
[INFO] [stdout] 145 |             | WM_DISPLAYCHANGE
[INFO] [stdout]     |               ^^^^^^^^^^^^^^^^ pattern doesn't bind `WM_DPICHANGED`
[INFO] [stdout] 146 |             | WM_DPICHANGED
[INFO] [stdout]     |               ------------- variable not in all patterns
[INFO] [stdout] 147 |             | WM_SETTINGCHANGE
[INFO] [stdout]     |               ^^^^^^^^^^^^^^^^ pattern doesn't bind `WM_DPICHANGED`
[INFO] [stdout] 148 |             | WM_THEMECHANGED
[INFO] [stdout]     |               ^^^^^^^^^^^^^^^ pattern doesn't bind `WM_DPICHANGED`
[INFO] [stdout] 149 |             | WM_WINDOWPOSCHANGED
[INFO] [stdout]     |               ^^^^^^^^^^^^^^^^^^^ pattern doesn't bind `WM_DPICHANGED`
[INFO] [stdout]     |
[INFO] [stdout] help: if you meant to match on a unit struct, unit variant or a `const` item, consider making the path in the pattern qualified: `path::to::ModOrType::WM_DPICHANGED`
[INFO] [stdout]    --> src/main_parts/app_boot.rs:146:15
[INFO] [stdout]     |
[INFO] [stdout] 146 |             | WM_DPICHANGED
[INFO] [stdout]     |               ^^^^^^^^^^^^^
[INFO] [stdout] 
[INFO] [stdout] 
[INFO] [stdout] error[E0408]: variable `WM_SETTINGCHANGE` is not bound in all patterns
[INFO] [stdout]    --> src/main_parts/app_boot.rs:144:9
[INFO] [stdout]     |
[INFO] [stdout] 144 |         WM_DWMCOMPOSITIONCHANGED
[INFO] [stdout]     |         ^^^^^^^^^^^^^^^^^^^^^^^^ pattern doesn't bind `WM_SETTINGCHANGE`
[INFO] [stdout] 145 |             | WM_DISPLAYCHANGE
[INFO] [stdout]     |               ^^^^^^^^^^^^^^^^ pattern doesn't bind `WM_SETTINGCHANGE`
[INFO] [stdout] 146 |             | WM_DPICHANGED
[INFO] [stdout]     |               ^^^^^^^^^^^^^ pattern doesn't bind `WM_SETTINGCHANGE`
[INFO] [stdout] 147 |             | WM_SETTINGCHANGE
[INFO] [stdout]     |               ---------------- variable not in all patterns
[INFO] [stdout] 148 |             | WM_THEMECHANGED
[INFO] [stdout]     |               ^^^^^^^^^^^^^^^ pattern doesn't bind `WM_SETTINGCHANGE`
[INFO] [stdout] 149 |             | WM_WINDOWPOSCHANGED
[INFO] [stdout]     |               ^^^^^^^^^^^^^^^^^^^ pattern doesn't bind `WM_SETTINGCHANGE`
[INFO] [stdout]     |
[INFO] [stdout] help: if you meant to match on a unit struct, unit variant or a `const` item, consider making the path in the pattern qualified: `path::to::ModOrType::WM_SETTINGCHANGE`
[INFO] [stdout]    --> src/main_parts/app_boot.rs:147:15
[INFO] [stdout]     |
[INFO] [stdout] 147 |             | WM_SETTINGCHANGE
[INFO] [stdout]     |               ^^^^^^^^^^^^^^^^
[INFO] [stdout] 
[INFO] [stdout] 
[INFO] [stdout] error[E0408]: variable `WM_THEMECHANGED` is not bound in all patterns
[INFO] [stdout]    --> src/main_parts/app_boot.rs:144:9
[INFO] [stdout]     |
[INFO] [stdout] 144 |         WM_DWMCOMPOSITIONCHANGED
[INFO] [stdout]     |         ^^^^^^^^^^^^^^^^^^^^^^^^ pattern doesn't bind `WM_THEMECHANGED`
[INFO] [stdout] 145 |             | WM_DISPLAYCHANGE
[INFO] [stdout]     |               ^^^^^^^^^^^^^^^^ pattern doesn't bind `WM_THEMECHANGED`
[INFO] [stdout] 146 |             | WM_DPICHANGED
[INFO] [stdout]     |               ^^^^^^^^^^^^^ pattern doesn't bind `WM_THEMECHANGED`
[INFO] [stdout] 147 |             | WM_SETTINGCHANGE
[INFO] [stdout]     |               ^^^^^^^^^^^^^^^^ pattern doesn't bind `WM_THEMECHANGED`
[INFO] [stdout] 148 |             | WM_THEMECHANGED
[INFO] [stdout]     |               --------------- variable not in all patterns
[INFO] [stdout] 149 |             | WM_WINDOWPOSCHANGED
[INFO] [stdout]     |               ^^^^^^^^^^^^^^^^^^^ pattern doesn't bind `WM_THEMECHANGED`
[INFO] [stdout]     |
[INFO] [stdout] help: if you meant to match on a unit struct, unit variant or a `const` item, consider making the path in the pattern qualified: `path::to::ModOrType::WM_THEMECHANGED`
[INFO] [stdout]    --> src/main_parts/app_boot.rs:148:15
[INFO] [stdout]     |
[INFO] [stdout] 148 |             | WM_THEMECHANGED
[INFO] [stdout]     |               ^^^^^^^^^^^^^^^
[INFO] [stdout] 
[INFO] [stdout] 
[INFO] [stdout] error[E0433]: cannot find `Win32` in `windows`
[INFO] [stdout]    --> src/main_parts/models.rs:728:25
[INFO] [stdout]     |
[INFO] [stdout] 728 |         _key: &windows::Win32::UI::Shell::PropertiesSystem::PROPERTYKEY,
[INFO] [stdout]     |                         ^^^^^ could not find `Win32` in `windows`
[INFO] [stdout] 
[INFO] [stdout] 
[INFO] [stdout] error[E0408]: variable `WM_WINDOWPOSCHANGED` is not bound in all patterns
[INFO] [stdout]    --> src/main_parts/app_boot.rs:144:9
[INFO] [stdout]     |
[INFO] [stdout] 144 |         WM_DWMCOMPOSITIONCHANGED
[INFO] [stdout]     |         ^^^^^^^^^^^^^^^^^^^^^^^^ pattern doesn't bind `WM_WINDOWPOSCHANGED`
[INFO] [stdout] 145 |             | WM_DISPLAYCHANGE
[INFO] [stdout]     |               ^^^^^^^^^^^^^^^^ pattern doesn't bind `WM_WINDOWPOSCHANGED`
[INFO] [stdout] 146 |             | WM_DPICHANGED
[INFO] [stdout]     |               ^^^^^^^^^^^^^ pattern doesn't bind `WM_WINDOWPOSCHANGED`
[INFO] [stdout] 147 |             | WM_SETTINGCHANGE
[INFO] [stdout]     |               ^^^^^^^^^^^^^^^^ pattern doesn't bind `WM_WINDOWPOSCHANGED`
[INFO] [stdout] 148 |             | WM_THEMECHANGED
[INFO] [stdout]     |               ^^^^^^^^^^^^^^^ pattern doesn't bind `WM_WINDOWPOSCHANGED`
[INFO] [stdout] 149 |             | WM_WINDOWPOSCHANGED
[INFO] [stdout]     |               ------------------- variable not in all patterns
[INFO] [stdout]     |
[INFO] [stdout] help: if you meant to match on a unit struct, unit variant or a `const` item, consider making the path in the pattern qualified: `path::to::ModOrType::WM_WINDOWPOSCHANGED`
[INFO] [stdout]    --> src/main_parts/app_boot.rs:149:15
[INFO] [stdout]     |
[INFO] [stdout] 149 |             | WM_WINDOWPOSCHANGED
[INFO] [stdout]     |               ^^^^^^^^^^^^^^^^^^^
[INFO] [stdout] 
[INFO] [stdout] 
[INFO] [stdout] error[E0408]: variable `WM_DWMCOMPOSITIONCHANGED` is not bound in all patterns
[INFO] [stdout]    --> src/main_parts/app_boot.rs:145:15
[INFO] [stdout]     |
[INFO] [stdout] 144 |         WM_DWMCOMPOSITIONCHANGED
[INFO] [stdout]     |         ------------------------ variable not in all patterns
[INFO] [stdout] 145 |             | WM_DISPLAYCHANGE
[INFO] [stdout]     |               ^^^^^^^^^^^^^^^^ pattern doesn't bind `WM_DWMCOMPOSITIONCHANGED`
[INFO] [stdout] 146 |             | WM_DPICHANGED
[INFO] [stdout]     |               ^^^^^^^^^^^^^ pattern doesn't bind `WM_DWMCOMPOSITIONCHANGED`
[INFO] [stdout] 147 |             | WM_SETTINGCHANGE
[INFO] [stdout]     |               ^^^^^^^^^^^^^^^^ pattern doesn't bind `WM_DWMCOMPOSITIONCHANGED`
[INFO] [stdout] 148 |             | WM_THEMECHANGED
[INFO] [stdout]     |               ^^^^^^^^^^^^^^^ pattern doesn't bind `WM_DWMCOMPOSITIONCHANGED`
[INFO] [stdout] 149 |             | WM_WINDOWPOSCHANGED
[INFO] [stdout]     |               ^^^^^^^^^^^^^^^^^^^ pattern doesn't bind `WM_DWMCOMPOSITIONCHANGED`
[INFO] [stdout]     |
[INFO] [stdout] help: if you meant to match on a unit struct, unit variant or a `const` item, consider making the path in the pattern qualified: `path::to::ModOrType::WM_DWMCOMPOSITIONCHANGED`
[INFO] [stdout]    --> src/main_parts/app_boot.rs:144:9
[INFO] [stdout]     |
[INFO] [stdout] 144 |         WM_DWMCOMPOSITIONCHANGED
[INFO] [stdout]     |         ^^^^^^^^^^^^^^^^^^^^^^^^
[INFO] [stdout] 
[INFO] [stdout] 
[INFO] [stdout] error[E0433]: cannot find `Win32` in `windows`
[INFO] [stdout]    --> src/main_parts/tray.rs:403:20
[INFO] [stdout]     |
[INFO] [stdout] 403 |     kind: windows::Win32::UI::Shell::NOTIFY_ICON_INFOTIP_FLAGS,
[INFO] [stdout]     |                    ^^^^^ could not find `Win32` in `windows`
[INFO] [stdout] 
[INFO] [stdout] 
[INFO] [stdout] error[E0408]: variable `WM_DESTROY` is not bound in all patterns
[INFO] [stdout]    --> src/main_parts/app_boot.rs:124:22
[INFO] [stdout]     |
[INFO] [stdout] 124 |     if matches!(msg, WM_CLOSE | WM_DESTROY) {
[INFO] [stdout]     |                      ^^^^^^^^   ---------- variable not in all patterns
[INFO] [stdout]     |                      |
[INFO] [stdout]     |                      pattern doesn't bind `WM_DESTROY`
[INFO] [stdout]     |
[INFO] [stdout] help: if you meant to match on a unit struct, unit variant or a `const` item, consider making the path in the pattern qualified: `path::to::ModOrType::WM_DESTROY`
[INFO] [stdout]    --> src/main_parts/app_boot.rs:124:33
[INFO] [stdout]     |
[INFO] [stdout] 124 |     if matches!(msg, WM_CLOSE | WM_DESTROY) {
[INFO] [stdout]     |                                 ^^^^^^^^^^
[INFO] [stdout] 
[INFO] [stdout] 
[INFO] [stdout] error[E0408]: variable `WM_CLOSE` is not bound in all patterns
[INFO] [stdout]    --> src/main_parts/app_boot.rs:124:33
[INFO] [stdout]     |
[INFO] [stdout] 124 |     if matches!(msg, WM_CLOSE | WM_DESTROY) {
[INFO] [stdout]     |                      --------   ^^^^^^^^^^ pattern doesn't bind `WM_CLOSE`
[INFO] [stdout]     |                      |
[INFO] [stdout]     |                      variable not in all patterns
[INFO] [stdout]     |
[INFO] [stdout] help: if you meant to match on a unit struct, unit variant or a `const` item, consider making the path in the pattern qualified: `path::to::ModOrType::WM_CLOSE`
[INFO] [stdout]    --> src/main_parts/app_boot.rs:124:22
[INFO] [stdout]     |
[INFO] [stdout] 124 |     if matches!(msg, WM_CLOSE | WM_DESTROY) {
[INFO] [stdout]     |                      ^^^^^^^^
[INFO] [stdout] 
[INFO] [stdout] 
[INFO] [stdout] error[E0408]: variable `WM_DISPLAYCHANGE` is not bound in all patterns
[INFO] [stdout]    --> src/main_parts/app_boot.rs:144:9
[INFO] [stdout]     |
[INFO] [stdout] 144 |         WM_DWMCOMPOSITIONCHANGED
[INFO] [stdout]     |         ^^^^^^^^^^^^^^^^^^^^^^^^ pattern doesn't bind `WM_DISPLAYCHANGE`
[INFO] [stdout] 145 |             | WM_DISPLAYCHANGE
[INFO] [stdout]     |               ---------------- variable not in all patterns
[INFO] [stdout] 146 |             | WM_DPICHANGED
[INFO] [stdout]     |               ^^^^^^^^^^^^^ pattern doesn't bind `WM_DISPLAYCHANGE`
[INFO] [stdout] 147 |             | WM_SETTINGCHANGE
[INFO] [stdout]     |               ^^^^^^^^^^^^^^^^ pattern doesn't bind `WM_DISPLAYCHANGE`
[INFO] [stdout] 148 |             | WM_THEMECHANGED
[INFO] [stdout]     |               ^^^^^^^^^^^^^^^ pattern doesn't bind `WM_DISPLAYCHANGE`
[INFO] [stdout] 149 |             | WM_WINDOWPOSCHANGED
[INFO] [stdout]     |               ^^^^^^^^^^^^^^^^^^^ pattern doesn't bind `WM_DISPLAYCHANGE`
[INFO] [stdout]     |
[INFO] [stdout] help: if you meant to match on a unit struct, unit variant or a `const` item, consider making the path in the pattern qualified: `path::to::ModOrType::WM_DISPLAYCHANGE`
[INFO] [stdout]    --> src/main_parts/app_boot.rs:145:15
[INFO] [stdout]     |
[INFO] [stdout] 145 |             | WM_DISPLAYCHANGE
[INFO] [stdout]     |               ^^^^^^^^^^^^^^^^
[INFO] [stdout] 
[INFO] [stdout] 
[INFO] [stdout] error[E0433]: cannot find `Win32` in `windows`
[INFO] [stdout]    --> src/main_parts/tray.rs:465:20
[INFO] [stdout]     |
[INFO] [stdout] 465 |     kind: windows::Win32::UI::Shell::NOTIFY_ICON_INFOTIP_FLAGS,
[INFO] [stdout]     |                    ^^^^^ could not find `Win32` in `windows`
[INFO] [stdout] 
[INFO] [stdout] 
[INFO] [stdout] error[E0408]: variable `WM_DPICHANGED` is not bound in all patterns
[INFO] [stdout]    --> src/main_parts/app_boot.rs:144:9
[INFO] [stdout]     |
[INFO] [stdout] 144 |         WM_DWMCOMPOSITIONCHANGED
[INFO] [stdout]     |         ^^^^^^^^^^^^^^^^^^^^^^^^ pattern doesn't bind `WM_DPICHANGED`
[INFO] [stdout] 145 |             | WM_DISPLAYCHANGE
[INFO] [stdout]     |               ^^^^^^^^^^^^^^^^ pattern doesn't bind `WM_DPICHANGED`
[INFO] [stdout] 146 |             | WM_DPICHANGED
[INFO] [stdout]     |               ------------- variable not in all patterns
[INFO] [stdout] 147 |             | WM_SETTINGCHANGE
[INFO] [stdout]     |               ^^^^^^^^^^^^^^^^ pattern doesn't bind `WM_DPICHANGED`
[INFO] [stdout] 148 |             | WM_THEMECHANGED
[INFO] [stdout]     |               ^^^^^^^^^^^^^^^ pattern doesn't bind `WM_DPICHANGED`
[INFO] [stdout] 149 |             | WM_WINDOWPOSCHANGED
[INFO] [stdout]     |               ^^^^^^^^^^^^^^^^^^^ pattern doesn't bind `WM_DPICHANGED`
[INFO] [stdout]     |
[INFO] [stdout] help: if you meant to match on a unit struct, unit variant or a `const` item, consider making the path in the pattern qualified: `path::to::ModOrType::WM_DPICHANGED`
[INFO] [stdout]    --> src/main_parts/app_boot.rs:146:15
[INFO] [stdout]     |
[INFO] [stdout] 146 |             | WM_DPICHANGED
[INFO] [stdout]     |               ^^^^^^^^^^^^^
[INFO] [stdout] 
[INFO] [stdout] 
[INFO] [stdout] error[E0408]: variable `NIN_SELECT` is not bound in all patterns
[INFO] [stdout]    --> src/main_parts/tray.rs:574:17
[INFO] [stdout]     |
[INFO] [stdout] 574 |                 WM_LBUTTONUP | NIN_SELECT | NIN_KEYBOARD_SELECT => open_settings_window(),
[INFO] [stdout]     |                 ^^^^^^^^^^^^   ----------   ^^^^^^^^^^^^^^^^^^^ pattern doesn't bind `NIN_SELECT`
[INFO] [stdout]     |                 |              |
[INFO] [stdout]     |                 |              variable not in all patterns
[INFO] [stdout]     |                 pattern doesn't bind `NIN_SELECT`
[INFO] [stdout]     |
[INFO] [stdout] help: if you meant to match on a unit struct, unit variant or a `const` item, consider making the path in the pattern qualified: `path::to::ModOrType::NIN_SELECT`
[INFO] [stdout]    --> src/main_parts/tray.rs:574:32
[INFO] [stdout]     |
[INFO] [stdout] 574 |                 WM_LBUTTONUP | NIN_SELECT | NIN_KEYBOARD_SELECT => open_settings_window(),
[INFO] [stdout]     |                                ^^^^^^^^^^
[INFO] [stdout] 
[INFO] [stdout] 
[INFO] [stdout] error[E0408]: variable `WM_LBUTTONUP` is not bound in all patterns
[INFO] [stdout]    --> src/main_parts/tray.rs:574:32
[INFO] [stdout]     |
[INFO] [stdout] 574 |                 WM_LBUTTONUP | NIN_SELECT | NIN_KEYBOARD_SELECT => open_settings_window(),
[INFO] [stdout]     |                 ------------   ^^^^^^^^^^   ^^^^^^^^^^^^^^^^^^^ pattern doesn't bind `WM_LBUTTONUP`
[INFO] [stdout]     |                 |              |
[INFO] [stdout]     |                 |              pattern doesn't bind `WM_LBUTTONUP`
[INFO] [stdout]     |                 variable not in all patterns
[INFO] [stdout]     |
[INFO] [stdout] help: you might have meant to use the similarly named constant `VK_LBUTTON`
[INFO] [stdout]     |
[INFO] [stdout] 574 -                 WM_LBUTTONUP | NIN_SELECT | NIN_KEYBOARD_SELECT => open_settings_window(),
[INFO] [stdout] 574 +                 VK_LBUTTON | NIN_SELECT | NIN_KEYBOARD_SELECT => open_settings_window(),
[INFO] [stdout]     |
[INFO] [stdout] 
[INFO] [stdout] 
[INFO] [stdout] error[E0408]: variable `WM_SETTINGCHANGE` is not bound in all patterns
[INFO] [stdout]    --> src/main_parts/app_boot.rs:144:9
[INFO] [stdout]     |
[INFO] [stdout] 144 |         WM_DWMCOMPOSITIONCHANGED
[INFO] [stdout]     |         ^^^^^^^^^^^^^^^^^^^^^^^^ pattern doesn't bind `WM_SETTINGCHANGE`
[INFO] [stdout] 145 |             | WM_DISPLAYCHANGE
[INFO] [stdout]     |               ^^^^^^^^^^^^^^^^ pattern doesn't bind `WM_SETTINGCHANGE`
[INFO] [stdout] 146 |             | WM_DPICHANGED
[INFO] [stdout]     |               ^^^^^^^^^^^^^ pattern doesn't bind `WM_SETTINGCHANGE`
[INFO] [stdout] 147 |             | WM_SETTINGCHANGE
[INFO] [stdout]     |               ---------------- variable not in all patterns
[INFO] [stdout] 148 |             | WM_THEMECHANGED
[INFO] [stdout]     |               ^^^^^^^^^^^^^^^ pattern doesn't bind `WM_SETTINGCHANGE`
[INFO] [stdout] 149 |             | WM_WINDOWPOSCHANGED
[INFO] [stdout]     |               ^^^^^^^^^^^^^^^^^^^ pattern doesn't bind `WM_SETTINGCHANGE`
[INFO] [stdout]     |
[INFO] [stdout] help: if you meant to match on a unit struct, unit variant or a `const` item, consider making the path in the pattern qualified: `path::to::ModOrType::WM_SETTINGCHANGE`
[INFO] [stdout]    --> src/main_parts/app_boot.rs:147:15
[INFO] [stdout]     |
[INFO] [stdout] 147 |             | WM_SETTINGCHANGE
[INFO] [stdout]     |               ^^^^^^^^^^^^^^^^
[INFO] [stdout] 
[INFO] [stdout] 
[INFO] [stdout] error[E0408]: variable `WM_CONTEXTMENU` is not bound in all patterns
[INFO] [stdout]    --> src/main_parts/tray.rs:575:17
[INFO] [stdout]     |
[INFO] [stdout] 575 |                 WM_RBUTTONUP | WM_CONTEXTMENU => show_tray_menu(hwnd),
[INFO] [stdout]     |                 ^^^^^^^^^^^^   -------------- variable not in all patterns
[INFO] [stdout]     |                 |
[INFO] [stdout]     |                 pattern doesn't bind `WM_CONTEXTMENU`
[INFO] [stdout]     |
[INFO] [stdout] help: if you meant to match on a unit struct, unit variant or a `const` item, consider making the path in the pattern qualified: `path::to::ModOrType::WM_CONTEXTMENU`
[INFO] [stdout]    --> src/main_parts/tray.rs:575:32
[INFO] [stdout]     |
[INFO] [stdout] 575 |                 WM_RBUTTONUP | WM_CONTEXTMENU => show_tray_menu(hwnd),
[INFO] [stdout]     |                                ^^^^^^^^^^^^^^
[INFO] [stdout] 
[INFO] [stdout] 
[INFO] [stdout] error[E0408]: variable `WM_THEMECHANGED` is not bound in all patterns
[INFO] [stdout]    --> src/main_parts/app_boot.rs:144:9
[INFO] [stdout]     |
[INFO] [stdout] 144 |         WM_DWMCOMPOSITIONCHANGED
[INFO] [stdout]     |         ^^^^^^^^^^^^^^^^^^^^^^^^ pattern doesn't bind `WM_THEMECHANGED`
[INFO] [stdout] 145 |             | WM_DISPLAYCHANGE
[INFO] [stdout]     |               ^^^^^^^^^^^^^^^^ pattern doesn't bind `WM_THEMECHANGED`
[INFO] [stdout] 146 |             | WM_DPICHANGED
[INFO] [stdout]     |               ^^^^^^^^^^^^^ pattern doesn't bind `WM_THEMECHANGED`
[INFO] [stdout] 147 |             | WM_SETTINGCHANGE
[INFO] [stdout]     |               ^^^^^^^^^^^^^^^^ pattern doesn't bind `WM_THEMECHANGED`
[INFO] [stdout] 148 |             | WM_THEMECHANGED
[INFO] [stdout]     |               --------------- variable not in all patterns
[INFO] [stdout] 149 |             | WM_WINDOWPOSCHANGED
[INFO] [stdout]     |               ^^^^^^^^^^^^^^^^^^^ pattern doesn't bind `WM_THEMECHANGED`
[INFO] [stdout]     |
[INFO] [stdout] help: if you meant to match on a unit struct, unit variant or a `const` item, consider making the path in the pattern qualified: `path::to::ModOrType::WM_THEMECHANGED`
[INFO] [stdout]    --> src/main_parts/app_boot.rs:148:15
[INFO] [stdout]     |
[INFO] [stdout] 148 |             | WM_THEMECHANGED
[INFO] [stdout]     |               ^^^^^^^^^^^^^^^
[INFO] [stdout] 
[INFO] [stdout] 
[INFO] [stdout] error[E0408]: variable `WM_WINDOWPOSCHANGED` is not bound in all patterns
[INFO] [stdout]    --> src/main_parts/app_boot.rs:144:9
[INFO] [stdout]     |
[INFO] [stdout] 144 |         WM_DWMCOMPOSITIONCHANGED
[INFO] [stdout]     |         ^^^^^^^^^^^^^^^^^^^^^^^^ pattern doesn't bind `WM_WINDOWPOSCHANGED`
[INFO] [stdout] 145 |             | WM_DISPLAYCHANGE
[INFO] [stdout]     |               ^^^^^^^^^^^^^^^^ pattern doesn't bind `WM_WINDOWPOSCHANGED`
[INFO] [stdout] 146 |             | WM_DPICHANGED
[INFO] [stdout]     |               ^^^^^^^^^^^^^ pattern doesn't bind `WM_WINDOWPOSCHANGED`
[INFO] [stdout] 147 |             | WM_SETTINGCHANGE
[INFO] [stdout]     |               ^^^^^^^^^^^^^^^^ pattern doesn't bind `WM_WINDOWPOSCHANGED`
[INFO] [stdout] 148 |             | WM_THEMECHANGED
[INFO] [stdout]     |               ^^^^^^^^^^^^^^^ pattern doesn't bind `WM_WINDOWPOSCHANGED`
[INFO] [stdout] 149 |             | WM_WINDOWPOSCHANGED
[INFO] [stdout]     |               ------------------- variable not in all patterns
[INFO] [stdout]     |
[INFO] [stdout] help: if you meant to match on a unit struct, unit variant or a `const` item, consider making the path in the pattern qualified: `path::to::ModOrType::WM_WINDOWPOSCHANGED`
[INFO] [stdout]    --> src/main_parts/app_boot.rs:149:15
[INFO] [stdout]     |
[INFO] [stdout] 149 |             | WM_WINDOWPOSCHANGED
[INFO] [stdout]     |               ^^^^^^^^^^^^^^^^^^^
[INFO] [stdout] 
[INFO] [stdout] 
[INFO] [stdout] error[E0408]: variable `WM_DWMCOMPOSITIONCHANGED` is not bound in all patterns
[INFO] [stdout]    --> src/main_parts/app_boot.rs:145:15
[INFO] [stdout]     |
[INFO] [stdout] 144 |         WM_DWMCOMPOSITIONCHANGED
[INFO] [stdout]     |         ------------------------ variable not in all patterns
[INFO] [stdout] 145 |             | WM_DISPLAYCHANGE
[INFO] [stdout]     |               ^^^^^^^^^^^^^^^^ pattern doesn't bind `WM_DWMCOMPOSITIONCHANGED`
[INFO] [stdout] 146 |             | WM_DPICHANGED
[INFO] [stdout]     |               ^^^^^^^^^^^^^ pattern doesn't bind `WM_DWMCOMPOSITIONCHANGED`
[INFO] [stdout] 147 |             | WM_SETTINGCHANGE
[INFO] [stdout]     |               ^^^^^^^^^^^^^^^^ pattern doesn't bind `WM_DWMCOMPOSITIONCHANGED`
[INFO] [stdout] 148 |             | WM_THEMECHANGED
[INFO] [stdout]     |               ^^^^^^^^^^^^^^^ pattern doesn't bind `WM_DWMCOMPOSITIONCHANGED`
[INFO] [stdout] 149 |             | WM_WINDOWPOSCHANGED
[INFO] [stdout]     |               ^^^^^^^^^^^^^^^^^^^ pattern doesn't bind `WM_DWMCOMPOSITIONCHANGED`
[INFO] [stdout]     |
[INFO] [stdout] help: if you meant to match on a unit struct, unit variant or a `const` item, consider making the path in the pattern qualified: `path::to::ModOrType::WM_DWMCOMPOSITIONCHANGED`
[INFO] [stdout]    --> src/main_parts/app_boot.rs:144:9
[INFO] [stdout]     |
[INFO] [stdout] 144 |         WM_DWMCOMPOSITIONCHANGED
[INFO] [stdout]     |         ^^^^^^^^^^^^^^^^^^^^^^^^
[INFO] [stdout] 
[INFO] [stdout] 
[INFO] [stdout] error[E0408]: variable `WM_RBUTTONUP` is not bound in all patterns
[INFO] [stdout]    --> src/main_parts/tray.rs:575:32
[INFO] [stdout]     |
[INFO] [stdout] 575 |                 WM_RBUTTONUP | WM_CONTEXTMENU => show_tray_menu(hwnd),
[INFO] [stdout]     |                 ------------   ^^^^^^^^^^^^^^ pattern doesn't bind `WM_RBUTTONUP`
[INFO] [stdout]     |                 |
[INFO] [stdout]     |                 variable not in all patterns
[INFO] [stdout]     |
[INFO] [stdout] help: you might have meant to use the similarly named constant `VK_RBUTTON`
[INFO] [stdout]     |
[INFO] [stdout] 575 -                 WM_RBUTTONUP | WM_CONTEXTMENU => show_tray_menu(hwnd),
[INFO] [stdout] 575 +                 VK_RBUTTON | WM_CONTEXTMENU => show_tray_menu(hwnd),
[INFO] [stdout]     |
[INFO] [stdout] 
[INFO] [stdout] 
[INFO] [stdout] error[E0408]: variable `WM_THEMECHANGED` is not bound in all patterns
[INFO] [stdout]    --> src/main_parts/tray.rs:650:9
[INFO] [stdout]     |
[INFO] [stdout] 650 |         WM_SETTINGCHANGE | WM_THEMECHANGED => {
[INFO] [stdout]     |         ^^^^^^^^^^^^^^^^   --------------- variable not in all patterns
[INFO] [stdout]     |         |
[INFO] [stdout]     |         pattern doesn't bind `WM_THEMECHANGED`
[INFO] [stdout]     |
[INFO] [stdout] help: if you meant to match on a unit struct, unit variant or a `const` item, consider making the path in the pattern qualified: `path::to::ModOrType::WM_THEMECHANGED`
[INFO] [stdout]    --> src/main_parts/tray.rs:650:28
[INFO] [stdout]     |
[INFO] [stdout] 650 |         WM_SETTINGCHANGE | WM_THEMECHANGED => {
[INFO] [stdout]     |                            ^^^^^^^^^^^^^^^
[INFO] [stdout] 
[INFO] [stdout] 
[INFO] [stdout] error[E0408]: variable `WM_SETTINGCHANGE` is not bound in all patterns
[INFO] [stdout]    --> src/main_parts/tray.rs:650:28
[INFO] [stdout]     |
[INFO] [stdout] 650 |         WM_SETTINGCHANGE | WM_THEMECHANGED => {
[INFO] [stdout]     |         ----------------   ^^^^^^^^^^^^^^^ pattern doesn't bind `WM_SETTINGCHANGE`
[INFO] [stdout]     |         |
[INFO] [stdout]     |         variable not in all patterns
[INFO] [stdout]     |
[INFO] [stdout] help: if you meant to match on a unit struct, unit variant or a `const` item, consider making the path in the pattern qualified: `path::to::ModOrType::WM_SETTINGCHANGE`
[INFO] [stdout]    --> src/main_parts/tray.rs:650:9
[INFO] [stdout]     |
[INFO] [stdout] 650 |         WM_SETTINGCHANGE | WM_THEMECHANGED => {
[INFO] [stdout]     |         ^^^^^^^^^^^^^^^^
[INFO] [stdout] 
[INFO] [stdout] 
[INFO] [stdout] error[E0433]: cannot find `Win32` in `windows`
[INFO] [stdout]    --> src/main_parts/tray.rs:403:20
[INFO] [stdout]     |
[INFO] [stdout] 403 |     kind: windows::Win32::UI::Shell::NOTIFY_ICON_INFOTIP_FLAGS,
[INFO] [stdout]     |                    ^^^^^ could not find `Win32` in `windows`
[INFO] [stdout] 
[INFO] [stdout] 
[INFO] [stdout] error[E0408]: variable `WM_LBUTTONUP` is not bound in all patterns
[INFO] [stdout]   --> src/main_parts/input_utils.rs:85:9
[INFO] [stdout]    |
[INFO] [stdout] 85 |         WM_LBUTTONDOWN | WM_LBUTTONUP => Some(VK_LBUTTON),
[INFO] [stdout]    |         ^^^^^^^^^^^^^^   ------------ variable not in all patterns
[INFO] [stdout]    |         |
[INFO] [stdout]    |         pattern doesn't bind `WM_LBUTTONUP`
[INFO] [stdout]    |
[INFO] [stdout] help: you might have meant to use the similarly named constant `VK_LBUTTON`
[INFO] [stdout]    |
[INFO] [stdout] 85 -         WM_LBUTTONDOWN | WM_LBUTTONUP => Some(VK_LBUTTON),
[INFO] [stdout] 85 +         WM_LBUTTONDOWN | VK_LBUTTON => Some(VK_LBUTTON),
[INFO] [stdout]    |
[INFO] [stdout] 
[INFO] [stdout] 
[INFO] [stdout] error[E0408]: variable `WM_LBUTTONDOWN` is not bound in all patterns
[INFO] [stdout]   --> src/main_parts/input_utils.rs:85:26
[INFO] [stdout]    |
[INFO] [stdout] 85 |         WM_LBUTTONDOWN | WM_LBUTTONUP => Some(VK_LBUTTON),
[INFO] [stdout]    |         --------------   ^^^^^^^^^^^^ pattern doesn't bind `WM_LBUTTONDOWN`
[INFO] [stdout]    |         |
[INFO] [stdout]    |         variable not in all patterns
[INFO] [stdout]    |
[INFO] [stdout] help: if you meant to match on a unit struct, unit variant or a `const` item, consider making the path in the pattern qualified: `path::to::ModOrType::WM_LBUTTONDOWN`
[INFO] [stdout]   --> src/main_parts/input_utils.rs:85:9
[INFO] [stdout]    |
[INFO] [stdout] 85 |         WM_LBUTTONDOWN | WM_LBUTTONUP => Some(VK_LBUTTON),
[INFO] [stdout]    |         ^^^^^^^^^^^^^^
[INFO] [stdout] 
[INFO] [stdout] 
[INFO] [stdout] error[E0433]: cannot find `Win32` in `windows`
[INFO] [stdout]    --> src/main_parts/tray.rs:465:20
[INFO] [stdout]     |
[INFO] [stdout] 465 |     kind: windows::Win32::UI::Shell::NOTIFY_ICON_INFOTIP_FLAGS,
[INFO] [stdout]     |                    ^^^^^ could not find `Win32` in `windows`
[INFO] [stdout] 
[INFO] [stdout] 
[INFO] [stdout] error[E0408]: variable `WM_RBUTTONUP` is not bound in all patterns
[INFO] [stdout]   --> src/main_parts/input_utils.rs:86:9
[INFO] [stdout]    |
[INFO] [stdout] 86 |         WM_RBUTTONDOWN | WM_RBUTTONUP => Some(VK_RBUTTON),
[INFO] [stdout]    |         ^^^^^^^^^^^^^^   ------------ variable not in all patterns
[INFO] [stdout]    |         |
[INFO] [stdout]    |         pattern doesn't bind `WM_RBUTTONUP`
[INFO] [stdout]    |
[INFO] [stdout] help: you might have meant to use the similarly named constant `VK_RBUTTON`
[INFO] [stdout]    |
[INFO] [stdout] 86 -         WM_RBUTTONDOWN | WM_RBUTTONUP => Some(VK_RBUTTON),
[INFO] [stdout] 86 +         WM_RBUTTONDOWN | VK_RBUTTON => Some(VK_RBUTTON),
[INFO] [stdout]    |
[INFO] [stdout] 
[INFO] [stdout] 
[INFO] [stdout] error[E0408]: variable `NIN_SELECT` is not bound in all patterns
[INFO] [stdout]    --> src/main_parts/tray.rs:574:17
[INFO] [stdout]     |
[INFO] [stdout] 574 |                 WM_LBUTTONUP | NIN_SELECT | NIN_KEYBOARD_SELECT => open_settings_window(),
[INFO] [stdout]     |                 ^^^^^^^^^^^^   ----------   ^^^^^^^^^^^^^^^^^^^ pattern doesn't bind `NIN_SELECT`
[INFO] [stdout]     |                 |              |
[INFO] [stdout]     |                 |              variable not in all patterns
[INFO] [stdout]     |                 pattern doesn't bind `NIN_SELECT`
[INFO] [stdout]     |
[INFO] [stdout] help: if you meant to match on a unit struct, unit variant or a `const` item, consider making the path in the pattern qualified: `path::to::ModOrType::NIN_SELECT`
[INFO] [stdout]    --> src/main_parts/tray.rs:574:32
[INFO] [stdout]     |
[INFO] [stdout] 574 |                 WM_LBUTTONUP | NIN_SELECT | NIN_KEYBOARD_SELECT => open_settings_window(),
[INFO] [stdout]     |                                ^^^^^^^^^^
[INFO] [stdout] 
[INFO] [stdout] 
[INFO] [stdout] error[E0408]: variable `WM_RBUTTONDOWN` is not bound in all patterns
[INFO] [stdout]   --> src/main_parts/input_utils.rs:86:26
[INFO] [stdout]    |
[INFO] [stdout] 86 |         WM_RBUTTONDOWN | WM_RBUTTONUP => Some(VK_RBUTTON),
[INFO] [stdout]    |         --------------   ^^^^^^^^^^^^ pattern doesn't bind `WM_RBUTTONDOWN`
[INFO] [stdout]    |         |
[INFO] [stdout]    |         variable not in all patterns
[INFO] [stdout]    |
[INFO] [stdout] help: if you meant to match on a unit struct, unit variant or a `const` item, consider making the path in the pattern qualified: `path::to::ModOrType::WM_RBUTTONDOWN`
[INFO] [stdout]   --> src/main_parts/input_utils.rs:86:9
[INFO] [stdout]    |
[INFO] [stdout] 86 |         WM_RBUTTONDOWN | WM_RBUTTONUP => Some(VK_RBUTTON),
[INFO] [stdout]    |         ^^^^^^^^^^^^^^
[INFO] [stdout] 
[INFO] [stdout] 
[INFO] [stdout] error[E0408]: variable `WM_MBUTTONUP` is not bound in all patterns
[INFO] [stdout]   --> src/main_parts/input_utils.rs:87:9
[INFO] [stdout]    |
[INFO] [stdout] 87 |         WM_MBUTTONDOWN | WM_MBUTTONUP => Some(VK_MBUTTON),
[INFO] [stdout]    |         ^^^^^^^^^^^^^^   ------------ variable not in all patterns
[INFO] [stdout]    |         |
[INFO] [stdout]    |         pattern doesn't bind `WM_MBUTTONUP`
[INFO] [stdout]    |
[INFO] [stdout] help: you might have meant to use the similarly named constant `VK_MBUTTON`
[INFO] [stdout]    |
[INFO] [stdout] 87 -         WM_MBUTTONDOWN | WM_MBUTTONUP => Some(VK_MBUTTON),
[INFO] [stdout] 87 +         WM_MBUTTONDOWN | VK_MBUTTON => Some(VK_MBUTTON),
[INFO] [stdout]    |
[INFO] [stdout] 
[INFO] [stdout] 
[INFO] [stdout] error[E0408]: variable `WM_LBUTTONUP` is not bound in all patterns
[INFO] [stdout]    --> src/main_parts/tray.rs:574:32
[INFO] [stdout]     |
[INFO] [stdout] 574 |                 WM_LBUTTONUP | NIN_SELECT | NIN_KEYBOARD_SELECT => open_settings_window(),
[INFO] [stdout]     |                 ------------   ^^^^^^^^^^   ^^^^^^^^^^^^^^^^^^^ pattern doesn't bind `WM_LBUTTONUP`
[INFO] [stdout]     |                 |              |
[INFO] [stdout]     |                 |              pattern doesn't bind `WM_LBUTTONUP`
[INFO] [stdout]     |                 variable not in all patterns
[INFO] [stdout]     |
[INFO] [stdout] help: you might have meant to use the similarly named constant `VK_LBUTTON`
[INFO] [stdout]     |
[INFO] [stdout] 574 -                 WM_LBUTTONUP | NIN_SELECT | NIN_KEYBOARD_SELECT => open_settings_window(),
[INFO] [stdout] 574 +                 VK_LBUTTON | NIN_SELECT | NIN_KEYBOARD_SELECT => open_settings_window(),
[INFO] [stdout]     |
[INFO] [stdout] 
[INFO] [stdout] 
[INFO] [stdout] error[E0408]: variable `WM_MBUTTONDOWN` is not bound in all patterns
[INFO] [stdout]   --> src/main_parts/input_utils.rs:87:26
[INFO] [stdout]    |
[INFO] [stdout] 87 |         WM_MBUTTONDOWN | WM_MBUTTONUP => Some(VK_MBUTTON),
[INFO] [stdout]    |         --------------   ^^^^^^^^^^^^ pattern doesn't bind `WM_MBUTTONDOWN`
[INFO] [stdout]    |         |
[INFO] [stdout]    |         variable not in all patterns
[INFO] [stdout]    |
[INFO] [stdout] help: if you meant to match on a unit struct, unit variant or a `const` item, consider making the path in the pattern qualified: `path::to::ModOrType::WM_MBUTTONDOWN`
[INFO] [stdout]   --> src/main_parts/input_utils.rs:87:9
[INFO] [stdout]    |
[INFO] [stdout] 87 |         WM_MBUTTONDOWN | WM_MBUTTONUP => Some(VK_MBUTTON),
[INFO] [stdout]    |         ^^^^^^^^^^^^^^
[INFO] [stdout] 
[INFO] [stdout] 
[INFO] [stdout] error[E0408]: variable `WM_CONTEXTMENU` is not bound in all patterns
[INFO] [stdout]    --> src/main_parts/tray.rs:575:17
[INFO] [stdout]     |
[INFO] [stdout] 575 |                 WM_RBUTTONUP | WM_CONTEXTMENU => show_tray_menu(hwnd),
[INFO] [stdout]     |                 ^^^^^^^^^^^^   -------------- variable not in all patterns
[INFO] [stdout]     |                 |
[INFO] [stdout]     |                 pattern doesn't bind `WM_CONTEXTMENU`
[INFO] [stdout]     |
[INFO] [stdout] help: if you meant to match on a unit struct, unit variant or a `const` item, consider making the path in the pattern qualified: `path::to::ModOrType::WM_CONTEXTMENU`
[INFO] [stdout]    --> src/main_parts/tray.rs:575:32
[INFO] [stdout]     |
[INFO] [stdout] 575 |                 WM_RBUTTONUP | WM_CONTEXTMENU => show_tray_menu(hwnd),
[INFO] [stdout]     |                                ^^^^^^^^^^^^^^
[INFO] [stdout] 
[INFO] [stdout] 
[INFO] [stdout] error[E0408]: variable `WM_XBUTTONUP` is not bound in all patterns
[INFO] [stdout]   --> src/main_parts/input_utils.rs:88:9
[INFO] [stdout]    |
[INFO] [stdout] 88 |         WM_XBUTTONDOWN | WM_XBUTTONUP => match (mouse_data >> 16) & 0xffff {
[INFO] [stdout]    |         ^^^^^^^^^^^^^^   ------------ variable not in all patterns
[INFO] [stdout]    |         |
[INFO] [stdout]    |         pattern doesn't bind `WM_XBUTTONUP`
[INFO] [stdout]    |
[INFO] [stdout] help: you might have meant to use the similarly named constant `VK_XBUTTON1`
[INFO] [stdout]    |
[INFO] [stdout] 88 -         WM_XBUTTONDOWN | WM_XBUTTONUP => match (mouse_data >> 16) & 0xffff {
[INFO] [stdout] 88 +         WM_XBUTTONDOWN | VK_XBUTTON1 => match (mouse_data >> 16) & 0xffff {
[INFO] [stdout]    |
[INFO] [stdout] 
[INFO] [stdout] 
[INFO] [stdout] error[E0408]: variable `WM_RBUTTONUP` is not bound in all patterns
[INFO] [stdout]    --> src/main_parts/tray.rs:575:32
[INFO] [stdout]     |
[INFO] [stdout] 575 |                 WM_RBUTTONUP | WM_CONTEXTMENU => show_tray_menu(hwnd),
[INFO] [stdout]     |                 ------------   ^^^^^^^^^^^^^^ pattern doesn't bind `WM_RBUTTONUP`
[INFO] [stdout]     |                 |
[INFO] [stdout]     |                 variable not in all patterns
[INFO] [stdout]     |
[INFO] [stdout] help: you might have meant to use the similarly named constant `VK_RBUTTON`
[INFO] [stdout]     |
[INFO] [stdout] 575 -                 WM_RBUTTONUP | WM_CONTEXTMENU => show_tray_menu(hwnd),
[INFO] [stdout] 575 +                 VK_RBUTTON | WM_CONTEXTMENU => show_tray_menu(hwnd),
[INFO] [stdout]     |
[INFO] [stdout] 
[INFO] [stdout] 
[INFO] [stdout] error[E0408]: variable `WM_XBUTTONDOWN` is not bound in all patterns
[INFO] [stdout]   --> src/main_parts/input_utils.rs:88:26
[INFO] [stdout]    |
[INFO] [stdout] 88 |         WM_XBUTTONDOWN | WM_XBUTTONUP => match (mouse_data >> 16) & 0xffff {
[INFO] [stdout]    |         --------------   ^^^^^^^^^^^^ pattern doesn't bind `WM_XBUTTONDOWN`
[INFO] [stdout]    |         |
[INFO] [stdout]    |         variable not in all patterns
[INFO] [stdout]    |
[INFO] [stdout] help: if you meant to match on a unit struct, unit variant or a `const` item, consider making the path in the pattern qualified: `path::to::ModOrType::WM_XBUTTONDOWN`
[INFO] [stdout]   --> src/main_parts/input_utils.rs:88:9
[INFO] [stdout]    |
[INFO] [stdout] 88 |         WM_XBUTTONDOWN | WM_XBUTTONUP => match (mouse_data >> 16) & 0xffff {
[INFO] [stdout]    |         ^^^^^^^^^^^^^^
[INFO] [stdout] 
[INFO] [stdout] 
[INFO] [stdout] error[E0408]: variable `WM_RBUTTONDOWN` is not bound in all patterns
[INFO] [stdout]    --> src/main_parts/input_utils.rs:100:9
[INFO] [stdout]     |
[INFO] [stdout] 100 |         WM_LBUTTONDOWN | WM_RBUTTONDOWN | WM_MBUTTONDOWN | WM_XBUTTONDOWN
[INFO] [stdout]     |         ^^^^^^^^^^^^^^   --------------   ^^^^^^^^^^^^^^   ^^^^^^^^^^^^^^ pattern doesn't bind `WM_RBUTTONDOWN`
[INFO] [stdout]     |         |                |                |
[INFO] [stdout]     |         |                |                pattern doesn't bind `WM_RBUTTONDOWN`
[INFO] [stdout]     |         |                variable not in all patterns
[INFO] [stdout]     |         pattern doesn't bind `WM_RBUTTONDOWN`
[INFO] [stdout]     |
[INFO] [stdout] help: if you meant to match on a unit struct, unit variant or a `const` item, consider making the path in the pattern qualified: `path::to::ModOrType::WM_RBUTTONDOWN`
[INFO] [stdout]    --> src/main_parts/input_utils.rs:100:26
[INFO] [stdout]     |
[INFO] [stdout] 100 |         WM_LBUTTONDOWN | WM_RBUTTONDOWN | WM_MBUTTONDOWN | WM_XBUTTONDOWN
[INFO] [stdout]     |                          ^^^^^^^^^^^^^^
[INFO] [stdout] 
[INFO] [stdout] 
[INFO] [stdout] error[E0408]: variable `WM_THEMECHANGED` is not bound in all patterns
[INFO] [stdout]    --> src/main_parts/tray.rs:650:9
[INFO] [stdout]     |
[INFO] [stdout] 650 |         WM_SETTINGCHANGE | WM_THEMECHANGED => {
[INFO] [stdout]     |         ^^^^^^^^^^^^^^^^   --------------- variable not in all patterns
[INFO] [stdout]     |         |
[INFO] [stdout]     |         pattern doesn't bind `WM_THEMECHANGED`
[INFO] [stdout]     |
[INFO] [stdout] help: if you meant to match on a unit struct, unit variant or a `const` item, consider making the path in the pattern qualified: `path::to::ModOrType::WM_THEMECHANGED`
[INFO] [stdout]    --> src/main_parts/tray.rs:650:28
[INFO] [stdout]     |
[INFO] [stdout] 650 |         WM_SETTINGCHANGE | WM_THEMECHANGED => {
[INFO] [stdout]     |                            ^^^^^^^^^^^^^^^
[INFO] [stdout] 
[INFO] [stdout] 
[INFO] [stdout] error[E0408]: variable `WM_MBUTTONDOWN` is not bound in all patterns
[INFO] [stdout]    --> src/main_parts/input_utils.rs:100:9
[INFO] [stdout]     |
[INFO] [stdout] 100 |         WM_LBUTTONDOWN | WM_RBUTTONDOWN | WM_MBUTTONDOWN | WM_XBUTTONDOWN
[INFO] [stdout]     |         ^^^^^^^^^^^^^^   ^^^^^^^^^^^^^^   --------------   ^^^^^^^^^^^^^^ pattern doesn't bind `WM_MBUTTONDOWN`
[INFO] [stdout]     |         |                |                |
[INFO] [stdout]     |         |                |                variable not in all patterns
[INFO] [stdout]     |         |                pattern doesn't bind `WM_MBUTTONDOWN`
[INFO] [stdout]     |         pattern doesn't bind `WM_MBUTTONDOWN`
[INFO] [stdout]     |
[INFO] [stdout] help: if you meant to match on a unit struct, unit variant or a `const` item, consider making the path in the pattern qualified: `path::to::ModOrType::WM_MBUTTONDOWN`
[INFO] [stdout]    --> src/main_parts/input_utils.rs:100:43
[INFO] [stdout]     |
[INFO] [stdout] 100 |         WM_LBUTTONDOWN | WM_RBUTTONDOWN | WM_MBUTTONDOWN | WM_XBUTTONDOWN
[INFO] [stdout]     |                                           ^^^^^^^^^^^^^^
[INFO] [stdout] 
[INFO] [stdout] 
[INFO] [stdout] error[E0408]: variable `WM_SETTINGCHANGE` is not bound in all patterns
[INFO] [stdout]    --> src/main_parts/tray.rs:650:28
[INFO] [stdout]     |
[INFO] [stdout] 650 |         WM_SETTINGCHANGE | WM_THEMECHANGED => {
[INFO] [stdout]     |         ----------------   ^^^^^^^^^^^^^^^ pattern doesn't bind `WM_SETTINGCHANGE`
[INFO] [stdout]     |         |
[INFO] [stdout]     |         variable not in all patterns
[INFO] [stdout]     |
[INFO] [stdout] help: if you meant to match on a unit struct, unit variant or a `const` item, consider making the path in the pattern qualified: `path::to::ModOrType::WM_SETTINGCHANGE`
[INFO] [stdout]    --> src/main_parts/tray.rs:650:9
[INFO] [stdout]     |
[INFO] [stdout] 650 |         WM_SETTINGCHANGE | WM_THEMECHANGED => {
[INFO] [stdout]     |         ^^^^^^^^^^^^^^^^
[INFO] [stdout] 
[INFO] [stdout] 
[INFO] [stdout] error[E0408]: variable `WM_XBUTTONDOWN` is not bound in all patterns
[INFO] [stdout]    --> src/main_parts/input_utils.rs:100:9
[INFO] [stdout]     |
[INFO] [stdout] 100 |         WM_LBUTTONDOWN | WM_RBUTTONDOWN | WM_MBUTTONDOWN | WM_XBUTTONDOWN
[INFO] [stdout]     |         ^^^^^^^^^^^^^^   ^^^^^^^^^^^^^^   ^^^^^^^^^^^^^^   -------------- variable not in all patterns
[INFO] [stdout]     |         |                |                |
[INFO] [stdout]     |         |                |                pattern doesn't bind `WM_XBUTTONDOWN`
[INFO] [stdout]     |         |                pattern doesn't bind `WM_XBUTTONDOWN`
[INFO] [stdout]     |         pattern doesn't bind `WM_XBUTTONDOWN`
[INFO] [stdout]     |
[INFO] [stdout] help: if you meant to match on a unit struct, unit variant or a `const` item, consider making the path in the pattern qualified: `path::to::ModOrType::WM_XBUTTONDOWN`
[INFO] [stdout]    --> src/main_parts/input_utils.rs:100:60
[INFO] [stdout]     |
[INFO] [stdout] 100 |         WM_LBUTTONDOWN | WM_RBUTTONDOWN | WM_MBUTTONDOWN | WM_XBUTTONDOWN
[INFO] [stdout]     |                                                            ^^^^^^^^^^^^^^
[INFO] [stdout] 
[INFO] [stdout] 
[INFO] [stdout] error[E0408]: variable `WM_LBUTTONDOWN` is not bound in all patterns
[INFO] [stdout]    --> src/main_parts/input_utils.rs:100:26
[INFO] [stdout]     |
[INFO] [stdout] 100 |         WM_LBUTTONDOWN | WM_RBUTTONDOWN | WM_MBUTTONDOWN | WM_XBUTTONDOWN
[INFO] [stdout]     |         --------------   ^^^^^^^^^^^^^^   ^^^^^^^^^^^^^^   ^^^^^^^^^^^^^^ pattern doesn't bind `WM_LBUTTONDOWN`
[INFO] [stdout]     |         |                |                |
[INFO] [stdout]     |         |                |                pattern doesn't bind `WM_LBUTTONDOWN`
[INFO] [stdout]     |         |                pattern doesn't bind `WM_LBUTTONDOWN`
[INFO] [stdout]     |         variable not in all patterns
[INFO] [stdout]     |
[INFO] [stdout] help: if you meant to match on a unit struct, unit variant or a `const` item, consider making the path in the pattern qualified: `path::to::ModOrType::WM_LBUTTONDOWN`
[INFO] [stdout]    --> src/main_parts/input_utils.rs:100:9
[INFO] [stdout]     |
[INFO] [stdout] 100 |         WM_LBUTTONDOWN | WM_RBUTTONDOWN | WM_MBUTTONDOWN | WM_XBUTTONDOWN
[INFO] [stdout]     |         ^^^^^^^^^^^^^^
[INFO] [stdout] 
[INFO] [stdout] 
[INFO] [stdout] error[E0433]: cannot find `core` in `windows`
[INFO] [stdout]    --> src/main_parts/models.rs:676:88
[INFO] [stdout]     |
[INFO] [stdout] 676 |     fn OnNotify(&self, _notification: *mut AUDIO_VOLUME_NOTIFICATION_DATA) -> windows::core::Result<()> {
[INFO] [stdout]     |                                                                                        ^^^^ could not find `core` in `windows`
[INFO] [stdout]     |
[INFO] [stdout] help: consider importing this crate
[INFO] [stdout]    --> src/main.rs:3:1
[INFO] [stdout]     |
[INFO] [stdout]   3 + use dioxus::core;
[INFO] [stdout]     |
[INFO] [stdout] help: if you import `core`, refer to it directly
[INFO] [stdout]     |
[INFO] [stdout] 676 -     fn OnNotify(&self, _notification: *mut AUDIO_VOLUME_NOTIFICATION_DATA) -> windows::core::Result<()> {
[INFO] [stdout] 676 +     fn OnNotify(&self, _notification: *mut AUDIO_VOLUME_NOTIFICATION_DATA) -> core::Result<()> {
[INFO] [stdout]     |
[INFO] [stdout] 
[INFO] [stdout] 
[INFO] [stdout] error[E0433]: cannot find `core` in `windows`
[INFO] [stdout]    --> src/main_parts/models.rs:698:19
[INFO] [stdout]     |
[INFO] [stdout] 698 |     ) -> windows::core::Result<()> {
[INFO] [stdout]     |                   ^^^^ could not find `core` in `windows`
[INFO] [stdout]     |
[INFO] [stdout] help: consider importing this crate
[INFO] [stdout]    --> src/main.rs:3:1
[INFO] [stdout]     |
[INFO] [stdout]   3 + use dioxus::core;
[INFO] [stdout]     |
[INFO] [stdout] help: if you import `core`, refer to it directly
[INFO] [stdout]     |
[INFO] [stdout] 698 -     ) -> windows::core::Result<()> {
[INFO] [stdout] 698 +     ) -> core::Result<()> {
[INFO] [stdout]     |
[INFO] [stdout] 
[INFO] [stdout] 
[INFO] [stdout] error[E0433]: cannot find `core` in `windows`
[INFO] [stdout]    --> src/main_parts/models.rs:703:62
[INFO] [stdout]     |
[INFO] [stdout] 703 |     fn OnDeviceAdded(&self, _device_id: &PCWSTR) -> windows::core::Result<()> {
[INFO] [stdout]     |                                                              ^^^^ could not find `core` in `windows`
[INFO] [stdout]     |
[INFO] [stdout] help: consider importing this crate
[INFO] [stdout]    --> src/main.rs:3:1
[INFO] [stdout]     |
[INFO] [stdout]   3 + use dioxus::core;
[INFO] [stdout]     |
[INFO] [stdout] help: if you import `core`, refer to it directly
[INFO] [stdout]     |
[INFO] [stdout] 703 -     fn OnDeviceAdded(&self, _device_id: &PCWSTR) -> windows::core::Result<()> {
[INFO] [stdout] 703 +     fn OnDeviceAdded(&self, _device_id: &PCWSTR) -> core::Result<()> {
[INFO] [stdout]     |
[INFO] [stdout] 
[INFO] [stdout] 
[INFO] [stdout] error[E0433]: cannot find `core` in `windows`
[INFO] [stdout]    --> src/main_parts/models.rs:708:64
[INFO] [stdout]     |
[INFO] [stdout] 708 |     fn OnDeviceRemoved(&self, _device_id: &PCWSTR) -> windows::core::Result<()> {
[INFO] [stdout]     |                                                                ^^^^ could not find `core` in `windows`
[INFO] [stdout]     |
[INFO] [stdout] help: consider importing this crate
[INFO] [stdout]    --> src/main.rs:3:1
[INFO] [stdout]     |
[INFO] [stdout]   3 + use dioxus::core;
[INFO] [stdout]     |
[INFO] [stdout] help: if you import `core`, refer to it directly
[INFO] [stdout]     |
[INFO] [stdout] 708 -     fn OnDeviceRemoved(&self, _device_id: &PCWSTR) -> windows::core::Result<()> {
[INFO] [stdout] 708 +     fn OnDeviceRemoved(&self, _device_id: &PCWSTR) -> core::Result<()> {
[INFO] [stdout]     |
[INFO] [stdout] 
[INFO] [stdout] 
[INFO] [stdout] error[E0433]: cannot find `core` in `windows`
[INFO] [stdout]    --> src/main_parts/models.rs:718:19
[INFO] [stdout]     |
[INFO] [stdout] 718 |     ) -> windows::core::Result<()> {
[INFO] [stdout]     |                   ^^^^ could not find `core` in `windows`
[INFO] [stdout]     |
[INFO] [stdout] help: consider importing this crate
[INFO] [stdout]    --> src/main.rs:3:1
[INFO] [stdout]     |
[INFO] [stdout]   3 + use dioxus::core;
[INFO] [stdout]     |
[INFO] [stdout] help: if you import `core`, refer to it directly
[INFO] [stdout]     |
[INFO] [stdout] 718 -     ) -> windows::core::Result<()> {
[INFO] [stdout] 718 +     ) -> core::Result<()> {
[INFO] [stdout]     |
[INFO] [stdout] 
[INFO] [stdout] 
[INFO] [stdout] error[E0433]: cannot find `core` in `windows`
[INFO] [stdout]    --> src/main_parts/models.rs:729:19
[INFO] [stdout]     |
[INFO] [stdout] 729 |     ) -> windows::core::Result<()> {
[INFO] [stdout]     |                   ^^^^ could not find `core` in `windows`
[INFO] [stdout]     |
[INFO] [stdout] help: consider importing this crate
[INFO] [stdout]    --> src/main.rs:3:1
[INFO] [stdout]     |
[INFO] [stdout]   3 + use dioxus::core;
[INFO] [stdout]     |
[INFO] [stdout] help: if you import `core`, refer to it directly
[INFO] [stdout]     |
[INFO] [stdout] 729 -     ) -> windows::core::Result<()> {
[INFO] [stdout] 729 +     ) -> core::Result<()> {
[INFO] [stdout]     |
[INFO] [stdout] 
[INFO] [stdout] 
[INFO] [stdout] error[E0433]: cannot find `core` in `windows`
[INFO] [stdout]    --> src/main_parts/app_boot.rs:737:36
[INFO] [stdout]     |
[INFO] [stdout] 737 |                 break Err(windows::core::Error::from_win32())
[INFO] [stdout]     |                                    ^^^^ could not find `core` in `windows`
[INFO] [stdout]     |
[INFO] [stdout] help: consider importing one of these items
[INFO] [stdout]    --> src/main.rs:3:1
[INFO] [stdout]     |
[INFO] [stdout]   3 + use std::error::Error;
[INFO] [stdout]     |
[INFO] [stdout]   3 + use std::fmt::Error;
[INFO] [stdout]     |
[INFO] [stdout]   3 + use std::io::Error;
[INFO] [stdout]     |
[INFO] [stdout]   3 + use anyhow::Error;
[INFO] [stdout]     |
[INFO] [stdout]     = and 7 other candidates
[INFO] [stdout] help: if you import `Error`, refer to it directly
[INFO] [stdout]     |
[INFO] [stdout] 737 -                 break Err(windows::core::Error::from_win32())
[INFO] [stdout] 737 +                 break Err(Error::from_win32())
[INFO] [stdout]     |
[INFO] [stdout] 
[INFO] [stdout] 
[INFO] [stdout] error[E0433]: cannot find `core` in `windows`
[INFO] [stdout]   --> src/main_parts/update_checker.rs:65:33
[INFO] [stdout]    |
[INFO] [stdout] 65 |             return Err(windows::core::Error::from_win32())
[INFO] [stdout]    |                                 ^^^^ could not find `core` in `windows`
[INFO] [stdout]    |
[INFO] [stdout] help: consider importing one of these items
[INFO] [stdout]   --> src/main.rs:3:1
[INFO] [stdout]    |
[INFO] [stdout]  3 + use std::error::Error;
[INFO] [stdout]    |
[INFO] [stdout]  3 + use std::fmt::Error;
[INFO] [stdout]    |
[INFO] [stdout]  3 + use std::io::Error;
[INFO] [stdout]    |
[INFO] [stdout]  3 + use anyhow::Error;
[INFO] [stdout]    |
[INFO] [stdout]    = and 7 other candidates
[INFO] [stdout] help: if you import `Error`, refer to it directly
[INFO] [stdout]    |
[INFO] [stdout] 65 -             return Err(windows::core::Error::from_win32())
[INFO] [stdout] 65 +             return Err(Error::from_win32())
[INFO] [stdout]    |
[INFO] [stdout] 
[INFO] [stdout] 
[INFO] [stdout] error[E0408]: variable `WM_LBUTTONUP` is not bound in all patterns
[INFO] [stdout]   --> src/main_parts/input_utils.rs:85:9
[INFO] [stdout]    |
[INFO] [stdout] 85 |         WM_LBUTTONDOWN | WM_LBUTTONUP => Some(VK_LBUTTON),
[INFO] [stdout]    |         ^^^^^^^^^^^^^^   ------------ variable not in all patterns
[INFO] [stdout]    |         |
[INFO] [stdout]    |         pattern doesn't bind `WM_LBUTTONUP`
[INFO] [stdout]    |
[INFO] [stdout] help: you might have meant to use the similarly named constant `VK_LBUTTON`
[INFO] [stdout]    |
[INFO] [stdout] 85 -         WM_LBUTTONDOWN | WM_LBUTTONUP => Some(VK_LBUTTON),
[INFO] [stdout] 85 +         WM_LBUTTONDOWN | VK_LBUTTON => Some(VK_LBUTTON),
[INFO] [stdout]    |
[INFO] [stdout] 
[INFO] [stdout] 
[INFO] [stdout] error[E0408]: variable `WM_LBUTTONDOWN` is not bound in all patterns
[INFO] [stdout]   --> src/main_parts/input_utils.rs:85:26
[INFO] [stdout]    |
[INFO] [stdout] 85 |         WM_LBUTTONDOWN | WM_LBUTTONUP => Some(VK_LBUTTON),
[INFO] [stdout]    |         --------------   ^^^^^^^^^^^^ pattern doesn't bind `WM_LBUTTONDOWN`
[INFO] [stdout]    |         |
[INFO] [stdout]    |         variable not in all patterns
[INFO] [stdout]    |
[INFO] [stdout] help: if you meant to match on a unit struct, unit variant or a `const` item, consider making the path in the pattern qualified: `path::to::ModOrType::WM_LBUTTONDOWN`
[INFO] [stdout]   --> src/main_parts/input_utils.rs:85:9
[INFO] [stdout]    |
[INFO] [stdout] 85 |         WM_LBUTTONDOWN | WM_LBUTTONUP => Some(VK_LBUTTON),
[INFO] [stdout]    |         ^^^^^^^^^^^^^^
[INFO] [stdout] 
[INFO] [stdout] 
[INFO] [stdout] error[E0408]: variable `WM_RBUTTONUP` is not bound in all patterns
[INFO] [stdout]   --> src/main_parts/input_utils.rs:86:9
[INFO] [stdout]    |
[INFO] [stdout] 86 |         WM_RBUTTONDOWN | WM_RBUTTONUP => Some(VK_RBUTTON),
[INFO] [stdout]    |         ^^^^^^^^^^^^^^   ------------ variable not in all patterns
[INFO] [stdout]    |         |
[INFO] [stdout]    |         pattern doesn't bind `WM_RBUTTONUP`
[INFO] [stdout]    |
[INFO] [stdout] help: you might have meant to use the similarly named constant `VK_RBUTTON`
[INFO] [stdout]    |
[INFO] [stdout] 86 -         WM_RBUTTONDOWN | WM_RBUTTONUP => Some(VK_RBUTTON),
[INFO] [stdout] 86 +         WM_RBUTTONDOWN | VK_RBUTTON => Some(VK_RBUTTON),
[INFO] [stdout]    |
[INFO] [stdout] 
[INFO] [stdout] 
[INFO] [stdout] error[E0408]: variable `WM_RBUTTONDOWN` is not bound in all patterns
[INFO] [stdout]   --> src/main_parts/input_utils.rs:86:26
[INFO] [stdout]    |
[INFO] [stdout] 86 |         WM_RBUTTONDOWN | WM_RBUTTONUP => Some(VK_RBUTTON),
[INFO] [stdout]    |         --------------   ^^^^^^^^^^^^ pattern doesn't bind `WM_RBUTTONDOWN`
[INFO] [stdout]    |         |
[INFO] [stdout]    |         variable not in all patterns
[INFO] [stdout]    |
[INFO] [stdout] help: if you meant to match on a unit struct, unit variant or a `const` item, consider making the path in the pattern qualified: `path::to::ModOrType::WM_RBUTTONDOWN`
[INFO] [stdout]   --> src/main_parts/input_utils.rs:86:9
[INFO] [stdout]    |
[INFO] [stdout] 86 |         WM_RBUTTONDOWN | WM_RBUTTONUP => Some(VK_RBUTTON),
[INFO] [stdout]    |         ^^^^^^^^^^^^^^
[INFO] [stdout] 
[INFO] [stdout] 
[INFO] [stdout] error[E0408]: variable `WM_MBUTTONUP` is not bound in all patterns
[INFO] [stdout]   --> src/main_parts/input_utils.rs:87:9
[INFO] [stdout]    |
[INFO] [stdout] 87 |         WM_MBUTTONDOWN | WM_MBUTTONUP => Some(VK_MBUTTON),
[INFO] [stdout]    |         ^^^^^^^^^^^^^^   ------------ variable not in all patterns
[INFO] [stdout]    |         |
[INFO] [stdout]    |         pattern doesn't bind `WM_MBUTTONUP`
[INFO] [stdout]    |
[INFO] [stdout] help: you might have meant to use the similarly named constant `VK_MBUTTON`
[INFO] [stdout]    |
[INFO] [stdout] 87 -         WM_MBUTTONDOWN | WM_MBUTTONUP => Some(VK_MBUTTON),
[INFO] [stdout] 87 +         WM_MBUTTONDOWN | VK_MBUTTON => Some(VK_MBUTTON),
[INFO] [stdout]    |
[INFO] [stdout] 
[INFO] [stdout] 
[INFO] [stdout] error[E0408]: variable `WM_MBUTTONDOWN` is not bound in all patterns
[INFO] [stdout]   --> src/main_parts/input_utils.rs:87:26
[INFO] [stdout]    |
[INFO] [stdout] 87 |         WM_MBUTTONDOWN | WM_MBUTTONUP => Some(VK_MBUTTON),
[INFO] [stdout]    |         --------------   ^^^^^^^^^^^^ pattern doesn't bind `WM_MBUTTONDOWN`
[INFO] [stdout]    |         |
[INFO] [stdout]    |         variable not in all patterns
[INFO] [stdout]    |
[INFO] [stdout] help: if you meant to match on a unit struct, unit variant or a `const` item, consider making the path in the pattern qualified: `path::to::ModOrType::WM_MBUTTONDOWN`
[INFO] [stdout]   --> src/main_parts/input_utils.rs:87:9
[INFO] [stdout]    |
[INFO] [stdout] 87 |         WM_MBUTTONDOWN | WM_MBUTTONUP => Some(VK_MBUTTON),
[INFO] [stdout]    |         ^^^^^^^^^^^^^^
[INFO] [stdout] 
[INFO] [stdout] 
[INFO] [stdout] error[E0408]: variable `WM_XBUTTONUP` is not bound in all patterns
[INFO] [stdout]   --> src/main_parts/input_utils.rs:88:9
[INFO] [stdout]    |
[INFO] [stdout] 88 |         WM_XBUTTONDOWN | WM_XBUTTONUP => match (mouse_data >> 16) & 0xffff {
[INFO] [stdout]    |         ^^^^^^^^^^^^^^   ------------ variable not in all patterns
[INFO] [stdout]    |         |
[INFO] [stdout]    |         pattern doesn't bind `WM_XBUTTONUP`
[INFO] [stdout]    |
[INFO] [stdout] help: you might have meant to use the similarly named constant `VK_XBUTTON1`
[INFO] [stdout]    |
[INFO] [stdout] 88 -         WM_XBUTTONDOWN | WM_XBUTTONUP => match (mouse_data >> 16) & 0xffff {
[INFO] [stdout] 88 +         WM_XBUTTONDOWN | VK_XBUTTON1 => match (mouse_data >> 16) & 0xffff {
[INFO] [stdout]    |
[INFO] [stdout] 
[INFO] [stdout] 
[INFO] [stdout] error[E0408]: variable `WM_XBUTTONDOWN` is not bound in all patterns
[INFO] [stdout]   --> src/main_parts/input_utils.rs:88:26
[INFO] [stdout]    |
[INFO] [stdout] 88 |         WM_XBUTTONDOWN | WM_XBUTTONUP => match (mouse_data >> 16) & 0xffff {
[INFO] [stdout]    |         --------------   ^^^^^^^^^^^^ pattern doesn't bind `WM_XBUTTONDOWN`
[INFO] [stdout]    |         |
[INFO] [stdout]    |         variable not in all patterns
[INFO] [stdout]    |
[INFO] [stdout] help: if you meant to match on a unit struct, unit variant or a `const` item, consider making the path in the pattern qualified: `path::to::ModOrType::WM_XBUTTONDOWN`
[INFO] [stdout]   --> src/main_parts/input_utils.rs:88:9
[INFO] [stdout]    |
[INFO] [stdout] 88 |         WM_XBUTTONDOWN | WM_XBUTTONUP => match (mouse_data >> 16) & 0xffff {
[INFO] [stdout]    |         ^^^^^^^^^^^^^^
[INFO] [stdout] 
[INFO] [stdout] 
[INFO] [stdout] error[E0408]: variable `WM_RBUTTONDOWN` is not bound in all patterns
[INFO] [stdout]    --> src/main_parts/input_utils.rs:100:9
[INFO] [stdout]     |
[INFO] [stdout] 100 |         WM_LBUTTONDOWN | WM_RBUTTONDOWN | WM_MBUTTONDOWN | WM_XBUTTONDOWN
[INFO] [stdout]     |         ^^^^^^^^^^^^^^   --------------   ^^^^^^^^^^^^^^   ^^^^^^^^^^^^^^ pattern doesn't bind `WM_RBUTTONDOWN`
[INFO] [stdout]     |         |                |                |
[INFO] [stdout]     |         |                |                pattern doesn't bind `WM_RBUTTONDOWN`
[INFO] [stdout]     |         |                variable not in all patterns
[INFO] [stdout]     |         pattern doesn't bind `WM_RBUTTONDOWN`
[INFO] [stdout]     |
[INFO] [stdout] help: if you meant to match on a unit struct, unit variant or a `const` item, consider making the path in the pattern qualified: `path::to::ModOrType::WM_RBUTTONDOWN`
[INFO] [stdout]    --> src/main_parts/input_utils.rs:100:26
[INFO] [stdout]     |
[INFO] [stdout] 100 |         WM_LBUTTONDOWN | WM_RBUTTONDOWN | WM_MBUTTONDOWN | WM_XBUTTONDOWN
[INFO] [stdout]     |                          ^^^^^^^^^^^^^^
[INFO] [stdout] 
[INFO] [stdout] 
[INFO] [stdout] error[E0408]: variable `WM_MBUTTONDOWN` is not bound in all patterns
[INFO] [stdout]    --> src/main_parts/input_utils.rs:100:9
[INFO] [stdout]     |
[INFO] [stdout] 100 |         WM_LBUTTONDOWN | WM_RBUTTONDOWN | WM_MBUTTONDOWN | WM_XBUTTONDOWN
[INFO] [stdout]     |         ^^^^^^^^^^^^^^   ^^^^^^^^^^^^^^   --------------   ^^^^^^^^^^^^^^ pattern doesn't bind `WM_MBUTTONDOWN`
[INFO] [stdout]     |         |                |                |
[INFO] [stdout]     |         |                |                variable not in all patterns
[INFO] [stdout]     |         |                pattern doesn't bind `WM_MBUTTONDOWN`
[INFO] [stdout]     |         pattern doesn't bind `WM_MBUTTONDOWN`
[INFO] [stdout]     |
[INFO] [stdout] help: if you meant to match on a unit struct, unit variant or a `const` item, consider making the path in the pattern qualified: `path::to::ModOrType::WM_MBUTTONDOWN`
[INFO] [stdout]    --> src/main_parts/input_utils.rs:100:43
[INFO] [stdout]     |
[INFO] [stdout] 100 |         WM_LBUTTONDOWN | WM_RBUTTONDOWN | WM_MBUTTONDOWN | WM_XBUTTONDOWN
[INFO] [stdout]     |                                           ^^^^^^^^^^^^^^
[INFO] [stdout] 
[INFO] [stdout] 
[INFO] [stdout] error[E0408]: variable `WM_XBUTTONDOWN` is not bound in all patterns
[INFO] [stdout]    --> src/main_parts/input_utils.rs:100:9
[INFO] [stdout]     |
[INFO] [stdout] 100 |         WM_LBUTTONDOWN | WM_RBUTTONDOWN | WM_MBUTTONDOWN | WM_XBUTTONDOWN
[INFO] [stdout]     |         ^^^^^^^^^^^^^^   ^^^^^^^^^^^^^^   ^^^^^^^^^^^^^^   -------------- variable not in all patterns
[INFO] [stdout]     |         |                |                |
[INFO] [stdout]     |         |                |                pattern doesn't bind `WM_XBUTTONDOWN`
[INFO] [stdout]     |         |                pattern doesn't bind `WM_XBUTTONDOWN`
[INFO] [stdout]     |         pattern doesn't bind `WM_XBUTTONDOWN`
[INFO] [stdout]     |
[INFO] [stdout] help: if you meant to match on a unit struct, unit variant or a `const` item, consider making the path in the pattern qualified: `path::to::ModOrType::WM_XBUTTONDOWN`
[INFO] [stdout]    --> src/main_parts/input_utils.rs:100:60
[INFO] [stdout]     |
[INFO] [stdout] 100 |         WM_LBUTTONDOWN | WM_RBUTTONDOWN | WM_MBUTTONDOWN | WM_XBUTTONDOWN
[INFO] [stdout]     |                                                            ^^^^^^^^^^^^^^
[INFO] [stdout] 
[INFO] [stdout] 
[INFO] [stdout] error[E0408]: variable `WM_LBUTTONDOWN` is not bound in all patterns
[INFO] [stdout]    --> src/main_parts/input_utils.rs:100:26
[INFO] [stdout]     |
[INFO] [stdout] 100 |         WM_LBUTTONDOWN | WM_RBUTTONDOWN | WM_MBUTTONDOWN | WM_XBUTTONDOWN
[INFO] [stdout]     |         --------------   ^^^^^^^^^^^^^^   ^^^^^^^^^^^^^^   ^^^^^^^^^^^^^^ pattern doesn't bind `WM_LBUTTONDOWN`
[INFO] [stdout]     |         |                |                |
[INFO] [stdout]     |         |                |                pattern doesn't bind `WM_LBUTTONDOWN`
[INFO] [stdout]     |         |                pattern doesn't bind `WM_LBUTTONDOWN`
[INFO] [stdout]     |         variable not in all patterns
[INFO] [stdout]     |
[INFO] [stdout] help: if you meant to match on a unit struct, unit variant or a `const` item, consider making the path in the pattern qualified: `path::to::ModOrType::WM_LBUTTONDOWN`
[INFO] [stdout]    --> src/main_parts/input_utils.rs:100:9
[INFO] [stdout]     |
[INFO] [stdout] 100 |         WM_LBUTTONDOWN | WM_RBUTTONDOWN | WM_MBUTTONDOWN | WM_XBUTTONDOWN
[INFO] [stdout]     |         ^^^^^^^^^^^^^^
[INFO] [stdout] 
[INFO] [stdout] 
[INFO] [stdout] error[E0433]: cannot find `core` in `windows`
[INFO] [stdout]    --> src/main_parts/models.rs:676:88
[INFO] [stdout]     |
[INFO] [stdout] 676 |     fn OnNotify(&self, _notification: *mut AUDIO_VOLUME_NOTIFICATION_DATA) -> windows::core::Result<()> {
[INFO] [stdout]     |                                                                                        ^^^^ could not find `core` in `windows`
[INFO] [stdout]     |
[INFO] [stdout] help: consider importing this crate
[INFO] [stdout]    --> src/main.rs:3:1
[INFO] [stdout]     |
[INFO] [stdout]   3 + use dioxus::core;
[INFO] [stdout]     |
[INFO] [stdout] help: if you import `core`, refer to it directly
[INFO] [stdout]     |
[INFO] [stdout] 676 -     fn OnNotify(&self, _notification: *mut AUDIO_VOLUME_NOTIFICATION_DATA) -> windows::core::Result<()> {
[INFO] [stdout] 676 +     fn OnNotify(&self, _notification: *mut AUDIO_VOLUME_NOTIFICATION_DATA) -> core::Result<()> {
[INFO] [stdout]     |
[INFO] [stdout] 
[INFO] [stdout] 
[INFO] [stdout] error[E0433]: cannot find `core` in `windows`
[INFO] [stdout]    --> src/main_parts/models.rs:698:19
[INFO] [stdout]     |
[INFO] [stdout] 698 |     ) -> windows::core::Result<()> {
[INFO] [stdout]     |                   ^^^^ could not find `core` in `windows`
[INFO] [stdout]     |
[INFO] [stdout] help: consider importing this crate
[INFO] [stdout]    --> src/main.rs:3:1
[INFO] [stdout]     |
[INFO] [stdout]   3 + use dioxus::core;
[INFO] [stdout]     |
[INFO] [stdout] help: if you import `core`, refer to it directly
[INFO] [stdout]     |
[INFO] [stdout] 698 -     ) -> windows::core::Result<()> {
[INFO] [stdout] 698 +     ) -> core::Result<()> {
[INFO] [stdout]     |
[INFO] [stdout] 
[INFO] [stdout] 
[INFO] [stdout] error[E0433]: cannot find `core` in `windows`
[INFO] [stdout]    --> src/main_parts/models.rs:703:62
[INFO] [stdout]     |
[INFO] [stdout] 703 |     fn OnDeviceAdded(&self, _device_id: &PCWSTR) -> windows::core::Result<()> {
[INFO] [stdout]     |                                                              ^^^^ could not find `core` in `windows`
[INFO] [stdout]     |
[INFO] [stdout] help: consider importing this crate
[INFO] [stdout]    --> src/main.rs:3:1
[INFO] [stdout]     |
[INFO] [stdout]   3 + use dioxus::core;
[INFO] [stdout]     |
[INFO] [stdout] help: if you import `core`, refer to it directly
[INFO] [stdout]     |
[INFO] [stdout] 703 -     fn OnDeviceAdded(&self, _device_id: &PCWSTR) -> windows::core::Result<()> {
[INFO] [stdout] 703 +     fn OnDeviceAdded(&self, _device_id: &PCWSTR) -> core::Result<()> {
[INFO] [stdout]     |
[INFO] [stdout] 
[INFO] [stdout] 
[INFO] [stdout] error[E0433]: cannot find `core` in `windows`
[INFO] [stdout]    --> src/main_parts/models.rs:708:64
[INFO] [stdout]     |
[INFO] [stdout] 708 |     fn OnDeviceRemoved(&self, _device_id: &PCWSTR) -> windows::core::Result<()> {
[INFO] [stdout]     |                                                                ^^^^ could not find `core` in `windows`
[INFO] [stdout]     |
[INFO] [stdout] help: consider importing this crate
[INFO] [stdout]    --> src/main.rs:3:1
[INFO] [stdout]     |
[INFO] [stdout]   3 + use dioxus::core;
[INFO] [stdout]     |
[INFO] [stdout] help: if you import `core`, refer to it directly
[INFO] [stdout]     |
[INFO] [stdout] 708 -     fn OnDeviceRemoved(&self, _device_id: &PCWSTR) -> windows::core::Result<()> {
[INFO] [stdout] 708 +     fn OnDeviceRemoved(&self, _device_id: &PCWSTR) -> core::Result<()> {
[INFO] [stdout]     |
[INFO] [stdout] 
[INFO] [stdout] 
[INFO] [stdout] error[E0433]: cannot find `core` in `windows`
[INFO] [stdout]    --> src/main_parts/models.rs:718:19
[INFO] [stdout]     |
[INFO] [stdout] 718 |     ) -> windows::core::Result<()> {
[INFO] [stdout]     |                   ^^^^ could not find `core` in `windows`
[INFO] [stdout]     |
[INFO] [stdout] help: consider importing this crate
[INFO] [stdout]    --> src/main.rs:3:1
[INFO] [stdout]     |
[INFO] [stdout]   3 + use dioxus::core;
[INFO] [stdout]     |
[INFO] [stdout] help: if you import `core`, refer to it directly
[INFO] [stdout]     |
[INFO] [stdout] 718 -     ) -> windows::core::Result<()> {
[INFO] [stdout] 718 +     ) -> core::Result<()> {
[INFO] [stdout]     |
[INFO] [stdout] 
[INFO] [stdout] 
[INFO] [stdout] error[E0433]: cannot find `core` in `windows`
[INFO] [stdout]    --> src/main_parts/models.rs:729:19
[INFO] [stdout]     |
[INFO] [stdout] 729 |     ) -> windows::core::Result<()> {
[INFO] [stdout]     |                   ^^^^ could not find `core` in `windows`
[INFO] [stdout]     |
[INFO] [stdout] help: consider importing this crate
[INFO] [stdout]    --> src/main.rs:3:1
[INFO] [stdout]     |
[INFO] [stdout]   3 + use dioxus::core;
[INFO] [stdout]     |
[INFO] [stdout] help: if you import `core`, refer to it directly
[INFO] [stdout]     |
[INFO] [stdout] 729 -     ) -> windows::core::Result<()> {
[INFO] [stdout] 729 +     ) -> core::Result<()> {
[INFO] [stdout]     |
[INFO] [stdout] 
[INFO] [stdout] 
[INFO] [stdout] error[E0433]: cannot find `core` in `windows`
[INFO] [stdout]    --> src/main_parts/app_boot.rs:737:36
[INFO] [stdout]     |
[INFO] [stdout] 737 |                 break Err(windows::core::Error::from_win32())
[INFO] [stdout]     |                                    ^^^^ could not find `core` in `windows`
[INFO] [stdout]     |
[INFO] [stdout] help: consider importing one of these items
[INFO] [stdout]    --> src/main.rs:3:1
[INFO] [stdout]     |
[INFO] [stdout]   3 + use std::error::Error;
[INFO] [stdout]     |
[INFO] [stdout]   3 + use std::fmt::Error;
[INFO] [stdout]     |
[INFO] [stdout]   3 + use std::io::Error;
[INFO] [stdout]     |
[INFO] [stdout]   3 + use anyhow::Error;
[INFO] [stdout]     |
[INFO] [stdout]     = and 7 other candidates
[INFO] [stdout] help: if you import `Error`, refer to it directly
[INFO] [stdout]     |
[INFO] [stdout] 737 -                 break Err(windows::core::Error::from_win32())
[INFO] [stdout] 737 +                 break Err(Error::from_win32())
[INFO] [stdout]     |
[INFO] [stdout] 
[INFO] [stdout] 
[INFO] [stdout] error[E0433]: cannot find `core` in `windows`
[INFO] [stdout]   --> src/main_parts/update_checker.rs:65:33
[INFO] [stdout]    |
[INFO] [stdout] 65 |             return Err(windows::core::Error::from_win32())
[INFO] [stdout]    |                                 ^^^^ could not find `core` in `windows`
[INFO] [stdout]    |
[INFO] [stdout] help: consider importing one of these items
[INFO] [stdout]   --> src/main.rs:3:1
[INFO] [stdout]    |
[INFO] [stdout]  3 + use std::error::Error;
[INFO] [stdout]    |
[INFO] [stdout]  3 + use std::fmt::Error;
[INFO] [stdout]    |
[INFO] [stdout]  3 + use std::io::Error;
[INFO] [stdout]    |
[INFO] [stdout]  3 + use anyhow::Error;
[INFO] [stdout]    |
[INFO] [stdout]    = and 7 other candidates
[INFO] [stdout] help: if you import `Error`, refer to it directly
[INFO] [stdout]    |
[INFO] [stdout] 65 -             return Err(windows::core::Error::from_win32())
[INFO] [stdout] 65 +             return Err(Error::from_win32())
[INFO] [stdout]    |
[INFO] [stdout] 
[INFO] [stdout] 
[INFO] [stdout] Some errors have detailed explanations: E0408, E0432, E0433.
[INFO] [stdout] 
[INFO] [stdout] For more information about an error, try `rustc --explain E0408`.
[INFO] [stdout] 
[INFO] [stdout] Some errors have detailed explanations: E0408, E0432, E0433.
[INFO] [stdout] 
[INFO] [stdout] For more information about an error, try `rustc --explain E0408`.
[INFO] [stdout] 
[INFO] [stderr] error: could not compile `muteguard` (bin "muteguard") due to 53 previous errors
[INFO] [stderr] warning: build failed, waiting for other jobs to finish...
[INFO] [stderr] error: could not compile `muteguard` (bin "muteguard" test) due to 53 previous errors
[INFO] running `Command { std: "docker" "inspect" "70041dbe687e0b41df4af33a4e03c6aa08b9f4552ee9530495e8098fb0cbbf69", kill_on_drop: false }`
[INFO] running `Command { std: "docker" "rm" "-f" "70041dbe687e0b41df4af33a4e03c6aa08b9f4552ee9530495e8098fb0cbbf69", kill_on_drop: false }`
[INFO] [stdout] 70041dbe687e0b41df4af33a4e03c6aa08b9f4552ee9530495e8098fb0cbbf69
