[INFO] cloning repository https://github.com/MindsMaster/DeviceOut
[INFO] running `Command { std: "git" "-c" "credential.helper=" "-c" "credential.helper=/workspace/cargo-home/bin/git-credential-null" "clone" "--bare" "https://github.com/MindsMaster/DeviceOut" "/workspace/cache/git-repos/https%3A%2F%2Fgithub.com%2FMindsMaster%2FDeviceOut", kill_on_drop: false }`
[INFO] [stderr] Cloning into bare repository '/workspace/cache/git-repos/https%3A%2F%2Fgithub.com%2FMindsMaster%2FDeviceOut'...
[INFO] running `Command { std: "git" "rev-parse" "HEAD", kill_on_drop: false }`
[INFO] [stdout] da3fa65d588f58dafe8b39f4bfd65d72e0733dcb
[INFO] checking MindsMaster/DeviceOut against 3154cc1a3e6424e44f438a95007d043ed5ceaaf6 for pr-133502-30
[INFO] running `Command { std: "git" "clone" "/workspace/cache/git-repos/https%3A%2F%2Fgithub.com%2FMindsMaster%2FDeviceOut" "/workspace/builds/worker-7-tc2/source", kill_on_drop: false }`
[INFO] [stderr] Cloning into '/workspace/builds/worker-7-tc2/source'...
[INFO] [stderr] done.
[INFO] removed /workspace/builds/worker-7-tc2/source/.cargo/config.toml
[INFO] removed /workspace/builds/worker-7-tc2/source/rust-toolchain.toml
[INFO] started tweaking git repo https://github.com/MindsMaster/DeviceOut
[INFO] finished tweaking git repo https://github.com/MindsMaster/DeviceOut
[INFO] tweaked toml for git repo https://github.com/MindsMaster/DeviceOut written to /workspace/builds/worker-7-tc2/source/Cargo.toml
[INFO] validating manifest of git repo https://github.com/MindsMaster/DeviceOut on toolchain 3154cc1a3e6424e44f438a95007d043ed5ceaaf6
[INFO] running `Command { std: CARGO_HOME="/workspace/cargo-home" RUSTUP_HOME="/workspace/rustup-home" "/workspace/cargo-home/bin/cargo" "+3154cc1a3e6424e44f438a95007d043ed5ceaaf6" "metadata" "--manifest-path" "Cargo.toml" "--no-deps", kill_on_drop: false }`
[INFO] crate git repo https://github.com/MindsMaster/DeviceOut already has a lockfile, it will not be regenerated
[INFO] running `Command { std: CARGO_HOME="/workspace/cargo-home" RUSTUP_HOME="/workspace/rustup-home" "/workspace/cargo-home/bin/cargo" "+3154cc1a3e6424e44f438a95007d043ed5ceaaf6" "fetch" "--manifest-path" "Cargo.toml", kill_on_drop: false }`
[INFO] [stderr] warning: missing `[lints]` to inherit `[workspace.lints]`
[INFO] [stderr]   --> xtask/Cargo.toml
[INFO] [stderr]    = note: `cargo::missing_lints_inheritance` is set to `warn` by default
[INFO] [stderr] help: to inherit `workspace.lints, add:
[INFO] [stderr]    |
[INFO] [stderr] 15 ~ ureq = "3.4.0"
[INFO] [stderr] 16 + [lints]
[INFO] [stderr] 17 + workspace = true
[INFO] [stderr]    |
[INFO] [stderr] help: to clarify your intent to not inherit, add:
[INFO] [stderr]    |
[INFO] [stderr] 15 ~ ureq = "3.4.0"
[INFO] [stderr] 16 + [lints]
[INFO] [stderr]    |
[INFO] [stderr] warning: `xtask` (manifest) generated 1 warning
[INFO] running `Command { std: "docker" "create" "-v" "/var/lib/crater-agent-workspace/builds/worker-7-tc2/source:/opt/rustwide/workdir:ro,Z" "-v" "/var/lib/crater-agent-workspace/builds/worker-7-tc2/target:/opt/rustwide/target:rw,Z" "-v" "/var/lib/crater-agent-workspace/cargo-home:/opt/rustwide/cargo-home:ro,Z" "-v" "/var/lib/crater-agent-workspace/rustup-home:/opt/rustwide/rustup-home:ro,Z" "-m" "1610612736" "--network" "none" "ghcr.io/rust-lang/crates-build-env/linux@sha256:77db811e55d90add9212f6832c23229e3de5f1c1f9905e8cb07319ea15df73ac" "sleep" "infinity", kill_on_drop: false }`
[INFO] [stdout] f7a4b1227c3e920e8a887b2a56b044177d5f2bff0c5aaf19d05e2fe9373c401e
[INFO] running `Command { std: "docker" "start" "f7a4b1227c3e920e8a887b2a56b044177d5f2bff0c5aaf19d05e2fe9373c401e", kill_on_drop: false }`
[INFO] running `Command { std: "docker" "inspect" "f7a4b1227c3e920e8a887b2a56b044177d5f2bff0c5aaf19d05e2fe9373c401e", kill_on_drop: false }`
[INFO] running `Command { std: "docker" "exec" "-e" "SOURCE_DIR=/opt/rustwide/workdir" "-e" "CARGO_HOME=/opt/rustwide/cargo-home" "-e" "RUSTUP_HOME=/opt/rustwide/rustup-home" "-e" "CARGO_TARGET_DIR=/opt/rustwide/target" "-w" "/opt/rustwide/workdir" "--user" "0:0" "f7a4b1227c3e920e8a887b2a56b044177d5f2bff0c5aaf19d05e2fe9373c401e" "/opt/rustwide/cargo-home/bin/cargo" "+3154cc1a3e6424e44f438a95007d043ed5ceaaf6" "metadata" "--no-deps" "--format-version=1", kill_on_drop: false }`
[INFO] running `Command { std: "docker" "inspect" "f7a4b1227c3e920e8a887b2a56b044177d5f2bff0c5aaf19d05e2fe9373c401e", kill_on_drop: false }`
[INFO] running `Command { std: "docker" "exec" "-e" "SOURCE_DIR=/opt/rustwide/workdir" "-e" "CARGO_HOME=/opt/rustwide/cargo-home" "-e" "RUSTUP_HOME=/opt/rustwide/rustup-home" "-e" "CARGO_TARGET_DIR=/opt/rustwide/target" "-e" "CARGO_INCREMENTAL=0" "-e" "RUST_BACKTRACE=full" "-e" "RUSTFLAGS=--cap-lints=forbid" "-e" "RUSTDOCFLAGS=--cap-lints=forbid" "-w" "/opt/rustwide/workdir" "--user" "0:0" "f7a4b1227c3e920e8a887b2a56b044177d5f2bff0c5aaf19d05e2fe9373c401e" "/opt/rustwide/cargo-home/bin/cargo" "+3154cc1a3e6424e44f438a95007d043ed5ceaaf6" "check" "--frozen" "--all" "--all-targets" "--message-format=json", kill_on_drop: false }`
[INFO] [stderr] warning: missing `[lints]` to inherit `[workspace.lints]`
[INFO] [stderr]   --> xtask/Cargo.toml
[INFO] [stderr]    = note: `cargo::missing_lints_inheritance` is set to `warn` by default
[INFO] [stderr] help: to inherit `workspace.lints, add:
[INFO] [stderr]    |
[INFO] [stderr] 15 ~ ureq = "3.4.0"
[INFO] [stderr] 16 + [lints]
[INFO] [stderr] 17 + workspace = true
[INFO] [stderr]    |
[INFO] [stderr] help: to clarify your intent to not inherit, add:
[INFO] [stderr]    |
[INFO] [stderr] 15 ~ ureq = "3.4.0"
[INFO] [stderr] 16 + [lints]
[INFO] [stderr]    |
[INFO] [stderr] warning: `xtask` (manifest) generated 1 warning
[INFO] [stderr]    Compiling serde_core v1.0.229
[INFO] [stderr]     Checking log v0.4.33
[INFO] [stderr]     Checking audioadapter v5.0.0
[INFO] [stderr]     Checking rtrb v0.4.0
[INFO] [stderr]    Compiling serde_json v1.0.151
[INFO] [stderr]     Checking zeroize v1.9.0
[INFO] [stderr]     Checking subtle v2.6.1
[INFO] [stderr]    Compiling curve25519-dalek v5.0.0
[INFO] [stderr]    Compiling serde_derive v1.0.229
[INFO] [stderr]     Checking audioadapter-sample v5.1.0
[INFO] [stderr]     Checking num-integer v0.1.47
[INFO] [stderr]    Compiling visibility v0.1.1
[INFO] [stderr]     Checking windowfunctions v0.1.1
[INFO] [stderr]    Compiling bytemuck_derive v1.12.0
[INFO] [stderr]     Checking digest v0.11.3
[INFO] [stderr]    Compiling curve25519-dalek-derive v0.1.1
[INFO] [stderr]     Checking signature v3.0.0
[INFO] [stderr]    Compiling cc v1.4.3
[INFO] [stderr]     Checking ed25519 v3.0.0
[INFO] [stderr]     Checking parking_lot_core v0.9.12
[INFO] [stderr]     Checking rustix v1.1.4
[INFO] [stderr]    Compiling syn v1.0.109
[INFO] [stderr]     Checking ahash v0.8.12
[INFO] [stderr]     Checking rustls-pki-types v1.15.1
[INFO] [stderr]     Checking kurbo v0.9.5
[INFO] [stderr]     Checking sha2 v0.11.0
[INFO] [stderr]     Checking getrandom v0.2.17
[INFO] [stderr]     Checking audioadapter-buffers v5.1.0
[INFO] [stderr]    Compiling memoffset v0.6.5
[INFO] [stderr]     Checking x11rb-protocol v0.13.2
[INFO] [stderr]    Compiling x11 v2.21.0
[INFO] [stderr]    Compiling phf_shared v0.11.3
[INFO] [stderr]    Compiling httparse v1.10.1
[INFO] [stderr]     Checking parking_lot v0.12.5
[INFO] [stderr]     Checking rctree v0.5.0
[INFO] [stderr]    Compiling time-macros v0.2.32
[INFO] [stderr]    Compiling phf v0.11.3
[INFO] [stderr]     Checking http v1.5.0
[INFO] [stderr]    Compiling serde v1.0.229
[INFO] [stderr]     Checking object v0.37.3
[INFO] [stderr]     Checking rubato v5.0.0
[INFO] [stderr]     Checking simplecss v0.2.2
[INFO] [stderr]     Checking svgtypes v0.13.0
[INFO] [stderr]     Checking is-docker v0.2.0
[INFO] [stderr]     Checking imagesize v0.12.0
[INFO] [stderr]     Checking roxmltree v0.19.0
[INFO] [stderr]     Checking deviceout-core v1.2.0 (/opt/rustwide/workdir/crates/deviceout-core)
[INFO] [stderr]     Checking data-url v0.3.2
[INFO] [stderr]     Checking deviceout-sink v1.2.0 (/opt/rustwide/workdir/crates/deviceout-sink)
[INFO] [stderr]     Checking raw-window-handle v0.5.2
[INFO] [stderr]    Compiling camino v1.2.5
[INFO] [stderr]     Checking deviceout-engine v1.2.0 (/opt/rustwide/workdir/crates/deviceout-engine)
[INFO] [stderr]     Checking png v0.17.16
[INFO] [stderr]     Checking is-wsl v0.4.0
[INFO] [stderr]     Checking bytemuck v1.25.2
[INFO] [stdout] error[E0425]: cannot find value `DEFAULT_QUEUE_PERIODS` in crate `deviceout_sink`
[INFO] [stdout]   --> crates/deviceout-engine/src/worker.rs:41:51
[INFO] [stdout]    |
[INFO] [stdout] 41 |             device_queue_periods: deviceout_sink::DEFAULT_QUEUE_PERIODS,
[INFO] [stdout]    |                                                   ^^^^^^^^^^^^^^^^^^^^^ not found in `deviceout_sink`
[INFO] [stdout]    |
[INFO] [stdout] note: found an item that was configured out
[INFO] [stdout]   --> crates/deviceout-sink/src/lib.rs:17:50
[INFO] [stdout]    |
[INFO] [stdout] 15 | #[cfg(windows)]
[INFO] [stdout]    |       ------- the item is gated here
[INFO] [stdout] 16 | pub use render::{
[INFO] [stdout] 17 |     device_queue_limit, SinkOptions, WasapiSink, DEFAULT_QUEUE_PERIODS, MAX_QUEUE_PERIODS,
[INFO] [stdout]    |                                                  ^^^^^^^^^^^^^^^^^^^^^
[INFO] [stdout] 
[INFO] [stdout] 
[INFO] [stdout] error[E0425]: cannot find value `MIN_QUEUE_PERIODS` in crate `deviceout_sink`
[INFO] [stdout]   --> crates/deviceout-engine/src/worker.rs:85:25
[INFO] [stdout]    |
[INFO] [stdout] 85 |         deviceout_sink::MIN_QUEUE_PERIODS,
[INFO] [stdout]    |                         ^^^^^^^^^^^^^^^^^ not found in `deviceout_sink`
[INFO] [stdout]    |
[INFO] [stdout] note: found an item that was configured out
[INFO] [stdout]   --> crates/deviceout-sink/src/lib.rs:18:5
[INFO] [stdout]    |
[INFO] [stdout] 15 | #[cfg(windows)]
[INFO] [stdout]    |       ------- the item is gated here
[INFO] [stdout] ...
[INFO] [stdout] 18 |     MIN_QUEUE_PERIODS,
[INFO] [stdout]    |     ^^^^^^^^^^^^^^^^^
[INFO] [stdout] 
[INFO] [stdout] 
[INFO] [stdout] error[E0425]: cannot find value `MAX_QUEUE_PERIODS` in crate `deviceout_sink`
[INFO] [stdout]   --> crates/deviceout-engine/src/worker.rs:86:25
[INFO] [stdout]    |
[INFO] [stdout] 86 |         deviceout_sink::MAX_QUEUE_PERIODS,
[INFO] [stdout]    |                         ^^^^^^^^^^^^^^^^^ not found in `deviceout_sink`
[INFO] [stdout]    |
[INFO] [stdout] note: found an item that was configured out
[INFO] [stdout]   --> crates/deviceout-sink/src/lib.rs:17:73
[INFO] [stdout]    |
[INFO] [stdout] 15 | #[cfg(windows)]
[INFO] [stdout]    |       ------- the item is gated here
[INFO] [stdout] 16 | pub use render::{
[INFO] [stdout] 17 |     device_queue_limit, SinkOptions, WasapiSink, DEFAULT_QUEUE_PERIODS, MAX_QUEUE_PERIODS,
[INFO] [stdout]    |                                                                         ^^^^^^^^^^^^^^^^^
[INFO] [stdout] 
[INFO] [stdout] 
[INFO] [stderr]    Compiling toml v0.5.11
[INFO] [stderr]     Checking ed25519-dalek v3.0.0
[INFO] [stderr]     Checking nix v0.22.3
[INFO] [stderr]     Checking ureq-proto v0.6.1
[INFO] [stderr]    Compiling mime_guess2 v2.3.1
[INFO] [stdout] For more information about this error, try `rustc --explain E0425`.
[INFO] [stdout] 
[INFO] [stderr] error: could not compile `deviceout-engine` (lib) due to 3 previous errors
[INFO] [stderr] warning: build failed, waiting for other jobs to finish...
[INFO] running `Command { std: "docker" "inspect" "f7a4b1227c3e920e8a887b2a56b044177d5f2bff0c5aaf19d05e2fe9373c401e", kill_on_drop: false }`
[INFO] running `Command { std: "docker" "rm" "-f" "f7a4b1227c3e920e8a887b2a56b044177d5f2bff0c5aaf19d05e2fe9373c401e", kill_on_drop: false }`
[INFO] [stdout] f7a4b1227c3e920e8a887b2a56b044177d5f2bff0c5aaf19d05e2fe9373c401e
