[INFO] cloning repository https://github.com/MikeRomaniuk/winping-rs
[INFO] running `Command { std: "git" "-c" "credential.helper=" "-c" "credential.helper=/workspace/cargo-home/bin/git-credential-null" "clone" "--bare" "https://github.com/MikeRomaniuk/winping-rs" "/workspace/cache/git-repos/https%3A%2F%2Fgithub.com%2FMikeRomaniuk%2Fwinping-rs", kill_on_drop: false }`
[INFO] [stderr] Cloning into bare repository '/workspace/cache/git-repos/https%3A%2F%2Fgithub.com%2FMikeRomaniuk%2Fwinping-rs'...
[INFO] running `Command { std: "git" "rev-parse" "HEAD", kill_on_drop: false }`
[INFO] [stdout] 05f9dab54cbe1e74fae0adcf755a1ce5b270cccf
[INFO] checking MikeRomaniuk/winping-rs against 3154cc1a3e6424e44f438a95007d043ed5ceaaf6+rustflags=-Znext-solver=coherence for pr-133502-30
[INFO] running `Command { std: "git" "clone" "/workspace/cache/git-repos/https%3A%2F%2Fgithub.com%2FMikeRomaniuk%2Fwinping-rs" "/workspace/builds/worker-5-tc1/source", kill_on_drop: false }`
[INFO] [stderr] Cloning into '/workspace/builds/worker-5-tc1/source'...
[INFO] [stderr] done.
[INFO] removed /workspace/builds/worker-5-tc1/source/rust-toolchain.toml
[INFO] started tweaking git repo https://github.com/MikeRomaniuk/winping-rs
[INFO] removed 0 missing tests
[INFO] finished tweaking git repo https://github.com/MikeRomaniuk/winping-rs
[INFO] tweaked toml for git repo https://github.com/MikeRomaniuk/winping-rs written to /workspace/builds/worker-5-tc1/source/Cargo.toml
[INFO] validating manifest of git repo https://github.com/MikeRomaniuk/winping-rs on toolchain 3154cc1a3e6424e44f438a95007d043ed5ceaaf6
[INFO] running `Command { std: CARGO_HOME="/workspace/cargo-home" RUSTUP_HOME="/workspace/rustup-home" "/workspace/cargo-home/bin/cargo" "+3154cc1a3e6424e44f438a95007d043ed5ceaaf6" "metadata" "--manifest-path" "Cargo.toml" "--no-deps", kill_on_drop: false }`
[INFO] crate git repo https://github.com/MikeRomaniuk/winping-rs already has a lockfile, it will not be regenerated
[INFO] running `Command { std: CARGO_HOME="/workspace/cargo-home" RUSTUP_HOME="/workspace/rustup-home" "/workspace/cargo-home/bin/cargo" "+3154cc1a3e6424e44f438a95007d043ed5ceaaf6" "fetch" "--manifest-path" "Cargo.toml", kill_on_drop: false }`
[INFO] [stderr]  Downloading crates ...
[INFO] [stderr]   Downloaded futures v0.3.33
[INFO] running `Command { std: "docker" "create" "-v" "/var/lib/crater-agent-workspace/builds/worker-5-tc1/source:/opt/rustwide/workdir:ro,Z" "-v" "/var/lib/crater-agent-workspace/builds/worker-5-tc1/target:/opt/rustwide/target:rw,Z" "-v" "/var/lib/crater-agent-workspace/cargo-home:/opt/rustwide/cargo-home:ro,Z" "-v" "/var/lib/crater-agent-workspace/rustup-home:/opt/rustwide/rustup-home:ro,Z" "-m" "1610612736" "--network" "none" "ghcr.io/rust-lang/crates-build-env/linux@sha256:77db811e55d90add9212f6832c23229e3de5f1c1f9905e8cb07319ea15df73ac" "sleep" "infinity", kill_on_drop: false }`
[INFO] [stdout] d7d8b4bb464e866e6c18755a774cb5e6ed1b44e265519d2339b4fd30ab2a3e3f
[INFO] running `Command { std: "docker" "start" "d7d8b4bb464e866e6c18755a774cb5e6ed1b44e265519d2339b4fd30ab2a3e3f", kill_on_drop: false }`
[INFO] running `Command { std: "docker" "inspect" "d7d8b4bb464e866e6c18755a774cb5e6ed1b44e265519d2339b4fd30ab2a3e3f", kill_on_drop: false }`
[INFO] running `Command { std: "docker" "exec" "-e" "SOURCE_DIR=/opt/rustwide/workdir" "-e" "CARGO_HOME=/opt/rustwide/cargo-home" "-e" "RUSTUP_HOME=/opt/rustwide/rustup-home" "-e" "CARGO_TARGET_DIR=/opt/rustwide/target" "-w" "/opt/rustwide/workdir" "--user" "0:0" "d7d8b4bb464e866e6c18755a774cb5e6ed1b44e265519d2339b4fd30ab2a3e3f" "/opt/rustwide/cargo-home/bin/cargo" "+3154cc1a3e6424e44f438a95007d043ed5ceaaf6" "metadata" "--no-deps" "--format-version=1", kill_on_drop: false }`
[INFO] running `Command { std: "docker" "inspect" "d7d8b4bb464e866e6c18755a774cb5e6ed1b44e265519d2339b4fd30ab2a3e3f", kill_on_drop: false }`
[INFO] running `Command { std: "docker" "exec" "-e" "SOURCE_DIR=/opt/rustwide/workdir" "-e" "CARGO_HOME=/opt/rustwide/cargo-home" "-e" "RUSTUP_HOME=/opt/rustwide/rustup-home" "-e" "CARGO_TARGET_DIR=/opt/rustwide/target" "-e" "CARGO_INCREMENTAL=0" "-e" "RUST_BACKTRACE=full" "-e" "RUSTFLAGS=--cap-lints=forbid -Znext-solver=coherence" "-e" "RUSTDOCFLAGS=--cap-lints=forbid" "-w" "/opt/rustwide/workdir" "--user" "0:0" "d7d8b4bb464e866e6c18755a774cb5e6ed1b44e265519d2339b4fd30ab2a3e3f" "/opt/rustwide/cargo-home/bin/cargo" "+3154cc1a3e6424e44f438a95007d043ed5ceaaf6" "check" "--frozen" "--all" "--all-targets" "--message-format=json", kill_on_drop: false }`
[INFO] [stderr]    Compiling proc-macro2 v1.0.107
[INFO] [stderr]    Compiling unicode-ident v1.0.24
[INFO] [stderr]    Compiling quote v1.0.47
[INFO] [stderr]     Checking futures-core v0.3.33
[INFO] [stderr]     Checking futures-sink v0.3.33
[INFO] [stderr]     Checking futures-io v0.3.33
[INFO] [stderr]     Checking memchr v2.8.3
[INFO] [stderr]     Checking pin-project-lite v0.2.17
[INFO] [stderr]     Checking slab v0.4.12
[INFO] [stderr]     Checking futures-task v0.3.33
[INFO] [stderr]     Checking windows-link v0.2.1
[INFO] [stderr]     Checking futures-channel v0.3.33
[INFO] [stderr]     Checking windows-sys v0.61.2
[INFO] [stderr]    Compiling syn v2.0.119
[INFO] [stderr]     Checking winping-rs v0.11.0 (/opt/rustwide/workdir)
[INFO] [stderr]    Compiling futures-macro v0.3.33
[INFO] [stderr]     Checking futures-util v0.3.33
[INFO] [stderr]     Checking futures-executor v0.3.33
[INFO] [stderr]     Checking futures v0.3.33
[INFO] [stdout] error[E0432]: unresolved imports `winping::Buffer`, `winping::Error`
[INFO] [stdout]  --> tests/ping.rs:6:15
[INFO] [stdout]   |
[INFO] [stdout] 6 | use winping::{Buffer, Error};
[INFO] [stdout]   |               ^^^^^^  ^^^^^ no `Error` in the root
[INFO] [stdout]   |               |
[INFO] [stdout]   |               no `Buffer` in the root
[INFO] [stdout]   |
[INFO] [stdout]   = help: consider importing this struct instead:
[INFO] [stdout]           futures::sink::Buffer
[INFO] [stdout]   = help: consider importing one of these items instead:
[INFO] [stdout]           std::error::Error
[INFO] [stdout]           std::fmt::Error
[INFO] [stdout]           std::fs::TryLockError::Error
[INFO] [stdout]           std::io::Error
[INFO] [stdout]           core::error::Error
[INFO] [stdout]           core::fmt::Error
[INFO] [stdout]           core::io::Error
[INFO] [stdout]           futures::io::Error
[INFO] [stdout] 
[INFO] [stdout] 
[INFO] [stdout] error[E0432]: unresolved imports `winping::Buffer`, `winping::CreateError`, `winping::Pinger`
[INFO] [stdout]   --> tests/common/mod.rs:15:15
[INFO] [stdout]    |
[INFO] [stdout] 15 | use winping::{Buffer, CreateError, Pinger};
[INFO] [stdout]    |               ^^^^^^  ^^^^^^^^^^^  ^^^^^^ no `Pinger` in the root
[INFO] [stdout]    |               |       |
[INFO] [stdout]    |               |       no `CreateError` in the root
[INFO] [stdout]    |               no `Buffer` in the root
[INFO] [stdout]    |
[INFO] [stdout]    = help: consider importing one of these items instead:
[INFO] [stdout]            crate::Buffer
[INFO] [stdout]            futures::sink::Buffer
[INFO] [stdout] 
[INFO] [stdout] 
[INFO] [stdout] For more information about this error, try `rustc --explain E0432`.
[INFO] [stdout] 
[INFO] [stderr] error: could not compile `winping-rs` (test "ping") due to 2 previous errors
[INFO] [stdout] error[E0432]: unresolved imports `winping::AsyncPinger`, `winping::Error`
[INFO] [stdout]   --> tests/ping_async.rs:11:15
[INFO] [stdout]    |
[INFO] [stdout] 11 | use winping::{AsyncPinger, Error};
[INFO] [stdout]    |               ^^^^^^^^^^^  ^^^^^ no `Error` in the root
[INFO] [stdout]    |               |
[INFO] [stdout]    |               no `AsyncPinger` in the root
[INFO] [stdout]    |
[INFO] [stdout]    = help: consider importing one of these items instead:
[INFO] [stdout]            std::error::Error
[INFO] [stdout]            std::fmt::Error
[INFO] [stdout]            std::fs::TryLockError::Error
[INFO] [stdout]            std::io::Error
[INFO] [stdout]            core::error::Error
[INFO] [stdout]            core::fmt::Error
[INFO] [stdout]            core::io::Error
[INFO] [stdout]            futures::io::Error
[INFO] [stdout] 
[INFO] [stdout] 
[INFO] [stderr] warning: build failed, waiting for other jobs to finish...
[INFO] [stdout] error[E0432]: unresolved imports `winping::Buffer`, `winping::CreateError`, `winping::Pinger`
[INFO] [stdout]   --> tests/common/mod.rs:15:15
[INFO] [stdout]    |
[INFO] [stdout] 15 | use winping::{Buffer, CreateError, Pinger};
[INFO] [stdout]    |               ^^^^^^  ^^^^^^^^^^^  ^^^^^^ no `Pinger` in the root
[INFO] [stdout]    |               |       |
[INFO] [stdout]    |               |       no `CreateError` in the root
[INFO] [stdout]    |               no `Buffer` in the root
[INFO] [stdout]    |
[INFO] [stdout]    = help: consider importing this struct instead:
[INFO] [stdout]            futures::sink::Buffer
[INFO] [stdout] 
[INFO] [stdout] 
[INFO] [stderr] error: could not compile `winping-rs` (test "ping_async") due to 2 previous errors
[INFO] [stdout] For more information about this error, try `rustc --explain E0432`.
[INFO] [stdout] 
[INFO] [stderr] warning: unused dependency `windows-sys`
[INFO] [stderr]  --> Cargo.toml:1:15
[INFO] [stderr]   |
[INFO] [stderr] 1 | [dependencies.windows-sys]
[INFO] [stderr]   |               ^^^^^^^^^^^^
[INFO] [stderr]   |
[INFO] [stderr]   = note: `cargo::unused_dependencies` is set to `warn` by default
[INFO] [stderr] help: consider removing the dependency on `windows-sys`
[INFO] [stderr] help: to still use for development builds, move to `dev-dependencies`
[INFO] [stderr] warning: `winping-rs` (manifest) generated 1 warning
[INFO] running `Command { std: "docker" "inspect" "d7d8b4bb464e866e6c18755a774cb5e6ed1b44e265519d2339b4fd30ab2a3e3f", kill_on_drop: false }`
[INFO] running `Command { std: "docker" "rm" "-f" "d7d8b4bb464e866e6c18755a774cb5e6ed1b44e265519d2339b4fd30ab2a3e3f", kill_on_drop: false }`
[INFO] [stdout] d7d8b4bb464e866e6c18755a774cb5e6ed1b44e265519d2339b4fd30ab2a3e3f
