[INFO] cloning repository https://github.com/Mickyj70/nummetria
[INFO] running `Command { std: "git" "-c" "credential.helper=" "-c" "credential.helper=/workspace/cargo-home/bin/git-credential-null" "clone" "--bare" "https://github.com/Mickyj70/nummetria" "/workspace/cache/git-repos/https%3A%2F%2Fgithub.com%2FMickyj70%2Fnummetria", kill_on_drop: false }`
[INFO] [stderr] Cloning into bare repository '/workspace/cache/git-repos/https%3A%2F%2Fgithub.com%2FMickyj70%2Fnummetria'...
[INFO] running `Command { std: "git" "rev-parse" "HEAD", kill_on_drop: false }`
[INFO] [stdout] 8e4014a6b01777415034c2b0aa00f627ec38dbbd
[INFO] checking Mickyj70/nummetria against 3154cc1a3e6424e44f438a95007d043ed5ceaaf6+rustflags=-Znext-solver=coherence for pr-133502-30
[INFO] running `Command { std: "git" "clone" "/workspace/cache/git-repos/https%3A%2F%2Fgithub.com%2FMickyj70%2Fnummetria" "/workspace/builds/worker-3-tc1/source", kill_on_drop: false }`
[INFO] [stderr] Cloning into '/workspace/builds/worker-3-tc1/source'...
[INFO] [stderr] done.
[INFO] removed /workspace/builds/worker-3-tc1/source/rust-toolchain.toml
[INFO] started tweaking git repo https://github.com/Mickyj70/nummetria
[INFO] finished tweaking git repo https://github.com/Mickyj70/nummetria
[INFO] tweaked toml for git repo https://github.com/Mickyj70/nummetria written to /workspace/builds/worker-3-tc1/source/Cargo.toml
[INFO] validating manifest of git repo https://github.com/Mickyj70/nummetria on toolchain 3154cc1a3e6424e44f438a95007d043ed5ceaaf6
[INFO] running `Command { std: CARGO_HOME="/workspace/cargo-home" RUSTUP_HOME="/workspace/rustup-home" "/workspace/cargo-home/bin/cargo" "+3154cc1a3e6424e44f438a95007d043ed5ceaaf6" "metadata" "--manifest-path" "Cargo.toml" "--no-deps", kill_on_drop: false }`
[INFO] crate git repo https://github.com/Mickyj70/nummetria already has a lockfile, it will not be regenerated
[INFO] running `Command { std: CARGO_HOME="/workspace/cargo-home" RUSTUP_HOME="/workspace/rustup-home" "/workspace/cargo-home/bin/cargo" "+3154cc1a3e6424e44f438a95007d043ed5ceaaf6" "fetch" "--manifest-path" "Cargo.toml", kill_on_drop: false }`
[INFO] [stderr]  Downloading crates ...
[INFO] [stderr]   Downloaded hashlink v0.12.1
[INFO] [stderr]   Downloaded mockito v1.7.2
[INFO] running `Command { std: "docker" "create" "-v" "/var/lib/crater-agent-workspace/builds/worker-3-tc1/source:/opt/rustwide/workdir:ro,Z" "-v" "/var/lib/crater-agent-workspace/builds/worker-3-tc1/target:/opt/rustwide/target:rw,Z" "-v" "/var/lib/crater-agent-workspace/cargo-home:/opt/rustwide/cargo-home:ro,Z" "-v" "/var/lib/crater-agent-workspace/rustup-home:/opt/rustwide/rustup-home:ro,Z" "-m" "1610612736" "--network" "none" "ghcr.io/rust-lang/crates-build-env/linux@sha256:77db811e55d90add9212f6832c23229e3de5f1c1f9905e8cb07319ea15df73ac" "sleep" "infinity", kill_on_drop: false }`
[INFO] [stdout] 7499faa6e4cbdfe054e8db0cd9b803628e68ca404ebc4216956ccac97273aa70
[INFO] running `Command { std: "docker" "start" "7499faa6e4cbdfe054e8db0cd9b803628e68ca404ebc4216956ccac97273aa70", kill_on_drop: false }`
[INFO] running `Command { std: "docker" "inspect" "7499faa6e4cbdfe054e8db0cd9b803628e68ca404ebc4216956ccac97273aa70", kill_on_drop: false }`
[INFO] running `Command { std: "docker" "exec" "-e" "SOURCE_DIR=/opt/rustwide/workdir" "-e" "CARGO_HOME=/opt/rustwide/cargo-home" "-e" "RUSTUP_HOME=/opt/rustwide/rustup-home" "-e" "CARGO_TARGET_DIR=/opt/rustwide/target" "-w" "/opt/rustwide/workdir" "--user" "0:0" "7499faa6e4cbdfe054e8db0cd9b803628e68ca404ebc4216956ccac97273aa70" "/opt/rustwide/cargo-home/bin/cargo" "+3154cc1a3e6424e44f438a95007d043ed5ceaaf6" "metadata" "--no-deps" "--format-version=1", kill_on_drop: false }`
[INFO] running `Command { std: "docker" "inspect" "7499faa6e4cbdfe054e8db0cd9b803628e68ca404ebc4216956ccac97273aa70", kill_on_drop: false }`
[INFO] running `Command { std: "docker" "exec" "-e" "SOURCE_DIR=/opt/rustwide/workdir" "-e" "CARGO_HOME=/opt/rustwide/cargo-home" "-e" "RUSTUP_HOME=/opt/rustwide/rustup-home" "-e" "CARGO_TARGET_DIR=/opt/rustwide/target" "-e" "CARGO_INCREMENTAL=0" "-e" "RUST_BACKTRACE=full" "-e" "RUSTFLAGS=--cap-lints=forbid -Znext-solver=coherence" "-e" "RUSTDOCFLAGS=--cap-lints=forbid" "-w" "/opt/rustwide/workdir" "--user" "0:0" "7499faa6e4cbdfe054e8db0cd9b803628e68ca404ebc4216956ccac97273aa70" "/opt/rustwide/cargo-home/bin/cargo" "+3154cc1a3e6424e44f438a95007d043ed5ceaaf6" "check" "--frozen" "--all" "--all-targets" "--message-format=json", kill_on_drop: false }`
[INFO] [stderr]    Compiling serde_core v1.0.229
[INFO] [stderr]     Checking smallvec v1.15.2
[INFO] [stderr]    Compiling syn v3.0.3
[INFO] [stderr]    Compiling syn v2.0.119
[INFO] [stderr]    Compiling num-traits v0.2.19
[INFO] [stderr]     Checking mio v1.2.2
[INFO] [stderr]     Checking hashbrown v0.17.1
[INFO] [stderr]     Checking socket2 v0.6.5
[INFO] [stderr]     Checking parking_lot_core v0.9.12
[INFO] [stderr]     Checking futures-sink v0.3.34
[INFO] [stderr]    Compiling rust_decimal v1.42.1
[INFO] [stderr]     Checking parking_lot v0.12.5
[INFO] [stderr]     Checking http v1.5.0
[INFO] [stderr]     Checking tokio v1.53.1
[INFO] [stderr]     Checking zeroize v1.9.0
[INFO] [stderr]     Checking arrayvec v0.7.8
[INFO] [stderr]    Compiling ring v0.17.14
[INFO] [stderr]     Checking futures-io v0.3.34
[INFO] [stderr]     Checking futures-util v0.3.34
[INFO] [stderr]     Checking indexmap v2.14.0
[INFO] [stderr]     Checking http-body v1.1.0
[INFO] [stderr]     Checking tracing v0.1.44
[INFO] [stderr]     Checking rustls-pki-types v1.15.1
[INFO] [stderr]     Checking getrandom v0.2.17
[INFO] [stderr]     Checking futures-channel v0.3.34
[INFO] [stderr]    Compiling rustls v0.23.43
[INFO] [stderr]    Compiling rustix v1.1.4
[INFO] [stderr]     Checking log v0.4.33
[INFO] [stderr]     Checking ipnet v2.12.1
[INFO] [stderr]    Compiling libsqlite3-sys v0.38.2
[INFO] [stderr]     Checking sync_wrapper v1.0.2
[INFO] [stderr]    Compiling synstructure v0.13.2
[INFO] [stderr]     Checking serde_json v1.0.151
[INFO] [stderr]     Checking webpki-roots v1.0.9
[INFO] [stderr]     Checking http-body-util v0.1.5
[INFO] [stderr]     Checking winnow v1.0.4
[INFO] [stderr]    Compiling zerofrom-derive v0.1.7
[INFO] [stderr]    Compiling yoke-derive v0.8.2
[INFO] [stderr]     Checking tempfile v3.27.0
[INFO] [stderr]     Checking dirs-sys v0.5.0
[INFO] [stderr]     Checking toml_parser v1.1.3+spec-1.1.0
[INFO] [stderr]     Checking tokio-util v0.7.19
[INFO] [stderr]     Checking tower v0.5.3
[INFO] [stderr]     Checking zerofrom v0.1.8
[INFO] [stderr]     Checking toml_datetime v1.1.1+spec-1.1.0
[INFO] [stderr]     Checking yoke v0.8.3
[INFO] [stderr]     Checking serde_spanned v1.1.1
[INFO] [stderr]     Checking hashlink v0.12.1
[INFO] [stderr]     Checking toml_writer v1.1.2+spec-1.1.0
[INFO] [stderr]     Checking fallible-iterator v0.3.0
[INFO] [stderr]     Checking directories v6.0.0
[INFO] [stderr]     Checking toml v1.1.4+spec-1.1.0
[INFO] [stderr]     Checking h2 v0.4.18
[INFO] [stderr]     Checking keyring v3.6.3
[INFO] [stderr]     Checking clap_builder v4.6.6
[INFO] [stderr]     Checking rtoolbox v0.0.5
[INFO] [stderr]     Checking csv-core v0.1.13
[INFO] [stderr]     Checking rpassword v7.5.4
[INFO] [stderr]     Checking getrandom v0.3.4
[INFO] [stderr]     Checking csv v1.4.0
[INFO] [stderr]     Checking rand_core v0.9.5
[INFO] [stderr]     Checking rustls-webpki v0.103.14
[INFO] [stderr]     Checking ppv-lite86 v0.2.21
[INFO] [stderr]     Checking aho-corasick v1.1.5
[INFO] [stderr]     Checking similar v2.7.0
[INFO] [stderr]    Compiling serde_derive v1.0.229
[INFO] [stderr]    Compiling zerovec-derive v0.11.6
[INFO] [stderr]    Compiling displaydoc v0.2.7
[INFO] [stderr]    Compiling thiserror-impl v2.0.20
[INFO] [stderr]     Checking zerotrie v0.2.5
[INFO] [stderr]    Compiling clap_derive v4.6.4
[INFO] [stderr]     Checking regex-automata v0.4.18
[INFO] [stderr]     Checking zerovec v0.11.8
[INFO] [stderr]     Checking thiserror v2.0.20
[INFO] [stderr]     Checking rand_chacha v0.9.0
[INFO] [stderr]     Checking rand v0.9.5
[INFO] [stderr]     Checking tinystr v0.8.4
[INFO] [stderr]     Checking potential_utf v0.1.6
[INFO] [stderr]     Checking icu_collections v2.1.1
[INFO] [stderr]     Checking icu_locale_core v2.1.1
[INFO] [stderr]     Checking hyper v1.11.0
[INFO] [stderr]     Checking colored v3.1.1
[INFO] [stderr]     Checking icu_provider v2.1.1
[INFO] [stderr]     Checking clap v4.6.6
[INFO] [stderr]     Checking icu_properties v2.1.2
[INFO] [stderr]     Checking icu_normalizer v2.1.1
[INFO] [stderr]     Checking regex v1.13.1
[INFO] [stderr]     Checking serde v1.0.229
[INFO] [stderr]     Checking hyper-util v0.1.20
[INFO] [stderr]     Checking chrono v0.4.45
[INFO] [stderr]     Checking serde_urlencoded v0.7.1
[INFO] [stderr]     Checking assert-json-diff v2.0.2
[INFO] [stderr]     Checking tokio-rustls v0.26.4
[INFO] [stderr]     Checking idna_adapter v1.2.1
[INFO] [stderr]     Checking idna v1.1.0
[INFO] [stderr]     Checking url v2.5.8
[INFO] [stderr]     Checking nummetria-core v0.1.0 (/opt/rustwide/workdir/crates/core)
[INFO] [stderr]     Checking tower-http v0.6.11
[INFO] [stderr]     Checking hyper-rustls v0.27.9
[INFO] [stderr]     Checking mockito v1.7.2
[INFO] [stderr]     Checking reqwest v0.12.28
[INFO] [stderr]     Checking nummetria-platform v0.1.0 (/opt/rustwide/workdir/crates/platform)
[INFO] [stderr]     Checking nummetria-sources v0.1.0 (/opt/rustwide/workdir/crates/sources)
[INFO] [stderr]     Checking nummetria-providers v0.1.0 (/opt/rustwide/workdir/crates/providers)
[INFO] [stderr]     Checking rusqlite v0.40.2
[INFO] [stderr]     Checking nummetria-storage v0.1.0 (/opt/rustwide/workdir/crates/storage)
[INFO] [stderr]     Checking nummetria-cli v0.1.0 (/opt/rustwide/workdir/apps/cli)
[INFO] [stdout] error[E0425]: cannot find type `BudgetArgs` in this scope
[INFO] [stdout]    --> apps/cli/src/lib.rs:382:12
[INFO] [stdout]     |
[INFO] [stdout] 382 |     Budget(BudgetArgs),
[INFO] [stdout]     |            ^^^^^^^^^^ not found in this scope
[INFO] [stdout] 
[INFO] [stdout] 
[INFO] [stdout] error[E0425]: cannot find type `BudgetArgs` in this scope
[INFO] [stdout]    --> apps/cli/src/lib.rs:382:12
[INFO] [stdout]     |
[INFO] [stdout] 367 | #[derive(Debug, Subcommand)]
[INFO] [stdout]     |                 ---------- in this derive macro
[INFO] [stdout] ...
[INFO] [stdout] 382 |     Budget(BudgetArgs),
[INFO] [stdout]     |            ^^^^^^^^^^ not found in this scope
[INFO] [stdout] 
[INFO] [stdout] 
[INFO] [stdout] error[E0425]: cannot find type `BudgetArgs` in this scope
[INFO] [stdout]    --> apps/cli/src/lib.rs:382:12
[INFO] [stdout]     |
[INFO] [stdout] 382 |     Budget(BudgetArgs),
[INFO] [stdout]     |            ^^^^^^^^^^ not found in this scope
[INFO] [stdout] 
[INFO] [stdout] 
[INFO] [stdout] error[E0425]: cannot find type `BudgetArgs` in this scope
[INFO] [stdout]    --> apps/cli/src/lib.rs:382:12
[INFO] [stdout]     |
[INFO] [stdout] 367 | #[derive(Debug, Subcommand)]
[INFO] [stdout]     |                 ---------- in this derive macro
[INFO] [stdout] ...
[INFO] [stdout] 382 |     Budget(BudgetArgs),
[INFO] [stdout]     |            ^^^^^^^^^^ not found in this scope
[INFO] [stdout] 
[INFO] [stdout] 
[INFO] [stdout] error[E0425]: cannot find function `run_budget` in this scope
[INFO] [stdout]    --> apps/cli/src/lib.rs:767:34
[INFO] [stdout]     |
[INFO] [stdout] 767 |         Command::Budget(args) => run_budget(&cli.global, args, context, stdin, stdout),
[INFO] [stdout]     |                                  ^^^^^^^^^^ not found in this scope
[INFO] [stdout] 
[INFO] [stdout] 
[INFO] [stdout] error[E0425]: cannot find function `run_budget` in this scope
[INFO] [stdout]    --> apps/cli/src/lib.rs:767:34
[INFO] [stdout]     |
[INFO] [stdout] 767 |         Command::Budget(args) => run_budget(&cli.global, args, context, stdin, stdout),
[INFO] [stdout]     |                                  ^^^^^^^^^^ not found in this scope
[INFO] [stdout] 
[INFO] [stdout] 
[INFO] [stdout] For more information about this error, try `rustc --explain E0425`.
[INFO] [stdout] 
[INFO] [stderr] error: could not compile `nummetria-cli` (lib test) due to 3 previous errors
[INFO] [stderr] warning: build failed, waiting for other jobs to finish...
[INFO] [stdout] For more information about this error, try `rustc --explain E0425`.
[INFO] [stdout] 
[INFO] [stderr] error: could not compile `nummetria-cli` (lib) due to 3 previous errors
[INFO] [stderr] warning: unused dependency `nummetria-core`
[INFO] [stderr]   --> crates/platform/Cargo.toml:13:1
[INFO] [stderr]    |
[INFO] [stderr] 13 | nummetria-core.workspace = true
[INFO] [stderr]    | ^^^^^^^^^^^^^^
[INFO] [stderr]    |
[INFO] [stderr]    = note: `cargo::unused_dependencies` is set to `warn` by default
[INFO] [stderr] help: consider removing the dependency on `nummetria-core`
[INFO] [stderr] warning: `nummetria-platform` (manifest) generated 1 warning
[INFO] running `Command { std: "docker" "inspect" "7499faa6e4cbdfe054e8db0cd9b803628e68ca404ebc4216956ccac97273aa70", kill_on_drop: false }`
[INFO] running `Command { std: "docker" "rm" "-f" "7499faa6e4cbdfe054e8db0cd9b803628e68ca404ebc4216956ccac97273aa70", kill_on_drop: false }`
[INFO] [stdout] 7499faa6e4cbdfe054e8db0cd9b803628e68ca404ebc4216956ccac97273aa70
