[INFO] cloning repository https://github.com/MichaAI/liteperfrs
[INFO] running `Command { std: "git" "-c" "credential.helper=" "-c" "credential.helper=/workspace/cargo-home/bin/git-credential-null" "clone" "--bare" "https://github.com/MichaAI/liteperfrs" "/workspace/cache/git-repos/https%3A%2F%2Fgithub.com%2FMichaAI%2Fliteperfrs", kill_on_drop: false }`
[INFO] [stderr] Cloning into bare repository '/workspace/cache/git-repos/https%3A%2F%2Fgithub.com%2FMichaAI%2Fliteperfrs'...
[INFO] running `Command { std: "git" "rev-parse" "HEAD", kill_on_drop: false }`
[INFO] [stdout] b57b8d530df7e56a94a36bae09888b6f92866dc9
[INFO] checking MichaAI/liteperfrs against 3154cc1a3e6424e44f438a95007d043ed5ceaaf6+rustflags=-Znext-solver=coherence for pr-133502-30
[INFO] running `Command { std: "git" "clone" "/workspace/cache/git-repos/https%3A%2F%2Fgithub.com%2FMichaAI%2Fliteperfrs" "/workspace/builds/worker-6-tc1/source", kill_on_drop: false }`
[INFO] [stderr] Cloning into '/workspace/builds/worker-6-tc1/source'...
[INFO] [stderr] done.
[INFO] started tweaking git repo https://github.com/MichaAI/liteperfrs
[INFO] finished tweaking git repo https://github.com/MichaAI/liteperfrs
[INFO] tweaked toml for git repo https://github.com/MichaAI/liteperfrs written to /workspace/builds/worker-6-tc1/source/Cargo.toml
[INFO] validating manifest of git repo https://github.com/MichaAI/liteperfrs on toolchain 3154cc1a3e6424e44f438a95007d043ed5ceaaf6
[INFO] running `Command { std: CARGO_HOME="/workspace/cargo-home" RUSTUP_HOME="/workspace/rustup-home" "/workspace/cargo-home/bin/cargo" "+3154cc1a3e6424e44f438a95007d043ed5ceaaf6" "metadata" "--manifest-path" "Cargo.toml" "--no-deps", kill_on_drop: false }`
[INFO] crate git repo https://github.com/MichaAI/liteperfrs already has a lockfile, it will not be regenerated
[INFO] running `Command { std: CARGO_HOME="/workspace/cargo-home" RUSTUP_HOME="/workspace/rustup-home" "/workspace/cargo-home/bin/cargo" "+3154cc1a3e6424e44f438a95007d043ed5ceaaf6" "fetch" "--manifest-path" "Cargo.toml", kill_on_drop: false }`
[INFO] [stderr]     Updating crates.io index
[INFO] [stderr]  Downloading crates ...
[INFO] [stderr]   Downloaded autotools v0.2.7
[INFO] [stderr]   Downloaded hwlocality-sys v0.6.4
[INFO] [stderr]   Downloaded hwlocality v1.0.0-alpha.11
[INFO] running `Command { std: "docker" "create" "-v" "/var/lib/crater-agent-workspace/builds/worker-6-tc1/source:/opt/rustwide/workdir:ro,Z" "-v" "/var/lib/crater-agent-workspace/builds/worker-6-tc1/target:/opt/rustwide/target:rw,Z" "-v" "/var/lib/crater-agent-workspace/cargo-home:/opt/rustwide/cargo-home:ro,Z" "-v" "/var/lib/crater-agent-workspace/rustup-home:/opt/rustwide/rustup-home:ro,Z" "-m" "1610612736" "--network" "none" "ghcr.io/rust-lang/crates-build-env/linux@sha256:77db811e55d90add9212f6832c23229e3de5f1c1f9905e8cb07319ea15df73ac" "sleep" "infinity", kill_on_drop: false }`
[INFO] [stdout] cd626bdadc3ed98aff9aff98bd7701e11eb6778463862cae5fef099e361ec5e4
[INFO] running `Command { std: "docker" "start" "cd626bdadc3ed98aff9aff98bd7701e11eb6778463862cae5fef099e361ec5e4", kill_on_drop: false }`
[INFO] running `Command { std: "docker" "inspect" "cd626bdadc3ed98aff9aff98bd7701e11eb6778463862cae5fef099e361ec5e4", kill_on_drop: false }`
[INFO] running `Command { std: "docker" "exec" "-e" "SOURCE_DIR=/opt/rustwide/workdir" "-e" "CARGO_HOME=/opt/rustwide/cargo-home" "-e" "RUSTUP_HOME=/opt/rustwide/rustup-home" "-e" "CARGO_TARGET_DIR=/opt/rustwide/target" "-w" "/opt/rustwide/workdir" "--user" "0:0" "cd626bdadc3ed98aff9aff98bd7701e11eb6778463862cae5fef099e361ec5e4" "/opt/rustwide/cargo-home/bin/cargo" "+3154cc1a3e6424e44f438a95007d043ed5ceaaf6" "metadata" "--no-deps" "--format-version=1", kill_on_drop: false }`
[INFO] running `Command { std: "docker" "inspect" "cd626bdadc3ed98aff9aff98bd7701e11eb6778463862cae5fef099e361ec5e4", kill_on_drop: false }`
[INFO] running `Command { std: "docker" "exec" "-e" "SOURCE_DIR=/opt/rustwide/workdir" "-e" "CARGO_HOME=/opt/rustwide/cargo-home" "-e" "RUSTUP_HOME=/opt/rustwide/rustup-home" "-e" "CARGO_TARGET_DIR=/opt/rustwide/target" "-e" "CARGO_INCREMENTAL=0" "-e" "RUST_BACKTRACE=full" "-e" "RUSTFLAGS=--cap-lints=forbid -Znext-solver=coherence" "-e" "RUSTDOCFLAGS=--cap-lints=forbid" "-w" "/opt/rustwide/workdir" "--user" "0:0" "cd626bdadc3ed98aff9aff98bd7701e11eb6778463862cae5fef099e361ec5e4" "/opt/rustwide/cargo-home/bin/cargo" "+3154cc1a3e6424e44f438a95007d043ed5ceaaf6" "check" "--frozen" "--all" "--all-targets" "--message-format=json", kill_on_drop: false }`
[INFO] [stderr]    Compiling hwlocality-sys v0.6.4
[INFO] [stderr]    Compiling syn v2.0.119
[INFO] [stderr]    Compiling syn v3.0.4
[INFO] [stderr]    Compiling thiserror-impl v2.0.20
[INFO] [stderr]    Compiling derive_more-impl v2.1.1
[INFO] [stderr]    Compiling strum_macros v0.27.2
[INFO] [stderr]    Compiling bytemuck_derive v1.11.0
[INFO] [stderr]     Checking thiserror v2.0.20
[INFO] [stderr]     Checking bytemuck v1.25.2
[INFO] [stderr]     Checking liteperfrs-grid v0.1.0 (/opt/rustwide/workdir/liteperfrs-grid)
[INFO] [stderr]     Checking strum v0.27.2
[INFO] [stdout] error: expected one of `,`, `:`, or `>`, found `=`
[INFO] [stdout]   --> liteperfrs-grid/src/lib.rs:32:46
[INFO] [stdout]    |
[INFO] [stdout] 32 |         let data: Box<[Chunk<CHUNK_SIZE, T>] = 
[INFO] [stdout]    |                 -                            ^ expected one of `,`, `:`, or `>`
[INFO] [stdout]    |                 |
[INFO] [stdout]    |                 while parsing the type for `data`
[INFO] [stdout]    |
[INFO] [stdout] help: you might have meant to end the type parameters here
[INFO] [stdout]    |
[INFO] [stdout] 32 |         let data: Box<[Chunk<CHUNK_SIZE, T>]> = 
[INFO] [stdout]    |                                             +
[INFO] [stdout] 
[INFO] [stdout] 
[INFO] [stdout] error: expected expression, found `}`
[INFO] [stdout]   --> liteperfrs-grid/src/lib.rs:33:45
[INFO] [stdout]    |
[INFO] [stdout] 33 |         Self { x_size, y_size, inner_data:  }
[INFO] [stdout]    |         ---- while parsing this struct      ^ expected expression
[INFO] [stdout] 
[INFO] [stdout] 
[INFO] [stdout] error: expected `;`, found `}`
[INFO] [stdout]   --> liteperfrs-grid/src/lib.rs:33:46
[INFO] [stdout]    |
[INFO] [stdout] 33 |         Self { x_size, y_size, inner_data:  }
[INFO] [stdout]    |                                              ^ help: add `;` here
[INFO] [stdout] 34 |     }
[INFO] [stdout]    |     - unexpected token
[INFO] [stdout] 
[INFO] [stdout] 
[INFO] [stdout] error: expected one of `,`, `:`, or `>`, found `=`
[INFO] [stdout]   --> liteperfrs-grid/src/lib.rs:32:46
[INFO] [stdout]    |
[INFO] [stdout] 32 |         let data: Box<[Chunk<CHUNK_SIZE, T>] = 
[INFO] [stdout]    |                 -                            ^ expected one of `,`, `:`, or `>`
[INFO] [stdout]    |                 |
[INFO] [stdout]    |                 while parsing the type for `data`
[INFO] [stdout]    |
[INFO] [stdout] help: you might have meant to end the type parameters here
[INFO] [stdout]    |
[INFO] [stdout] 32 |         let data: Box<[Chunk<CHUNK_SIZE, T>]> = 
[INFO] [stdout]    |                                             +
[INFO] [stdout] 
[INFO] [stdout] 
[INFO] [stdout] error: expected expression, found `}`
[INFO] [stdout]   --> liteperfrs-grid/src/lib.rs:33:45
[INFO] [stdout]    |
[INFO] [stdout] 33 |         Self { x_size, y_size, inner_data:  }
[INFO] [stdout]    |         ---- while parsing this struct      ^ expected expression
[INFO] [stdout] 
[INFO] [stdout] 
[INFO] [stdout] error: expected `;`, found `}`
[INFO] [stdout]   --> liteperfrs-grid/src/lib.rs:33:46
[INFO] [stdout]    |
[INFO] [stdout] 33 |         Self { x_size, y_size, inner_data:  }
[INFO] [stdout]    |                                              ^ help: add `;` here
[INFO] [stdout] 34 |     }
[INFO] [stdout]    |     - unexpected token
[INFO] [stdout] 
[INFO] [stdout] 
[INFO] [stdout] warning: unused import: `Zeroable`
[INFO] [stdout]  --> liteperfrs-grid/src/lib.rs:1:21
[INFO] [stdout]   |
[INFO] [stdout] 1 | use bytemuck::{Pod, Zeroable};
[INFO] [stdout]   |                     ^^^^^^^^
[INFO] [stdout]   |
[INFO] [stdout]   = note: `#[warn(unused_imports)]` (part of `#[warn(unused)]`) on by default
[INFO] [stdout] 
[INFO] [stdout] 
[INFO] [stdout] warning: unused import: `Zeroable`
[INFO] [stdout]  --> liteperfrs-grid/src/lib.rs:1:21
[INFO] [stdout]   |
[INFO] [stdout] 1 | use bytemuck::{Pod, Zeroable};
[INFO] [stdout]   |                     ^^^^^^^^
[INFO] [stdout]   |
[INFO] [stdout]   = note: `#[warn(unused_imports)]` (part of `#[warn(unused)]`) on by default
[INFO] [stdout] 
[INFO] [stdout] 
[INFO] [stdout] error[E0277]: the trait bound `Chunk<CHUNK_SIZE, T>: Zeroable` is not satisfied
[INFO] [stdout]   --> liteperfrs-grid/src/lib.rs:14:54
[INFO] [stdout]    |
[INFO] [stdout] 14 |   unsafe impl<const CHUNK_SIZE: usize, T: Pod> Pod for Chunk<CHUNK_SIZE, T
[INFO] [stdout]    |  ______________________________________________________^
[INFO] [stdout] 15 | | > {
[INFO] [stdout]    | |_^ unsatisfied trait bound
[INFO] [stdout]    |
[INFO] [stdout] help: the trait `Zeroable` is not implemented for `Chunk<CHUNK_SIZE, T>`
[INFO] [stdout]   --> liteperfrs-grid/src/lib.rs:11:1
[INFO] [stdout]    |
[INFO] [stdout] 11 | pub struct Chunk<const CHUNK_SIZE: usize, T: Pod>([[T; CHUNK_SIZE]; CHUNK_SIZE]);
[INFO] [stdout]    | ^^^^^^^^^^^^^^^^^^^^^^^^^^^^^^^^^^^^^^^^^^^^^^^^^
[INFO] [stdout]    = help: the following other types implement trait `Zeroable`:
[INFO] [stdout]              ()
[INFO] [stdout]              (A, B)
[INFO] [stdout]              (A, B, C)
[INFO] [stdout]              (A, B, C, D)
[INFO] [stdout]              (A, B, C, D, E)
[INFO] [stdout]              (A, B, C, D, E, F)
[INFO] [stdout]              (A, B, C, D, E, F, G)
[INFO] [stdout]              (A, B, C, D, E, F, G, H)
[INFO] [stdout]            and 79 others
[INFO] [stdout] note: required by a bound in `Pod`
[INFO] [stdout]   --> /opt/rustwide/cargo-home/registry/src/index.crates.io-1949cf8c6b5b557f/bytemuck-1.25.2/src/pod.rs:37:23
[INFO] [stdout]    |
[INFO] [stdout] 37 | pub unsafe trait Pod: Zeroable + Copy + 'static {}
[INFO] [stdout]    |                       ^^^^^^^^ required by this bound in `Pod`
[INFO] [stdout] 
[INFO] [stdout] 
[INFO] [stdout] error[E0277]: the trait bound `Chunk<CHUNK_SIZE, T>: Zeroable` is not satisfied
[INFO] [stdout]   --> liteperfrs-grid/src/lib.rs:14:54
[INFO] [stdout]    |
[INFO] [stdout] 14 |   unsafe impl<const CHUNK_SIZE: usize, T: Pod> Pod for Chunk<CHUNK_SIZE, T
[INFO] [stdout]    |  ______________________________________________________^
[INFO] [stdout] 15 | | > {
[INFO] [stdout]    | |_^ unsatisfied trait bound
[INFO] [stdout]    |
[INFO] [stdout] help: the trait `Zeroable` is not implemented for `Chunk<CHUNK_SIZE, T>`
[INFO] [stdout]   --> liteperfrs-grid/src/lib.rs:11:1
[INFO] [stdout]    |
[INFO] [stdout] 11 | pub struct Chunk<const CHUNK_SIZE: usize, T: Pod>([[T; CHUNK_SIZE]; CHUNK_SIZE]);
[INFO] [stdout]    | ^^^^^^^^^^^^^^^^^^^^^^^^^^^^^^^^^^^^^^^^^^^^^^^^^
[INFO] [stdout]    = help: the following other types implement trait `Zeroable`:
[INFO] [stdout]              ()
[INFO] [stdout]              (A, B)
[INFO] [stdout]              (A, B, C)
[INFO] [stdout]              (A, B, C, D)
[INFO] [stdout]              (A, B, C, D, E)
[INFO] [stdout]              (A, B, C, D, E, F)
[INFO] [stdout]              (A, B, C, D, E, F, G)
[INFO] [stdout]              (A, B, C, D, E, F, G, H)
[INFO] [stdout]            and 79 others
[INFO] [stdout] note: required by a bound in `Pod`
[INFO] [stdout]   --> /opt/rustwide/cargo-home/registry/src/index.crates.io-1949cf8c6b5b557f/bytemuck-1.25.2/src/pod.rs:37:23
[INFO] [stdout]    |
[INFO] [stdout] 37 | pub unsafe trait Pod: Zeroable + Copy + 'static {}
[INFO] [stdout]    |                       ^^^^^^^^ required by this bound in `Pod`
[INFO] [stdout] 
[INFO] [stdout] 
[INFO] [stdout] error[E0277]: the trait bound `T: Pod` is not satisfied
[INFO] [stdout]   --> liteperfrs-grid/src/lib.rs:19:34
[INFO] [stdout]    |
[INFO] [stdout] 19 | impl<const CHUNK_SIZE: usize, T> Grid<CHUNK_SIZE, T> {
[INFO] [stdout]    |                                  ^^^^^^^^^^^^^^^^^^^ the trait `Pod` is not implemented for `T`
[INFO] [stdout]    |
[INFO] [stdout] note: required by a bound in `Grid`
[INFO] [stdout]   --> liteperfrs-grid/src/lib.rs:3:45
[INFO] [stdout]    |
[INFO] [stdout]  3 | pub struct Grid<const CHUNK_SIZE: usize, T: Pod> {
[INFO] [stdout]    |                                             ^^^ required by this bound in `Grid`
[INFO] [stdout] help: consider restricting type parameter `T` with trait `Pod`
[INFO] [stdout]    |
[INFO] [stdout] 19 | impl<const CHUNK_SIZE: usize, T: bytemuck::Pod> Grid<CHUNK_SIZE, T> {
[INFO] [stdout]    |                                +++++++++++++++
[INFO] [stdout] 
[INFO] [stdout] 
[INFO] [stdout] error[E0277]: the trait bound `T: Pod` is not satisfied
[INFO] [stdout]   --> liteperfrs-grid/src/lib.rs:19:34
[INFO] [stdout]    |
[INFO] [stdout] 19 | impl<const CHUNK_SIZE: usize, T> Grid<CHUNK_SIZE, T> {
[INFO] [stdout]    |                                  ^^^^^^^^^^^^^^^^^^^ the trait `Pod` is not implemented for `T`
[INFO] [stdout]    |
[INFO] [stdout] note: required by a bound in `Grid`
[INFO] [stdout]   --> liteperfrs-grid/src/lib.rs:3:45
[INFO] [stdout]    |
[INFO] [stdout]  3 | pub struct Grid<const CHUNK_SIZE: usize, T: Pod> {
[INFO] [stdout]    |                                             ^^^ required by this bound in `Grid`
[INFO] [stdout] help: consider restricting type parameter `T` with trait `Pod`
[INFO] [stdout]    |
[INFO] [stdout] 19 | impl<const CHUNK_SIZE: usize, T: bytemuck::Pod> Grid<CHUNK_SIZE, T> {
[INFO] [stdout]    |                                +++++++++++++++
[INFO] [stdout] 
[INFO] [stdout] 
[INFO] [stdout] error[E0277]: the trait bound `T: Pod` is not satisfied
[INFO] [stdout]   --> liteperfrs-grid/src/lib.rs:27:41
[INFO] [stdout]    |
[INFO] [stdout] 27 |     fn new(x_size: u32, y_size: u32) -> Self {
[INFO] [stdout]    |                                         ^^^^ the trait `Pod` is not implemented for `T`
[INFO] [stdout]    |
[INFO] [stdout] note: required by a bound in `Grid`
[INFO] [stdout]   --> liteperfrs-grid/src/lib.rs:3:45
[INFO] [stdout]    |
[INFO] [stdout]  3 | pub struct Grid<const CHUNK_SIZE: usize, T: Pod> {
[INFO] [stdout]    |                                             ^^^ required by this bound in `Grid`
[INFO] [stdout] help: consider restricting type parameter `T` with trait `Pod`
[INFO] [stdout]    |
[INFO] [stdout] 19 | impl<const CHUNK_SIZE: usize, T: bytemuck::Pod> Grid<CHUNK_SIZE, T> {
[INFO] [stdout]    |                                +++++++++++++++
[INFO] [stdout] 
[INFO] [stdout] 
[INFO] [stdout] error[E0277]: the trait bound `T: Pod` is not satisfied
[INFO] [stdout]   --> liteperfrs-grid/src/lib.rs:27:41
[INFO] [stdout]    |
[INFO] [stdout] 27 |     fn new(x_size: u32, y_size: u32) -> Self {
[INFO] [stdout]    |                                         ^^^^ the trait `Pod` is not implemented for `T`
[INFO] [stdout]    |
[INFO] [stdout] note: required by a bound in `Grid`
[INFO] [stdout]   --> liteperfrs-grid/src/lib.rs:3:45
[INFO] [stdout]    |
[INFO] [stdout]  3 | pub struct Grid<const CHUNK_SIZE: usize, T: Pod> {
[INFO] [stdout]    |                                             ^^^ required by this bound in `Grid`
[INFO] [stdout] help: consider restricting type parameter `T` with trait `Pod`
[INFO] [stdout]    |
[INFO] [stdout] 19 | impl<const CHUNK_SIZE: usize, T: bytemuck::Pod> Grid<CHUNK_SIZE, T> {
[INFO] [stdout]    |                                +++++++++++++++
[INFO] [stdout] 
[INFO] [stdout] 
[INFO] [stdout] error[E0277]: the trait bound `T: Pod` is not satisfied
[INFO] [stdout]   --> liteperfrs-grid/src/lib.rs:28:18
[INFO] [stdout]    |
[INFO] [stdout] 28 |         let () = Self::CHECK_ALL;
[INFO] [stdout]    |                  ^^^^ the trait `Pod` is not implemented for `T`
[INFO] [stdout]    |
[INFO] [stdout] note: required by a bound in `Grid`
[INFO] [stdout]   --> liteperfrs-grid/src/lib.rs:3:45
[INFO] [stdout]    |
[INFO] [stdout]  3 | pub struct Grid<const CHUNK_SIZE: usize, T: Pod> {
[INFO] [stdout]    |                                             ^^^ required by this bound in `Grid`
[INFO] [stdout] help: consider restricting type parameter `T` with trait `Pod`
[INFO] [stdout]    |
[INFO] [stdout] 19 | impl<const CHUNK_SIZE: usize, T: bytemuck::Pod> Grid<CHUNK_SIZE, T> {
[INFO] [stdout]    |                                +++++++++++++++
[INFO] [stdout] 
[INFO] [stdout] 
[INFO] [stdout] error[E0277]: the trait bound `T: Pod` is not satisfied
[INFO] [stdout]   --> liteperfrs-grid/src/lib.rs:28:18
[INFO] [stdout]    |
[INFO] [stdout] 28 |         let () = Self::CHECK_ALL;
[INFO] [stdout]    |                  ^^^^ the trait `Pod` is not implemented for `T`
[INFO] [stdout]    |
[INFO] [stdout] note: required by a bound in `Grid`
[INFO] [stdout]   --> liteperfrs-grid/src/lib.rs:3:45
[INFO] [stdout]    |
[INFO] [stdout]  3 | pub struct Grid<const CHUNK_SIZE: usize, T: Pod> {
[INFO] [stdout]    |                                             ^^^ required by this bound in `Grid`
[INFO] [stdout] help: consider restricting type parameter `T` with trait `Pod`
[INFO] [stdout]    |
[INFO] [stdout] 19 | impl<const CHUNK_SIZE: usize, T: bytemuck::Pod> Grid<CHUNK_SIZE, T> {
[INFO] [stdout]    |                                +++++++++++++++
[INFO] [stdout] 
[INFO] [stdout] 
[INFO] [stdout] error[E0308]: mismatched types
[INFO] [stdout]   --> liteperfrs-grid/src/lib.rs:29:48
[INFO] [stdout]    |
[INFO] [stdout] 29 |         let x_chunks = x_size.next_multiple_of(CHUNK_SIZE) / CHUNK_SIZE;
[INFO] [stdout]    |                               ---------------- ^^^^^^^^^^ expected `u32`, found `usize`
[INFO] [stdout]    |                               |
[INFO] [stdout]    |                               arguments to this method are incorrect
[INFO] [stdout]    |
[INFO] [stdout] note: method defined here
[INFO] [stdout]   --> /rustc/3154cc1a3e6424e44f438a95007d043ed5ceaaf6/library/core/src/num/uint_macros.rs:3845:21
[INFO] [stdout]   --> /rustc/3154cc1a3e6424e44f438a95007d043ed5ceaaf6/library/core/src/num/mod.rs:1295:4
[INFO] [stdout]   ::: /rustc/3154cc1a3e6424e44f438a95007d043ed5ceaaf6/library/core/src/num/mod.rs:1319:5
[INFO] [stdout]    |
[INFO] [stdout]    = note: in this macro invocation
[INFO] [stdout]    = note: this error originates in the macro `uint_impl` (in Nightly builds, run with -Z macro-backtrace for more info)
[INFO] [stdout] help: you can convert a `usize` to a `u32` and panic if the converted value doesn't fit
[INFO] [stdout]    |
[INFO] [stdout] 29 |         let x_chunks = x_size.next_multiple_of(CHUNK_SIZE.try_into().unwrap()) / CHUNK_SIZE;
[INFO] [stdout]    |                                                          ++++++++++++++++++++
[INFO] [stdout] 
[INFO] [stdout] 
[INFO] [stdout] error[E0308]: mismatched types
[INFO] [stdout]   --> liteperfrs-grid/src/lib.rs:29:62
[INFO] [stdout]    |
[INFO] [stdout] 29 |         let x_chunks = x_size.next_multiple_of(CHUNK_SIZE) / CHUNK_SIZE;
[INFO] [stdout]    |                                                              ^^^^^^^^^^ expected `u32`, found `usize`
[INFO] [stdout] 
[INFO] [stdout] 
[INFO] [stdout] error[E0277]: cannot divide `u32` by `usize`
[INFO] [stdout]   --> liteperfrs-grid/src/lib.rs:29:60
[INFO] [stdout]    |
[INFO] [stdout] 29 |         let x_chunks = x_size.next_multiple_of(CHUNK_SIZE) / CHUNK_SIZE;
[INFO] [stdout]    |                                                            ^ no implementation for `u32 / usize`
[INFO] [stdout]    |
[INFO] [stdout]    = help: the trait `Div<usize>` is not implemented for `u32`
[INFO] [stdout]    = help: the following other types implement trait `Div<Rhs>`:
[INFO] [stdout]              `&u32` implements `Div<u32>`
[INFO] [stdout]              `&u32` implements `Div`
[INFO] [stdout]              `u32` implements `Div<&u32>`
[INFO] [stdout]              `u32` implements `Div<NonZero<u32>>`
[INFO] [stdout]              `u32` implements `Div`
[INFO] [stdout] 
[INFO] [stdout] 
[INFO] [stdout] error[E0308]: mismatched types
[INFO] [stdout]   --> liteperfrs-grid/src/lib.rs:29:48
[INFO] [stdout]    |
[INFO] [stdout] 29 |         let x_chunks = x_size.next_multiple_of(CHUNK_SIZE) / CHUNK_SIZE;
[INFO] [stdout]    |                               ---------------- ^^^^^^^^^^ expected `u32`, found `usize`
[INFO] [stdout]    |                               |
[INFO] [stdout]    |                               arguments to this method are incorrect
[INFO] [stdout]    |
[INFO] [stdout] note: method defined here
[INFO] [stdout]   --> /rustc/3154cc1a3e6424e44f438a95007d043ed5ceaaf6/library/core/src/num/uint_macros.rs:3845:21
[INFO] [stdout]   --> /rustc/3154cc1a3e6424e44f438a95007d043ed5ceaaf6/library/core/src/num/mod.rs:1295:4
[INFO] [stdout]   ::: /rustc/3154cc1a3e6424e44f438a95007d043ed5ceaaf6/library/core/src/num/mod.rs:1319:5
[INFO] [stdout]    |
[INFO] [stdout]    = note: in this macro invocation
[INFO] [stdout]    = note: this error originates in the macro `uint_impl` (in Nightly builds, run with -Z macro-backtrace for more info)
[INFO] [stdout] help: you can convert a `usize` to a `u32` and panic if the converted value doesn't fit
[INFO] [stdout]    |
[INFO] [stdout] 29 |         let x_chunks = x_size.next_multiple_of(CHUNK_SIZE.try_into().unwrap()) / CHUNK_SIZE;
[INFO] [stdout]    |                                                          ++++++++++++++++++++
[INFO] [stdout] 
[INFO] [stdout] 
[INFO] [stdout] error[E0308]: mismatched types
[INFO] [stdout]   --> liteperfrs-grid/src/lib.rs:29:62
[INFO] [stdout]    |
[INFO] [stdout] 29 |         let x_chunks = x_size.next_multiple_of(CHUNK_SIZE) / CHUNK_SIZE;
[INFO] [stdout]    |                                                              ^^^^^^^^^^ expected `u32`, found `usize`
[INFO] [stdout] 
[INFO] [stdout] 
[INFO] [stdout] error[E0277]: cannot divide `u32` by `usize`
[INFO] [stdout]   --> liteperfrs-grid/src/lib.rs:29:60
[INFO] [stdout]    |
[INFO] [stdout] 29 |         let x_chunks = x_size.next_multiple_of(CHUNK_SIZE) / CHUNK_SIZE;
[INFO] [stdout]    |                                                            ^ no implementation for `u32 / usize`
[INFO] [stdout]    |
[INFO] [stdout]    = help: the trait `Div<usize>` is not implemented for `u32`
[INFO] [stdout]    = help: the following other types implement trait `Div<Rhs>`:
[INFO] [stdout]              `&u32` implements `Div<u32>`
[INFO] [stdout]              `&u32` implements `Div`
[INFO] [stdout]              `u32` implements `Div<&u32>`
[INFO] [stdout]              `u32` implements `Div<NonZero<u32>>`
[INFO] [stdout]              `u32` implements `Div`
[INFO] [stdout] 
[INFO] [stdout] 
[INFO] [stdout] error[E0308]: mismatched types
[INFO] [stdout]   --> liteperfrs-grid/src/lib.rs:30:48
[INFO] [stdout]    |
[INFO] [stdout] 30 |         let y_chunks = y_size.next_multiple_of(CHUNK_SIZE) / CHUNK_SIZE;
[INFO] [stdout]    |                               ---------------- ^^^^^^^^^^ expected `u32`, found `usize`
[INFO] [stdout]    |                               |
[INFO] [stdout]    |                               arguments to this method are incorrect
[INFO] [stdout]    |
[INFO] [stdout] note: method defined here
[INFO] [stdout]   --> /rustc/3154cc1a3e6424e44f438a95007d043ed5ceaaf6/library/core/src/num/uint_macros.rs:3845:21
[INFO] [stdout]   --> /rustc/3154cc1a3e6424e44f438a95007d043ed5ceaaf6/library/core/src/num/mod.rs:1295:4
[INFO] [stdout]   ::: /rustc/3154cc1a3e6424e44f438a95007d043ed5ceaaf6/library/core/src/num/mod.rs:1319:5
[INFO] [stdout]    |
[INFO] [stdout]    = note: in this macro invocation
[INFO] [stdout]    = note: this error originates in the macro `uint_impl` (in Nightly builds, run with -Z macro-backtrace for more info)
[INFO] [stdout] help: you can convert a `usize` to a `u32` and panic if the converted value doesn't fit
[INFO] [stdout]    |
[INFO] [stdout] 30 |         let y_chunks = y_size.next_multiple_of(CHUNK_SIZE.try_into().unwrap()) / CHUNK_SIZE;
[INFO] [stdout]    |                                                          ++++++++++++++++++++
[INFO] [stdout] 
[INFO] [stdout] 
[INFO] [stdout] error[E0308]: mismatched types
[INFO] [stdout]   --> liteperfrs-grid/src/lib.rs:30:48
[INFO] [stdout]    |
[INFO] [stdout] 30 |         let y_chunks = y_size.next_multiple_of(CHUNK_SIZE) / CHUNK_SIZE;
[INFO] [stdout]    |                               ---------------- ^^^^^^^^^^ expected `u32`, found `usize`
[INFO] [stdout]    |                               |
[INFO] [stdout]    |                               arguments to this method are incorrect
[INFO] [stdout]    |
[INFO] [stdout] note: method defined here
[INFO] [stdout]   --> /rustc/3154cc1a3e6424e44f438a95007d043ed5ceaaf6/library/core/src/num/uint_macros.rs:3845:21
[INFO] [stdout]   --> /rustc/3154cc1a3e6424e44f438a95007d043ed5ceaaf6/library/core/src/num/mod.rs:1295:4
[INFO] [stdout]   ::: /rustc/3154cc1a3e6424e44f438a95007d043ed5ceaaf6/library/core/src/num/mod.rs:1319:5
[INFO] [stdout]    |
[INFO] [stdout]    = note: in this macro invocation
[INFO] [stdout]    = note: this error originates in the macro `uint_impl` (in Nightly builds, run with -Z macro-backtrace for more info)
[INFO] [stdout] help: you can convert a `usize` to a `u32` and panic if the converted value doesn't fit
[INFO] [stdout]    |
[INFO] [stdout] 30 |         let y_chunks = y_size.next_multiple_of(CHUNK_SIZE.try_into().unwrap()) / CHUNK_SIZE;
[INFO] [stdout]    |                                                          ++++++++++++++++++++
[INFO] [stdout] 
[INFO] [stdout] 
[INFO] [stdout] error[E0308]: mismatched types
[INFO] [stdout]   --> liteperfrs-grid/src/lib.rs:30:62
[INFO] [stdout]    |
[INFO] [stdout] 30 |         let y_chunks = y_size.next_multiple_of(CHUNK_SIZE) / CHUNK_SIZE;
[INFO] [stdout]    |                                                              ^^^^^^^^^^ expected `u32`, found `usize`
[INFO] [stdout] 
[INFO] [stdout] 
[INFO] [stdout] error[E0308]: mismatched types
[INFO] [stdout]   --> liteperfrs-grid/src/lib.rs:30:62
[INFO] [stdout]    |
[INFO] [stdout] 30 |         let y_chunks = y_size.next_multiple_of(CHUNK_SIZE) / CHUNK_SIZE;
[INFO] [stdout]    |                                                              ^^^^^^^^^^ expected `u32`, found `usize`
[INFO] [stdout] 
[INFO] [stdout] 
[INFO] [stdout] error[E0277]: cannot divide `u32` by `usize`
[INFO] [stdout]   --> liteperfrs-grid/src/lib.rs:30:60
[INFO] [stdout]    |
[INFO] [stdout] 30 |         let y_chunks = y_size.next_multiple_of(CHUNK_SIZE) / CHUNK_SIZE;
[INFO] [stdout]    |                                                            ^ no implementation for `u32 / usize`
[INFO] [stdout]    |
[INFO] [stdout]    = help: the trait `Div<usize>` is not implemented for `u32`
[INFO] [stdout]    = help: the following other types implement trait `Div<Rhs>`:
[INFO] [stdout]              `&u32` implements `Div<u32>`
[INFO] [stdout]              `&u32` implements `Div`
[INFO] [stdout]              `u32` implements `Div<&u32>`
[INFO] [stdout]              `u32` implements `Div<NonZero<u32>>`
[INFO] [stdout]              `u32` implements `Div`
[INFO] [stdout] 
[INFO] [stdout] 
[INFO] [stdout] error[E0277]: the trait bound `T: Pod` is not satisfied
[INFO] [stdout]   --> liteperfrs-grid/src/lib.rs:33:9
[INFO] [stdout]    |
[INFO] [stdout] 33 |         Self { x_size, y_size, inner_data:  }
[INFO] [stdout]    |         ^^^^ the trait `Pod` is not implemented for `T`
[INFO] [stdout]    |
[INFO] [stdout] note: required by a bound in `Grid`
[INFO] [stdout]   --> liteperfrs-grid/src/lib.rs:3:45
[INFO] [stdout]    |
[INFO] [stdout]  3 | pub struct Grid<const CHUNK_SIZE: usize, T: Pod> {
[INFO] [stdout]    |                                             ^^^ required by this bound in `Grid`
[INFO] [stdout] help: consider restricting type parameter `T` with trait `Pod`
[INFO] [stdout]    |
[INFO] [stdout] 19 | impl<const CHUNK_SIZE: usize, T: bytemuck::Pod> Grid<CHUNK_SIZE, T> {
[INFO] [stdout]    |                                +++++++++++++++
[INFO] [stdout] 
[INFO] [stdout] 
[INFO] [stdout] error[E0277]: cannot divide `u32` by `usize`
[INFO] [stdout]   --> liteperfrs-grid/src/lib.rs:30:60
[INFO] [stdout]    |
[INFO] [stdout] 30 |         let y_chunks = y_size.next_multiple_of(CHUNK_SIZE) / CHUNK_SIZE;
[INFO] [stdout]    |                                                            ^ no implementation for `u32 / usize`
[INFO] [stdout]    |
[INFO] [stdout]    = help: the trait `Div<usize>` is not implemented for `u32`
[INFO] [stdout]    = help: the following other types implement trait `Div<Rhs>`:
[INFO] [stdout]              `&u32` implements `Div<u32>`
[INFO] [stdout]              `&u32` implements `Div`
[INFO] [stdout]              `u32` implements `Div<&u32>`
[INFO] [stdout]              `u32` implements `Div<NonZero<u32>>`
[INFO] [stdout]              `u32` implements `Div`
[INFO] [stdout] 
[INFO] [stdout] 
[INFO] [stdout] error[E0277]: the trait bound `T: Pod` is not satisfied
[INFO] [stdout]   --> liteperfrs-grid/src/lib.rs:33:9
[INFO] [stdout]    |
[INFO] [stdout] 33 |         Self { x_size, y_size, inner_data:  }
[INFO] [stdout]    |         ^^^^ the trait `Pod` is not implemented for `T`
[INFO] [stdout]    |
[INFO] [stdout] note: required by a bound in `Grid`
[INFO] [stdout]   --> liteperfrs-grid/src/lib.rs:3:45
[INFO] [stdout]    |
[INFO] [stdout]  3 | pub struct Grid<const CHUNK_SIZE: usize, T: Pod> {
[INFO] [stdout]    |                                             ^^^ required by this bound in `Grid`
[INFO] [stdout] help: consider restricting type parameter `T` with trait `Pod`
[INFO] [stdout]    |
[INFO] [stdout] 19 | impl<const CHUNK_SIZE: usize, T: bytemuck::Pod> Grid<CHUNK_SIZE, T> {
[INFO] [stdout]    |                                +++++++++++++++
[INFO] [stdout] 
[INFO] [stdout] 
[INFO] [stdout] error[E0308]: mismatched types
[INFO] [stdout]   --> liteperfrs-grid/src/lib.rs:27:41
[INFO] [stdout]    |
[INFO] [stdout] 27 |     fn new(x_size: u32, y_size: u32) -> Self {
[INFO] [stdout]    |        ---                              ^^^^ expected `Grid<CHUNK_SIZE, T>`, found `()`
[INFO] [stdout]    |        |
[INFO] [stdout]    |        implicitly returns `()` as its body has no tail or `return` expression
[INFO] [stdout]    |
[INFO] [stdout]    = note: expected struct `Grid<CHUNK_SIZE, T>`
[INFO] [stdout]            found unit type `()`
[INFO] [stdout] help: consider returning the local binding `data`
[INFO] [stdout]    |
[INFO] [stdout] 33 ~         Self { x_size, y_size, inner_data:  }
[INFO] [stdout] 34 +         data
[INFO] [stdout]    |
[INFO] [stdout] 
[INFO] [stdout] 
[INFO] [stdout] error[E0308]: mismatched types
[INFO] [stdout]   --> liteperfrs-grid/src/lib.rs:27:41
[INFO] [stdout]    |
[INFO] [stdout] 27 |     fn new(x_size: u32, y_size: u32) -> Self {
[INFO] [stdout]    |        ---                              ^^^^ expected `Grid<CHUNK_SIZE, T>`, found `()`
[INFO] [stdout]    |        |
[INFO] [stdout]    |        implicitly returns `()` as its body has no tail or `return` expression
[INFO] [stdout]    |
[INFO] [stdout]    = note: expected struct `Grid<CHUNK_SIZE, T>`
[INFO] [stdout]            found unit type `()`
[INFO] [stdout] help: consider returning the local binding `data`
[INFO] [stdout]    |
[INFO] [stdout] 33 ~         Self { x_size, y_size, inner_data:  }
[INFO] [stdout] 34 +         data
[INFO] [stdout]    |
[INFO] [stdout] 
[INFO] [stdout] 
[INFO] [stdout] Some errors have detailed explanations: E0277, E0308.
[INFO] [stdout] 
[INFO] [stdout] For more information about an error, try `rustc --explain E0277`.
[INFO] [stdout] 
[INFO] [stdout] Some errors have detailed explanations: E0277, E0308.
[INFO] [stdout] 
[INFO] [stdout] For more information about an error, try `rustc --explain E0277`.
[INFO] [stdout] 
[INFO] [stderr] error: could not compile `liteperfrs-grid` (lib test) due to 15 previous errors; 1 warning emitted
[INFO] [stderr] warning: build failed, waiting for other jobs to finish...
[INFO] [stderr] error: could not compile `liteperfrs-grid` (lib) due to 15 previous errors; 1 warning emitted
[INFO] running `Command { std: "docker" "inspect" "cd626bdadc3ed98aff9aff98bd7701e11eb6778463862cae5fef099e361ec5e4", kill_on_drop: false }`
[INFO] running `Command { std: "docker" "rm" "-f" "cd626bdadc3ed98aff9aff98bd7701e11eb6778463862cae5fef099e361ec5e4", kill_on_drop: false }`
[INFO] [stdout] cd626bdadc3ed98aff9aff98bd7701e11eb6778463862cae5fef099e361ec5e4
