[INFO] cloning repository https://github.com/Mhc97/ULTIMATE-SCRAPER
[INFO] running `Command { std: "git" "-c" "credential.helper=" "-c" "credential.helper=/workspace/cargo-home/bin/git-credential-null" "clone" "--bare" "https://github.com/Mhc97/ULTIMATE-SCRAPER" "/workspace/cache/git-repos/https%3A%2F%2Fgithub.com%2FMhc97%2FULTIMATE-SCRAPER", kill_on_drop: false }`
[INFO] [stderr] Cloning into bare repository '/workspace/cache/git-repos/https%3A%2F%2Fgithub.com%2FMhc97%2FULTIMATE-SCRAPER'...
[INFO] running `Command { std: "git" "rev-parse" "HEAD", kill_on_drop: false }`
[INFO] [stdout] 3a51e791c76b1d64ce63a40a1c9051ba6bb4fd4b
[INFO] checking Mhc97/ULTIMATE-SCRAPER against 3154cc1a3e6424e44f438a95007d043ed5ceaaf6 for pr-133502-30
[INFO] running `Command { std: "git" "clone" "/workspace/cache/git-repos/https%3A%2F%2Fgithub.com%2FMhc97%2FULTIMATE-SCRAPER" "/workspace/builds/worker-4-tc2/source", kill_on_drop: false }`
[INFO] [stderr] Cloning into '/workspace/builds/worker-4-tc2/source'...
[INFO] [stderr] done.
[INFO] started tweaking git repo https://github.com/Mhc97/ULTIMATE-SCRAPER
[INFO] finished tweaking git repo https://github.com/Mhc97/ULTIMATE-SCRAPER
[INFO] tweaked toml for git repo https://github.com/Mhc97/ULTIMATE-SCRAPER written to /workspace/builds/worker-4-tc2/source/Cargo.toml
[INFO] validating manifest of git repo https://github.com/Mhc97/ULTIMATE-SCRAPER on toolchain 3154cc1a3e6424e44f438a95007d043ed5ceaaf6
[INFO] running `Command { std: CARGO_HOME="/workspace/cargo-home" RUSTUP_HOME="/workspace/rustup-home" "/workspace/cargo-home/bin/cargo" "+3154cc1a3e6424e44f438a95007d043ed5ceaaf6" "metadata" "--manifest-path" "Cargo.toml" "--no-deps", kill_on_drop: false }`
[INFO] crate git repo https://github.com/Mhc97/ULTIMATE-SCRAPER already has a lockfile, it will not be regenerated
[INFO] running `Command { std: CARGO_HOME="/workspace/cargo-home" RUSTUP_HOME="/workspace/rustup-home" "/workspace/cargo-home/bin/cargo" "+3154cc1a3e6424e44f438a95007d043ed5ceaaf6" "fetch" "--manifest-path" "Cargo.toml", kill_on_drop: false }`
[INFO] running `Command { std: "docker" "create" "-v" "/var/lib/crater-agent-workspace/builds/worker-4-tc2/source:/opt/rustwide/workdir:ro,Z" "-v" "/var/lib/crater-agent-workspace/builds/worker-4-tc2/target:/opt/rustwide/target:rw,Z" "-v" "/var/lib/crater-agent-workspace/cargo-home:/opt/rustwide/cargo-home:ro,Z" "-v" "/var/lib/crater-agent-workspace/rustup-home:/opt/rustwide/rustup-home:ro,Z" "-m" "1610612736" "--network" "none" "ghcr.io/rust-lang/crates-build-env/linux@sha256:77db811e55d90add9212f6832c23229e3de5f1c1f9905e8cb07319ea15df73ac" "sleep" "infinity", kill_on_drop: false }`
[INFO] [stdout] 35e3f6740b939d27cfa2b06f11db827d12b990304eb15e7a8038c702323981c2
[INFO] running `Command { std: "docker" "start" "35e3f6740b939d27cfa2b06f11db827d12b990304eb15e7a8038c702323981c2", kill_on_drop: false }`
[INFO] running `Command { std: "docker" "inspect" "35e3f6740b939d27cfa2b06f11db827d12b990304eb15e7a8038c702323981c2", kill_on_drop: false }`
[INFO] running `Command { std: "docker" "exec" "-e" "SOURCE_DIR=/opt/rustwide/workdir" "-e" "CARGO_HOME=/opt/rustwide/cargo-home" "-e" "RUSTUP_HOME=/opt/rustwide/rustup-home" "-e" "CARGO_TARGET_DIR=/opt/rustwide/target" "-w" "/opt/rustwide/workdir" "--user" "0:0" "35e3f6740b939d27cfa2b06f11db827d12b990304eb15e7a8038c702323981c2" "/opt/rustwide/cargo-home/bin/cargo" "+3154cc1a3e6424e44f438a95007d043ed5ceaaf6" "metadata" "--no-deps" "--format-version=1", kill_on_drop: false }`
[INFO] running `Command { std: "docker" "inspect" "35e3f6740b939d27cfa2b06f11db827d12b990304eb15e7a8038c702323981c2", kill_on_drop: false }`
[INFO] running `Command { std: "docker" "exec" "-e" "SOURCE_DIR=/opt/rustwide/workdir" "-e" "CARGO_HOME=/opt/rustwide/cargo-home" "-e" "RUSTUP_HOME=/opt/rustwide/rustup-home" "-e" "CARGO_TARGET_DIR=/opt/rustwide/target" "-e" "CARGO_INCREMENTAL=0" "-e" "RUST_BACKTRACE=full" "-e" "RUSTFLAGS=--cap-lints=forbid" "-e" "RUSTDOCFLAGS=--cap-lints=forbid" "-w" "/opt/rustwide/workdir" "--user" "0:0" "35e3f6740b939d27cfa2b06f11db827d12b990304eb15e7a8038c702323981c2" "/opt/rustwide/cargo-home/bin/cargo" "+3154cc1a3e6424e44f438a95007d043ed5ceaaf6" "check" "--frozen" "--all" "--all-targets" "--message-format=json", kill_on_drop: false }`
[INFO] [stderr]    Compiling aws-lc-rs v1.17.3
[INFO] [stderr]     Checking http v1.4.2
[INFO] [stderr]     Checking phf_shared v0.13.1
[INFO] [stderr]    Compiling string_cache_codegen v0.6.1
[INFO] [stderr]    Compiling rustls v0.23.42
[INFO] [stderr]    Compiling displaydoc v0.2.6
[INFO] [stderr]     Checking tokio v1.53.1
[INFO] [stderr]    Compiling phf_macros v0.13.1
[INFO] [stderr]     Checking futures-task v0.3.33
[INFO] [stderr]    Compiling cmake v0.1.58
[INFO] [stderr]     Checking zerofrom v0.1.8
[INFO] [stderr]     Checking dtoa v1.0.11
[INFO] [stderr]    Compiling derive_more-impl v2.1.1
[INFO] [stderr]    Compiling cssparser-macros v0.7.0
[INFO] [stderr]    Compiling selectors v0.38.0
[INFO] [stderr]     Checking tendril v0.5.1
[INFO] [stderr]     Checking futures-util v0.3.33
[INFO] [stderr]     Checking yoke v0.8.3
[INFO] [stderr]     Checking servo_arc v0.4.3
[INFO] [stderr]     Checking getopts v0.2.24
[INFO] [stderr]     Checking dtoa-short v0.3.5
[INFO] [stderr]     Checking ego-tree v0.11.0
[INFO] [stderr]     Checking zerovec v0.11.6
[INFO] [stderr]     Checking string_cache v0.9.0
[INFO] [stderr]    Compiling aws-lc-sys v0.43.0
[INFO] [stderr]    Compiling web_atoms v0.2.5
[INFO] [stderr]     Checking zerotrie v0.2.4
[INFO] [stderr]     Checking phf v0.13.1
[INFO] [stderr]     Checking cssparser v0.37.0
[INFO] [stderr]     Checking http-body v1.1.0
[INFO] [stderr]     Checking http-body-util v0.1.4
[INFO] [stderr]     Checking derive_more v2.1.1
[INFO] [stderr]     Checking tinystr v0.8.3
[INFO] [stderr]     Checking potential_utf v0.1.5
[INFO] [stderr]     Checking icu_collections v2.2.0
[INFO] [stderr]     Checking icu_locale_core v2.2.0
[INFO] [stderr]     Checking markup5ever v0.39.0
[INFO] [stderr]     Checking icu_provider v2.2.0
[INFO] [stderr]     Checking html5ever v0.39.0
[INFO] [stderr]     Checking icu_normalizer v2.2.0
[INFO] [stderr]     Checking icu_properties v2.2.0
[INFO] [stderr]     Checking scraper v0.27.0
[INFO] [stderr]     Checking tokio-util v0.7.19
[INFO] [stderr]     Checking tower v0.5.3
[INFO] [stderr]     Checking idna_adapter v1.2.2
[INFO] [stderr]     Checking idna v1.1.0
[INFO] [stderr]     Checking h2 v0.4.15
[INFO] [stderr]     Checking url v2.5.8
[INFO] [stderr]     Checking tower-http v0.6.11
[INFO] [stderr]     Checking hyper v1.11.0
[INFO] [stderr]     Checking hyper-util v0.1.20
[INFO] [stderr]     Checking rustls-webpki v0.103.13
[INFO] [stderr]     Checking tokio-rustls v0.26.4
[INFO] [stderr]     Checking rustls-platform-verifier v0.7.0
[INFO] [stderr]     Checking hyper-rustls v0.27.9
[INFO] [stderr]     Checking reqwest v0.13.4
[INFO] [stderr]     Checking ultimate-scraper v0.1.0 (/opt/rustwide/workdir)
[INFO] [stdout] error[E0433]: cannot find `main` in `tokio`
[INFO] [stdout]  --> src/main.rs:5:10
[INFO] [stdout]   |
[INFO] [stdout] 5 | #[tokio::main]
[INFO] [stdout]   |          ^^^^ could not find `main` in `tokio`
[INFO] [stdout] 
[INFO] [stdout] 
[INFO] [stdout] error[E0433]: cannot find `main` in `tokio`
[INFO] [stdout]  --> src/main.rs:5:10
[INFO] [stdout]   |
[INFO] [stdout] 5 | #[tokio::main]
[INFO] [stdout]   |          ^^^^ could not find `main` in `tokio`
[INFO] [stdout] 
[INFO] [stdout] 
[INFO] [stdout] error[E0752]: `main` function is not allowed to be `async`
[INFO] [stdout]  --> src/main.rs:6:1
[INFO] [stdout]   |
[INFO] [stdout] 6 | async fn main() -> Result<(), Box<dyn std::error::Error>> {
[INFO] [stdout]   | ^^^^^^^^^^^^^^^^^^^^^^^^^^^^^^^^^^^^^^^^^^^^^^^^^^^^^^^^^ `main` function is not allowed to be `async`
[INFO] [stdout] 
[INFO] [stdout] 
[INFO] [stdout] Some errors have detailed explanations: E0433, E0752.
[INFO] [stdout] 
[INFO] [stdout] For more information about an error, try `rustc --explain E0433`.
[INFO] [stdout] 
[INFO] [stdout] For more information about this error, try `rustc --explain E0433`.
[INFO] [stdout] 
[INFO] [stderr] error: could not compile `ultimate-scraper` (bin "ultimate-scraper") due to 2 previous errors
[INFO] [stderr] warning: build failed, waiting for other jobs to finish...
[INFO] [stderr] error: could not compile `ultimate-scraper` (bin "ultimate-scraper" test) due to 1 previous error
[INFO] running `Command { std: "docker" "inspect" "35e3f6740b939d27cfa2b06f11db827d12b990304eb15e7a8038c702323981c2", kill_on_drop: false }`
[INFO] running `Command { std: "docker" "rm" "-f" "35e3f6740b939d27cfa2b06f11db827d12b990304eb15e7a8038c702323981c2", kill_on_drop: false }`
[INFO] [stdout] 35e3f6740b939d27cfa2b06f11db827d12b990304eb15e7a8038c702323981c2
