[INFO] cloning repository https://github.com/Methusela11/Globe
[INFO] running `Command { std: "git" "-c" "credential.helper=" "-c" "credential.helper=/workspace/cargo-home/bin/git-credential-null" "clone" "--bare" "https://github.com/Methusela11/Globe" "/workspace/cache/git-repos/https%3A%2F%2Fgithub.com%2FMethusela11%2FGlobe", kill_on_drop: false }`
[INFO] [stderr] Cloning into bare repository '/workspace/cache/git-repos/https%3A%2F%2Fgithub.com%2FMethusela11%2FGlobe'...
[INFO] running `Command { std: "git" "rev-parse" "HEAD", kill_on_drop: false }`
[INFO] [stdout] 99de8d6df95dd5b2a303790a23a8bc46362bcc4f
[INFO] checking Methusela11/Globe against 3154cc1a3e6424e44f438a95007d043ed5ceaaf6+rustflags=-Znext-solver=coherence for pr-133502-30
[INFO] running `Command { std: "git" "clone" "/workspace/cache/git-repos/https%3A%2F%2Fgithub.com%2FMethusela11%2FGlobe" "/workspace/builds/worker-6-tc1/source", kill_on_drop: false }`
[INFO] [stderr] Cloning into '/workspace/builds/worker-6-tc1/source'...
[INFO] [stderr] done.
[INFO] [stderr] Updating files:  87% (3779/4300)
Updating files:  88% (3784/4300)
Updating files:  89% (3827/4300)
Updating files:  90% (3870/4300)
Updating files:  91% (3913/4300)
Updating files:  91% (3922/4300)
Updating files:  92% (3956/4300)
Updating files:  93% (3999/4300)
Updating files:  94% (4042/4300)
Updating files:  95% (4085/4300)
Updating files:  95% (4099/4300)
Updating files:  96% (4128/4300)
Updating files:  97% (4171/4300)
Updating files:  98% (4214/4300)
Updating files:  99% (4257/4300)
Updating files: 100% (4300/4300)
Updating files: 100% (4300/4300), done.
[INFO] started tweaking git repo https://github.com/Methusela11/Globe
[INFO] finished tweaking git repo https://github.com/Methusela11/Globe
[INFO] tweaked toml for git repo https://github.com/Methusela11/Globe written to /workspace/builds/worker-6-tc1/source/Cargo.toml
[INFO] validating manifest of git repo https://github.com/Methusela11/Globe on toolchain 3154cc1a3e6424e44f438a95007d043ed5ceaaf6
[INFO] running `Command { std: CARGO_HOME="/workspace/cargo-home" RUSTUP_HOME="/workspace/rustup-home" "/workspace/cargo-home/bin/cargo" "+3154cc1a3e6424e44f438a95007d043ed5ceaaf6" "metadata" "--manifest-path" "Cargo.toml" "--no-deps", kill_on_drop: false }`
[INFO] crate git repo https://github.com/Methusela11/Globe already has a lockfile, it will not be regenerated
[INFO] running `Command { std: CARGO_HOME="/workspace/cargo-home" RUSTUP_HOME="/workspace/rustup-home" "/workspace/cargo-home/bin/cargo" "+3154cc1a3e6424e44f438a95007d043ed5ceaaf6" "fetch" "--manifest-path" "Cargo.toml", kill_on_drop: false }`
[INFO] [stderr]     Blocking waiting for file lock on package cache
[INFO] [stderr]     Updating crates.io index
[INFO] [stderr]  Downloading crates ...
[INFO] [stderr]   Downloaded wasm-bindgen-shared v0.2.126
[INFO] [stderr]   Downloaded wasm-bindgen-macro v0.2.126
[INFO] [stderr]   Downloaded lazy-js-bundle v0.7.9
[INFO] [stderr]   Downloaded crypto-common v0.1.7
[INFO] [stderr]   Downloaded gloo-timers v0.3.0
[INFO] [stderr]   Downloaded futures-sink v0.3.33
[INFO] [stderr]   Downloaded gloo-net v0.6.0
[INFO] [stderr]   Downloaded darling_macro v0.21.3
[INFO] [stderr]   Downloaded dioxus-devtools v0.7.9
[INFO] [stderr]   Downloaded futures-io v0.3.33
[INFO] [stderr]   Downloaded subsecond-types v0.7.9
[INFO] [stderr]   Downloaded utf-8 v0.7.6
[INFO] [stderr]   Downloaded wasm-bindgen v0.2.126
[INFO] [stderr]   Downloaded wasm-bindgen-futures v0.4.76
[INFO] [stderr]   Downloaded send_wrapper v0.6.0
[INFO] [stderr]   Downloaded warnings v0.2.1
[INFO] [stderr]   Downloaded proc-macro2-diagnostics v0.10.1
[INFO] [stderr]   Downloaded manganis v0.7.9
[INFO] [stderr]   Downloaded futures-task v0.3.33
[INFO] [stderr]   Downloaded gloo-utils v0.2.0
[INFO] [stderr]   Downloaded const-serialize-macro v0.8.0-alpha.0
[INFO] [stderr]   Downloaded dioxus-html-internal-macro v0.7.9
[INFO] [stderr]   Downloaded dioxus-devtools-types v0.7.9
[INFO] [stderr]   Downloaded pin-project-internal v1.1.13
[INFO] [stderr]   Downloaded warnings-macro v0.2.0
[INFO] [stderr]   Downloaded sledgehammer_utils v0.3.1
[INFO] [stderr]   Downloaded memfd v0.6.5
[INFO] [stderr]   Downloaded konst_macro_rules v0.2.19
[INFO] [stderr]   Downloaded sha1 v0.10.7
[INFO] [stderr]   Downloaded futures-macro v0.3.33
[INFO] [stderr]   Downloaded serde_core v1.0.229
[INFO] [stderr]   Downloaded rustc-hash v2.1.3
[INFO] [stderr]   Downloaded smallvec v1.15.2
[INFO] [stderr]   Downloaded longest-increasing-subsequence v0.1.0
[INFO] [stderr]   Downloaded sledgehammer_bindgen_macro v0.6.5
[INFO] [stderr]   Downloaded enumset v1.1.14
[INFO] [stderr]   Downloaded dioxus-history v0.7.9
[INFO] [stderr]   Downloaded dioxus-cli-config v0.7.9
[INFO] [stderr]   Downloaded dioxus-core-types v0.7.9
[INFO] [stderr]   Downloaded const-serialize v0.8.0-alpha.0
[INFO] [stderr]   Downloaded wasm-bindgen-macro-support v0.2.126
[INFO] [stderr]   Downloaded futures-core v0.3.33
[INFO] [stderr]   Downloaded futures-channel v0.3.33
[INFO] [stderr]   Downloaded zmij v1.0.23
[INFO] [stderr]   Downloaded log v0.4.33
[INFO] [stderr]   Downloaded generational-box v0.7.9
[INFO] [stderr]   Downloaded subsecond v0.7.9
[INFO] [stderr]   Downloaded thiserror v2.0.19
[INFO] [stderr]   Downloaded thiserror-impl v2.0.19
[INFO] [stderr]   Downloaded keyboard-types v0.7.0
[INFO] [stderr]   Downloaded autocfg v1.5.1
[INFO] [stderr]   Downloaded convert_case v0.8.0
[INFO] [stderr]   Downloaded async-trait v0.1.91
[INFO] [stderr]   Downloaded rand_core v0.9.5
[INFO] [stderr]   Downloaded data-encoding v2.11.0
[INFO] [stderr]   Downloaded serde_path_to_error v0.1.20
[INFO] [stderr]   Downloaded dioxus-config-macros v0.7.9
[INFO] [stderr]   Downloaded quote v1.0.47
[INFO] [stderr]   Downloaded rustversion v1.0.23
[INFO] [stderr]   Downloaded futures-executor v0.3.33
[INFO] [stderr]   Downloaded serde-wasm-bindgen v0.6.5
[INFO] [stderr]   Downloaded dioxus-signals v0.7.9
[INFO] [stderr]   Downloaded memmap2 v0.9.11
[INFO] [stderr]   Downloaded konst v0.2.20
[INFO] [stderr]   Downloaded anyhow v1.0.104
[INFO] [stderr]   Downloaded dioxus-interpreter-js v0.7.9
[INFO] [stderr]   Downloaded sledgehammer_bindgen v0.6.0
[INFO] [stderr]   Downloaded enumset_derive v0.15.0
[INFO] [stderr]   Downloaded darling v0.21.3
[INFO] [stderr]   Downloaded dioxus-hooks v0.7.9
[INFO] [stderr]   Downloaded dioxus-core-macro v0.7.9
[INFO] [stderr]   Downloaded dioxus-rsx v0.7.9
[INFO] [stderr]   Downloaded dioxus-document v0.7.9
[INFO] [stderr]   Downloaded manganis-macro v0.7.9
[INFO] [stderr]   Downloaded multer v3.1.0
[INFO] [stderr]   Downloaded async-tungstenite v0.31.0
[INFO] [stderr]   Downloaded dioxus-config-macro v0.7.9
[INFO] [stderr]   Downloaded proc-macro2 v1.0.107
[INFO] [stderr]   Downloaded pin-project v1.1.13
[INFO] [stderr]   Downloaded futures v0.3.33
[INFO] [stderr]   Downloaded dioxus-web v0.7.9
[INFO] [stderr]   Downloaded const_format v0.2.36
[INFO] [stderr]   Downloaded dioxus-html v0.7.9
[INFO] [stderr]   Downloaded dioxus v0.7.9
[INFO] [stderr]   Downloaded matchit v0.8.4
[INFO] [stderr]   Downloaded bitflags v2.13.1
[INFO] [stderr]   Downloaded slotmap v1.1.1
[INFO] [stderr]   Downloaded tungstenite v0.28.0
[INFO] [stderr]   Downloaded const-str v0.7.1
[INFO] [stderr]   Downloaded js-sys v0.3.103
[INFO] [stderr]   Downloaded serde_derive v1.0.229
[INFO] [stderr]   Downloaded bytes v1.12.1
[INFO] [stderr]   Downloaded euclid v0.22.14
[INFO] [stderr]   Downloaded darling_core v0.21.3
[INFO] [stderr]   Downloaded spin v0.9.9
[INFO] [stderr]   Downloaded bumpalo v3.20.3
[INFO] [stderr]   Downloaded memchr v2.8.3
[INFO] [stderr]   Downloaded serde v1.0.229
[INFO] [stderr]   Downloaded rand v0.9.5
[INFO] [stderr]   Downloaded zerocopy-derive v0.8.55
[INFO] [stderr]   Downloaded http v1.4.2
[INFO] [stderr]   Downloaded dioxus-core v0.7.9
[INFO] [stderr]   Downloaded unicode-segmentation v1.13.3
[INFO] [stderr]   Downloaded typenum v1.20.1
[INFO] [stderr]   Downloaded wasip2 v1.0.4+wasi-0.2.12
[INFO] [stderr]   Downloaded dioxus-stores-macro v0.7.9
[INFO] [stderr]   Downloaded futures-util v0.3.33
[INFO] [stderr]   Downloaded serde_json v1.0.151
[INFO] [stderr]   Downloaded matchers v0.2.0
[INFO] [stderr]   Downloaded dioxus-fullstack-macro v0.7.9
[INFO] [stderr]   Downloaded charset v0.1.5
[INFO] [stderr]   Downloaded thread_local v1.1.10
[INFO] [stderr]   Downloaded axum v0.8.9
[INFO] [stderr]   Downloaded syn v2.0.119
[INFO] [stderr]   Downloaded zerocopy v0.8.55
[INFO] [stderr]   Downloaded syn v3.0.3
[INFO] [stderr]   Downloaded const-serialize v0.7.2
[INFO] [stderr]   Downloaded stable_deref_trait v1.2.1
[INFO] [stderr]   Downloaded yoke-derive v0.8.2
[INFO] [stderr]   Downloaded idna_adapter v1.2.2
[INFO] [stderr]   Downloaded zerofrom v0.1.8
[INFO] [stderr]   Downloaded zerofrom-derive v0.1.7
[INFO] [stderr]   Downloaded cfg_aliases v0.2.2
[INFO] [stderr]   Downloaded web-sys v0.3.103
[INFO] [stderr]   Downloaded time-core v0.1.9
[INFO] [stderr]   Downloaded libc v0.2.189
[INFO] [stderr]   Downloaded http-body v1.1.0
[INFO] [stderr]   Downloaded cpufeatures v0.3.0
[INFO] [stderr]   Downloaded potential_utf v0.1.5
[INFO] [stderr]   Downloaded content_disposition v0.4.0
[INFO] [stderr]   Downloaded dioxus-asset-resolver v0.7.9
[INFO] [stderr]   Downloaded rand_pcg v0.10.2
[INFO] [stderr]   Downloaded dioxus-logger v0.7.9
[INFO] [stderr]   Downloaded headers-core v0.3.0
[INFO] [stderr]   Downloaded tracing-wasm v0.2.1
[INFO] [stderr]   Downloaded inventory v0.3.24
[INFO] [stderr]   Downloaded const-serialize-macro v0.7.2
[INFO] [stderr]   Downloaded xxhash-rust v0.8.18
[INFO] [stderr]   Downloaded displaydoc v0.2.6
[INFO] [stderr]   Downloaded psl-types v2.0.11
[INFO] [stderr]   Downloaded manganis-core v0.7.9
[INFO] [stderr]   Downloaded winnow v0.7.15
[INFO] [stderr]   Downloaded quinn-udp v0.5.15
[INFO] [stderr]   Downloaded unicase v2.9.0
[INFO] [stderr]   Downloaded raw-window-handle v0.6.2
[INFO] [stderr]   Downloaded dioxus-stores v0.7.9
[INFO] [stderr]   Downloaded zeroize v1.9.0
[INFO] [stderr]   Downloaded shlex v2.0.1
[INFO] [stderr]   Downloaded rand_core v0.10.1
[INFO] [stderr]   Downloaded hyper-rustls v0.27.9
[INFO] [stderr]   Downloaded axum-core v0.5.6
[INFO] [stderr]   Downloaded infer v0.19.0
[INFO] [stderr]   Downloaded yoke v0.8.3
[INFO] [stderr]   Downloaded zerovec-derive v0.11.3
[INFO] [stderr]   Downloaded rustls-pki-types v1.15.1
[INFO] [stderr]   Downloaded chacha20 v0.10.1
[INFO] [stderr]   Downloaded ipnet v2.12.0
[INFO] [stderr]   Downloaded http-body-util v0.1.4
[INFO] [stderr]   Downloaded dioxus-fullstack-core v0.7.9
[INFO] [stderr]   Downloaded litemap v0.8.2
[INFO] [stderr]   Downloaded tokio-rustls v0.26.4
[INFO] [stderr]   Downloaded cookie_store v0.22.1
[INFO] [stderr]   Downloaded tinyvec v1.12.0
[INFO] [stderr]   Downloaded getrandom v0.4.3
[INFO] [stderr]   Downloaded time-macros v0.2.32
[INFO] [stderr]   Downloaded cookie v0.18.1
[INFO] [stderr]   Downloaded cfb v0.7.3
[INFO] [stderr]   Downloaded icu_properties v2.2.0
[INFO] [stderr]   Downloaded writeable v0.6.3
[INFO] [stderr]   Downloaded tinystr v0.8.3
[INFO] [stderr]   Downloaded icu_normalizer_data v2.2.0
[INFO] [stderr]   Downloaded tungstenite v0.27.0
[INFO] [stderr]   Downloaded socket2 v0.6.5
[INFO] [stderr]   Downloaded serde_qs v0.15.0
[INFO] [stderr]   Downloaded headers v0.4.1
[INFO] [stderr]   Downloaded half v2.7.1
[INFO] [stderr]   Downloaded uuid v1.24.0
[INFO] [stderr]   Downloaded dioxus-fullstack v0.7.9
[INFO] [stderr]   Downloaded url v2.5.8
[INFO] [stderr]   Downloaded zerotrie v0.2.4
[INFO] [stderr]   Downloaded icu_provider v2.2.0
[INFO] [stderr]   Downloaded icu_locale_core v2.2.0
[INFO] [stderr]   Downloaded icu_collections v2.2.0
[INFO] [stderr]   Downloaded rustls-webpki v0.103.13
[INFO] [stderr]   Downloaded cc v1.4.0
[INFO] [stderr]   Downloaded quinn v0.11.11
[INFO] [stderr]   Downloaded publicsuffix v2.3.0
[INFO] [stderr]   Downloaded ndk v0.9.0
[INFO] [stderr]   Downloaded toml_edit v0.25.13+spec-1.1.0
[INFO] [stderr]   Downloaded icu_normalizer v2.2.0
[INFO] [stderr]   Downloaded mio v1.2.2
[INFO] [stderr]   Downloaded rand v0.10.2
[INFO] [stderr]   Downloaded zerovec v0.11.6
[INFO] [stderr]   Downloaded tower v0.5.3
[INFO] [stderr]   Downloaded hyper-util v0.1.20
[INFO] [stderr]   Downloaded tokio-util v0.7.19
[INFO] [stderr]   Downloaded tower-http v0.6.11
[INFO] [stderr]   Downloaded hyper v1.11.0
[INFO] [stderr]   Downloaded icu_properties_data v2.2.0
[INFO] [stderr]   Downloaded reqwest v0.12.28
[INFO] [stderr]   Downloaded winnow v1.0.4
[INFO] [stderr]   Downloaded quinn-proto v0.11.16
[INFO] [stderr]   Downloaded tracing-subscriber v0.3.23
[INFO] [stderr]   Downloaded webpki-roots v1.0.9
[INFO] [stderr]   Downloaded time v0.3.54
[INFO] [stderr]   Downloaded ndk-sys v0.6.0+11769913
[INFO] [stderr]   Downloaded regex-syntax v0.8.11
[INFO] [stderr]   Downloaded rustls v0.23.42
[INFO] [stderr]   Downloaded regex-automata v0.4.16
[INFO] [stderr]   Downloaded tokio v1.53.1
[INFO] running `Command { std: "docker" "create" "-v" "/var/lib/crater-agent-workspace/builds/worker-6-tc1/source:/opt/rustwide/workdir:ro,Z" "-v" "/var/lib/crater-agent-workspace/builds/worker-6-tc1/target:/opt/rustwide/target:rw,Z" "-v" "/var/lib/crater-agent-workspace/cargo-home:/opt/rustwide/cargo-home:ro,Z" "-v" "/var/lib/crater-agent-workspace/rustup-home:/opt/rustwide/rustup-home:ro,Z" "-m" "1610612736" "--network" "none" "ghcr.io/rust-lang/crates-build-env/linux@sha256:77db811e55d90add9212f6832c23229e3de5f1c1f9905e8cb07319ea15df73ac" "sleep" "infinity", kill_on_drop: false }`
[INFO] [stdout] 21de64c0898898913d23096923f9e6f9bafe075aa7ab4249b78e9ffe7c471274
[INFO] running `Command { std: "docker" "start" "21de64c0898898913d23096923f9e6f9bafe075aa7ab4249b78e9ffe7c471274", kill_on_drop: false }`
[INFO] running `Command { std: "docker" "inspect" "21de64c0898898913d23096923f9e6f9bafe075aa7ab4249b78e9ffe7c471274", kill_on_drop: false }`
[INFO] running `Command { std: "docker" "exec" "-e" "SOURCE_DIR=/opt/rustwide/workdir" "-e" "CARGO_HOME=/opt/rustwide/cargo-home" "-e" "RUSTUP_HOME=/opt/rustwide/rustup-home" "-e" "CARGO_TARGET_DIR=/opt/rustwide/target" "-w" "/opt/rustwide/workdir" "--user" "0:0" "21de64c0898898913d23096923f9e6f9bafe075aa7ab4249b78e9ffe7c471274" "/opt/rustwide/cargo-home/bin/cargo" "+3154cc1a3e6424e44f438a95007d043ed5ceaaf6" "metadata" "--no-deps" "--format-version=1", kill_on_drop: false }`
[INFO] running `Command { std: "docker" "inspect" "21de64c0898898913d23096923f9e6f9bafe075aa7ab4249b78e9ffe7c471274", kill_on_drop: false }`
[INFO] running `Command { std: "docker" "exec" "-e" "SOURCE_DIR=/opt/rustwide/workdir" "-e" "CARGO_HOME=/opt/rustwide/cargo-home" "-e" "RUSTUP_HOME=/opt/rustwide/rustup-home" "-e" "CARGO_TARGET_DIR=/opt/rustwide/target" "-e" "CARGO_INCREMENTAL=0" "-e" "RUST_BACKTRACE=full" "-e" "RUSTFLAGS=--cap-lints=forbid -Znext-solver=coherence" "-e" "RUSTDOCFLAGS=--cap-lints=forbid" "-w" "/opt/rustwide/workdir" "--user" "0:0" "21de64c0898898913d23096923f9e6f9bafe075aa7ab4249b78e9ffe7c471274" "/opt/rustwide/cargo-home/bin/cargo" "+3154cc1a3e6424e44f438a95007d043ed5ceaaf6" "check" "--frozen" "--all" "--all-targets" "--message-format=json", kill_on_drop: false }`
[INFO] [stderr]    Compiling unicode-ident v1.0.24
[INFO] [stderr]    Compiling proc-macro2 v1.0.107
[INFO] [stderr]    Compiling quote v1.0.47
[INFO] [stderr]     Checking cfg-if v1.0.4
[INFO] [stderr]    Compiling rustversion v1.0.23
[INFO] [stderr]     Checking once_cell v1.21.4
[INFO] [stderr]     Checking pin-project-lite v0.2.17
[INFO] [stderr]    Compiling version_check v0.9.5
[INFO] [stderr]    Compiling wasm-bindgen-shared v0.2.126
[INFO] [stderr]     Checking futures-core v0.3.33
[INFO] [stderr]     Checking memchr v2.8.3
[INFO] [stderr]     Checking futures-sink v0.3.33
[INFO] [stderr]    Compiling serde_core v1.0.229
[INFO] [stderr]     Checking futures-io v0.3.33
[INFO] [stderr]     Checking slab v0.4.12
[INFO] [stderr]     Checking futures-task v0.3.33
[INFO] [stderr]    Compiling libc v0.2.189
[INFO] [stderr]    Compiling serde v1.0.229
[INFO] [stderr]    Compiling bumpalo v3.20.3
[INFO] [stderr]    Compiling thiserror v2.0.19
[INFO] [stderr]     Checking futures-channel v0.3.33
[INFO] [stderr]     Checking tracing-core v0.1.36
[INFO] [stderr]    Compiling parking_lot_core v0.9.12
[INFO] [stderr]     Checking scopeguard v1.2.0
[INFO] [stderr]     Checking smallvec v1.15.2
[INFO] [stderr]     Checking lock_api v0.4.14
[INFO] [stderr]     Checking konst_macro_rules v0.2.19
[INFO] [stderr]    Compiling slotmap v1.1.1
[INFO] [stderr]     Checking dioxus-core-types v0.7.9
[INFO] [stderr]    Compiling anyhow v1.0.104
[INFO] [stderr]    Compiling unicode-xid v0.2.6
[INFO] [stderr]     Checking libloading v0.8.9
[INFO] [stderr]     Checking rustc-hash v2.1.3
[INFO] [stderr]     Checking longest-increasing-subsequence v0.1.0
[INFO] [stderr]    Compiling generic-array v0.14.7
[INFO] [stderr]     Checking konst v0.2.20
[INFO] [stderr]    Compiling lazy-js-bundle v0.7.9
[INFO] [stderr]    Compiling unicode-segmentation v1.13.3
[INFO] [stderr]    Compiling getrandom v0.3.4
[INFO] [stderr]    Compiling zmij v1.0.23
[INFO] [stderr]    Compiling ident_case v1.0.1
[INFO] [stderr]    Compiling fnv v1.0.7
[INFO] [stderr]     Checking typenum v1.20.1
[INFO] [stderr]    Compiling zerocopy v0.8.55
[INFO] [stderr]     Checking itoa v1.0.18
[INFO] [stderr]    Compiling proc-macro2-diagnostics v0.10.1
[INFO] [stderr]    Compiling serde_json v1.0.151
[INFO] [stderr]    Compiling autocfg v1.5.1
[INFO] [stderr]     Checking bytes v1.12.1
[INFO] [stderr]    Compiling wasm-bindgen v0.2.126
[INFO] [stderr]    Compiling httparse v1.10.1
[INFO] [stderr]     Checking cpufeatures v0.2.17
[INFO] [stderr]     Checking bitflags v2.13.1
[INFO] [stderr]     Checking regex-syntax v0.8.11
[INFO] [stderr]    Compiling dioxus-interpreter-js v0.7.9
[INFO] [stderr]    Compiling dioxus-document v0.7.9
[INFO] [stderr]     Checking keyboard-types v0.7.0
[INFO] [stderr]     Checking lazy_static v1.5.0
[INFO] [stderr]     Checking rustc-hash v1.1.0
[INFO] [stderr]    Compiling winnow v0.7.15
[INFO] [stderr]    Compiling num-traits v0.2.19
[INFO] [stderr]     Checking data-encoding v2.11.0
[INFO] [stderr]    Compiling convert_case v0.8.0
[INFO] [stderr]     Checking utf-8 v0.7.6
[INFO] [stderr]     Checking log v0.4.33
[INFO] [stderr]    Compiling syn v2.0.119
[INFO] [stderr]    Compiling syn v3.0.3
[INFO] [stderr]    Compiling const_format_proc_macros v0.2.34
[INFO] [stderr]     Checking sledgehammer_utils v0.3.1
[INFO] [stderr]     Checking sharded-slab v0.1.7
[INFO] [stderr]    Compiling dioxus-web v0.7.9
[INFO] [stderr]     Checking http v1.4.2
[INFO] [stderr]     Checking thread_local v1.1.10
[INFO] [stderr]    Compiling dunce v1.0.5
[INFO] [stderr]    Compiling thiserror v1.0.69
[INFO] [stderr]     Checking send_wrapper v0.6.0
[INFO] [stderr]    Compiling dioxus-config-macro v0.7.9
[INFO] [stderr]     Checking memmap2 v0.9.11
[INFO] [stderr]     Checking rand_core v0.9.5
[INFO] [stderr]     Checking const_format v0.2.36
[INFO] [stderr]     Checking dioxus-config-macros v0.7.9
[INFO] [stderr]     Checking parking_lot v0.12.5
[INFO] [stderr]     Checking euclid v0.22.14
[INFO] [stderr]     Checking regex-automata v0.4.16
[INFO] [stderr]     Checking block-buffer v0.10.4
[INFO] [stderr]     Checking crypto-common v0.1.7
[INFO] [stderr]     Checking digest v0.10.7
[INFO] [stderr]     Checking sha1 v0.10.7
[INFO] [stderr]     Checking matchers v0.2.0
[INFO] [stderr]    Compiling serde_derive v1.0.229
[INFO] [stderr]    Compiling thiserror-impl v2.0.19
[INFO] [stderr]    Compiling async-trait v0.1.91
[INFO] [stderr]     Checking ppv-lite86 v0.2.21
[INFO] [stderr]     Checking rand_chacha v0.9.0
[INFO] [stderr]     Checking rand v0.9.5
[INFO] [stderr]    Compiling wasm-bindgen-macro-support v0.2.126
[INFO] [stderr]    Compiling darling_core v0.21.3
[INFO] [stderr]    Compiling macro-string v0.1.4
[INFO] [stderr]    Compiling dioxus-rsx v0.7.9
[INFO] [stderr]     Checking tungstenite v0.28.0
[INFO] [stderr]    Compiling futures-macro v0.3.33
[INFO] [stderr]    Compiling tracing-attributes v0.1.31
[INFO] [stderr]    Compiling pin-project-internal v1.1.13
[INFO] [stderr]    Compiling warnings-macro v0.2.0
[INFO] [stderr]    Compiling const-serialize-macro v0.7.2
[INFO] [stderr]    Compiling const-serialize-macro v0.8.0-alpha.0
[INFO] [stderr]    Compiling dioxus-html-internal-macro v0.7.9
[INFO] [stderr]    Compiling sledgehammer_bindgen_macro v0.6.5
[INFO] [stderr]    Compiling thiserror-impl v1.0.69
[INFO] [stderr]    Compiling dioxus-stores-macro v0.7.9
[INFO] [stderr]    Compiling const-serialize v0.7.2
[INFO] [stderr]     Checking futures-util v0.3.33
[INFO] [stderr]    Compiling dioxus-core-macro v0.7.9
[INFO] [stderr]     Checking subsecond-types v0.7.9
[INFO] [stderr]     Checking const-serialize v0.8.0-alpha.0
[INFO] [stderr]     Checking tracing v0.1.44
[INFO] [stderr]     Checking subsecond v0.7.9
[INFO] [stderr]     Checking pin-project v1.1.13
[INFO] [stderr]     Checking generational-box v0.7.9
[INFO] [stderr]     Checking tracing-subscriber v0.3.23
[INFO] [stderr]    Compiling darling_macro v0.21.3
[INFO] [stderr]     Checking warnings v0.2.1
[INFO] [stderr]    Compiling manganis-core v0.7.9
[INFO] [stderr]    Compiling darling v0.21.3
[INFO] [stderr]    Compiling enumset_derive v0.15.0
[INFO] [stderr]     Checking enumset v1.1.14
[INFO] [stderr]    Compiling manganis-macro v0.7.9
[INFO] [stderr]    Compiling wasm-bindgen-macro v0.2.126
[INFO] [stderr]     Checking dioxus-core v0.7.9
[INFO] [stderr]     Checking futures-executor v0.3.33
[INFO] [stderr]     Checking futures v0.3.33
[INFO] [stderr]     Checking js-sys v0.3.103
[INFO] [stderr]     Checking dioxus-cli-config v0.7.9
[INFO] [stderr]     Checking sledgehammer_bindgen v0.6.0
[INFO] [stderr]     Checking dioxus-logger v0.7.9
[INFO] [stderr]     Checking manganis v0.7.9
[INFO] [stderr]     Checking dioxus-signals v0.7.9
[INFO] [stderr]     Checking dioxus-devtools-types v0.7.9
[INFO] [stderr]     Checking dioxus-history v0.7.9
[INFO] [stderr]     Checking dioxus-hooks v0.7.9
[INFO] [stderr]     Checking dioxus-devtools v0.7.9
[INFO] [stderr]     Checking dioxus-stores v0.7.9
[INFO] [stderr]     Checking dioxus-html v0.7.9
[INFO] [stderr]     Checking web-sys v0.3.103
[INFO] [stderr]     Checking wasm-bindgen-futures v0.4.76
[INFO] [stderr]     Checking gloo-timers v0.3.0
[INFO] [stderr]     Checking serde-wasm-bindgen v0.6.5
[INFO] [stderr]     Checking wasm-streams v0.4.2
[INFO] [stderr]     Checking dioxus-asset-resolver v0.7.9
[INFO] [stderr]     Checking gloo-utils v0.2.0
[INFO] [stderr]     Checking gloo-net v0.6.0
[INFO] [stderr]     Checking dioxus v0.7.9
[INFO] [stderr]     Checking globe-app v0.1.0 (/opt/rustwide/workdir)
[INFO] [stdout] error: expected identifier
[INFO] [stdout]    --> src/lib.rs:351:37
[INFO] [stdout]     |
[INFO] [stdout] 351 | ...                   let lat = country.centroid[1];
[INFO] [stdout]     |                               ^
[INFO] [stdout] 
[INFO] [stdout] 
[INFO] [stdout] warning: unused import: `web_sys::window`
[INFO] [stdout]  --> src/lib.rs:6:5
[INFO] [stdout]   |
[INFO] [stdout] 6 | use web_sys::window;
[INFO] [stdout]   |     ^^^^^^^^^^^^^^^
[INFO] [stdout]   |
[INFO] [stdout]   = note: `#[warn(unused_imports)]` (part of `#[warn(unused)]`) on by default
[INFO] [stdout] 
[INFO] [stdout] 
[INFO] [stdout] error: expected identifier
[INFO] [stdout]    --> src/lib.rs:351:37
[INFO] [stdout]     |
[INFO] [stdout] 351 | ...                   let lat = country.centroid[1];
[INFO] [stdout]     |                               ^
[INFO] [stdout] 
[INFO] [stdout] 
[INFO] [stdout] warning: unused import: `web_sys::window`
[INFO] [stdout]  --> src/lib.rs:6:5
[INFO] [stdout]   |
[INFO] [stdout] 6 | use web_sys::window;
[INFO] [stdout]   |     ^^^^^^^^^^^^^^^
[INFO] [stdout]   |
[INFO] [stdout]   = note: `#[warn(unused_imports)]` (part of `#[warn(unused)]`) on by default
[INFO] [stdout] 
[INFO] [stdout] 
[INFO] [stdout] error[E0308]: mismatched types
[INFO] [stdout]    --> src/lib.rs:145:9
[INFO] [stdout]     |
[INFO] [stdout] 145 | /         Some(move || {
[INFO] [stdout] 146 | |             if let Some(ctx) = three_ctx.read().as_ref() {
[INFO] [stdout] 147 | |                 destroy_three(ctx);
[INFO] [stdout] ...   |
[INFO] [stdout] 152 | |         })
[INFO] [stdout]     | |          ^- help: consider using a semicolon here: `;`
[INFO] [stdout]     | |__________|
[INFO] [stdout]     |            expected `()`, found `Option<{closure@lib.rs:145:14}>`
[INFO] [stdout]     |
[INFO] [stdout]     = note: expected unit type `()`
[INFO] [stdout]                     found enum `std::option::Option<{closure@src/lib.rs:145:14: 145:21}>`
[INFO] [stdout] 
[INFO] [stdout] 
[INFO] [stdout] error[E0308]: mismatched types
[INFO] [stdout]    --> src/lib.rs:181:9
[INFO] [stdout]     |
[INFO] [stdout] 181 | /         Some(move || {
[INFO] [stdout] 182 | |             // Remove event listener
[INFO] [stdout] 183 | |             let window = web_sys::window().unwrap();
[INFO] [stdout] 184 | |             window.remove_event_listener_with_callback("resize", resize_callback.as_ref().unchecked_ref())
[INFO] [stdout] 185 | |                 .unwrap();
[INFO] [stdout] 186 | |         })
[INFO] [stdout]     | |          ^- help: consider using a semicolon here: `;`
[INFO] [stdout]     | |__________|
[INFO] [stdout]     |            expected `()`, found `Option<{closure@lib.rs:181:14}>`
[INFO] [stdout]     |
[INFO] [stdout]     = note: expected unit type `()`
[INFO] [stdout]                     found enum `std::option::Option<{closure@src/lib.rs:181:14: 181:21}>`
[INFO] [stdout] 
[INFO] [stdout] 
[INFO] [stdout] error[E0308]: mismatched types
[INFO] [stdout]    --> src/lib.rs:145:9
[INFO] [stdout]     |
[INFO] [stdout] 145 | /         Some(move || {
[INFO] [stdout] 146 | |             if let Some(ctx) = three_ctx.read().as_ref() {
[INFO] [stdout] 147 | |                 destroy_three(ctx);
[INFO] [stdout] ...   |
[INFO] [stdout] 152 | |         })
[INFO] [stdout]     | |          ^- help: consider using a semicolon here: `;`
[INFO] [stdout]     | |__________|
[INFO] [stdout]     |            expected `()`, found `Option<{closure@lib.rs:145:14}>`
[INFO] [stdout]     |
[INFO] [stdout]     = note: expected unit type `()`
[INFO] [stdout]                     found enum `std::option::Option<{closure@src/lib.rs:145:14: 145:21}>`
[INFO] [stdout] 
[INFO] [stdout] 
[INFO] [stdout] error[E0308]: mismatched types
[INFO] [stdout]    --> src/lib.rs:181:9
[INFO] [stdout]     |
[INFO] [stdout] 181 | /         Some(move || {
[INFO] [stdout] 182 | |             // Remove event listener
[INFO] [stdout] 183 | |             let window = web_sys::window().unwrap();
[INFO] [stdout] 184 | |             window.remove_event_listener_with_callback("resize", resize_callback.as_ref().unchecked_ref())
[INFO] [stdout] 185 | |                 .unwrap();
[INFO] [stdout] 186 | |         })
[INFO] [stdout]     | |          ^- help: consider using a semicolon here: `;`
[INFO] [stdout]     | |__________|
[INFO] [stdout]     |            expected `()`, found `Option<{closure@lib.rs:181:14}>`
[INFO] [stdout]     |
[INFO] [stdout]     = note: expected unit type `()`
[INFO] [stdout]                     found enum `std::option::Option<{closure@src/lib.rs:181:14: 181:21}>`
[INFO] [stdout] 
[INFO] [stdout] 
[INFO] [stdout] For more information about this error, try `rustc --explain E0308`.
[INFO] [stdout] 
[INFO] [stderr] error: could not compile `globe-app` (lib test) due to 3 previous errors; 1 warning emitted
[INFO] [stderr] warning: build failed, waiting for other jobs to finish...
[INFO] [stdout] For more information about this error, try `rustc --explain E0308`.
[INFO] [stdout] 
[INFO] [stderr] error: could not compile `globe-app` (lib) due to 3 previous errors; 1 warning emitted
[INFO] [stderr] warning: unused dependency `futures`
[INFO] [stderr]  --> Cargo.toml:3:1
[INFO] [stderr]   |
[INFO] [stderr] 3 | futures = "0.3"
[INFO] [stderr]   | ^^^^^^^^^^^^^^^
[INFO] [stderr]   |
[INFO] [stderr]   = note: `cargo::unused_dependencies` is set to `warn` by default
[INFO] [stderr] help: consider removing the dependency on `futures`
[INFO] [stderr] warning: `globe-app` (manifest) generated 1 warning
[INFO] running `Command { std: "docker" "inspect" "21de64c0898898913d23096923f9e6f9bafe075aa7ab4249b78e9ffe7c471274", kill_on_drop: false }`
[INFO] running `Command { std: "docker" "rm" "-f" "21de64c0898898913d23096923f9e6f9bafe075aa7ab4249b78e9ffe7c471274", kill_on_drop: false }`
[INFO] [stdout] 21de64c0898898913d23096923f9e6f9bafe075aa7ab4249b78e9ffe7c471274
