[INFO] cloning repository https://github.com/Menonlab-Rich/esp-led-panel
[INFO] running `Command { std: "git" "-c" "credential.helper=" "-c" "credential.helper=/workspace/cargo-home/bin/git-credential-null" "clone" "--bare" "https://github.com/Menonlab-Rich/esp-led-panel" "/workspace/cache/git-repos/https%3A%2F%2Fgithub.com%2FMenonlab-Rich%2Fesp-led-panel", kill_on_drop: false }`
[INFO] [stderr] Cloning into bare repository '/workspace/cache/git-repos/https%3A%2F%2Fgithub.com%2FMenonlab-Rich%2Fesp-led-panel'...
[INFO] running `Command { std: "git" "rev-parse" "HEAD", kill_on_drop: false }`
[INFO] [stdout] 65a304114185718c0ebde4ab89400a1521f952bd
[INFO] checking Menonlab-Rich/esp-led-panel against 3154cc1a3e6424e44f438a95007d043ed5ceaaf6 for pr-133502-30
[INFO] running `Command { std: "git" "clone" "/workspace/cache/git-repos/https%3A%2F%2Fgithub.com%2FMenonlab-Rich%2Fesp-led-panel" "/workspace/builds/worker-7-tc2/source", kill_on_drop: false }`
[INFO] [stderr] Cloning into '/workspace/builds/worker-7-tc2/source'...
[INFO] [stderr] done.
[INFO] removed /workspace/builds/worker-7-tc2/source/.cargo/config.toml
[INFO] removed /workspace/builds/worker-7-tc2/source/rust-toolchain.toml
[INFO] started tweaking git repo https://github.com/Menonlab-Rich/esp-led-panel
[INFO] finished tweaking git repo https://github.com/Menonlab-Rich/esp-led-panel
[INFO] tweaked toml for git repo https://github.com/Menonlab-Rich/esp-led-panel written to /workspace/builds/worker-7-tc2/source/Cargo.toml
[INFO] validating manifest of git repo https://github.com/Menonlab-Rich/esp-led-panel on toolchain 3154cc1a3e6424e44f438a95007d043ed5ceaaf6
[INFO] running `Command { std: CARGO_HOME="/workspace/cargo-home" RUSTUP_HOME="/workspace/rustup-home" "/workspace/cargo-home/bin/cargo" "+3154cc1a3e6424e44f438a95007d043ed5ceaaf6" "metadata" "--manifest-path" "Cargo.toml" "--no-deps", kill_on_drop: false }`
[INFO] crate git repo https://github.com/Menonlab-Rich/esp-led-panel already has a lockfile, it will not be regenerated
[INFO] running `Command { std: CARGO_HOME="/workspace/cargo-home" RUSTUP_HOME="/workspace/rustup-home" "/workspace/cargo-home/bin/cargo" "+3154cc1a3e6424e44f438a95007d043ed5ceaaf6" "fetch" "--manifest-path" "Cargo.toml", kill_on_drop: false }`
[INFO] running `Command { std: "docker" "create" "-v" "/var/lib/crater-agent-workspace/builds/worker-7-tc2/source:/opt/rustwide/workdir:ro,Z" "-v" "/var/lib/crater-agent-workspace/builds/worker-7-tc2/target:/opt/rustwide/target:rw,Z" "-v" "/var/lib/crater-agent-workspace/cargo-home:/opt/rustwide/cargo-home:ro,Z" "-v" "/var/lib/crater-agent-workspace/rustup-home:/opt/rustwide/rustup-home:ro,Z" "-m" "1610612736" "--network" "none" "ghcr.io/rust-lang/crates-build-env/linux@sha256:77db811e55d90add9212f6832c23229e3de5f1c1f9905e8cb07319ea15df73ac" "sleep" "infinity", kill_on_drop: false }`
[INFO] [stdout] 0a6b3be98c9220f302051c00cca3c4d81d2651d88a1bdbdc5302fd4a38ce45f0
[INFO] running `Command { std: "docker" "start" "0a6b3be98c9220f302051c00cca3c4d81d2651d88a1bdbdc5302fd4a38ce45f0", kill_on_drop: false }`
[INFO] running `Command { std: "docker" "inspect" "0a6b3be98c9220f302051c00cca3c4d81d2651d88a1bdbdc5302fd4a38ce45f0", kill_on_drop: false }`
[INFO] running `Command { std: "docker" "exec" "-e" "SOURCE_DIR=/opt/rustwide/workdir" "-e" "CARGO_HOME=/opt/rustwide/cargo-home" "-e" "RUSTUP_HOME=/opt/rustwide/rustup-home" "-e" "CARGO_TARGET_DIR=/opt/rustwide/target" "-w" "/opt/rustwide/workdir" "--user" "0:0" "0a6b3be98c9220f302051c00cca3c4d81d2651d88a1bdbdc5302fd4a38ce45f0" "/opt/rustwide/cargo-home/bin/cargo" "+3154cc1a3e6424e44f438a95007d043ed5ceaaf6" "metadata" "--no-deps" "--format-version=1", kill_on_drop: false }`
[INFO] running `Command { std: "docker" "inspect" "0a6b3be98c9220f302051c00cca3c4d81d2651d88a1bdbdc5302fd4a38ce45f0", kill_on_drop: false }`
[INFO] running `Command { std: "docker" "exec" "-e" "SOURCE_DIR=/opt/rustwide/workdir" "-e" "CARGO_HOME=/opt/rustwide/cargo-home" "-e" "RUSTUP_HOME=/opt/rustwide/rustup-home" "-e" "CARGO_TARGET_DIR=/opt/rustwide/target" "-e" "CARGO_INCREMENTAL=0" "-e" "RUST_BACKTRACE=full" "-e" "RUSTFLAGS=--cap-lints=forbid" "-e" "RUSTDOCFLAGS=--cap-lints=forbid" "-w" "/opt/rustwide/workdir" "--user" "0:0" "0a6b3be98c9220f302051c00cca3c4d81d2651d88a1bdbdc5302fd4a38ce45f0" "/opt/rustwide/cargo-home/bin/cargo" "+3154cc1a3e6424e44f438a95007d043ed5ceaaf6" "check" "--frozen" "--all" "--all-targets" "--message-format=json", kill_on_drop: false }`
[INFO] [stderr]    Compiling esp-led-panel v0.1.0 (/opt/rustwide/workdir)
[INFO] [stderr]     Checking embedded-hal v1.0.0
[INFO] [stdout] error[E0433]: cannot find module or crate `esp_hal` in this scope
[INFO] [stdout]   --> src/bin/main.rs:11:5
[INFO] [stdout]    |
[INFO] [stdout] 11 | use esp_hal::clock::CpuClock;
[INFO] [stdout]    |     ^^^^^^^ use of unresolved module or unlinked crate `esp_hal`
[INFO] [stdout]    |
[INFO] [stdout]    = help: if you wanted to use a crate named `esp_hal`, use `cargo add esp_hal` to add it to your `Cargo.toml`
[INFO] [stdout] 
[INFO] [stdout] 
[INFO] [stdout] error[E0433]: cannot find module or crate `esp_hal` in this scope
[INFO] [stdout]   --> src/bin/main.rs:12:5
[INFO] [stdout]    |
[INFO] [stdout] 12 | use esp_hal::delay::Delay;
[INFO] [stdout]    |     ^^^^^^^ use of unresolved module or unlinked crate `esp_hal`
[INFO] [stdout]    |
[INFO] [stdout]    = help: if you wanted to use a crate named `esp_hal`, use `cargo add esp_hal` to add it to your `Cargo.toml`
[INFO] [stdout] 
[INFO] [stdout] 
[INFO] [stdout] error[E0433]: cannot find module or crate `esp_hal` in this scope
[INFO] [stdout]   --> src/bin/main.rs:13:5
[INFO] [stdout]    |
[INFO] [stdout] 13 | use esp_hal::gpio::{Level, Output, OutputConfig};
[INFO] [stdout]    |     ^^^^^^^ use of unresolved module or unlinked crate `esp_hal`
[INFO] [stdout]    |
[INFO] [stdout]    = help: if you wanted to use a crate named `esp_hal`, use `cargo add esp_hal` to add it to your `Cargo.toml`
[INFO] [stdout] 
[INFO] [stdout] 
[INFO] [stdout] error[E0432]: unresolved import `esp_backtrace`
[INFO] [stdout]   --> src/bin/main.rs:10:5
[INFO] [stdout]    |
[INFO] [stdout] 10 | use esp_backtrace as _;
[INFO] [stdout]    |     -------------^^^^^
[INFO] [stdout]    |     |
[INFO] [stdout]    |     no external crate `esp_backtrace`
[INFO] [stdout] 
[INFO] [stdout] 
[INFO] [stdout] error[E0433]: cannot find module or crate `esp_hal` in this scope
[INFO] [stdout]   --> src/bin/main.rs:15:5
[INFO] [stdout]    |
[INFO] [stdout] 15 | use esp_hal::time::{Duration, Instant};
[INFO] [stdout]    |     ^^^^^^^ use of unresolved module or unlinked crate `esp_hal`
[INFO] [stdout]    |
[INFO] [stdout]    = help: if you wanted to use a crate named `esp_hal`, use `cargo add esp_hal` to add it to your `Cargo.toml`
[INFO] [stdout] 
[INFO] [stdout] 
[INFO] [stdout] error[E0432]: unresolved import `esp_hal`
[INFO] [stdout]   --> src/bin/main.rs:14:5
[INFO] [stdout]    |
[INFO] [stdout] 14 | use esp_hal::main;
[INFO] [stdout]    |     ^^^^^^^ use of unresolved module or unlinked crate `esp_hal`
[INFO] [stdout]    |
[INFO] [stdout]    = help: if you wanted to use a crate named `esp_hal`, use `cargo add esp_hal` to add it to your `Cargo.toml`
[INFO] [stdout] 
[INFO] [stdout] 
[INFO] [stdout] error[E0432]: unresolved import `esp_println`
[INFO] [stdout]   --> src/bin/main.rs:17:5
[INFO] [stdout]    |
[INFO] [stdout] 17 | use esp_println as _;
[INFO] [stdout]    |     -----------^^^^^
[INFO] [stdout]    |     |
[INFO] [stdout]    |     no external crate `esp_println`
[INFO] [stdout] 
[INFO] [stdout] 
[INFO] [stdout] error[E0433]: cannot find module or crate `esp_bootloader_esp_idf` in this scope
[INFO] [stdout]   --> src/bin/main.rs:25:1
[INFO] [stdout]    |
[INFO] [stdout] 25 | esp_bootloader_esp_idf::esp_app_desc!();
[INFO] [stdout]    | ^^^^^^^^^^^^^^^^^^^^^^ use of unresolved module or unlinked crate `esp_bootloader_esp_idf`
[INFO] [stdout] 
[INFO] [stdout] 
[INFO] [stdout] error[E0433]: cannot find module or crate `esp_hal` in this scope
[INFO] [stdout]   --> src/bin/main.rs:33:18
[INFO] [stdout]    |
[INFO] [stdout] 33 |     let config = esp_hal::Config::default().with_cpu_clock(CpuClock::max());
[INFO] [stdout]    |                  ^^^^^^^ use of unresolved module or unlinked crate `esp_hal`
[INFO] [stdout]    |
[INFO] [stdout]    = help: if you wanted to use a crate named `esp_hal`, use `cargo add esp_hal` to add it to your `Cargo.toml`
[INFO] [stdout] 
[INFO] [stdout] 
[INFO] [stdout] error[E0433]: cannot find module or crate `esp_hal` in this scope
[INFO] [stdout]   --> src/bin/main.rs:34:23
[INFO] [stdout]    |
[INFO] [stdout] 34 |     let peripherals = esp_hal::init(config);
[INFO] [stdout]    |                       ^^^^^^^ use of unresolved module or unlinked crate `esp_hal`
[INFO] [stdout]    |
[INFO] [stdout]    = help: if you wanted to use a crate named `esp_hal`, use `cargo add esp_hal` to add it to your `Cargo.toml`
[INFO] [stdout] 
[INFO] [stdout] 
[INFO] [stdout] error[E0433]: cannot find module or crate `esp_hal` in this scope
[INFO] [stdout]   --> src/bin/main.rs:11:5
[INFO] [stdout]    |
[INFO] [stdout] 11 | use esp_hal::clock::CpuClock;
[INFO] [stdout]    |     ^^^^^^^ use of unresolved module or unlinked crate `esp_hal`
[INFO] [stdout]    |
[INFO] [stdout]    = help: if you wanted to use a crate named `esp_hal`, use `cargo add esp_hal` to add it to your `Cargo.toml`
[INFO] [stdout] 
[INFO] [stdout] 
[INFO] [stdout] error[E0433]: cannot find module or crate `esp_hal` in this scope
[INFO] [stdout]   --> src/bin/main.rs:12:5
[INFO] [stdout]    |
[INFO] [stdout] 12 | use esp_hal::delay::Delay;
[INFO] [stdout]    |     ^^^^^^^ use of unresolved module or unlinked crate `esp_hal`
[INFO] [stdout]    |
[INFO] [stdout]    = help: if you wanted to use a crate named `esp_hal`, use `cargo add esp_hal` to add it to your `Cargo.toml`
[INFO] [stdout] 
[INFO] [stdout] 
[INFO] [stdout] error[E0433]: cannot find module or crate `esp_hal` in this scope
[INFO] [stdout]   --> src/bin/main.rs:13:5
[INFO] [stdout]    |
[INFO] [stdout] 13 | use esp_hal::gpio::{Level, Output, OutputConfig};
[INFO] [stdout]    |     ^^^^^^^ use of unresolved module or unlinked crate `esp_hal`
[INFO] [stdout]    |
[INFO] [stdout]    = help: if you wanted to use a crate named `esp_hal`, use `cargo add esp_hal` to add it to your `Cargo.toml`
[INFO] [stdout] 
[INFO] [stdout] 
[INFO] [stdout] error[E0432]: unresolved import `esp_backtrace`
[INFO] [stdout]   --> src/bin/main.rs:10:5
[INFO] [stdout]    |
[INFO] [stdout] 10 | use esp_backtrace as _;
[INFO] [stdout]    |     -------------^^^^^
[INFO] [stdout]    |     |
[INFO] [stdout]    |     no external crate `esp_backtrace`
[INFO] [stdout] 
[INFO] [stdout] 
[INFO] [stdout] error[E0433]: cannot find module or crate `esp_hal` in this scope
[INFO] [stdout]   --> src/bin/main.rs:15:5
[INFO] [stdout]    |
[INFO] [stdout] 15 | use esp_hal::time::{Duration, Instant};
[INFO] [stdout]    |     ^^^^^^^ use of unresolved module or unlinked crate `esp_hal`
[INFO] [stdout]    |
[INFO] [stdout]    = help: if you wanted to use a crate named `esp_hal`, use `cargo add esp_hal` to add it to your `Cargo.toml`
[INFO] [stdout] 
[INFO] [stdout] 
[INFO] [stdout] error[E0432]: unresolved import `esp_hal`
[INFO] [stdout]   --> src/bin/main.rs:14:5
[INFO] [stdout]    |
[INFO] [stdout] 14 | use esp_hal::main;
[INFO] [stdout]    |     ^^^^^^^ use of unresolved module or unlinked crate `esp_hal`
[INFO] [stdout]    |
[INFO] [stdout]    = help: if you wanted to use a crate named `esp_hal`, use `cargo add esp_hal` to add it to your `Cargo.toml`
[INFO] [stdout] 
[INFO] [stdout] 
[INFO] [stdout] error[E0432]: unresolved import `esp_println`
[INFO] [stdout]   --> src/bin/main.rs:17:5
[INFO] [stdout]    |
[INFO] [stdout] 17 | use esp_println as _;
[INFO] [stdout]    |     -----------^^^^^
[INFO] [stdout]    |     |
[INFO] [stdout]    |     no external crate `esp_println`
[INFO] [stdout] 
[INFO] [stdout] 
[INFO] [stdout] error[E0433]: cannot find module or crate `esp_bootloader_esp_idf` in this scope
[INFO] [stdout]   --> src/bin/main.rs:25:1
[INFO] [stdout]    |
[INFO] [stdout] 25 | esp_bootloader_esp_idf::esp_app_desc!();
[INFO] [stdout]    | ^^^^^^^^^^^^^^^^^^^^^^ use of unresolved module or unlinked crate `esp_bootloader_esp_idf`
[INFO] [stdout] 
[INFO] [stdout] 
[INFO] [stdout] Some errors have detailed explanations: E0432, E0433.
[INFO] [stdout] 
[INFO] [stdout] For more information about an error, try `rustc --explain E0432`.
[INFO] [stdout] 
[INFO] [stdout] error[E0433]: cannot find module or crate `esp_hal` in this scope
[INFO] [stdout]   --> src/bin/main.rs:33:18
[INFO] [stdout]    |
[INFO] [stdout] 33 |     let config = esp_hal::Config::default().with_cpu_clock(CpuClock::max());
[INFO] [stdout]    |                  ^^^^^^^ use of unresolved module or unlinked crate `esp_hal`
[INFO] [stdout]    |
[INFO] [stdout]    = help: if you wanted to use a crate named `esp_hal`, use `cargo add esp_hal` to add it to your `Cargo.toml`
[INFO] [stdout] 
[INFO] [stdout] 
[INFO] [stdout] error: `#[panic_handler]` function required, but not found
[INFO] [stdout] 
[INFO] [stdout] 
[INFO] [stdout] error: unwinding panics are not supported without std
[INFO] [stdout]   |
[INFO] [stdout]   = help: using nightly cargo, use -Zbuild-std with panic="abort" to avoid unwinding
[INFO] [stdout]   = note: since the core library is usually precompiled with panic="unwind", rebuilding your crate with panic="abort" may not be enough to fix the problem
[INFO] [stdout] 
[INFO] [stdout] 
[INFO] [stdout] error[E0433]: cannot find module or crate `esp_hal` in this scope
[INFO] [stdout]   --> src/bin/main.rs:34:23
[INFO] [stdout]    |
[INFO] [stdout] 34 |     let peripherals = esp_hal::init(config);
[INFO] [stdout]    |                       ^^^^^^^ use of unresolved module or unlinked crate `esp_hal`
[INFO] [stdout]    |
[INFO] [stdout]    = help: if you wanted to use a crate named `esp_hal`, use `cargo add esp_hal` to add it to your `Cargo.toml`
[INFO] [stdout] 
[INFO] [stdout] 
[INFO] [stdout] Some errors have detailed explanations: E0432, E0433.
[INFO] [stdout] 
[INFO] [stdout] For more information about an error, try `rustc --explain E0432`.
[INFO] [stdout] 
[INFO] [stderr] error: could not compile `esp-led-panel` (bin "esp-led-panel" test) due to 10 previous errors
[INFO] [stderr] warning: build failed, waiting for other jobs to finish...
[INFO] [stderr] error: could not compile `esp-led-panel` (bin "esp-led-panel") due to 12 previous errors
[INFO] running `Command { std: "docker" "inspect" "0a6b3be98c9220f302051c00cca3c4d81d2651d88a1bdbdc5302fd4a38ce45f0", kill_on_drop: false }`
[INFO] running `Command { std: "docker" "rm" "-f" "0a6b3be98c9220f302051c00cca3c4d81d2651d88a1bdbdc5302fd4a38ce45f0", kill_on_drop: false }`
[INFO] [stdout] 0a6b3be98c9220f302051c00cca3c4d81d2651d88a1bdbdc5302fd4a38ce45f0
