[INFO] cloning repository https://github.com/Meatgiffel/notes
[INFO] running `Command { std: "git" "-c" "credential.helper=" "-c" "credential.helper=/workspace/cargo-home/bin/git-credential-null" "clone" "--bare" "https://github.com/Meatgiffel/notes" "/workspace/cache/git-repos/https%3A%2F%2Fgithub.com%2FMeatgiffel%2Fnotes", kill_on_drop: false }`
[INFO] [stderr] Cloning into bare repository '/workspace/cache/git-repos/https%3A%2F%2Fgithub.com%2FMeatgiffel%2Fnotes'...
[INFO] running `Command { std: "git" "rev-parse" "HEAD", kill_on_drop: false }`
[INFO] [stdout] 1d9930da2d8e67becbaa16536965d0a0d59cf433
[INFO] checking Meatgiffel/notes against 3154cc1a3e6424e44f438a95007d043ed5ceaaf6+rustflags=-Znext-solver=coherence for pr-133502-30
[INFO] running `Command { std: "git" "clone" "/workspace/cache/git-repos/https%3A%2F%2Fgithub.com%2FMeatgiffel%2Fnotes" "/workspace/builds/worker-1-tc1/source", kill_on_drop: false }`
[INFO] [stderr] Cloning into '/workspace/builds/worker-1-tc1/source'...
[INFO] [stderr] done.
[INFO] started tweaking git repo https://github.com/Meatgiffel/notes
[INFO] finished tweaking git repo https://github.com/Meatgiffel/notes
[INFO] tweaked toml for git repo https://github.com/Meatgiffel/notes written to /workspace/builds/worker-1-tc1/source/Cargo.toml
[INFO] validating manifest of git repo https://github.com/Meatgiffel/notes on toolchain 3154cc1a3e6424e44f438a95007d043ed5ceaaf6
[INFO] running `Command { std: CARGO_HOME="/workspace/cargo-home" RUSTUP_HOME="/workspace/rustup-home" "/workspace/cargo-home/bin/cargo" "+3154cc1a3e6424e44f438a95007d043ed5ceaaf6" "metadata" "--manifest-path" "Cargo.toml" "--no-deps", kill_on_drop: false }`
[INFO] crate git repo https://github.com/Meatgiffel/notes already has a lockfile, it will not be regenerated
[INFO] running `Command { std: CARGO_HOME="/workspace/cargo-home" RUSTUP_HOME="/workspace/rustup-home" "/workspace/cargo-home/bin/cargo" "+3154cc1a3e6424e44f438a95007d043ed5ceaaf6" "fetch" "--manifest-path" "Cargo.toml", kill_on_drop: false }`
[INFO] [stderr]     Blocking waiting for file lock on package cache
[INFO] [stderr]     Blocking waiting for file lock on package cache
[INFO] running `Command { std: "docker" "create" "-v" "/var/lib/crater-agent-workspace/builds/worker-1-tc1/source:/opt/rustwide/workdir:ro,Z" "-v" "/var/lib/crater-agent-workspace/builds/worker-1-tc1/target:/opt/rustwide/target:rw,Z" "-v" "/var/lib/crater-agent-workspace/cargo-home:/opt/rustwide/cargo-home:ro,Z" "-v" "/var/lib/crater-agent-workspace/rustup-home:/opt/rustwide/rustup-home:ro,Z" "-m" "1610612736" "--network" "none" "ghcr.io/rust-lang/crates-build-env/linux@sha256:77db811e55d90add9212f6832c23229e3de5f1c1f9905e8cb07319ea15df73ac" "sleep" "infinity", kill_on_drop: false }`
[INFO] [stdout] 763ff54f280f1a93aa8e92df4de07b3101cda9679505f4796abfde918d71c6a6
[INFO] running `Command { std: "docker" "start" "763ff54f280f1a93aa8e92df4de07b3101cda9679505f4796abfde918d71c6a6", kill_on_drop: false }`
[INFO] running `Command { std: "docker" "inspect" "763ff54f280f1a93aa8e92df4de07b3101cda9679505f4796abfde918d71c6a6", kill_on_drop: false }`
[INFO] running `Command { std: "docker" "exec" "-e" "SOURCE_DIR=/opt/rustwide/workdir" "-e" "CARGO_HOME=/opt/rustwide/cargo-home" "-e" "RUSTUP_HOME=/opt/rustwide/rustup-home" "-e" "CARGO_TARGET_DIR=/opt/rustwide/target" "-w" "/opt/rustwide/workdir" "--user" "0:0" "763ff54f280f1a93aa8e92df4de07b3101cda9679505f4796abfde918d71c6a6" "/opt/rustwide/cargo-home/bin/cargo" "+3154cc1a3e6424e44f438a95007d043ed5ceaaf6" "metadata" "--no-deps" "--format-version=1", kill_on_drop: false }`
[INFO] running `Command { std: "docker" "inspect" "763ff54f280f1a93aa8e92df4de07b3101cda9679505f4796abfde918d71c6a6", kill_on_drop: false }`
[INFO] running `Command { std: "docker" "exec" "-e" "SOURCE_DIR=/opt/rustwide/workdir" "-e" "CARGO_HOME=/opt/rustwide/cargo-home" "-e" "RUSTUP_HOME=/opt/rustwide/rustup-home" "-e" "CARGO_TARGET_DIR=/opt/rustwide/target" "-e" "CARGO_INCREMENTAL=0" "-e" "RUST_BACKTRACE=full" "-e" "RUSTFLAGS=--cap-lints=forbid -Znext-solver=coherence" "-e" "RUSTDOCFLAGS=--cap-lints=forbid" "-w" "/opt/rustwide/workdir" "--user" "0:0" "763ff54f280f1a93aa8e92df4de07b3101cda9679505f4796abfde918d71c6a6" "/opt/rustwide/cargo-home/bin/cargo" "+3154cc1a3e6424e44f438a95007d043ed5ceaaf6" "check" "--frozen" "--all" "--all-targets" "--message-format=json", kill_on_drop: false }`
[INFO] [stderr]    Compiling serde_core v1.0.229
[INFO] [stderr]    Compiling target-lexicon v0.13.5
[INFO] [stderr]    Compiling smallvec v1.15.2
[INFO] [stderr]    Compiling gio v0.20.12
[INFO] [stderr]    Compiling windows_x86_64_gnu v0.52.6
[INFO] [stderr]    Compiling find-msvc-tools v0.1.10
[INFO] [stderr]     Checking notes-core v0.1.1 (/opt/rustwide/workdir/crates/notes-core)
[INFO] [stderr]    Compiling syn v2.0.119
[INFO] [stderr]    Compiling cc v1.4.2
[INFO] [stderr]     Checking windows-targets v0.52.6
[INFO] [stderr]     Checking windows-sys v0.59.0
[INFO] [stderr]    Compiling cfg-expr v0.20.8
[INFO] [stderr]    Compiling toml_datetime v1.1.1+spec-1.1.0
[INFO] [stderr]    Compiling serde_spanned v1.1.1
[INFO] [stderr]    Compiling toml v1.1.4+spec-1.1.0
[INFO] [stderr]    Compiling toml_edit v0.25.13+spec-1.1.0
[INFO] [stderr]    Compiling futures-macro v0.3.33
[INFO] [stderr]    Compiling proc-macro-crate v3.5.0
[INFO] [stderr]    Compiling system-deps v7.0.8
[INFO] [stderr]     Checking futures-util v0.3.33
[INFO] [stderr]    Compiling embed-resource v3.0.11
[INFO] [stderr]    Compiling glib-macros v0.20.12
[INFO] [stderr]    Compiling gtk4-macros v0.9.5
[INFO] [stderr]    Compiling notes-win v0.1.1 (/opt/rustwide/workdir/crates/notes-win)
[INFO] [stderr]    Compiling glib-sys v0.20.10
[INFO] [stderr]    Compiling gobject-sys v0.20.10
[INFO] [stderr]    Compiling gio-sys v0.20.10
[INFO] [stderr]    Compiling gdk-pixbuf-sys v0.20.10
[INFO] [stderr]    Compiling pango-sys v0.20.10
[INFO] [stderr]    Compiling cairo-sys-rs v0.20.10
[INFO] [stderr]    Compiling gdk4-sys v0.9.6
[INFO] [stderr]    Compiling graphene-sys v0.20.10
[INFO] [stderr]    Compiling gsk4-sys v0.9.6
[INFO] [stderr]    Compiling gtk4-sys v0.9.6
[INFO] [stdout] error[E0433]: cannot find `windows` in `os`
[INFO] [stdout]  --> crates/notes-win/src/wide.rs:4:14
[INFO] [stdout]   |
[INFO] [stdout] 4 | use std::os::windows::ffi::{OsStrExt, OsStringExt};
[INFO] [stdout]   |              ^^^^^^^ could not find `windows` in `os`
[INFO] [stdout]   |
[INFO] [stdout] note: found an item that was configured out
[INFO] [stdout]  --> /rustc/3154cc1a3e6424e44f438a95007d043ed5ceaaf6/library/std/src/os/mod.rs:62:4
[INFO] [stdout]   |
[INFO] [stdout]   = note: the item is gated behind the `windows` feature
[INFO] [stdout] 
[INFO] [stdout] 
[INFO] [stdout] error[E0433]: cannot find `windows` in `os`
[INFO] [stdout]  --> crates/notes-win/src/wide.rs:4:14
[INFO] [stdout]   |
[INFO] [stdout] 4 | use std::os::windows::ffi::{OsStrExt, OsStringExt};
[INFO] [stdout]   |              ^^^^^^^ could not find `windows` in `os`
[INFO] [stdout]   |
[INFO] [stdout] note: found an item that was configured out
[INFO] [stdout]  --> /rustc/3154cc1a3e6424e44f438a95007d043ed5ceaaf6/library/std/src/os/mod.rs:62:4
[INFO] [stdout]   |
[INFO] [stdout]   = note: the item is gated behind the `windows` feature
[INFO] [stdout] 
[INFO] [stdout] 
[INFO] [stdout] error[E0599]: no method named `encode_wide` found for reference `&OsStr` in the current scope
[INFO] [stdout]   --> crates/notes-win/src/wide.rs:32:7
[INFO] [stdout]    |
[INFO] [stdout] 32 |     s.encode_wide().chain(std::iter::once(0)).collect()
[INFO] [stdout]    |       ^^^^^^^^^^^ method not found in `&OsStr`
[INFO] [stdout] 
[INFO] [stdout] 
[INFO] [stdout] error[E0599]: no method named `encode_wide` found for reference `&OsStr` in the current scope
[INFO] [stdout]   --> crates/notes-win/src/wide.rs:32:7
[INFO] [stdout]    |
[INFO] [stdout] 32 |     s.encode_wide().chain(std::iter::once(0)).collect()
[INFO] [stdout]    |       ^^^^^^^^^^^ method not found in `&OsStr`
[INFO] [stdout] 
[INFO] [stdout] 
[INFO] [stdout] error[E0599]: no associated function or constant named `from_wide` found for struct `OsString` in the current scope
[INFO] [stdout]   --> crates/notes-win/src/wide.rs:38:15
[INFO] [stdout]    |
[INFO] [stdout] 38 |     OsString::from_wide(&buf[..end])
[INFO] [stdout]    |               ^^^^^^^^^ associated function or constant not found in `OsString`
[INFO] [stdout]    |
[INFO] [stdout] note: if you're trying to build a new `OsString` consider using one of the following associated functions:
[INFO] [stdout]       OsString::new
[INFO] [stdout]       OsString::from_encoded_bytes_unchecked
[INFO] [stdout]       OsString::with_capacity
[INFO] [stdout]   --> /rustc/3154cc1a3e6424e44f438a95007d043ed5ceaaf6/library/std/src/ffi/os_str.rs:134:4
[INFO] [stdout] help: there is an associated function `from_iter` with a similar name
[INFO] [stdout]    |
[INFO] [stdout] 38 -     OsString::from_wide(&buf[..end])
[INFO] [stdout] 38 +     OsString::from_iter(&buf[..end])
[INFO] [stdout]    |
[INFO] [stdout] 
[INFO] [stdout] 
[INFO] [stdout] error[E0599]: no associated function or constant named `from_wide` found for struct `OsString` in the current scope
[INFO] [stdout]   --> crates/notes-win/src/wide.rs:38:15
[INFO] [stdout]    |
[INFO] [stdout] 38 |     OsString::from_wide(&buf[..end])
[INFO] [stdout]    |               ^^^^^^^^^ associated function or constant not found in `OsString`
[INFO] [stdout]    |
[INFO] [stdout] note: if you're trying to build a new `OsString` consider using one of the following associated functions:
[INFO] [stdout]       OsString::new
[INFO] [stdout]       OsString::from_encoded_bytes_unchecked
[INFO] [stdout]       OsString::with_capacity
[INFO] [stdout]   --> /rustc/3154cc1a3e6424e44f438a95007d043ed5ceaaf6/library/std/src/ffi/os_str.rs:134:4
[INFO] [stdout] help: there is an associated function `from_iter` with a similar name
[INFO] [stdout]    |
[INFO] [stdout] 38 -     OsString::from_wide(&buf[..end])
[INFO] [stdout] 38 +     OsString::from_iter(&buf[..end])
[INFO] [stdout]    |
[INFO] [stdout] 
[INFO] [stdout] 
[INFO] [stdout] Some errors have detailed explanations: E0433, E0599.
[INFO] [stdout] 
[INFO] [stdout] For more information about an error, try `rustc --explain E0433`.
[INFO] [stdout] 
[INFO] [stderr] error: could not compile `notes-win` (bin "notes" test) due to 3 previous errors
[INFO] [stderr] warning: build failed, waiting for other jobs to finish...
[INFO] [stdout] Some errors have detailed explanations: E0433, E0599.
[INFO] [stdout] 
[INFO] [stdout] For more information about an error, try `rustc --explain E0433`.
[INFO] [stdout] 
[INFO] [stderr] error: could not compile `notes-win` (bin "notes") due to 3 previous errors
[INFO] running `Command { std: "docker" "inspect" "763ff54f280f1a93aa8e92df4de07b3101cda9679505f4796abfde918d71c6a6", kill_on_drop: false }`
[INFO] running `Command { std: "docker" "rm" "-f" "763ff54f280f1a93aa8e92df4de07b3101cda9679505f4796abfde918d71c6a6", kill_on_drop: false }`
[INFO] [stdout] 763ff54f280f1a93aa8e92df4de07b3101cda9679505f4796abfde918d71c6a6
