[INFO] cloning repository https://github.com/MattesMrzik/simulate_tkf
[INFO] running `Command { std: "git" "-c" "credential.helper=" "-c" "credential.helper=/workspace/cargo-home/bin/git-credential-null" "clone" "--bare" "https://github.com/MattesMrzik/simulate_tkf" "/workspace/cache/git-repos/https%3A%2F%2Fgithub.com%2FMattesMrzik%2Fsimulate_tkf", kill_on_drop: false }`
[INFO] [stderr] Cloning into bare repository '/workspace/cache/git-repos/https%3A%2F%2Fgithub.com%2FMattesMrzik%2Fsimulate_tkf'...
[INFO] running `Command { std: "git" "rev-parse" "HEAD", kill_on_drop: false }`
[INFO] [stdout] 143b2ba3f245fb15672acbffe780c4c96847fe53
[INFO] checking MattesMrzik/simulate_tkf against 3154cc1a3e6424e44f438a95007d043ed5ceaaf6+rustflags=-Znext-solver=coherence for pr-133502-30
[INFO] running `Command { std: "git" "clone" "/workspace/cache/git-repos/https%3A%2F%2Fgithub.com%2FMattesMrzik%2Fsimulate_tkf" "/workspace/builds/worker-0-tc1/source", kill_on_drop: false }`
[INFO] [stderr] Cloning into '/workspace/builds/worker-0-tc1/source'...
[INFO] [stderr] done.
[INFO] started tweaking git repo https://github.com/MattesMrzik/simulate_tkf
[INFO] finished tweaking git repo https://github.com/MattesMrzik/simulate_tkf
[INFO] tweaked toml for git repo https://github.com/MattesMrzik/simulate_tkf written to /workspace/builds/worker-0-tc1/source/Cargo.toml
[INFO] validating manifest of git repo https://github.com/MattesMrzik/simulate_tkf on toolchain 3154cc1a3e6424e44f438a95007d043ed5ceaaf6
[INFO] running `Command { std: CARGO_HOME="/workspace/cargo-home" RUSTUP_HOME="/workspace/rustup-home" "/workspace/cargo-home/bin/cargo" "+3154cc1a3e6424e44f438a95007d043ed5ceaaf6" "metadata" "--manifest-path" "Cargo.toml" "--no-deps", kill_on_drop: false }`
[INFO] running `Command { std: CARGO_HOME="/workspace/cargo-home" RUSTUP_HOME="/workspace/rustup-home" "/workspace/cargo-home/bin/cargo" "+3154cc1a3e6424e44f438a95007d043ed5ceaaf6" "generate-lockfile" "--manifest-path" "Cargo.toml", kill_on_drop: false }`
[INFO] [stderr]     Updating crates.io index
[INFO] [stderr]     Updating git repository `https://github.com/MattesMrzik/rust-phylo`
[INFO] [stderr]     Blocking waiting for file lock on package cache
[INFO] [stderr]      Locking 243 packages to highest Rust 1.101.0-nightly compatible versions
[INFO] [stderr]       Adding psm v0.1.24 (available: v0.1.32)
[INFO] running `Command { std: CARGO_HOME="/workspace/cargo-home" RUSTUP_HOME="/workspace/rustup-home" "/workspace/cargo-home/bin/cargo" "+3154cc1a3e6424e44f438a95007d043ed5ceaaf6" "fetch" "--manifest-path" "Cargo.toml", kill_on_drop: false }`
[INFO] [stderr]     Blocking waiting for file lock on package cache
[INFO] [stderr]  Downloading crates ...
[INFO] [stderr]   Downloaded stats-cli v3.0.1
[INFO] [stderr]   Downloaded rand_pcg v0.9.0
[INFO] [stderr]   Downloaded syn v3.0.7
[INFO] [stderr]   Downloaded pest_derive v2.9.3
[INFO] [stderr]   Downloaded pest_generator v2.9.3
[INFO] [stderr]   Downloaded zerocopy-derive v0.8.62
[INFO] [stderr]   Downloaded pest_meta v2.9.3
[INFO] [stderr]   Downloaded pest v2.9.3
[INFO] [stderr]   Downloaded zerocopy v0.8.62
[INFO] [stderr]   Downloaded ntimestamp v1.0.0
[INFO] [stderr]   Downloaded either v1.19.0
[INFO] [stderr]   Downloaded ftail v0.2.1
[INFO] [stderr]   Downloaded bio v1.6.0
[INFO] [stderr]   Downloaded triple_accel v0.4.0
[INFO] [stderr]   Downloaded statrs v0.16.1
[INFO] [stderr]   Downloaded newtype_derive v0.1.6
[INFO] [stderr]   Downloaded rustc_version v0.1.7
[INFO] [stderr]   Downloaded semver v0.1.20
[INFO] [stderr]   Downloaded multimap v0.9.1
[INFO] [stderr]   Downloaded itertools-num v0.1.3
[INFO] [stderr]   Downloaded editdistancek v1.0.2
[INFO] [stderr]   Downloaded bio-types v1.0.4
[INFO] [stderr]   Downloaded slog-term v2.9.2
[INFO] [stderr]   Downloaded argmin v0.8.1
[INFO] [stderr]   Downloaded powerfmt v0.2.1
[INFO] [stderr]   Downloaded slog v2.8.2
[INFO] [stderr]   Downloaded serde_json v1.0.152
[INFO] [stderr]   Downloaded slog-async v2.8.0
[INFO] [stderr]   Downloaded argmin-math v0.3.0
[INFO] running `Command { std: "docker" "create" "-v" "/var/lib/crater-agent-workspace/builds/worker-0-tc1/source:/opt/rustwide/workdir:ro,Z" "-v" "/var/lib/crater-agent-workspace/builds/worker-0-tc1/target:/opt/rustwide/target:rw,Z" "-v" "/var/lib/crater-agent-workspace/cargo-home:/opt/rustwide/cargo-home:ro,Z" "-v" "/var/lib/crater-agent-workspace/rustup-home:/opt/rustwide/rustup-home:ro,Z" "-m" "1610612736" "--network" "none" "ghcr.io/rust-lang/crates-build-env/linux@sha256:77db811e55d90add9212f6832c23229e3de5f1c1f9905e8cb07319ea15df73ac" "sleep" "infinity", kill_on_drop: false }`
[INFO] [stdout] d8b047d51db1b53bcb71f658e17a8a31647b181d4e04997727adac3d58f7a0d7
[INFO] running `Command { std: "docker" "start" "d8b047d51db1b53bcb71f658e17a8a31647b181d4e04997727adac3d58f7a0d7", kill_on_drop: false }`
[INFO] running `Command { std: "docker" "inspect" "d8b047d51db1b53bcb71f658e17a8a31647b181d4e04997727adac3d58f7a0d7", kill_on_drop: false }`
[INFO] running `Command { std: "docker" "exec" "-e" "SOURCE_DIR=/opt/rustwide/workdir" "-e" "CARGO_HOME=/opt/rustwide/cargo-home" "-e" "RUSTUP_HOME=/opt/rustwide/rustup-home" "-e" "CARGO_TARGET_DIR=/opt/rustwide/target" "-w" "/opt/rustwide/workdir" "--user" "0:0" "d8b047d51db1b53bcb71f658e17a8a31647b181d4e04997727adac3d58f7a0d7" "/opt/rustwide/cargo-home/bin/cargo" "+3154cc1a3e6424e44f438a95007d043ed5ceaaf6" "metadata" "--no-deps" "--format-version=1", kill_on_drop: false }`
[INFO] running `Command { std: "docker" "inspect" "d8b047d51db1b53bcb71f658e17a8a31647b181d4e04997727adac3d58f7a0d7", kill_on_drop: false }`
[INFO] running `Command { std: "docker" "exec" "-e" "SOURCE_DIR=/opt/rustwide/workdir" "-e" "CARGO_HOME=/opt/rustwide/cargo-home" "-e" "RUSTUP_HOME=/opt/rustwide/rustup-home" "-e" "CARGO_TARGET_DIR=/opt/rustwide/target" "-e" "CARGO_INCREMENTAL=0" "-e" "RUST_BACKTRACE=full" "-e" "RUSTFLAGS=--cap-lints=forbid -Znext-solver=coherence" "-e" "RUSTDOCFLAGS=--cap-lints=forbid" "-w" "/opt/rustwide/workdir" "--user" "0:0" "d8b047d51db1b53bcb71f658e17a8a31647b181d4e04997727adac3d58f7a0d7" "/opt/rustwide/cargo-home/bin/cargo" "+3154cc1a3e6424e44f438a95007d043ed5ceaaf6" "check" "--frozen" "--all" "--all-targets" "--message-format=json", kill_on_drop: false }`
[INFO] [stderr]    Compiling zerocopy v0.8.62
[INFO] [stderr]    Compiling cc v1.7.0
[INFO] [stderr]    Compiling matrixmultiply v0.3.11
[INFO] [stderr]     Checking rawpointer v0.2.1
[INFO] [stderr]     Checking safe_arch v0.7.4
[INFO] [stderr]    Compiling libc v0.2.190
[INFO] [stderr]    Compiling syn v3.0.7
[INFO] [stderr]    Compiling syn v2.0.119
[INFO] [stderr]     Checking getrandom v0.2.17
[INFO] [stderr]    Compiling slog v2.8.2
[INFO] [stderr]     Checking getrandom v0.3.4
[INFO] [stderr]     Checking approx v0.5.1
[INFO] [stderr]     Checking futures-sink v0.3.34
[INFO] [stderr]    Compiling semver v0.1.20
[INFO] [stderr]    Compiling time-macros v0.2.32
[INFO] [stderr]    Compiling toml_parser v1.1.5+spec-1.1.0
[INFO] [stderr]     Checking num-rational v0.4.2
[INFO] [stderr]    Compiling syn v1.0.109
[INFO] [stderr]     Checking futures-channel v0.3.34
[INFO] [stderr]     Checking powerfmt v0.2.1
[INFO] [stderr]    Compiling serde_json v1.0.152
[INFO] [stderr]     Checking rand_core v0.9.5
[INFO] [stderr]    Compiling rustc_version v0.1.7
[INFO] [stderr]    Compiling ucd-trie v0.1.7
[INFO] [stderr]    Compiling toml_datetime v1.1.2+spec-1.1.0
[INFO] [stderr]     Checking chrono v0.4.45
[INFO] [stderr]    Compiling rstest_macros v0.18.2
[INFO] [stderr]    Compiling newtype_derive v0.1.6
[INFO] [stderr]     Checking wide v0.7.33
[INFO] [stderr]     Checking either v1.19.0
[INFO] [stderr]    Compiling toml_edit v0.25.17+spec-1.1.0
[INFO] [stderr]     Checking lazy_static v1.5.1
[INFO] [stderr]    Compiling slog-async v2.8.0
[INFO] [stderr]     Checking textwrap v0.11.0
[INFO] [stderr]     Checking atty v0.2.14
[INFO] [stderr]     Checking is-terminal v0.4.17
[INFO] [stderr]     Checking csv-core v0.1.13
[INFO] [stderr]     Checking ansi_term v0.12.1
[INFO] [stderr]     Checking fixedbitset v0.4.2
[INFO] [stderr]     Checking bit-vec v0.6.3
[INFO] [stderr]     Checking term v1.2.1
[INFO] [stderr]     Checking take_mut v0.2.2
[INFO] [stderr]    Compiling thiserror v2.0.21
[INFO] [stderr]     Checking strsim v0.8.0
[INFO] [stderr]    Compiling litrs v1.0.0
[INFO] [stderr]    Compiling relative-path v1.9.3
[INFO] [stderr]     Checking bit-set v0.5.3
[INFO] [stderr]     Checking csv v1.4.0
[INFO] [stderr]     Checking petgraph v0.6.5
[INFO] [stderr]     Checking fxhash v0.2.1
[INFO] [stderr]     Checking itertools v0.11.0
[INFO] [stderr]     Checking ndarray v0.15.6
[INFO] [stderr]     Checking getrandom v0.4.3
[INFO] [stderr]    Compiling document-features v0.2.12
[INFO] [stderr]     Checking ordered-float v3.9.2
[INFO] [stderr]     Checking itertools-num v0.1.3
[INFO] [stderr]    Compiling proc-macro-crate v3.5.0
[INFO] [stderr]     Checking instant v0.1.13
[INFO] [stderr]     Checking triple_accel v0.4.0
[INFO] [stderr]     Checking custom_derive v0.1.7
[INFO] [stderr]     Checking editdistancek v1.0.2
[INFO] [stderr]     Checking bytecount v0.6.9
[INFO] [stderr]     Checking time v0.3.55
[INFO] [stderr]     Checking strum v0.25.0
[INFO] [stderr]     Checking tempfile v3.27.0
[INFO] [stderr]     Checking ftail v0.2.1
[INFO] [stderr]     Checking itertools v0.14.0
[INFO] [stderr]     Checking rand_pcg v0.9.0
[INFO] [stderr]     Checking fixedbitset v0.5.7
[INFO] [stderr]     Checking ntimestamp v1.0.0
[INFO] [stderr]     Checking memory-stats v1.2.0
[INFO] [stderr]     Checking simba v0.6.0
[INFO] [stderr]     Checking simba v0.8.1
[INFO] [stderr]    Compiling psm v0.1.24
[INFO] [stderr]    Compiling stacker v0.1.25
[INFO] [stderr]    Compiling pest v2.9.3
[INFO] [stderr]    Compiling serde_derive v1.0.229
[INFO] [stderr]    Compiling futures-macro v0.3.34
[INFO] [stderr]    Compiling thiserror-impl v2.0.21
[INFO] [stderr]    Compiling clap_derive v4.6.7
[INFO] [stderr]    Compiling nalgebra-macros v0.1.0
[INFO] [stderr]    Compiling pest_meta v2.9.3
[INFO] [stderr]     Checking futures-util v0.3.34
[INFO] [stderr]    Compiling pest_generator v2.9.3
[INFO] [stderr]     Checking clap v4.6.7
[INFO] [stderr]     Checking ppv-lite86 v0.2.21
[INFO] [stderr]    Compiling thiserror-impl v1.0.69
[INFO] [stderr]    Compiling strum_macros v0.26.4
[INFO] [stderr]    Compiling derive-new v0.6.0
[INFO] [stderr]    Compiling enum-map-derive v0.17.0
[INFO] [stderr]    Compiling num_enum_derive v0.7.6
[INFO] [stderr]    Compiling nalgebra-macros v0.2.2
[INFO] [stderr]    Compiling strum_macros v0.25.3
[INFO] [stderr]     Checking enum-map v2.7.3
[INFO] [stderr]     Checking rand_chacha v0.9.0
[INFO] [stderr]     Checking rand v0.9.5
[INFO] [stderr]    Compiling pest_derive v2.9.3
[INFO] [stderr]     Checking num_enum v0.7.6
[INFO] [stderr]     Checking serde v1.0.229
[INFO] [stderr]     Checking rand_distr v0.5.1
[INFO] [stderr]     Checking thiserror v1.0.69
[INFO] [stderr]     Checking bio-types v1.0.4
[INFO] [stderr]     Checking rand_core v0.6.4
[INFO] [stderr]     Checking erased-serde v0.3.31
[INFO] [stderr]     Checking vec_map v0.8.2
[INFO] [stderr]     Checking bv v0.11.1
[INFO] [stderr]     Checking bincode v1.3.3
[INFO] [stderr]     Checking multimap v0.9.1
[INFO] [stderr]     Checking futures-executor v0.3.34
[INFO] [stderr]     Checking futures v0.3.34
[INFO] [stderr]     Checking clap v2.34.0
[INFO] [stderr]     Checking rand_chacha v0.3.1
[INFO] [stderr]     Checking rand_xoshiro v0.6.0
[INFO] [stderr]     Checking rand v0.8.8
[INFO] [stderr]     Checking slog-term v2.9.2
[INFO] [stderr]     Checking slog-json v2.6.1
[INFO] [stderr]     Checking nalgebra v0.32.6
[INFO] [stderr]     Checking rstest v0.18.2
[INFO] [stderr]     Checking stats-cli v3.0.1
[INFO] [stderr]     Checking rand_distr v0.4.3
[INFO] [stderr]     Checking argmin-math v0.3.0
[INFO] [stderr]     Checking argmin v0.8.1
[INFO] [stderr]     Checking nalgebra v0.29.0
[INFO] [stderr]     Checking statrs v0.16.1
[INFO] [stderr]     Checking bio v1.6.0
[INFO] [stderr]     Checking phylo v0.1.0 (https://github.com/MattesMrzik/rust-phylo?branch=simulate-tkf92-msa#4d14977c)
[INFO] [stderr]     Checking simulate_tkf v0.1.0 (/opt/rustwide/workdir)
[INFO] [stdout] error[E0432]: unresolved import `phylo::tkf_model::simulate_msa::TKFMSASimulationResult`
[INFO] [stdout]   --> src/main.rs:12:50
[INFO] [stdout]    |
[INFO] [stdout] 12 | use phylo::tkf_model::simulate_msa::{RootLength, TKFMSASimulationResult, TKFMSASimulator};
[INFO] [stdout]    |                                                  ^^^^^^^^^^^^^^^^^^^^^^ no `TKFMSASimulationResult` in `tkf_model::simulate_msa`
[INFO] [stdout]    |
[INFO] [stdout] help: a similar name exists in the module
[INFO] [stdout]    |
[INFO] [stdout] 12 - use phylo::tkf_model::simulate_msa::{RootLength, TKFMSASimulationResult, TKFMSASimulator};
[INFO] [stdout] 12 + use phylo::tkf_model::simulate_msa::{RootLength, TKFSimulationResult, TKFMSASimulator};
[INFO] [stdout]    |
[INFO] [stdout] 
[INFO] [stdout] 
[INFO] [stdout] error[E0432]: unresolved import `phylo::tkf_model::simulate_msa::TKFMSASimulationResult`
[INFO] [stdout]   --> src/main.rs:12:50
[INFO] [stdout]    |
[INFO] [stdout] 12 | use phylo::tkf_model::simulate_msa::{RootLength, TKFMSASimulationResult, TKFMSASimulator};
[INFO] [stdout]    |                                                  ^^^^^^^^^^^^^^^^^^^^^^ no `TKFMSASimulationResult` in `tkf_model::simulate_msa`
[INFO] [stdout]    |
[INFO] [stdout] help: a similar name exists in the module
[INFO] [stdout]    |
[INFO] [stdout] 12 - use phylo::tkf_model::simulate_msa::{RootLength, TKFMSASimulationResult, TKFMSASimulator};
[INFO] [stdout] 12 + use phylo::tkf_model::simulate_msa::{RootLength, TKFSimulationResult, TKFMSASimulator};
[INFO] [stdout]    |
[INFO] [stdout] 
[INFO] [stdout] 
[INFO] [stdout] error[E0599]: no method named `root_length` found for enum `Result<T, E>` in the current scope
[INFO] [stdout]    --> src/main.rs:119:19
[INFO] [stdout]     |
[INFO] [stdout] 119 |         simulator.root_length(root_len);
[INFO] [stdout]     |                   ^^^^^^^^^^^ method not found in `Result<TKFMSASimulator<TKF92IndelModel, rand_pcg::pcg64::Lcg64Xsh32>, phylo::Error>`
[INFO] [stdout]     |
[INFO] [stdout] note: the method `root_length` exists on the type `TKFMSASimulator<TKF92IndelModel, rand_pcg::pcg64::Lcg64Xsh32>`
[INFO] [stdout]    --> /opt/rustwide/cargo-home/git/checkouts/rust-phylo-964783e2e33f45d1/4d14977/phylo/src/tkf_model/simulate_msa/sim_tkf_msa.rs:101:5
[INFO] [stdout]     |
[INFO] [stdout] 101 |     pub fn root_length(&mut self, root_length: RootLength) -> &mut Self {
[INFO] [stdout]     |     ^^^^^^^^^^^^^^^^^^^^^^^^^^^^^^^^^^^^^^^^^^^^^^^^^^^^^^^^^^^^^^^^^^^
[INFO] [stdout] help: use the `?` operator to extract the `TKFMSASimulator<TKF92IndelModel, rand_pcg::pcg64::Lcg64Xsh32>` value, propagating a `Result::Err` value to the caller
[INFO] [stdout]     |
[INFO] [stdout] 119 |         simulator?.root_length(root_len);
[INFO] [stdout]     |                  +
[INFO] [stdout] 
[INFO] [stdout] 
[INFO] [stdout] error[E0599]: no method named `root_length` found for enum `Result<T, E>` in the current scope
[INFO] [stdout]    --> src/main.rs:119:19
[INFO] [stdout]     |
[INFO] [stdout] 119 |         simulator.root_length(root_len);
[INFO] [stdout]     |                   ^^^^^^^^^^^ method not found in `Result<TKFMSASimulator<TKF92IndelModel, rand_pcg::pcg64::Lcg64Xsh32>, phylo::Error>`
[INFO] [stdout]     |
[INFO] [stdout] note: the method `root_length` exists on the type `TKFMSASimulator<TKF92IndelModel, rand_pcg::pcg64::Lcg64Xsh32>`
[INFO] [stdout]    --> /opt/rustwide/cargo-home/git/checkouts/rust-phylo-964783e2e33f45d1/4d14977/phylo/src/tkf_model/simulate_msa/sim_tkf_msa.rs:101:5
[INFO] [stdout]     |
[INFO] [stdout] 101 |     pub fn root_length(&mut self, root_length: RootLength) -> &mut Self {
[INFO] [stdout]     |     ^^^^^^^^^^^^^^^^^^^^^^^^^^^^^^^^^^^^^^^^^^^^^^^^^^^^^^^^^^^^^^^^^^^
[INFO] [stdout] help: use the `?` operator to extract the `TKFMSASimulator<TKF92IndelModel, rand_pcg::pcg64::Lcg64Xsh32>` value, propagating a `Result::Err` value to the caller
[INFO] [stdout]     |
[INFO] [stdout] 119 |         simulator?.root_length(root_len);
[INFO] [stdout]     |                  +
[INFO] [stdout] 
[INFO] [stdout] 
[INFO] [stdout] error[E0599]: no method named `simulate_with_fragments` found for enum `Result<T, E>` in the current scope
[INFO] [stdout]    --> src/main.rs:130:32
[INFO] [stdout]     |
[INFO] [stdout] 130 |         sim_result = simulator.simulate_with_fragments::<MASA>();
[INFO] [stdout]     |                                ^^^^^^^^^^^^^^^^^^^^^^^ method not found in `Result<TKFMSASimulator<TKF92IndelModel, rand_pcg::pcg64::Lcg64Xsh32>, phylo::Error>`
[INFO] [stdout]     |
[INFO] [stdout] note: the method `simulate_with_fragments` exists on the type `TKFMSASimulator<TKF92IndelModel, rand_pcg::pcg64::Lcg64Xsh32>`
[INFO] [stdout]    --> /opt/rustwide/cargo-home/git/checkouts/rust-phylo-964783e2e33f45d1/4d14977/phylo/src/tkf_model/simulate_msa/sim_tkf_msa.rs:108:5
[INFO] [stdout]     |
[INFO] [stdout] 108 |     pub fn simulate_with_fragments<AA: AncestralAlignment>(&self) -> TKFSimulationResult<AA> {
[INFO] [stdout]     |     ^^^^^^^^^^^^^^^^^^^^^^^^^^^^^^^^^^^^^^^^^^^^^^^^^^^^^^^^^^^^^^^^^^^^^^^^^^^^^^^^^^^^^^^^
[INFO] [stdout] help: use the `?` operator to extract the `TKFMSASimulator<TKF92IndelModel, rand_pcg::pcg64::Lcg64Xsh32>` value, propagating a `Result::Err` value to the caller
[INFO] [stdout]     |
[INFO] [stdout] 130 |         sim_result = simulator?.simulate_with_fragments::<MASA>();
[INFO] [stdout]     |                               +
[INFO] [stdout] 
[INFO] [stdout] 
[INFO] [stdout] error[E0599]: no method named `simulate_with_fragments` found for enum `Result<T, E>` in the current scope
[INFO] [stdout]    --> src/main.rs:130:32
[INFO] [stdout]     |
[INFO] [stdout] 130 |         sim_result = simulator.simulate_with_fragments::<MASA>();
[INFO] [stdout]     |                                ^^^^^^^^^^^^^^^^^^^^^^^ method not found in `Result<TKFMSASimulator<TKF92IndelModel, rand_pcg::pcg64::Lcg64Xsh32>, phylo::Error>`
[INFO] [stdout]     |
[INFO] [stdout] note: the method `simulate_with_fragments` exists on the type `TKFMSASimulator<TKF92IndelModel, rand_pcg::pcg64::Lcg64Xsh32>`
[INFO] [stdout]    --> /opt/rustwide/cargo-home/git/checkouts/rust-phylo-964783e2e33f45d1/4d14977/phylo/src/tkf_model/simulate_msa/sim_tkf_msa.rs:108:5
[INFO] [stdout]     |
[INFO] [stdout] 108 |     pub fn simulate_with_fragments<AA: AncestralAlignment>(&self) -> TKFSimulationResult<AA> {
[INFO] [stdout]     |     ^^^^^^^^^^^^^^^^^^^^^^^^^^^^^^^^^^^^^^^^^^^^^^^^^^^^^^^^^^^^^^^^^^^^^^^^^^^^^^^^^^^^^^^^
[INFO] [stdout] help: use the `?` operator to extract the `TKFMSASimulator<TKF92IndelModel, rand_pcg::pcg64::Lcg64Xsh32>` value, propagating a `Result::Err` value to the caller
[INFO] [stdout]     |
[INFO] [stdout] 130 |         sim_result = simulator?.simulate_with_fragments::<MASA>();
[INFO] [stdout]     |                               +
[INFO] [stdout] 
[INFO] [stdout] 
[INFO] [stdout] Some errors have detailed explanations: E0432, E0599.
[INFO] [stdout] 
[INFO] [stdout] For more information about an error, try `rustc --explain E0432`.
[INFO] [stdout] 
[INFO] [stdout] Some errors have detailed explanations: E0432, E0599.
[INFO] [stdout] 
[INFO] [stdout] For more information about an error, try `rustc --explain E0432`.
[INFO] [stdout] 
[INFO] [stderr] error: could not compile `simulate_tkf` (bin "simulate_tkf" test) due to 3 previous errors
[INFO] [stderr] warning: build failed, waiting for other jobs to finish...
[INFO] [stderr] error: could not compile `simulate_tkf` (bin "simulate_tkf") due to 3 previous errors
[INFO] running `Command { std: "docker" "inspect" "d8b047d51db1b53bcb71f658e17a8a31647b181d4e04997727adac3d58f7a0d7", kill_on_drop: false }`
[INFO] running `Command { std: "docker" "rm" "-f" "d8b047d51db1b53bcb71f658e17a8a31647b181d4e04997727adac3d58f7a0d7", kill_on_drop: false }`
[INFO] [stdout] d8b047d51db1b53bcb71f658e17a8a31647b181d4e04997727adac3d58f7a0d7
