[INFO] cloning repository https://github.com/MatteoBarzotto/AfkSaver
[INFO] running `Command { std: "git" "-c" "credential.helper=" "-c" "credential.helper=/workspace/cargo-home/bin/git-credential-null" "clone" "--bare" "https://github.com/MatteoBarzotto/AfkSaver" "/workspace/cache/git-repos/https%3A%2F%2Fgithub.com%2FMatteoBarzotto%2FAfkSaver", kill_on_drop: false }`
[INFO] [stderr] Cloning into bare repository '/workspace/cache/git-repos/https%3A%2F%2Fgithub.com%2FMatteoBarzotto%2FAfkSaver'...
[INFO] running `Command { std: "git" "rev-parse" "HEAD", kill_on_drop: false }`
[INFO] [stdout] 598f85c13a6ad5f133cf8f8471b5425cfdb061d5
[INFO] checking MatteoBarzotto/AfkSaver against 3154cc1a3e6424e44f438a95007d043ed5ceaaf6 for pr-133502-30
[INFO] running `Command { std: "git" "clone" "/workspace/cache/git-repos/https%3A%2F%2Fgithub.com%2FMatteoBarzotto%2FAfkSaver" "/workspace/builds/worker-2-tc2/source", kill_on_drop: false }`
[INFO] [stderr] Cloning into '/workspace/builds/worker-2-tc2/source'...
[INFO] [stderr] done.
[INFO] started tweaking git repo https://github.com/MatteoBarzotto/AfkSaver
[INFO] finished tweaking git repo https://github.com/MatteoBarzotto/AfkSaver
[INFO] tweaked toml for git repo https://github.com/MatteoBarzotto/AfkSaver written to /workspace/builds/worker-2-tc2/source/Cargo.toml
[INFO] validating manifest of git repo https://github.com/MatteoBarzotto/AfkSaver on toolchain 3154cc1a3e6424e44f438a95007d043ed5ceaaf6
[INFO] running `Command { std: CARGO_HOME="/workspace/cargo-home" RUSTUP_HOME="/workspace/rustup-home" "/workspace/cargo-home/bin/cargo" "+3154cc1a3e6424e44f438a95007d043ed5ceaaf6" "metadata" "--manifest-path" "Cargo.toml" "--no-deps", kill_on_drop: false }`
[INFO] crate git repo https://github.com/MatteoBarzotto/AfkSaver already has a lockfile, it will not be regenerated
[INFO] running `Command { std: CARGO_HOME="/workspace/cargo-home" RUSTUP_HOME="/workspace/rustup-home" "/workspace/cargo-home/bin/cargo" "+3154cc1a3e6424e44f438a95007d043ed5ceaaf6" "fetch" "--manifest-path" "Cargo.toml", kill_on_drop: false }`
[INFO] running `Command { std: "docker" "create" "-v" "/var/lib/crater-agent-workspace/builds/worker-2-tc2/source:/opt/rustwide/workdir:ro,Z" "-v" "/var/lib/crater-agent-workspace/builds/worker-2-tc2/target:/opt/rustwide/target:rw,Z" "-v" "/var/lib/crater-agent-workspace/cargo-home:/opt/rustwide/cargo-home:ro,Z" "-v" "/var/lib/crater-agent-workspace/rustup-home:/opt/rustwide/rustup-home:ro,Z" "-m" "1610612736" "--network" "none" "ghcr.io/rust-lang/crates-build-env/linux@sha256:77db811e55d90add9212f6832c23229e3de5f1c1f9905e8cb07319ea15df73ac" "sleep" "infinity", kill_on_drop: false }`
[INFO] [stdout] 2f063157d4d5b8ad3d5e00d6706dbfacd5e1ac2ed98cffe1e2d5d7a6c1b5dd80
[INFO] running `Command { std: "docker" "start" "2f063157d4d5b8ad3d5e00d6706dbfacd5e1ac2ed98cffe1e2d5d7a6c1b5dd80", kill_on_drop: false }`
[INFO] running `Command { std: "docker" "inspect" "2f063157d4d5b8ad3d5e00d6706dbfacd5e1ac2ed98cffe1e2d5d7a6c1b5dd80", kill_on_drop: false }`
[INFO] running `Command { std: "docker" "exec" "-e" "SOURCE_DIR=/opt/rustwide/workdir" "-e" "CARGO_HOME=/opt/rustwide/cargo-home" "-e" "RUSTUP_HOME=/opt/rustwide/rustup-home" "-e" "CARGO_TARGET_DIR=/opt/rustwide/target" "-w" "/opt/rustwide/workdir" "--user" "0:0" "2f063157d4d5b8ad3d5e00d6706dbfacd5e1ac2ed98cffe1e2d5d7a6c1b5dd80" "/opt/rustwide/cargo-home/bin/cargo" "+3154cc1a3e6424e44f438a95007d043ed5ceaaf6" "metadata" "--no-deps" "--format-version=1", kill_on_drop: false }`
[INFO] running `Command { std: "docker" "inspect" "2f063157d4d5b8ad3d5e00d6706dbfacd5e1ac2ed98cffe1e2d5d7a6c1b5dd80", kill_on_drop: false }`
[INFO] running `Command { std: "docker" "exec" "-e" "SOURCE_DIR=/opt/rustwide/workdir" "-e" "CARGO_HOME=/opt/rustwide/cargo-home" "-e" "RUSTUP_HOME=/opt/rustwide/rustup-home" "-e" "CARGO_TARGET_DIR=/opt/rustwide/target" "-e" "CARGO_INCREMENTAL=0" "-e" "RUST_BACKTRACE=full" "-e" "RUSTFLAGS=--cap-lints=forbid" "-e" "RUSTDOCFLAGS=--cap-lints=forbid" "-w" "/opt/rustwide/workdir" "--user" "0:0" "2f063157d4d5b8ad3d5e00d6706dbfacd5e1ac2ed98cffe1e2d5d7a6c1b5dd80" "/opt/rustwide/cargo-home/bin/cargo" "+3154cc1a3e6424e44f438a95007d043ed5ceaaf6" "check" "--frozen" "--all" "--all-targets" "--message-format=json", kill_on_drop: false }`
[INFO] [stderr]    Compiling windows_x86_64_gnu v0.52.6
[INFO] [stderr]     Checking windows-targets v0.52.6
[INFO] [stderr]     Checking windows-sys v0.59.0
[INFO] [stderr]     Checking afksaver v1.0.0 (/opt/rustwide/workdir)
[INFO] [stdout] error[E0433]: cannot find `windows` in `os`
[INFO] [stdout]   --> src/main.rs:11:14
[INFO] [stdout]    |
[INFO] [stdout] 11 | use std::os::windows::ffi::OsStrExt;
[INFO] [stdout]    |              ^^^^^^^ could not find `windows` in `os`
[INFO] [stdout]    |
[INFO] [stdout] note: found an item that was configured out
[INFO] [stdout]   --> /rustc/3154cc1a3e6424e44f438a95007d043ed5ceaaf6/library/std/src/os/mod.rs:62:4
[INFO] [stdout]    |
[INFO] [stdout]    = note: the item is gated behind the `windows` feature
[INFO] [stdout] 
[INFO] [stdout] 
[INFO] [stdout] error[E0599]: no method named `encode_wide` found for reference `&OsStr` in the current scope
[INFO] [stdout]   --> src/main.rs:64:10
[INFO] [stdout]    |
[INFO] [stdout] 63 |     std::ffi::OsStr::new(s)
[INFO] [stdout] 64 |         .encode_wide()
[INFO] [stdout]    |          ^^^^^^^^^^^ method not found in `&OsStr`
[INFO] [stdout] 
[INFO] [stdout] 
[INFO] [stdout] Some errors have detailed explanations: E0433, E0599.
[INFO] [stdout] 
[INFO] [stdout] For more information about an error, try `rustc --explain E0433`.
[INFO] [stdout] 
[INFO] [stderr] error: could not compile `afksaver` (bin "AfkSaver" test) due to 2 previous errors
[INFO] [stderr] warning: build failed, waiting for other jobs to finish...
[INFO] [stdout] error[E0433]: cannot find `windows` in `os`
[INFO] [stdout]   --> src/main.rs:11:14
[INFO] [stdout]    |
[INFO] [stdout] 11 | use std::os::windows::ffi::OsStrExt;
[INFO] [stdout]    |              ^^^^^^^ could not find `windows` in `os`
[INFO] [stdout]    |
[INFO] [stdout] note: found an item that was configured out
[INFO] [stdout]   --> /rustc/3154cc1a3e6424e44f438a95007d043ed5ceaaf6/library/std/src/os/mod.rs:62:4
[INFO] [stdout]    |
[INFO] [stdout]    = note: the item is gated behind the `windows` feature
[INFO] [stdout] 
[INFO] [stdout] 
[INFO] [stdout] error[E0599]: no method named `encode_wide` found for reference `&OsStr` in the current scope
[INFO] [stdout]   --> src/main.rs:64:10
[INFO] [stdout]    |
[INFO] [stdout] 63 |     std::ffi::OsStr::new(s)
[INFO] [stdout] 64 |         .encode_wide()
[INFO] [stdout]    |          ^^^^^^^^^^^ method not found in `&OsStr`
[INFO] [stdout] 
[INFO] [stdout] 
[INFO] [stdout] Some errors have detailed explanations: E0433, E0599.
[INFO] [stdout] 
[INFO] [stdout] For more information about an error, try `rustc --explain E0433`.
[INFO] [stdout] 
[INFO] [stderr] error: could not compile `afksaver` (bin "AfkSaver") due to 2 previous errors
[INFO] running `Command { std: "docker" "inspect" "2f063157d4d5b8ad3d5e00d6706dbfacd5e1ac2ed98cffe1e2d5d7a6c1b5dd80", kill_on_drop: false }`
[INFO] running `Command { std: "docker" "rm" "-f" "2f063157d4d5b8ad3d5e00d6706dbfacd5e1ac2ed98cffe1e2d5d7a6c1b5dd80", kill_on_drop: false }`
[INFO] [stdout] 2f063157d4d5b8ad3d5e00d6706dbfacd5e1ac2ed98cffe1e2d5d7a6c1b5dd80
