[INFO] cloning repository https://github.com/Mateo-Lopez83/quickR
[INFO] running `Command { std: "git" "-c" "credential.helper=" "-c" "credential.helper=/workspace/cargo-home/bin/git-credential-null" "clone" "--bare" "https://github.com/Mateo-Lopez83/quickR" "/workspace/cache/git-repos/https%3A%2F%2Fgithub.com%2FMateo-Lopez83%2FquickR", kill_on_drop: false }`
[INFO] [stderr] Cloning into bare repository '/workspace/cache/git-repos/https%3A%2F%2Fgithub.com%2FMateo-Lopez83%2FquickR'...
[INFO] running `Command { std: "git" "rev-parse" "HEAD", kill_on_drop: false }`
[INFO] [stdout] fe33fdd06074a9c0b4287915dee903a1c70335f0
[INFO] checking Mateo-Lopez83/quickR against 3154cc1a3e6424e44f438a95007d043ed5ceaaf6+rustflags=-Znext-solver=coherence for pr-133502-30
[INFO] running `Command { std: "git" "clone" "/workspace/cache/git-repos/https%3A%2F%2Fgithub.com%2FMateo-Lopez83%2FquickR" "/workspace/builds/worker-4-tc1/source", kill_on_drop: false }`
[INFO] [stderr] Cloning into '/workspace/builds/worker-4-tc1/source'...
[INFO] [stderr] done.
[INFO] started tweaking git repo https://github.com/Mateo-Lopez83/quickR
[INFO] finished tweaking git repo https://github.com/Mateo-Lopez83/quickR
[INFO] tweaked toml for git repo https://github.com/Mateo-Lopez83/quickR written to /workspace/builds/worker-4-tc1/source/Cargo.toml
[INFO] validating manifest of git repo https://github.com/Mateo-Lopez83/quickR on toolchain 3154cc1a3e6424e44f438a95007d043ed5ceaaf6
[INFO] running `Command { std: CARGO_HOME="/workspace/cargo-home" RUSTUP_HOME="/workspace/rustup-home" "/workspace/cargo-home/bin/cargo" "+3154cc1a3e6424e44f438a95007d043ed5ceaaf6" "metadata" "--manifest-path" "Cargo.toml" "--no-deps", kill_on_drop: false }`
[INFO] crate git repo https://github.com/Mateo-Lopez83/quickR already has a lockfile, it will not be regenerated
[INFO] running `Command { std: CARGO_HOME="/workspace/cargo-home" RUSTUP_HOME="/workspace/rustup-home" "/workspace/cargo-home/bin/cargo" "+3154cc1a3e6424e44f438a95007d043ed5ceaaf6" "fetch" "--manifest-path" "Cargo.toml", kill_on_drop: false }`
[INFO] [stderr]     Blocking waiting for file lock on package cache
[INFO] [stderr]     Updating crates.io index
[INFO] [stderr]  Downloading crates ...
[INFO] [stderr]   Downloaded stun v0.17.2
[INFO] [stderr]   Downloaded nasm-rs v0.3.2
[INFO] [stderr]   Downloaded webrtc-util v0.17.2
[INFO] [stderr]   Downloaded windows-capture v2.0.1
[INFO] [stderr]   Downloaded openh264 v0.9.8
[INFO] [stderr]   Downloaded safe_arch v1.2.0
[INFO] [stderr]   Downloaded wide v1.7.0
[INFO] [stderr]   Downloaded epaint v0.36.2
[INFO] [stderr]   Downloaded egui v0.36.2
[INFO] [stderr]   Downloaded openh264-sys2 v0.9.8
[INFO] [stderr]   Downloaded ecolor v0.36.2
[INFO] [stderr]   Downloaded emath v0.36.2
[INFO] [stderr]   Downloaded eframe v0.36.2
[INFO] [stderr]   Downloaded epaint_default_fonts v0.36.2
[INFO] [stderr]   Downloaded objc2 v0.5.3
[INFO] [stderr]   Downloaded wgpu-types v30.0.1
[INFO] [stderr]   Downloaded wgpu-naga-bridge v30.0.1
[INFO] [stderr]   Downloaded wgpu v30.0.1
[INFO] [stderr]   Downloaded wgpu-hal v30.0.1
[INFO] [stderr]   Downloaded naga-types v30.0.1
[INFO] [stderr]   Downloaded naga v30.0.1
[INFO] [stderr]   Downloaded objc2 v0.6.5
[INFO] [stderr]   Downloaded wgpu-core-deps-windows-linux-android v30.0.1
[INFO] [stderr]   Downloaded wgpu-core-deps-wasm v30.0.1
[INFO] [stderr]   Downloaded wgpu-core-deps-emscripten v30.0.1
[INFO] [stderr]   Downloaded wgpu-core-deps-apple v30.0.1
[INFO] [stderr]   Downloaded wgpu-core v30.0.1
[INFO] [stderr]   Downloaded egui_glow v0.36.2
[INFO] [stderr]   Downloaded egui-winit v0.36.2
[INFO] [stderr]   Downloaded calloop v0.14.5
[INFO] [stderr]   Downloaded siphasher v1.0.4
[INFO] [stderr]   Downloaded egui-wgpu v0.36.2
[INFO] [stderr]   Downloaded async-recursion v1.2.0
[INFO] running `Command { std: "docker" "create" "-v" "/var/lib/crater-agent-workspace/builds/worker-4-tc1/source:/opt/rustwide/workdir:ro,Z" "-v" "/var/lib/crater-agent-workspace/builds/worker-4-tc1/target:/opt/rustwide/target:rw,Z" "-v" "/var/lib/crater-agent-workspace/cargo-home:/opt/rustwide/cargo-home:ro,Z" "-v" "/var/lib/crater-agent-workspace/rustup-home:/opt/rustwide/rustup-home:ro,Z" "-m" "1610612736" "--network" "none" "ghcr.io/rust-lang/crates-build-env/linux@sha256:77db811e55d90add9212f6832c23229e3de5f1c1f9905e8cb07319ea15df73ac" "sleep" "infinity", kill_on_drop: false }`
[INFO] [stdout] a2bd0d5c124277ee88a6feb4076d341912e7ccfe47bedbabc8784619411af4f2
[INFO] running `Command { std: "docker" "start" "a2bd0d5c124277ee88a6feb4076d341912e7ccfe47bedbabc8784619411af4f2", kill_on_drop: false }`
[INFO] running `Command { std: "docker" "inspect" "a2bd0d5c124277ee88a6feb4076d341912e7ccfe47bedbabc8784619411af4f2", kill_on_drop: false }`
[INFO] running `Command { std: "docker" "exec" "-e" "SOURCE_DIR=/opt/rustwide/workdir" "-e" "CARGO_HOME=/opt/rustwide/cargo-home" "-e" "RUSTUP_HOME=/opt/rustwide/rustup-home" "-e" "CARGO_TARGET_DIR=/opt/rustwide/target" "-w" "/opt/rustwide/workdir" "--user" "0:0" "a2bd0d5c124277ee88a6feb4076d341912e7ccfe47bedbabc8784619411af4f2" "/opt/rustwide/cargo-home/bin/cargo" "+3154cc1a3e6424e44f438a95007d043ed5ceaaf6" "metadata" "--no-deps" "--format-version=1", kill_on_drop: false }`
[INFO] running `Command { std: "docker" "inspect" "a2bd0d5c124277ee88a6feb4076d341912e7ccfe47bedbabc8784619411af4f2", kill_on_drop: false }`
[INFO] running `Command { std: "docker" "exec" "-e" "SOURCE_DIR=/opt/rustwide/workdir" "-e" "CARGO_HOME=/opt/rustwide/cargo-home" "-e" "RUSTUP_HOME=/opt/rustwide/rustup-home" "-e" "CARGO_TARGET_DIR=/opt/rustwide/target" "-e" "CARGO_INCREMENTAL=0" "-e" "RUST_BACKTRACE=full" "-e" "RUSTFLAGS=--cap-lints=forbid -Znext-solver=coherence" "-e" "RUSTDOCFLAGS=--cap-lints=forbid" "-w" "/opt/rustwide/workdir" "--user" "0:0" "a2bd0d5c124277ee88a6feb4076d341912e7ccfe47bedbabc8784619411af4f2" "/opt/rustwide/cargo-home/bin/cargo" "+3154cc1a3e6424e44f438a95007d043ed5ceaaf6" "check" "--frozen" "--all" "--all-targets" "--message-format=json", kill_on_drop: false }`
[INFO] [stderr]     Checking log v0.4.34
[INFO] [stderr]     Checking smallvec v1.16.0
[INFO] [stderr]    Compiling syn v3.0.4
[INFO] [stderr]    Compiling rustix v1.1.5
[INFO] [stderr]    Compiling jobserver v0.1.35
[INFO] [stderr]    Compiling serde_core v1.0.229
[INFO] [stderr]    Compiling crossbeam-utils v0.8.23
[INFO] [stderr]    Compiling wayland-sys v0.31.11
[INFO] [stderr]    Compiling zerocopy-derive v0.8.56
[INFO] [stderr]    Compiling cc v1.4.4
[INFO] [stderr]    Compiling toml_parser v1.1.3+spec-1.1.0
[INFO] [stderr]     Checking foldhash v0.2.0
[INFO] [stderr]     Checking parking_lot_core v0.9.12
[INFO] [stderr]    Compiling toml_edit v0.25.15+spec-1.1.0
[INFO] [stderr]    Compiling enumflags2_derive v0.7.12
[INFO] [stderr]     Checking parking_lot v0.12.5
[INFO] [stderr]     Checking zerocopy v0.8.56
[INFO] [stderr]    Compiling proc-macro-crate v3.5.0
[INFO] [stderr]    Compiling wayland-backend v0.3.17
[INFO] [stderr]     Checking arrayvec v0.7.8
[INFO] [stderr]    Compiling quick-xml v0.41.0
[INFO] [stderr]    Compiling wayland-client v0.31.15
[INFO] [stderr]    Compiling getrandom v0.3.4
[INFO] [stderr]     Checking proc-macro2 v1.0.107
[INFO] [stderr]     Checking tracing v0.1.44
[INFO] [stderr]     Checking event-listener v5.4.2
[INFO] [stderr]     Checking hashbrown v0.17.1
[INFO] [stderr]     Checking quote v1.0.47
[INFO] [stderr]     Checking concurrent-queue v2.5.0
[INFO] [stderr]     Checking windows-link v0.2.1
[INFO] [stderr]     Checking event-listener-strategy v0.5.4
[INFO] [stderr]     Checking futures-lite v2.6.1
[INFO] [stderr]     Checking winnow v1.0.4
[INFO] [stderr]    Compiling icu_properties_data v2.3.0
[INFO] [stderr]    Compiling icu_normalizer_data v2.3.0
[INFO] [stderr]     Checking uuid v1.27.0
[INFO] [stderr]    Compiling wayland-scanner v0.31.11
[INFO] [stderr]    Compiling async-io v2.6.0
[INFO] [stderr]     Checking either v1.18.0
[INFO] [stderr]    Compiling nasm-rs v0.3.2
[INFO] [stderr]     Checking hashbrown v0.16.1
[INFO] [stderr]     Checking windows-strings v0.5.1
[INFO] [stderr]     Checking windows-result v0.4.1
[INFO] [stderr]    Compiling windows-interface v0.59.3
[INFO] [stderr]    Compiling windows-implement v0.60.2
[INFO] [stderr]    Compiling crossbeam-epoch v0.9.21
[INFO] [stderr]    Compiling openh264-sys2 v0.9.8
[INFO] [stderr]     Checking polling v3.11.0
[INFO] [stderr]     Checking async-channel v2.5.0
[INFO] [stderr]    Compiling crossbeam-deque v0.8.8
[INFO] [stderr]     Checking windows-core v0.62.2
[INFO] [stderr]     Checking rand_core v0.10.1
[INFO] [stderr]     Checking piper v0.2.5
[INFO] [stderr]    Compiling getrandom v0.4.3
[INFO] [stderr]     Checking indexmap v2.14.2
[INFO] [stderr]     Checking async-signal v0.2.14
[INFO] [stderr]     Checking async-lock v3.4.2
[INFO] [stderr]     Checking cpufeatures v0.3.1
[INFO] [stderr]     Checking xcursor v0.3.11
[INFO] [stderr]     Checking rustc-hash v1.1.0
[INFO] [stderr]     Checking wayland-csd-frame v0.3.0
[INFO] [stderr]     Checking chacha20 v0.10.2
[INFO] [stderr]     Checking rustix v0.38.44
[INFO] [stderr]     Checking async-process v2.5.0
[INFO] [stderr]     Checking blocking v1.7.0
[INFO] [stderr]     Checking async-executor v1.14.0
[INFO] [stderr]     Checking async-broadcast v0.7.2
[INFO] [stderr]     Checking windows-threading v0.2.1
[INFO] [stderr]     Checking ordered-stream v0.2.0
[INFO] [stderr]     Checking polycool v0.4.0
[INFO] [stderr]    Compiling naga v30.0.1
[INFO] [stderr]     Checking socket2 v0.6.5
[INFO] [stderr]     Checking memmap2 v0.9.11
[INFO] [stderr]    Compiling bytemuck_derive v1.12.1
[INFO] [stderr]    Compiling serde_derive v1.0.229
[INFO] [stderr]    Compiling thiserror-impl v2.0.20
[INFO] [stderr]    Compiling zerovec-derive v0.11.6
[INFO] [stderr]    Compiling displaydoc v0.2.7
[INFO] [stderr]    Compiling async-trait v0.1.92
[INFO] [stderr]     Checking zerotrie v0.2.5
[INFO] [stderr]     Checking wayland-protocols v0.32.13
[INFO] [stderr]     Checking bytemuck v1.25.2
[INFO] [stderr]     Checking thiserror v2.0.20
[INFO] [stderr]     Checking zerovec v0.11.8
[INFO] [stderr]     Checking wayland-cursor v0.31.14
[INFO] [stderr]     Checking naga-types v30.0.1
[INFO] [stderr]    Compiling async-recursion v1.2.0
[INFO] [stderr]    Compiling tokio-macros v2.7.2
[INFO] [stderr]     Checking safe_arch v1.2.0
[INFO] [stderr]     Checking wide v1.7.0
[INFO] [stderr]     Checking tinystr v0.8.4
[INFO] [stderr]     Checking potential_utf v0.1.6
[INFO] [stderr]     Checking icu_collections v2.3.0
[INFO] [stderr]     Checking icu_locale_core v2.3.0
[INFO] [stderr]    Compiling serde_repr v0.1.21
[INFO] [stderr]    Compiling memoffset v0.7.1
[INFO] [stderr]     Checking bit-vec v0.9.1
[INFO] [stderr]    Compiling ash v0.38.0+1.3.281
[INFO] [stderr]     Checking profiling v1.0.18
[INFO] [stderr]    Compiling siphasher v1.0.4
[INFO] [stderr]     Checking bit-set v0.10.0
[INFO] [stderr]    Compiling phf_shared v0.13.1
[INFO] [stderr]     Checking codespan-reporting v0.13.1
[INFO] [stderr]     Checking icu_provider v2.3.1
[INFO] [stderr]     Checking tokio v1.53.1
[INFO] [stderr]     Checking font-types v0.12.6
[INFO] [stderr]     Checking icu_properties v2.3.0
[INFO] [stderr]     Checking icu_normalizer v2.3.0
[INFO] [stderr]     Checking calloop v0.13.0
[INFO] [stderr]     Checking color v0.3.3
[INFO] [stderr]    Compiling serde v1.0.229
[INFO] [stderr]     Checking kurbo v0.13.1
[INFO] [stderr]    Compiling zvariant_utils v4.2.0
[INFO] [stderr]    Compiling zcheapstr v1.1.0
[INFO] [stderr]    Compiling enumflags2 v0.7.12
[INFO] [stderr]     Checking idna_adapter v1.2.2
[INFO] [stderr]     Checking idna v1.1.0
[INFO] [stderr]     Checking windows-future v0.3.2
[INFO] [stdout] error[E0425]: cannot find type `IMarshal` in module `windows_core::imp`
[INFO] [stdout]   --> /opt/rustwide/cargo-home/registry/src/index.crates.io-1949cf8c6b5b557f/windows-future-0.3.2/src/bindings.rs:87:51
[INFO] [stdout]    |
[INFO] [stdout] 87 |             } else if *iid == <windows_core::imp::IMarshal as windows_core::Interface>::IID {
[INFO] [stdout]    |                                                   ^^^^^^^^ not found in `windows_core::imp`
[INFO] [stdout] 
[INFO] [stdout] 
[INFO] [stdout] error[E0425]: cannot find function `marshaler` in module `windows_core::imp`
[INFO] [stdout]   --> /opt/rustwide/cargo-home/registry/src/index.crates.io-1949cf8c6b5b557f/windows-future-0.3.2/src/bindings.rs:89:43
[INFO] [stdout]    |
[INFO] [stdout] 89 |                 return windows_core::imp::marshaler(
[INFO] [stdout]    |                                           ^^^^^^^^^ not found in `windows_core::imp`
[INFO] [stdout] 
[INFO] [stdout] 
[INFO] [stdout] error[E0425]: cannot find type `IMarshal` in module `windows_core::imp`
[INFO] [stdout]    --> /opt/rustwide/cargo-home/registry/src/index.crates.io-1949cf8c6b5b557f/windows-future-0.3.2/src/bindings.rs:255:51
[INFO] [stdout]     |
[INFO] [stdout] 255 |             } else if *iid == <windows_core::imp::IMarshal as windows_core::Interface>::IID {
[INFO] [stdout]     |                                                   ^^^^^^^^ not found in `windows_core::imp`
[INFO] [stdout] 
[INFO] [stdout] 
[INFO] [stdout] error[E0425]: cannot find function `marshaler` in module `windows_core::imp`
[INFO] [stdout]    --> /opt/rustwide/cargo-home/registry/src/index.crates.io-1949cf8c6b5b557f/windows-future-0.3.2/src/bindings.rs:257:43
[INFO] [stdout]     |
[INFO] [stdout] 257 |                 return windows_core::imp::marshaler(
[INFO] [stdout]     |                                           ^^^^^^^^^ not found in `windows_core::imp`
[INFO] [stdout] 
[INFO] [stdout] 
[INFO] [stdout] error[E0425]: cannot find type `IMarshal` in module `windows_core::imp`
[INFO] [stdout]    --> /opt/rustwide/cargo-home/registry/src/index.crates.io-1949cf8c6b5b557f/windows-future-0.3.2/src/bindings.rs:422:364
[INFO] [stdout]     |
[INFO] [stdout] 422 | ... _ } else if * iid == < windows_core::imp::IMarshal as windows_core::Interface >::IID { ( * this ) . count . add_ref ( ) ; retur...
[INFO] [stdout]     |                                               ^^^^^^^^ not found in `windows_core::imp`
[INFO] [stdout] 
[INFO] [stdout] 
[INFO] [stdout] error[E0425]: cannot find function `marshaler` in module `windows_core::imp`
[INFO] [stdout]    --> /opt/rustwide/cargo-home/registry/src/index.crates.io-1949cf8c6b5b557f/windows-future-0.3.2/src/bindings.rs:422:470
[INFO] [stdout]     |
[INFO] [stdout] 422 | ... . add_ref ( ) ; return windows_core::imp::marshaler ( core::mem::transmute ( & mut ( * this ) . vtable as * mut _ as * mut core...
[INFO] [stdout]     |                                               ^^^^^^^^^ not found in `windows_core::imp`
[INFO] [stdout] 
[INFO] [stdout] 
[INFO] [stdout] error[E0425]: cannot find type `IMarshal` in module `windows_core::imp`
[INFO] [stdout]    --> /opt/rustwide/cargo-home/registry/src/index.crates.io-1949cf8c6b5b557f/windows-future-0.3.2/src/bindings.rs:572:51
[INFO] [stdout]     |
[INFO] [stdout] 572 |             } else if *iid == <windows_core::imp::IMarshal as windows_core::Interface>::IID {
[INFO] [stdout]     |                                                   ^^^^^^^^ not found in `windows_core::imp`
[INFO] [stdout] 
[INFO] [stdout] 
[INFO] [stdout] error[E0425]: cannot find function `marshaler` in module `windows_core::imp`
[INFO] [stdout]    --> /opt/rustwide/cargo-home/registry/src/index.crates.io-1949cf8c6b5b557f/windows-future-0.3.2/src/bindings.rs:574:43
[INFO] [stdout]     |
[INFO] [stdout] 574 |                 return windows_core::imp::marshaler(
[INFO] [stdout]     |                                           ^^^^^^^^^ not found in `windows_core::imp`
[INFO] [stdout] 
[INFO] [stdout] 
[INFO] [stdout] error[E0425]: cannot find type `IMarshal` in module `windows_core::imp`
[INFO] [stdout]    --> /opt/rustwide/cargo-home/registry/src/index.crates.io-1949cf8c6b5b557f/windows-future-0.3.2/src/bindings.rs:752:364
[INFO] [stdout]     |
[INFO] [stdout] 752 | ... _ } else if * iid == < windows_core::imp::IMarshal as windows_core::Interface >::IID { ( * this ) . count . add_ref ( ) ; retur...
[INFO] [stdout]     |                                               ^^^^^^^^ not found in `windows_core::imp`
[INFO] [stdout] 
[INFO] [stdout] 
[INFO] [stdout] error[E0425]: cannot find function `marshaler` in module `windows_core::imp`
[INFO] [stdout]    --> /opt/rustwide/cargo-home/registry/src/index.crates.io-1949cf8c6b5b557f/windows-future-0.3.2/src/bindings.rs:752:470
[INFO] [stdout]     |
[INFO] [stdout] 752 | ... . add_ref ( ) ; return windows_core::imp::marshaler ( core::mem::transmute ( & mut ( * this ) . vtable as * mut _ as * mut core...
[INFO] [stdout]     |                                               ^^^^^^^^^ not found in `windows_core::imp`
[INFO] [stdout] 
[INFO] [stdout] 
[INFO] [stdout] error[E0425]: cannot find type `IMarshal` in module `windows_core::imp`
[INFO] [stdout]    --> /opt/rustwide/cargo-home/registry/src/index.crates.io-1949cf8c6b5b557f/windows-future-0.3.2/src/bindings.rs:927:377
[INFO] [stdout]     |
[INFO] [stdout] 927 | ... _ } else if * iid == < windows_core::imp::IMarshal as windows_core::Interface >::IID { ( * this ) . count . add_ref ( ) ; retur...
[INFO] [stdout]     |                                               ^^^^^^^^ not found in `windows_core::imp`
[INFO] [stdout] 
[INFO] [stdout] 
[INFO] [stdout] error[E0425]: cannot find function `marshaler` in module `windows_core::imp`
[INFO] [stdout]    --> /opt/rustwide/cargo-home/registry/src/index.crates.io-1949cf8c6b5b557f/windows-future-0.3.2/src/bindings.rs:927:483
[INFO] [stdout]     |
[INFO] [stdout] 927 | ... . add_ref ( ) ; return windows_core::imp::marshaler ( core::mem::transmute ( & mut ( * this ) . vtable as * mut _ as * mut core...
[INFO] [stdout]     |                                               ^^^^^^^^^ not found in `windows_core::imp`
[INFO] [stdout] 
[INFO] [stdout] 
[INFO] [stdout] error[E0425]: cannot find function `submit` in crate `windows_threading`
[INFO] [stdout]    --> /opt/rustwide/cargo-home/registry/src/index.crates.io-1949cf8c6b5b557f/windows-future-0.3.2/src/async_spawn.rs:264:28
[INFO] [stdout]     |
[INFO] [stdout] 264 |         windows_threading::submit(move || {
[INFO] [stdout]     |                            ^^^^^^ not found in `windows_threading`
[INFO] [stdout] 
[INFO] [stdout] 
[INFO] [stdout] error[E0425]: cannot find function `submit` in crate `windows_threading`
[INFO] [stdout]    --> /opt/rustwide/cargo-home/registry/src/index.crates.io-1949cf8c6b5b557f/windows-future-0.3.2/src/async_spawn.rs:281:28
[INFO] [stdout]     |
[INFO] [stdout] 281 |         windows_threading::submit(move || {
[INFO] [stdout]     |                            ^^^^^^ not found in `windows_threading`
[INFO] [stdout] 
[INFO] [stdout] 
[INFO] [stdout] error[E0425]: cannot find function `submit` in crate `windows_threading`
[INFO] [stdout]    --> /opt/rustwide/cargo-home/registry/src/index.crates.io-1949cf8c6b5b557f/windows-future-0.3.2/src/async_spawn.rs:298:28
[INFO] [stdout]     |
[INFO] [stdout] 298 |         windows_threading::submit(move || {
[INFO] [stdout]     |                            ^^^^^^ not found in `windows_threading`
[INFO] [stdout] 
[INFO] [stdout] 
[INFO] [stdout] error[E0425]: cannot find function `submit` in crate `windows_threading`
[INFO] [stdout]    --> /opt/rustwide/cargo-home/registry/src/index.crates.io-1949cf8c6b5b557f/windows-future-0.3.2/src/async_spawn.rs:315:28
[INFO] [stdout]     |
[INFO] [stdout] 315 |         windows_threading::submit(move || {
[INFO] [stdout]     |                            ^^^^^^ not found in `windows_threading`
[INFO] [stdout] 
[INFO] [stdout] 
[INFO] [stderr]     Checking rand v0.10.2
[INFO] [stderr]     Checking url v2.5.8
[INFO] [stderr]    Compiling zvariant_derive v5.15.0
[INFO] [stdout] For more information about this error, try `rustc --explain E0425`.
[INFO] [stdout] 
[INFO] [stderr] error: could not compile `windows-future` (lib) due to 16 previous errors
[INFO] [stderr] warning: build failed, waiting for other jobs to finish...
[INFO] running `Command { std: "docker" "inspect" "a2bd0d5c124277ee88a6feb4076d341912e7ccfe47bedbabc8784619411af4f2", kill_on_drop: false }`
[INFO] running `Command { std: "docker" "rm" "-f" "a2bd0d5c124277ee88a6feb4076d341912e7ccfe47bedbabc8784619411af4f2", kill_on_drop: false }`
[INFO] [stdout] a2bd0d5c124277ee88a6feb4076d341912e7ccfe47bedbabc8784619411af4f2
