[INFO] cloning repository https://github.com/Martomate/qoi
[INFO] running `Command { std: "git" "-c" "credential.helper=" "-c" "credential.helper=/workspace/cargo-home/bin/git-credential-null" "clone" "--bare" "https://github.com/Martomate/qoi" "/workspace/cache/git-repos/https%3A%2F%2Fgithub.com%2FMartomate%2Fqoi", kill_on_drop: false }`
[INFO] [stderr] Cloning into bare repository '/workspace/cache/git-repos/https%3A%2F%2Fgithub.com%2FMartomate%2Fqoi'...
[INFO] running `Command { std: "git" "rev-parse" "HEAD", kill_on_drop: false }`
[INFO] [stdout] 13df554e52d32d2fff017ce3861a5523d55a46e6
[INFO] checking Martomate/qoi against 3154cc1a3e6424e44f438a95007d043ed5ceaaf6+rustflags=-Znext-solver=coherence for pr-133502-30
[INFO] running `Command { std: "git" "clone" "/workspace/cache/git-repos/https%3A%2F%2Fgithub.com%2FMartomate%2Fqoi" "/workspace/builds/worker-0-tc1/source", kill_on_drop: false }`
[INFO] [stderr] Cloning into '/workspace/builds/worker-0-tc1/source'...
[INFO] [stderr] done.
[INFO] removed /workspace/builds/worker-0-tc1/source/.cargo/config.toml
[INFO] started tweaking git repo https://github.com/Martomate/qoi
[INFO] removed 0 missing tests
[INFO] finished tweaking git repo https://github.com/Martomate/qoi
[INFO] tweaked toml for git repo https://github.com/Martomate/qoi written to /workspace/builds/worker-0-tc1/source/Cargo.toml
[INFO] validating manifest of git repo https://github.com/Martomate/qoi on toolchain 3154cc1a3e6424e44f438a95007d043ed5ceaaf6
[INFO] running `Command { std: CARGO_HOME="/workspace/cargo-home" RUSTUP_HOME="/workspace/rustup-home" "/workspace/cargo-home/bin/cargo" "+3154cc1a3e6424e44f438a95007d043ed5ceaaf6" "metadata" "--manifest-path" "Cargo.toml" "--no-deps", kill_on_drop: false }`
[INFO] crate git repo https://github.com/Martomate/qoi already has a lockfile, it will not be regenerated
[INFO] running `Command { std: CARGO_HOME="/workspace/cargo-home" RUSTUP_HOME="/workspace/rustup-home" "/workspace/cargo-home/bin/cargo" "+3154cc1a3e6424e44f438a95007d043ed5ceaaf6" "fetch" "--manifest-path" "Cargo.toml", kill_on_drop: false }`
[INFO] [stderr]     Updating crates.io index
[INFO] [stderr]     Updating git repository `https://github.com/aldanor/qoi-rust`
[INFO] [stderr]     Updating git submodule `https://github.com/phoboslab/qoi.git`
[INFO] [stderr]  Downloading crates ...
[INFO] [stderr]   Downloaded bytemuck v1.23.1
[INFO] [stderr]   Downloaded zune-jpeg v0.4.17
[INFO] [stderr]   Downloaded dyntest v0.2.2
[INFO] [stderr]   Downloaded profiling v1.0.16
[INFO] [stderr]   Downloaded ravif v0.11.12
[INFO] [stderr]   Downloaded avif-serialize v0.8.3
[INFO] [stderr]   Downloaded profiling-procmacros v1.0.16
[INFO] [stderr]   Downloaded globset v0.4.16
[INFO] [stderr]   Downloaded built v0.7.7
[INFO] [stderr]   Downloaded bitstream-io v2.6.0
[INFO] [stderr]   Downloaded arbitrary v1.4.1
[INFO] [stderr]   Downloaded image-webp v0.2.2
[INFO] [stderr]   Downloaded bumpalo v3.18.1
[INFO] [stderr]   Downloaded cc v1.2.27
[INFO] [stderr]   Downloaded libfuzzer-sys v0.4.9
[INFO] [stderr]   Downloaded hashbrown v0.15.4
[INFO] [stderr]   Downloaded winnow v0.7.11
[INFO] [stderr]   Downloaded image v0.25.6
[INFO] [stderr]   Downloaded syn v2.0.103
[INFO] [stderr]   Downloaded bstr v1.12.0
[INFO] [stderr]   Downloaded rav1e v0.7.1
[INFO] running `Command { std: "docker" "create" "-v" "/var/lib/crater-agent-workspace/builds/worker-0-tc1/source:/opt/rustwide/workdir:ro,Z" "-v" "/var/lib/crater-agent-workspace/builds/worker-0-tc1/target:/opt/rustwide/target:rw,Z" "-v" "/var/lib/crater-agent-workspace/cargo-home:/opt/rustwide/cargo-home:ro,Z" "-v" "/var/lib/crater-agent-workspace/rustup-home:/opt/rustwide/rustup-home:ro,Z" "-m" "1610612736" "--network" "none" "ghcr.io/rust-lang/crates-build-env/linux@sha256:77db811e55d90add9212f6832c23229e3de5f1c1f9905e8cb07319ea15df73ac" "sleep" "infinity", kill_on_drop: false }`
[INFO] [stdout] b776788b8185839c5fdbc4cb8be151b0389495b053f2013eda112a3ef87830d5
[INFO] running `Command { std: "docker" "start" "b776788b8185839c5fdbc4cb8be151b0389495b053f2013eda112a3ef87830d5", kill_on_drop: false }`
[INFO] running `Command { std: "docker" "inspect" "b776788b8185839c5fdbc4cb8be151b0389495b053f2013eda112a3ef87830d5", kill_on_drop: false }`
[INFO] running `Command { std: "docker" "exec" "-e" "SOURCE_DIR=/opt/rustwide/workdir" "-e" "CARGO_HOME=/opt/rustwide/cargo-home" "-e" "RUSTUP_HOME=/opt/rustwide/rustup-home" "-e" "CARGO_TARGET_DIR=/opt/rustwide/target" "-w" "/opt/rustwide/workdir" "--user" "0:0" "b776788b8185839c5fdbc4cb8be151b0389495b053f2013eda112a3ef87830d5" "/opt/rustwide/cargo-home/bin/cargo" "+3154cc1a3e6424e44f438a95007d043ed5ceaaf6" "metadata" "--no-deps" "--format-version=1", kill_on_drop: false }`
[INFO] running `Command { std: "docker" "inspect" "b776788b8185839c5fdbc4cb8be151b0389495b053f2013eda112a3ef87830d5", kill_on_drop: false }`
[INFO] running `Command { std: "docker" "exec" "-e" "SOURCE_DIR=/opt/rustwide/workdir" "-e" "CARGO_HOME=/opt/rustwide/cargo-home" "-e" "RUSTUP_HOME=/opt/rustwide/rustup-home" "-e" "CARGO_TARGET_DIR=/opt/rustwide/target" "-e" "CARGO_INCREMENTAL=0" "-e" "RUST_BACKTRACE=full" "-e" "RUSTFLAGS=--cap-lints=forbid -Znext-solver=coherence" "-e" "RUSTDOCFLAGS=--cap-lints=forbid" "-w" "/opt/rustwide/workdir" "--user" "0:0" "b776788b8185839c5fdbc4cb8be151b0389495b053f2013eda112a3ef87830d5" "/opt/rustwide/cargo-home/bin/cargo" "+3154cc1a3e6424e44f438a95007d043ed5ceaaf6" "check" "--frozen" "--all" "--all-targets" "--message-format=json", kill_on_drop: false }`
[INFO] [stderr]    Compiling proc-macro2 v1.0.95
[INFO] [stderr]    Compiling unicode-ident v1.0.18
[INFO] [stderr]     Checking cfg-if v1.0.1
[INFO] [stderr]     Checking memchr v2.7.5
[INFO] [stderr]    Compiling crossbeam-utils v0.8.21
[INFO] [stderr]    Compiling num-traits v0.2.19
[INFO] [stderr]     Checking log v0.4.27
[INFO] [stderr]     Checking adler2 v2.0.1
[INFO] [stderr]     Checking either v1.15.0
[INFO] [stderr]    Compiling anyhow v1.0.98
[INFO] [stderr]     Checking miniz_oxide v0.8.9
[INFO] [stderr]    Compiling built v0.7.7
[INFO] [stderr]    Compiling libc v0.2.174
[INFO] [stderr]     Checking crossbeam-epoch v0.9.18
[INFO] [stderr]     Checking crc32fast v1.4.2
[INFO] [stderr]     Checking flate2 v1.1.2
[INFO] [stderr]     Checking itertools v0.12.1
[INFO] [stderr]    Compiling rav1e v0.7.1
[INFO] [stderr]     Checking nom v7.1.3
[INFO] [stderr]    Compiling quote v1.0.40
[INFO] [stderr]     Checking crossbeam-deque v0.8.6
[INFO] [stderr]     Checking num-integer v0.1.46
[INFO] [stderr]     Checking aho-corasick v1.1.3
[INFO] [stderr]     Checking quick-error v2.0.1
[INFO] [stderr]    Compiling syn v2.0.103
[INFO] [stderr]     Checking rayon-core v1.12.1
[INFO] [stderr]    Compiling simd_helpers v0.1.0
[INFO] [stderr]     Checking num-bigint v0.4.6
[INFO] [stderr]     Checking bytemuck v1.23.1
[INFO] [stderr]     Checking bitstream-io v2.6.0
[INFO] [stderr]     Checking rayon v1.10.0
[INFO] [stderr]    Compiling noop_proc_macro v0.3.0
[INFO] [stderr]     Checking weezl v0.1.10
[INFO] [stderr]     Checking new_debug_unreachable v1.0.6
[INFO] [stderr]     Checking regex-syntax v0.8.5
[INFO] [stderr]     Checking loop9 v0.1.5
[INFO] [stderr]     Checking bstr v1.12.0
[INFO] [stderr]     Checking avif-serialize v0.8.3
[INFO] [stderr]     Checking half v2.6.0
[INFO] [stderr]     Checking zune-inflate v0.2.54
[INFO] [stderr]     Checking zune-core v0.4.12
[INFO] [stderr]     Checking rgb v0.8.50
[INFO] [stderr]     Checking lebe v0.5.2
[INFO] [stderr]     Checking num-rational v0.4.2
[INFO] [stderr]     Checking bit_field v0.10.2
[INFO] [stderr]     Checking same-file v1.0.6
[INFO] [stderr]     Checking smallvec v1.15.1
[INFO] [stderr]     Checking zune-jpeg v0.4.17
[INFO] [stderr]     Checking walkdir v2.5.0
[INFO] [stderr]     Checking exr v1.73.0
[INFO] [stderr]     Checking gif v0.13.1
[INFO] [stderr]     Checking tiff v0.9.1
[INFO] [stderr]     Checking png v0.17.16
[INFO] [stderr]     Checking regex-automata v0.4.9
[INFO] [stderr]     Checking image-webp v0.2.2
[INFO] [stderr]     Checking qoi v0.4.1
[INFO] [stderr]     Checking qoi v0.4.1 (https://github.com/aldanor/qoi-rust#e5530cd5)
[INFO] [stderr]     Checking qoi v0.1.0 (/opt/rustwide/workdir)
[INFO] [stderr]     Checking maybe-rayon v0.1.1
[INFO] [stderr]    Compiling equator-macro v0.4.2
[INFO] [stderr]    Compiling thiserror-impl v1.0.69
[INFO] [stderr]    Compiling profiling-procmacros v1.0.16
[INFO] [stderr]    Compiling num-derive v0.4.2
[INFO] [stderr]    Compiling arg_enum_proc_macro v0.3.4
[INFO] [stderr]     Checking globset v0.4.16
[INFO] [stderr]     Checking profiling v1.0.16
[INFO] [stderr]     Checking dyntest v0.2.2
[INFO] [stdout] error[E0277]: a value of type `&[&TestDescAndFn]` cannot be built from an iterator over elements of type `TestDescAndFn`
[INFO] [stdout]   --> /opt/rustwide/cargo-home/registry/src/index.crates.io-1949cf8c6b5b557f/dyntest-0.2.2/src/lib.rs:61:53
[INFO] [stdout]    |
[INFO] [stdout] 61 |   let tests = tester.tests.into_iter().map(|x| x.0).collect();
[INFO] [stdout]    |                                                     ^^^^^^^ value of type `&[&TestDescAndFn]` cannot be built from `std::iter::Iterator<Item=TestDescAndFn>`
[INFO] [stdout]    |
[INFO] [stdout]    = help: the trait `FromIterator<TestDescAndFn>` is not implemented for `&[&TestDescAndFn]`
[INFO] [stdout] note: the method call chain might not have had the expected associated types
[INFO] [stdout]   --> /opt/rustwide/cargo-home/registry/src/index.crates.io-1949cf8c6b5b557f/dyntest-0.2.2/src/lib.rs:61:40
[INFO] [stdout]    |
[INFO] [stdout] 61 |   let tests = tester.tests.into_iter().map(|x| x.0).collect();
[INFO] [stdout]    |               ------------ ----------- ^^^^^^^^^^^^ `Iterator::Item` changed to `TestDescAndFn` here
[INFO] [stdout]    |               |            |
[INFO] [stdout]    |               |            `Iterator::Item` is `DynTest` here
[INFO] [stdout]    |               this expression has type `Vec<DynTest>`
[INFO] [stdout] note: required by a bound in `collect`
[INFO] [stdout]   --> /rustc/3154cc1a3e6424e44f438a95007d043ed5ceaaf6/library/core/src/iter/traits/iterator.rs:2087:4
[INFO] [stdout] 
[INFO] [stdout] 
[INFO] [stdout] error[E0061]: this function takes 2 arguments but 3 arguments were supplied
[INFO] [stdout]   --> /opt/rustwide/cargo-home/registry/src/index.crates.io-1949cf8c6b5b557f/dyntest-0.2.2/src/lib.rs:62:3
[INFO] [stdout]    |
[INFO] [stdout] 62 |   test_main(&args, tests, None)
[INFO] [stdout]    |   ^^^^^^^^^               ---- unexpected argument #3 of type `Option<_>`
[INFO] [stdout]    |
[INFO] [stdout] note: function defined here
[INFO] [stdout]   --> /rustc/3154cc1a3e6424e44f438a95007d043ed5ceaaf6/library/test/src/lib.rs:96:7
[INFO] [stdout] help: remove the extra argument
[INFO] [stdout]    |
[INFO] [stdout] 62 -   test_main(&args, tests, None)
[INFO] [stdout] 62 +   test_main(&args, tests)
[INFO] [stdout]    |
[INFO] [stdout] 
[INFO] [stdout] 
[INFO] [stdout] error[E0308]: mismatched types
[INFO] [stdout]   --> /opt/rustwide/cargo-home/registry/src/index.crates.io-1949cf8c6b5b557f/dyntest-0.2.2/src/lib.rs:62:3
[INFO] [stdout]    |
[INFO] [stdout] 62 |   test_main(&args, tests, None)
[INFO] [stdout]    |   ^^^^^^^^^^^^^^^^^^^^^^^^^^^^^ expected `()`, found `ExitCode`
[INFO] [stdout]    |
[INFO] [stdout] help: consider using a semicolon here
[INFO] [stdout]    |
[INFO] [stdout] 62 |   test_main(&args, tests, None);
[INFO] [stdout]    |                                +
[INFO] [stdout] help: try adding a return type
[INFO] [stdout]    |
[INFO] [stdout] 44 | ) -> ExitCode {
[INFO] [stdout]    |   +++++++++++
[INFO] [stdout] 
[INFO] [stdout] 
[INFO] [stdout] error[E0308]: mismatched types
[INFO] [stdout]   --> /opt/rustwide/cargo-home/registry/src/index.crates.io-1949cf8c6b5b557f/dyntest-0.2.2/src/lib.rs:99:33
[INFO] [stdout]    |
[INFO] [stdout] 99 |       testfn: TestFn::DynTestFn(Box::new(|| test::assert_test_result(f()))),
[INFO] [stdout]    |               ----------------- ^^^^^^^^^^^^^^^^^^^^^^^^^^^^^^^^^^^^^^^^^^ expected `Arc<dyn Fn() -> _ + Send + Sync>`, found `Box<{closure@lib.rs:99:42}>`
[INFO] [stdout]    |               |
[INFO] [stdout]    |               arguments to this enum variant are incorrect
[INFO] [stdout]    |
[INFO] [stdout]    = note: expected struct `Arc<(dyn Fn() -> Result<(), String> + Send + Sync + 'static)>`
[INFO] [stdout]               found struct `Box<{closure@/opt/rustwide/cargo-home/registry/src/index.crates.io-1949cf8c6b5b557f/dyntest-0.2.2/src/lib.rs:99:42: 99:44}>`
[INFO] [stdout] note: tuple variant defined here
[INFO] [stdout]   --> /rustc/3154cc1a3e6424e44f438a95007d043ed5ceaaf6/library/test/src/types.rs:90:4
[INFO] [stdout] 
[INFO] [stdout] 
[INFO] [stdout] Some errors have detailed explanations: E0061, E0277, E0308.
[INFO] [stdout] 
[INFO] [stdout] For more information about an error, try `rustc --explain E0061`.
[INFO] [stdout] 
[INFO] [stderr] error: could not compile `dyntest` (lib) due to 4 previous errors
[INFO] [stderr] warning: build failed, waiting for other jobs to finish...
[INFO] running `Command { std: "docker" "inspect" "b776788b8185839c5fdbc4cb8be151b0389495b053f2013eda112a3ef87830d5", kill_on_drop: false }`
[INFO] running `Command { std: "docker" "rm" "-f" "b776788b8185839c5fdbc4cb8be151b0389495b053f2013eda112a3ef87830d5", kill_on_drop: false }`
[INFO] [stdout] b776788b8185839c5fdbc4cb8be151b0389495b053f2013eda112a3ef87830d5
