[INFO] cloning repository https://github.com/Martlet-Tech/vaim
[INFO] running `Command { std: "git" "-c" "credential.helper=" "-c" "credential.helper=/workspace/cargo-home/bin/git-credential-null" "clone" "--bare" "https://github.com/Martlet-Tech/vaim" "/workspace/cache/git-repos/https%3A%2F%2Fgithub.com%2FMartlet-Tech%2Fvaim", kill_on_drop: false }`
[INFO] [stderr] Cloning into bare repository '/workspace/cache/git-repos/https%3A%2F%2Fgithub.com%2FMartlet-Tech%2Fvaim'...
[INFO] running `Command { std: "git" "rev-parse" "HEAD", kill_on_drop: false }`
[INFO] [stdout] 42ce749fdab4a919ec6048ded3b136eef28c3eb1
[INFO] checking Martlet-Tech/vaim against 3154cc1a3e6424e44f438a95007d043ed5ceaaf6+rustflags=-Znext-solver=coherence for pr-133502-30
[INFO] running `Command { std: "git" "clone" "/workspace/cache/git-repos/https%3A%2F%2Fgithub.com%2FMartlet-Tech%2Fvaim" "/workspace/builds/worker-6-tc1/source", kill_on_drop: false }`
[INFO] [stderr] Cloning into '/workspace/builds/worker-6-tc1/source'...
[INFO] [stderr] done.
[INFO] started tweaking git repo https://github.com/Martlet-Tech/vaim
[INFO] finished tweaking git repo https://github.com/Martlet-Tech/vaim
[INFO] tweaked toml for git repo https://github.com/Martlet-Tech/vaim written to /workspace/builds/worker-6-tc1/source/Cargo.toml
[INFO] validating manifest of git repo https://github.com/Martlet-Tech/vaim on toolchain 3154cc1a3e6424e44f438a95007d043ed5ceaaf6
[INFO] running `Command { std: CARGO_HOME="/workspace/cargo-home" RUSTUP_HOME="/workspace/rustup-home" "/workspace/cargo-home/bin/cargo" "+3154cc1a3e6424e44f438a95007d043ed5ceaaf6" "metadata" "--manifest-path" "Cargo.toml" "--no-deps", kill_on_drop: false }`
[INFO] crate git repo https://github.com/Martlet-Tech/vaim already has a lockfile, it will not be regenerated
[INFO] running `Command { std: CARGO_HOME="/workspace/cargo-home" RUSTUP_HOME="/workspace/rustup-home" "/workspace/cargo-home/bin/cargo" "+3154cc1a3e6424e44f438a95007d043ed5ceaaf6" "fetch" "--manifest-path" "Cargo.toml", kill_on_drop: false }`
[INFO] [stderr] warning: unused workspace dependency `postcard`
[INFO] [stderr]   --> Cargo.toml:31:25
[INFO] [stderr]    |
[INFO] [stderr] 31 | [workspace.dependencies.postcard]
[INFO] [stderr]    |                         ^^^^^^^^
[INFO] [stderr]    |
[INFO] [stderr]    = note: `cargo::unused_workspace_dependencies` is set to `warn` by default
[INFO] [stderr] help: consider removing the workspace dependency `postcard`
[INFO] [stderr] warning: workspace (manifest) generated 1 warning
[INFO] [stderr]     Updating crates.io index
[INFO] [stderr]  Downloading crates ...
[INFO] [stderr]   Downloaded eframe v0.36.1
[INFO] [stderr]   Downloaded redox_syscall v0.9.2
[INFO] [stderr]   Downloaded font-types v0.12.3
[INFO] [stderr]   Downloaded egui_glow v0.36.1
[INFO] [stderr]   Downloaded egui-winit v0.36.1
[INFO] [stderr]   Downloaded winres v0.1.12
[INFO] running `Command { std: "docker" "create" "-v" "/var/lib/crater-agent-workspace/builds/worker-6-tc1/source:/opt/rustwide/workdir:ro,Z" "-v" "/var/lib/crater-agent-workspace/builds/worker-6-tc1/target:/opt/rustwide/target:rw,Z" "-v" "/var/lib/crater-agent-workspace/cargo-home:/opt/rustwide/cargo-home:ro,Z" "-v" "/var/lib/crater-agent-workspace/rustup-home:/opt/rustwide/rustup-home:ro,Z" "-m" "1610612736" "--network" "none" "ghcr.io/rust-lang/crates-build-env/linux@sha256:77db811e55d90add9212f6832c23229e3de5f1c1f9905e8cb07319ea15df73ac" "sleep" "infinity", kill_on_drop: false }`
[INFO] [stdout] 9993906f968b0c586975e4a7ad34fcef3731ed75bf835d288c0bc7935e72c2c7
[INFO] running `Command { std: "docker" "start" "9993906f968b0c586975e4a7ad34fcef3731ed75bf835d288c0bc7935e72c2c7", kill_on_drop: false }`
[INFO] running `Command { std: "docker" "inspect" "9993906f968b0c586975e4a7ad34fcef3731ed75bf835d288c0bc7935e72c2c7", kill_on_drop: false }`
[INFO] running `Command { std: "docker" "exec" "-e" "SOURCE_DIR=/opt/rustwide/workdir" "-e" "CARGO_HOME=/opt/rustwide/cargo-home" "-e" "RUSTUP_HOME=/opt/rustwide/rustup-home" "-e" "CARGO_TARGET_DIR=/opt/rustwide/target" "-w" "/opt/rustwide/workdir" "--user" "0:0" "9993906f968b0c586975e4a7ad34fcef3731ed75bf835d288c0bc7935e72c2c7" "/opt/rustwide/cargo-home/bin/cargo" "+3154cc1a3e6424e44f438a95007d043ed5ceaaf6" "metadata" "--no-deps" "--format-version=1", kill_on_drop: false }`
[INFO] running `Command { std: "docker" "inspect" "9993906f968b0c586975e4a7ad34fcef3731ed75bf835d288c0bc7935e72c2c7", kill_on_drop: false }`
[INFO] running `Command { std: "docker" "exec" "-e" "SOURCE_DIR=/opt/rustwide/workdir" "-e" "CARGO_HOME=/opt/rustwide/cargo-home" "-e" "RUSTUP_HOME=/opt/rustwide/rustup-home" "-e" "CARGO_TARGET_DIR=/opt/rustwide/target" "-e" "CARGO_INCREMENTAL=0" "-e" "RUST_BACKTRACE=full" "-e" "RUSTFLAGS=--cap-lints=forbid -Znext-solver=coherence" "-e" "RUSTDOCFLAGS=--cap-lints=forbid" "-w" "/opt/rustwide/workdir" "--user" "0:0" "9993906f968b0c586975e4a7ad34fcef3731ed75bf835d288c0bc7935e72c2c7" "/opt/rustwide/cargo-home/bin/cargo" "+3154cc1a3e6424e44f438a95007d043ed5ceaaf6" "check" "--frozen" "--all" "--all-targets" "--message-format=json", kill_on_drop: false }`
[INFO] [stderr] warning: unused workspace dependency `postcard`
[INFO] [stderr]   --> Cargo.toml:31:25
[INFO] [stderr]    |
[INFO] [stderr] 31 | [workspace.dependencies.postcard]
[INFO] [stderr]    |                         ^^^^^^^^
[INFO] [stderr]    |
[INFO] [stderr]    = note: `cargo::unused_workspace_dependencies` is set to `warn` by default
[INFO] [stderr] help: consider removing the workspace dependency `postcard`
[INFO] [stderr] warning: workspace (manifest) generated 1 warning
[INFO] [stderr]    Compiling serde v1.0.229
[INFO] [stderr]    Compiling rustix v1.1.4
[INFO] [stderr]     Checking linux-raw-sys v0.12.1
[INFO] [stderr]    Compiling bytemuck_derive v1.12.0
[INFO] [stderr]    Compiling serde_core v1.0.229
[INFO] [stderr]     Checking windows-core v0.62.2
[INFO] [stderr]    Compiling wayland-sys v0.31.11
[INFO] [stderr]     Checking core_maths v0.1.1
[INFO] [stderr]    Compiling num-traits v0.2.19
[INFO] [stderr]    Compiling wayland-backend v0.3.17
[INFO] [stderr]    Compiling cfg_aliases v0.2.2
[INFO] [stderr]     Checking memmap2 v0.9.11
[INFO] [stderr]     Checking ttf-parser v0.25.1
[INFO] [stderr]    Compiling crossbeam-utils v0.8.22
[INFO] [stderr]     Checking strict-num v0.1.1
[INFO] [stderr]    Compiling serde_json v1.0.151
[INFO] [stderr]     Checking linebender_resource_handle v0.1.1
[INFO] [stderr]     Checking simd-adler32 v0.3.10
[INFO] [stderr]    Compiling zerocopy v0.8.56
[INFO] [stderr]     Checking iuv-data v0.1.0 (/opt/rustwide/workdir/crates/iuv-data)
[INFO] [stderr]     Checking tracing-core v0.1.36
[INFO] [stderr]     Checking miniz_oxide v0.8.9
[INFO] [stderr]     Checking concurrent-queue v2.5.0
[INFO] [stderr]     Checking bytemuck v1.25.2
[INFO] [stderr]     Checking tracing v0.1.44
[INFO] [stderr]     Checking hashbrown v0.17.1
[INFO] [stderr]     Checking font-types v0.12.3
[INFO] [stderr]     Checking flate2 v1.1.9
[INFO] [stderr]     Checking iuv-core v0.1.0 (/opt/rustwide/workdir/crates/iuv-core)
[INFO] [stderr]     Checking fdeflate v0.3.7
[INFO] [stderr]     Checking read-fonts v0.41.0
[INFO] [stderr]    Compiling zerovec-derive v0.11.4
[INFO] [stderr]     Checking self_cell v1.3.0
[INFO] [stderr]     Checking unicode-segmentation v1.13.3
[INFO] [stderr]     Checking zvariant_utils v4.0.0
[INFO] [stderr]     Checking png v0.18.1
[INFO] [stderr]     Checking enumflags2 v0.7.12
[INFO] [stderr]     Checking zcheapstr v1.1.0
[INFO] [stderr]     Checking uuid v1.24.1
[INFO] [stderr]     Checking hashbrown v0.16.1
[INFO] [stderr]     Checking font-types v0.11.3
[INFO] [stderr]     Checking zerovec v0.11.7
[INFO] [stderr]    Compiling slotmap v1.1.1
[INFO] [stderr]     Checking rustc-hash v2.1.3
[INFO] [stderr]     Checking async-channel v2.5.0
[INFO] [stderr]     Checking read-fonts v0.37.0
[INFO] [stderr]    Compiling rustix v0.38.44
[INFO] [stderr]     Checking roxmltree v0.20.0
[INFO] [stderr]     Checking tinyvec v1.12.0
[INFO] [stderr]     Checking fontconfig-parser v0.5.8
[INFO] [stderr]     Checking tinystr v0.8.4
[INFO] [stderr]    Compiling zvariant_derive v5.14.0
[INFO] [stderr]     Checking parking_lot v0.12.5
[INFO] [stderr]     Checking indexmap v2.14.0
[INFO] [stderr]     Checking cobs v0.3.0
[INFO] [stderr]     Checking yazi v0.2.1
[INFO] [stderr]     Checking rustc-hash v1.1.0
[INFO] [stderr]    Compiling getrandom v0.3.4
[INFO] [stderr]     Checking xcursor v0.3.11
[INFO] [stderr]     Checking xkeysym v0.2.1
[INFO] [stderr]     Checking cursor-icon v1.2.0
[INFO] [stderr]    Compiling zvariant v5.14.0
[INFO] [stderr]     Checking zeno v0.3.3
[INFO] [stderr]     Checking linux-raw-sys v0.4.15
[INFO] [stderr]     Checking icu_locale_core v2.3.0
[INFO] [stderr]     Checking naga-types v30.0.0
[INFO] [stderr]     Checking fontdb v0.23.0
[INFO] [stderr]     Checking postcard v1.1.3
[INFO] [stderr]     Checking polling v3.11.0
[INFO] [stderr]     Checking async-io v2.6.0
[INFO] [stderr]     Checking potential_utf v0.1.6
[INFO] [stderr]     Checking blocking v1.6.2
[INFO] [stderr]     Checking async-executor v1.14.0
[INFO] [stderr]     Checking async-signal v0.2.14
[INFO] [stderr]     Checking async-process v2.5.0
[INFO] [stderr]     Checking tiny-skia-path v0.12.0
[INFO] [stderr]     Checking wayland-client v0.31.15
[INFO] [stderr]     Checking wayland-csd-frame v0.3.0
[INFO] [stderr]    Compiling naga v30.0.0
[INFO] [stderr]    Compiling ahash v0.8.12
[INFO] [stderr]     Checking polycool v0.4.0
[INFO] [stderr]     Checking zbus_names v4.3.4
[INFO] [stderr]     Checking sys-locale v0.3.2
[INFO] [stderr]     Checking unicode-bidi v0.3.18
[INFO] [stderr]     Checking smol_str v0.3.6
[INFO] [stderr]     Checking zbus_xml v5.2.1
[INFO] [stderr]     Checking unicode-linebreak v0.1.5
[INFO] [stderr]    Compiling siphasher v1.0.3
[INFO] [stderr]     Checking unicode-script v0.5.8
[INFO] [stderr]     Checking bit-vec v0.9.1
[INFO] [stderr]    Compiling zbus_macros v5.19.0
[INFO] [stderr]     Checking unicode-width v0.2.2
[INFO] [stderr]     Checking skrifa v0.44.0
[INFO] [stderr]     Checking wayland-protocols v0.32.13
[INFO] [stderr]     Checking wayland-cursor v0.31.14
[INFO] [stderr]     Checking profiling v1.0.18
[INFO] [stderr]    Compiling ash v0.38.0+1.3.281
[INFO] [stderr]     Checking rangemap v1.8.0
[INFO] [stderr]     Checking codespan-reporting v0.13.1
[INFO] [stderr]     Checking zbus-lockstep v0.5.2
[INFO] [stderr]     Checking bit-set v0.10.0
[INFO] [stderr]    Compiling phf_shared v0.13.1
[INFO] [stderr]     Checking skrifa v0.40.0
[INFO] [stderr]     Checking harfrust v0.5.2
[INFO] [stderr]     Checking kurbo v0.13.1
[INFO] [stderr]    Compiling zbus-lockstep-macros v0.5.2
[INFO] [stderr]     Checking calloop v0.13.0
[INFO] [stderr]     Checking icu_collections v2.3.0
[INFO] [stderr]     Checking tiny-skia v0.12.0
[INFO] [stderr]     Checking icu_provider v2.3.0
[INFO] [stderr]     Checking half v2.7.1
[INFO] [stderr]     Checking accesskit v0.24.1
[INFO] [stderr]     Checking color v0.3.3
[INFO] [stderr]     Checking euclid v0.22.14
[INFO] [stderr]     Checking swash v0.2.10
[INFO] [stderr]     Checking spirv v0.4.0+sdk-1.4.341.0
[INFO] [stderr]    Compiling khronos-egl v6.0.0
[INFO] [stderr]    Compiling smithay-client-toolkit v0.19.2
[INFO] [stderr]    Compiling fastrand v2.5.0
[INFO] [stderr]     Checking guillotiere v0.7.0
[INFO] [stderr]     Checking windows-future v0.3.2
[INFO] [stderr]     Checking zbus v5.19.0
[INFO] [stderr]    Compiling phf_generator v0.13.1
[INFO] [stderr]     Checking peniko v0.6.1
[INFO] [stderr]     Checking calloop-wayland-source v0.3.0
[INFO] [stdout] error[E0425]: cannot find type `IMarshal` in module `windows_core::imp`
[INFO] [stdout]   --> /opt/rustwide/cargo-home/registry/src/index.crates.io-1949cf8c6b5b557f/windows-future-0.3.2/src/bindings.rs:87:51
[INFO] [stdout]    |
[INFO] [stdout] 87 |             } else if *iid == <windows_core::imp::IMarshal as windows_core::Interface>::IID {
[INFO] [stdout]    |                                                   ^^^^^^^^ not found in `windows_core::imp`
[INFO] [stdout] 
[INFO] [stdout] 
[INFO] [stdout] error[E0425]: cannot find function `marshaler` in module `windows_core::imp`
[INFO] [stdout]   --> /opt/rustwide/cargo-home/registry/src/index.crates.io-1949cf8c6b5b557f/windows-future-0.3.2/src/bindings.rs:89:43
[INFO] [stdout]    |
[INFO] [stdout] 89 |                 return windows_core::imp::marshaler(
[INFO] [stdout]    |                                           ^^^^^^^^^ not found in `windows_core::imp`
[INFO] [stdout] 
[INFO] [stdout] 
[INFO] [stdout] error[E0425]: cannot find type `IMarshal` in module `windows_core::imp`
[INFO] [stdout]    --> /opt/rustwide/cargo-home/registry/src/index.crates.io-1949cf8c6b5b557f/windows-future-0.3.2/src/bindings.rs:255:51
[INFO] [stdout]     |
[INFO] [stdout] 255 |             } else if *iid == <windows_core::imp::IMarshal as windows_core::Interface>::IID {
[INFO] [stdout]     |                                                   ^^^^^^^^ not found in `windows_core::imp`
[INFO] [stdout] 
[INFO] [stdout] 
[INFO] [stdout] error[E0425]: cannot find function `marshaler` in module `windows_core::imp`
[INFO] [stdout]    --> /opt/rustwide/cargo-home/registry/src/index.crates.io-1949cf8c6b5b557f/windows-future-0.3.2/src/bindings.rs:257:43
[INFO] [stdout]     |
[INFO] [stdout] 257 |                 return windows_core::imp::marshaler(
[INFO] [stdout]     |                                           ^^^^^^^^^ not found in `windows_core::imp`
[INFO] [stdout] 
[INFO] [stdout] 
[INFO] [stdout] error[E0425]: cannot find type `IMarshal` in module `windows_core::imp`
[INFO] [stdout]    --> /opt/rustwide/cargo-home/registry/src/index.crates.io-1949cf8c6b5b557f/windows-future-0.3.2/src/bindings.rs:422:364
[INFO] [stdout]     |
[INFO] [stdout] 422 | ... _ } else if * iid == < windows_core::imp::IMarshal as windows_core::Interface >::IID { ( * this ) . count . add_ref ( ) ; retur...
[INFO] [stdout]     |                                               ^^^^^^^^ not found in `windows_core::imp`
[INFO] [stdout] 
[INFO] [stdout] 
[INFO] [stdout] error[E0425]: cannot find function `marshaler` in module `windows_core::imp`
[INFO] [stdout]    --> /opt/rustwide/cargo-home/registry/src/index.crates.io-1949cf8c6b5b557f/windows-future-0.3.2/src/bindings.rs:422:470
[INFO] [stdout]     |
[INFO] [stdout] 422 | ... . add_ref ( ) ; return windows_core::imp::marshaler ( core::mem::transmute ( & mut ( * this ) . vtable as * mut _ as * mut core...
[INFO] [stdout]     |                                               ^^^^^^^^^ not found in `windows_core::imp`
[INFO] [stdout] 
[INFO] [stdout] 
[INFO] [stdout] error[E0425]: cannot find type `IMarshal` in module `windows_core::imp`
[INFO] [stdout]    --> /opt/rustwide/cargo-home/registry/src/index.crates.io-1949cf8c6b5b557f/windows-future-0.3.2/src/bindings.rs:572:51
[INFO] [stdout]     |
[INFO] [stdout] 572 |             } else if *iid == <windows_core::imp::IMarshal as windows_core::Interface>::IID {
[INFO] [stdout]     |                                                   ^^^^^^^^ not found in `windows_core::imp`
[INFO] [stdout] 
[INFO] [stdout] 
[INFO] [stdout] error[E0425]: cannot find function `marshaler` in module `windows_core::imp`
[INFO] [stdout]    --> /opt/rustwide/cargo-home/registry/src/index.crates.io-1949cf8c6b5b557f/windows-future-0.3.2/src/bindings.rs:574:43
[INFO] [stdout]     |
[INFO] [stdout] 574 |                 return windows_core::imp::marshaler(
[INFO] [stdout]     |                                           ^^^^^^^^^ not found in `windows_core::imp`
[INFO] [stdout] 
[INFO] [stdout] 
[INFO] [stdout] error[E0425]: cannot find type `IMarshal` in module `windows_core::imp`
[INFO] [stdout]    --> /opt/rustwide/cargo-home/registry/src/index.crates.io-1949cf8c6b5b557f/windows-future-0.3.2/src/bindings.rs:752:364
[INFO] [stdout]     |
[INFO] [stdout] 752 | ... _ } else if * iid == < windows_core::imp::IMarshal as windows_core::Interface >::IID { ( * this ) . count . add_ref ( ) ; retur...
[INFO] [stdout]     |                                               ^^^^^^^^ not found in `windows_core::imp`
[INFO] [stdout] 
[INFO] [stdout] 
[INFO] [stdout] error[E0425]: cannot find function `marshaler` in module `windows_core::imp`
[INFO] [stdout]    --> /opt/rustwide/cargo-home/registry/src/index.crates.io-1949cf8c6b5b557f/windows-future-0.3.2/src/bindings.rs:752:470
[INFO] [stdout]     |
[INFO] [stdout] 752 | ... . add_ref ( ) ; return windows_core::imp::marshaler ( core::mem::transmute ( & mut ( * this ) . vtable as * mut _ as * mut core...
[INFO] [stdout]     |                                               ^^^^^^^^^ not found in `windows_core::imp`
[INFO] [stdout] 
[INFO] [stdout] 
[INFO] [stdout] error[E0425]: cannot find type `IMarshal` in module `windows_core::imp`
[INFO] [stdout]    --> /opt/rustwide/cargo-home/registry/src/index.crates.io-1949cf8c6b5b557f/windows-future-0.3.2/src/bindings.rs:927:377
[INFO] [stdout]     |
[INFO] [stdout] 927 | ... _ } else if * iid == < windows_core::imp::IMarshal as windows_core::Interface >::IID { ( * this ) . count . add_ref ( ) ; retur...
[INFO] [stdout]     |                                               ^^^^^^^^ not found in `windows_core::imp`
[INFO] [stdout] 
[INFO] [stdout] 
[INFO] [stdout] error[E0425]: cannot find function `marshaler` in module `windows_core::imp`
[INFO] [stdout]    --> /opt/rustwide/cargo-home/registry/src/index.crates.io-1949cf8c6b5b557f/windows-future-0.3.2/src/bindings.rs:927:483
[INFO] [stdout]     |
[INFO] [stdout] 927 | ... . add_ref ( ) ; return windows_core::imp::marshaler ( core::mem::transmute ( & mut ( * this ) . vtable as * mut _ as * mut core...
[INFO] [stdout]     |                                               ^^^^^^^^^ not found in `windows_core::imp`
[INFO] [stdout] 
[INFO] [stdout] 
[INFO] [stdout] error[E0425]: cannot find function `submit` in crate `windows_threading`
[INFO] [stdout]    --> /opt/rustwide/cargo-home/registry/src/index.crates.io-1949cf8c6b5b557f/windows-future-0.3.2/src/async_spawn.rs:264:28
[INFO] [stdout]     |
[INFO] [stdout] 264 |         windows_threading::submit(move || {
[INFO] [stdout]     |                            ^^^^^^ not found in `windows_threading`
[INFO] [stdout] 
[INFO] [stdout] 
[INFO] [stdout] error[E0425]: cannot find function `submit` in crate `windows_threading`
[INFO] [stdout]    --> /opt/rustwide/cargo-home/registry/src/index.crates.io-1949cf8c6b5b557f/windows-future-0.3.2/src/async_spawn.rs:281:28
[INFO] [stdout]     |
[INFO] [stdout] 281 |         windows_threading::submit(move || {
[INFO] [stdout]     |                            ^^^^^^ not found in `windows_threading`
[INFO] [stdout] 
[INFO] [stdout] 
[INFO] [stdout] error[E0425]: cannot find function `submit` in crate `windows_threading`
[INFO] [stdout]    --> /opt/rustwide/cargo-home/registry/src/index.crates.io-1949cf8c6b5b557f/windows-future-0.3.2/src/async_spawn.rs:298:28
[INFO] [stdout]     |
[INFO] [stdout] 298 |         windows_threading::submit(move || {
[INFO] [stdout]     |                            ^^^^^^ not found in `windows_threading`
[INFO] [stdout] 
[INFO] [stdout] 
[INFO] [stdout] error[E0425]: cannot find function `submit` in crate `windows_threading`
[INFO] [stdout]    --> /opt/rustwide/cargo-home/registry/src/index.crates.io-1949cf8c6b5b557f/windows-future-0.3.2/src/async_spawn.rs:315:28
[INFO] [stdout]     |
[INFO] [stdout] 315 |         windows_threading::submit(move || {
[INFO] [stdout]     |                            ^^^^^^ not found in `windows_threading`
[INFO] [stdout] 
[INFO] [stdout] 
[INFO] [stderr]     Checking iuv-proto v0.1.0 (/opt/rustwide/workdir/crates/iuv-proto)
[INFO] [stderr]     Checking gethostname v1.1.0
[INFO] [stdout] For more information about this error, try `rustc --explain E0425`.
[INFO] [stdout] 
[INFO] [stderr] error: could not compile `windows-future` (lib) due to 16 previous errors
[INFO] [stderr] warning: build failed, waiting for other jobs to finish...
[INFO] running `Command { std: "docker" "inspect" "9993906f968b0c586975e4a7ad34fcef3731ed75bf835d288c0bc7935e72c2c7", kill_on_drop: false }`
[INFO] running `Command { std: "docker" "rm" "-f" "9993906f968b0c586975e4a7ad34fcef3731ed75bf835d288c0bc7935e72c2c7", kill_on_drop: false }`
[INFO] [stdout] 9993906f968b0c586975e4a7ad34fcef3731ed75bf835d288c0bc7935e72c2c7
