[INFO] cloning repository https://github.com/MarcelDBarbosa/CartInvest
[INFO] running `Command { std: "git" "-c" "credential.helper=" "-c" "credential.helper=/workspace/cargo-home/bin/git-credential-null" "clone" "--bare" "https://github.com/MarcelDBarbosa/CartInvest" "/workspace/cache/git-repos/https%3A%2F%2Fgithub.com%2FMarcelDBarbosa%2FCartInvest", kill_on_drop: false }`
[INFO] [stderr] Cloning into bare repository '/workspace/cache/git-repos/https%3A%2F%2Fgithub.com%2FMarcelDBarbosa%2FCartInvest'...
[INFO] running `Command { std: "git" "rev-parse" "HEAD", kill_on_drop: false }`
[INFO] [stdout] cd9beefa84639a26ff89327eb6552512b6a206bf
[INFO] checking MarcelDBarbosa/CartInvest against 3154cc1a3e6424e44f438a95007d043ed5ceaaf6+rustflags=-Znext-solver=coherence for pr-133502-30
[INFO] running `Command { std: "git" "clone" "/workspace/cache/git-repos/https%3A%2F%2Fgithub.com%2FMarcelDBarbosa%2FCartInvest" "/workspace/builds/worker-3-tc1/source", kill_on_drop: false }`
[INFO] [stderr] Cloning into '/workspace/builds/worker-3-tc1/source'...
[INFO] [stderr] done.
[INFO] started tweaking git repo https://github.com/MarcelDBarbosa/CartInvest
[INFO] finished tweaking git repo https://github.com/MarcelDBarbosa/CartInvest
[INFO] tweaked toml for git repo https://github.com/MarcelDBarbosa/CartInvest written to /workspace/builds/worker-3-tc1/source/Cargo.toml
[INFO] validating manifest of git repo https://github.com/MarcelDBarbosa/CartInvest on toolchain 3154cc1a3e6424e44f438a95007d043ed5ceaaf6
[INFO] running `Command { std: CARGO_HOME="/workspace/cargo-home" RUSTUP_HOME="/workspace/rustup-home" "/workspace/cargo-home/bin/cargo" "+3154cc1a3e6424e44f438a95007d043ed5ceaaf6" "metadata" "--manifest-path" "Cargo.toml" "--no-deps", kill_on_drop: false }`
[INFO] crate git repo https://github.com/MarcelDBarbosa/CartInvest already has a lockfile, it will not be regenerated
[INFO] running `Command { std: CARGO_HOME="/workspace/cargo-home" RUSTUP_HOME="/workspace/rustup-home" "/workspace/cargo-home/bin/cargo" "+3154cc1a3e6424e44f438a95007d043ed5ceaaf6" "fetch" "--manifest-path" "Cargo.toml", kill_on_drop: false }`
[INFO] [stderr]  Downloading crates ...
[INFO] [stderr]   Downloaded cpubits v0.1.0
[INFO] [stderr]   Downloaded cipher v0.5.1
[INFO] [stderr]   Downloaded ct-codecs v1.1.6
[INFO] [stderr]   Downloaded askama_macros v0.15.6
[INFO] [stderr]   Downloaded ed25519-compact v2.2.0
[INFO] [stderr]   Downloaded jwt-simple v0.12.14
[INFO] [stderr]   Downloaded aes v0.9.0-rc.4
[INFO] [stderr]   Downloaded askama v0.15.6
[INFO] [stderr]   Downloaded axum-extra v0.12.5
[INFO] [stderr]   Downloaded insta v1.47.0
[INFO] [stderr]   Downloaded askama_derive v0.15.6
[INFO] [stderr]   Downloaded askama_parser v0.15.6
[INFO] [stderr]   Downloaded superboring v0.1.7
[INFO] [stderr]   Downloaded wasix v0.13.1
[INFO] running `Command { std: "docker" "create" "-v" "/var/lib/crater-agent-workspace/builds/worker-3-tc1/source:/opt/rustwide/workdir:ro,Z" "-v" "/var/lib/crater-agent-workspace/builds/worker-3-tc1/target:/opt/rustwide/target:rw,Z" "-v" "/var/lib/crater-agent-workspace/cargo-home:/opt/rustwide/cargo-home:ro,Z" "-v" "/var/lib/crater-agent-workspace/rustup-home:/opt/rustwide/rustup-home:ro,Z" "-m" "1610612736" "--network" "none" "ghcr.io/rust-lang/crates-build-env/linux@sha256:77db811e55d90add9212f6832c23229e3de5f1c1f9905e8cb07319ea15df73ac" "sleep" "infinity", kill_on_drop: false }`
[INFO] [stdout] f222e84a565111a41a15e58a3e1a2c4237bb7d6f6b1d0c569e93842db2c34cce
[INFO] running `Command { std: "docker" "start" "f222e84a565111a41a15e58a3e1a2c4237bb7d6f6b1d0c569e93842db2c34cce", kill_on_drop: false }`
[INFO] running `Command { std: "docker" "inspect" "f222e84a565111a41a15e58a3e1a2c4237bb7d6f6b1d0c569e93842db2c34cce", kill_on_drop: false }`
[INFO] running `Command { std: "docker" "exec" "-e" "SOURCE_DIR=/opt/rustwide/workdir" "-e" "CARGO_HOME=/opt/rustwide/cargo-home" "-e" "RUSTUP_HOME=/opt/rustwide/rustup-home" "-e" "CARGO_TARGET_DIR=/opt/rustwide/target" "-w" "/opt/rustwide/workdir" "--user" "0:0" "f222e84a565111a41a15e58a3e1a2c4237bb7d6f6b1d0c569e93842db2c34cce" "/opt/rustwide/cargo-home/bin/cargo" "+3154cc1a3e6424e44f438a95007d043ed5ceaaf6" "metadata" "--no-deps" "--format-version=1", kill_on_drop: false }`
[INFO] running `Command { std: "docker" "inspect" "f222e84a565111a41a15e58a3e1a2c4237bb7d6f6b1d0c569e93842db2c34cce", kill_on_drop: false }`
[INFO] running `Command { std: "docker" "exec" "-e" "SOURCE_DIR=/opt/rustwide/workdir" "-e" "CARGO_HOME=/opt/rustwide/cargo-home" "-e" "RUSTUP_HOME=/opt/rustwide/rustup-home" "-e" "CARGO_TARGET_DIR=/opt/rustwide/target" "-e" "CARGO_INCREMENTAL=0" "-e" "RUST_BACKTRACE=full" "-e" "RUSTFLAGS=--cap-lints=forbid -Znext-solver=coherence" "-e" "RUSTDOCFLAGS=--cap-lints=forbid" "-w" "/opt/rustwide/workdir" "--user" "0:0" "f222e84a565111a41a15e58a3e1a2c4237bb7d6f6b1d0c569e93842db2c34cce" "/opt/rustwide/cargo-home/bin/cargo" "+3154cc1a3e6424e44f438a95007d043ed5ceaaf6" "check" "--frozen" "--all" "--all-targets" "--message-format=json", kill_on_drop: false }`
[INFO] [stderr]    Compiling typenum v1.19.0
[INFO] [stderr]    Compiling serde v1.0.228
[INFO] [stderr]    Compiling serde_core v1.0.228
[INFO] [stderr]    Compiling libc v0.2.183
[INFO] [stderr]    Compiling zerocopy v0.8.47
[INFO] [stderr]     Checking der v0.7.10
[INFO] [stderr]    Compiling num-traits v0.2.19
[INFO] [stderr]    Compiling serde_json v1.0.149
[INFO] [stderr]    Compiling zerofrom v0.1.6
[INFO] [stderr]    Compiling writeable v0.6.2
[INFO] [stderr]    Compiling litemap v0.8.1
[INFO] [stderr]     Checking yoke v0.8.1
[INFO] [stderr]     Checking tracing v0.1.44
[INFO] [stderr]    Compiling tokio-macros v2.6.1
[INFO] [stderr]     Checking spin v0.9.8
[INFO] [stderr]     Checking futures-sink v0.3.32
[INFO] [stderr]    Compiling icu_normalizer_data v2.1.1
[INFO] [stderr]     Checking zerovec v0.11.5
[INFO] [stderr]     Checking zerotrie v0.2.3
[INFO] [stderr]    Compiling icu_properties_data v2.1.2
[INFO] [stderr]     Checking lazy_static v1.5.0
[INFO] [stderr]    Compiling futures-core v0.3.32
[INFO] [stderr]    Compiling tinystr v0.8.2
[INFO] [stderr]    Compiling potential_utf v0.1.4
[INFO] [stderr]    Compiling icu_collections v2.1.1
[INFO] [stderr]    Compiling bytes v1.11.1
[INFO] [stderr]     Checking futures-util v0.3.32
[INFO] [stderr]    Compiling icu_locale_core v2.1.1
[INFO] [stderr]    Compiling generic-array v0.14.7
[INFO] [stderr]     Checking spki v0.7.3
[INFO] [stderr]    Compiling tinyvec v1.11.0
[INFO] [stderr]     Checking pkcs8 v0.10.2
[INFO] [stderr]    Compiling concurrent-queue v2.5.0
[INFO] [stderr]     Checking futures-channel v0.3.32
[INFO] [stderr]     Checking getrandom v0.2.17
[INFO] [stderr]     Checking rand_core v0.6.4
[INFO] [stderr]     Checking mio v1.2.0
[INFO] [stderr]     Checking socket2 v0.6.3
[INFO] [stderr]     Checking hybrid-array v0.4.8
[INFO] [stderr]     Checking ff v0.13.1
[INFO] [stderr]     Checking icu_provider v2.1.1
[INFO] [stderr]    Compiling crypto-common v0.1.7
[INFO] [stderr]    Compiling block-buffer v0.10.4
[INFO] [stderr]    Compiling digest v0.10.7
[INFO] [stderr]     Checking group v0.13.0
[INFO] [stderr]     Checking tokio v1.50.0
[INFO] [stderr]    Compiling futures-io v0.3.32
[INFO] [stderr]     Checking icu_properties v2.1.2
[INFO] [stderr]    Compiling futures-task v0.3.32
[INFO] [stderr]    Compiling hmac v0.12.1
[INFO] [stderr]    Compiling sha2 v0.10.9
[INFO] [stderr]    Compiling event-listener v5.4.1
[INFO] [stderr]     Checking sec1 v0.7.3
[INFO] [stderr]     Checking crypto-bigint v0.5.5
[INFO] [stderr]     Checking inout v0.1.4
[INFO] [stderr]     Checking universal-hash v0.5.1
[INFO] [stderr]     Checking inout v0.2.2
[INFO] [stderr]     Checking cipher v0.4.4
[INFO] [stderr]     Checking crypto-common v0.2.1
[INFO] [stderr]    Compiling crc v3.4.0
[INFO] [stderr]     Checking hkdf v0.12.4
[INFO] [stderr]     Checking signature v2.2.0
[INFO] [stderr]     Checking rfc6979 v0.4.0
[INFO] [stderr]    Compiling chrono v0.4.45
[INFO] [stderr]    Compiling unicode-normalization v0.1.25
[INFO] [stderr]     Checking num-integer v0.1.46
[INFO] [stderr]    Compiling thiserror v2.0.18
[INFO] [stderr]    Compiling unicode-properties v0.1.4
[INFO] [stderr]    Compiling num-bigint-dig v0.8.6
[INFO] [stderr]     Checking polyval v0.6.2
[INFO] [stderr]     Checking num-iter v0.1.45
[INFO] [stderr]    Compiling stringprep v0.1.5
[INFO] [stderr]    Compiling md-5 v0.10.6
[INFO] [stderr]    Compiling atoi v2.0.0
[INFO] [stderr]     Checking sharded-slab v0.1.7
[INFO] [stderr]     Checking tracing-log v0.2.0
[INFO] [stderr]    Compiling winnow v1.0.0
[INFO] [stderr]     Checking cipher v0.5.1
[INFO] [stderr]    Compiling num-conv v0.2.1
[INFO] [stderr]     Checking smallvec v1.15.1
[INFO] [stderr]    Compiling home v0.5.12
[INFO] [stderr]    Compiling bitflags v2.11.0
[INFO] [stderr]     Checking icu_normalizer v2.1.1
[INFO] [stderr]     Checking parking_lot_core v0.9.12
[INFO] [stderr]     Checking hashbrown v0.16.1
[INFO] [stderr]    Compiling time-core v0.1.8
[INFO] [stderr]     Checking parking_lot v0.12.5
[INFO] [stderr]     Checking elliptic-curve v0.13.8
[INFO] [stderr]    Compiling owo-colors v4.3.0
[INFO] [stderr]    Compiling whoami v1.6.1
[INFO] [stderr]     Checking idna_adapter v1.2.1
[INFO] [stderr]     Checking idna v1.1.0
[INFO] [stderr]    Compiling rustc-hash v2.1.2
[INFO] [stderr]     Checking cpubits v0.1.0
[INFO] [stderr]     Checking aes v0.9.0-rc.4
[INFO] [stderr]     Checking ecdsa v0.16.9
[INFO] [stderr]    Compiling either v1.15.0
[INFO] [stderr]     Checking indexmap v2.13.0
[INFO] [stderr]     Checking url v2.5.8
[INFO] [stderr]    Compiling basic-toml v0.1.10
[INFO] [stderr]     Checking primeorder v0.13.6
[INFO] [stderr]     Checking tracing-subscriber v0.3.23
[INFO] [stderr]    Compiling time-macros v0.2.27
[INFO] [stderr]     Checking deranged v0.5.8
[INFO] [stderr]     Checking futures-intrusive v0.5.0
[INFO] [stderr]    Compiling ppv-lite86 v0.2.21
[INFO] [stderr]    Compiling askama_parser v0.15.6
[INFO] [stderr]     Checking ghash v0.5.1
[INFO] [stderr]     Checking aes v0.8.4
[INFO] [stderr]     Checking ctr v0.9.2
[INFO] [stderr]     Checking aead v0.5.2
[INFO] [stderr]     Checking pkcs1 v0.7.5
[INFO] [stderr]    Compiling cookie v0.18.1
[INFO] [stderr]    Compiling color-spantrace v0.3.0
[INFO] [stderr]    Compiling rand_chacha v0.3.1
[INFO] [stderr]    Compiling eyre v0.6.12
[INFO] [stderr]     Checking axum-core v0.5.6
[INFO] [stderr]     Checking serde_urlencoded v0.7.1
[INFO] [stderr]     Checking aes-keywrap v0.9.0
[INFO] [stderr]     Checking getrandom v0.3.4
[INFO] [stderr]     Checking aes-gcm v0.10.3
[INFO] [stderr]    Compiling rand v0.8.5
[INFO] [stderr]     Checking serde_path_to_error v0.1.20
[INFO] [stderr]     Checking hmac-sha256 v1.1.14
[INFO] [stderr]     Checking blake2 v0.10.6
[INFO] [stderr]     Checking hmac-sha512 v1.1.12
[INFO] [stderr]     Checking password-hash v0.5.0
[INFO] [stderr]    Compiling axum-macros v0.5.0
[INFO] [stderr]     Checking tracing-error v0.2.1
[INFO] [stderr]     Checking indenter v0.3.4
[INFO] [stderr]     Checking ct-codecs v1.1.6
[INFO] [stderr]     Checking blake2b_simd v1.0.4
[INFO] [stderr]     Checking backtrace v0.3.76
[INFO] [stderr]     Checking argon2 v0.5.3
[INFO] [stderr]     Checking ed25519-compact v2.2.0
[INFO] [stderr]     Checking getrandom v0.4.2
[INFO] [stderr]     Checking k256 v0.13.4
[INFO] [stderr]     Checking time v0.3.47
[INFO] [stderr]     Checking p384 v0.13.1
[INFO] [stderr]     Checking p256 v0.13.2
[INFO] [stderr]     Checking coarsetime v0.1.37
[INFO] [stderr]     Checking binstring v0.1.7
[INFO] [stderr]     Checking hmac-sha1-compact v1.1.7
[INFO] [stderr]     Checking tempfile v3.27.0
[INFO] [stderr]     Checking password-auth v1.0.0
[INFO] [stderr]     Checking color-eyre v0.6.5
[INFO] [stderr]     Checking console v0.16.3
[INFO] [stderr]     Checking similar v2.7.0
[INFO] [stderr]     Checking tokio-stream v0.1.18
[INFO] [stderr]     Checking hyper v1.8.1
[INFO] [stderr]     Checking tower v0.5.3
[INFO] [stderr]     Checking insta v1.47.0
[INFO] [stderr]     Checking sqlx-core v0.8.6
[INFO] [stderr]     Checking hyper-util v0.1.20
[INFO] [stderr]     Checking axum v0.8.8
[INFO] [stderr]     Checking rsa v0.9.10
[INFO] [stderr]     Checking sqlx-postgres v0.8.6
[INFO] [stderr]     Checking superboring v0.1.7
[INFO] [stderr]     Checking jwt-simple v0.12.14
[INFO] [stderr]    Compiling askama_derive v0.15.6
[INFO] [stderr]    Compiling askama_macros v0.15.6
[INFO] [stderr]     Checking askama v0.15.6
[INFO] [stderr]     Checking axum-extra v0.12.5
[INFO] [stderr]    Compiling sqlx-macros-core v0.8.6
[INFO] [stderr]    Compiling sqlx-macros v0.8.6
[INFO] [stderr]     Checking sqlx v0.8.6
[INFO] [stderr]     Checking wallet-live v0.1.0 (/opt/rustwide/workdir)
[INFO] [stdout] error: set `DATABASE_URL` to use query macros online, or run `cargo sqlx prepare` to update the query cache
[INFO] [stdout]   --> src/repository.rs:17:9
[INFO] [stdout]    |
[INFO] [stdout] 17 | /         sqlx::query_as!(
[INFO] [stdout] 18 | |             Asset,
[INFO] [stdout] 19 | |             "SELECT id, name, unit_value
[INFO] [stdout] 20 | |              FROM assets;"
[INFO] [stdout] 21 | |         )
[INFO] [stdout]    | |_________^
[INFO] [stdout]    |
[INFO] [stdout]    = note: this error originates in the macro `$crate::sqlx_macros::expand_query` which comes from the expansion of the macro `sqlx::query_as` (in Nightly builds, run with -Z macro-backtrace for more info)
[INFO] [stdout] 
[INFO] [stdout] 
[INFO] [stdout] error: set `DATABASE_URL` to use query macros online, or run `cargo sqlx prepare` to update the query cache
[INFO] [stdout]   --> src/repository.rs:27:9
[INFO] [stdout]    |
[INFO] [stdout] 27 | /         sqlx::query_as!(
[INFO] [stdout] 28 | |             Asset,
[INFO] [stdout] 29 | |             "INSERT INTO assets (name, unit_value)
[INFO] [stdout] 30 | |              VALUES ($1, $2)
[INFO] [stdout] ...  |
[INFO] [stdout] 33 | |             unit_value
[INFO] [stdout] 34 | |         )
[INFO] [stdout]    | |_________^
[INFO] [stdout]    |
[INFO] [stdout]    = note: this error originates in the macro `$crate::sqlx_macros::expand_query` which comes from the expansion of the macro `sqlx::query_as` (in Nightly builds, run with -Z macro-backtrace for more info)
[INFO] [stdout] 
[INFO] [stdout] 
[INFO] [stdout] error: set `DATABASE_URL` to use query macros online, or run `cargo sqlx prepare` to update the query cache
[INFO] [stdout]   --> src/repository.rs:45:9
[INFO] [stdout]    |
[INFO] [stdout] 45 | /         sqlx::query_as!(
[INFO] [stdout] 46 | |             Asset,
[INFO] [stdout] 47 | |             "UPDATE assets
[INFO] [stdout] 48 | |              SET name=COALESCE($2, name),
[INFO] [stdout] ...  |
[INFO] [stdout] 54 | |             unit_value
[INFO] [stdout] 55 | |         )
[INFO] [stdout]    | |_________^
[INFO] [stdout]    |
[INFO] [stdout]    = note: this error originates in the macro `$crate::sqlx_macros::expand_query` which comes from the expansion of the macro `sqlx::query_as` (in Nightly builds, run with -Z macro-backtrace for more info)
[INFO] [stdout] 
[INFO] [stdout] 
[INFO] [stdout] error: set `DATABASE_URL` to use query macros online, or run `cargo sqlx prepare` to update the query cache
[INFO] [stdout]   --> src/repository.rs:61:9
[INFO] [stdout]    |
[INFO] [stdout] 61 | /         sqlx::query_as!(
[INFO] [stdout] 62 | |             UserRecord,
[INFO] [stdout] 63 | |             "INSERT INTO users (username, password_hash)
[INFO] [stdout] 64 | |              VALUES ($1, $2)
[INFO] [stdout] ...  |
[INFO] [stdout] 67 | |             password_hash,
[INFO] [stdout] 68 | |         )
[INFO] [stdout]    | |_________^
[INFO] [stdout]    |
[INFO] [stdout]    = note: this error originates in the macro `$crate::sqlx_macros::expand_query` which comes from the expansion of the macro `sqlx::query_as` (in Nightly builds, run with -Z macro-backtrace for more info)
[INFO] [stdout] 
[INFO] [stdout] 
[INFO] [stdout] error: set `DATABASE_URL` to use query macros online, or run `cargo sqlx prepare` to update the query cache
[INFO] [stdout]   --> src/repository.rs:74:9
[INFO] [stdout]    |
[INFO] [stdout] 74 | /         sqlx::query_as!(
[INFO] [stdout] 75 | |             UserRecord,
[INFO] [stdout] 76 | |             "SELECT id, username, password_hash
[INFO] [stdout] 77 | |              FROM users
[INFO] [stdout] 78 | |              WHERE username = $1;",
[INFO] [stdout] 79 | |             username
[INFO] [stdout] 80 | |         )
[INFO] [stdout]    | |_________^
[INFO] [stdout]    |
[INFO] [stdout]    = note: this error originates in the macro `$crate::sqlx_macros::expand_query` which comes from the expansion of the macro `sqlx::query_as` (in Nightly builds, run with -Z macro-backtrace for more info)
[INFO] [stdout] 
[INFO] [stdout] 
[INFO] [stdout] error: set `DATABASE_URL` to use query macros online, or run `cargo sqlx prepare` to update the query cache
[INFO] [stdout]   --> src/repository.rs:86:9
[INFO] [stdout]    |
[INFO] [stdout] 86 | /         sqlx::query_as!(
[INFO] [stdout] 87 | |             InvestmentSummary,
[INFO] [stdout] 88 | |             "SELECT a.id AS asset_id, a.name, SUM(oa.quantity_owned) AS \"quantity!\", a.unit_value
[INFO] [stdout] 89 | |              FROM owned_assets oa
[INFO] [stdout] ...  |
[INFO] [stdout] 95 | |             user_id
[INFO] [stdout] 96 | |         )
[INFO] [stdout]    | |_________^
[INFO] [stdout]    |
[INFO] [stdout]    = note: this error originates in the macro `$crate::sqlx_macros::expand_query` which comes from the expansion of the macro `sqlx::query_as` (in Nightly builds, run with -Z macro-backtrace for more info)
[INFO] [stdout] 
[INFO] [stdout] 
[INFO] [stdout] error: set `DATABASE_URL` to use query macros online, or run `cargo sqlx prepare` to update the query cache
[INFO] [stdout]    --> src/repository.rs:107:26
[INFO] [stdout]     |
[INFO] [stdout] 107 |           let operations = sqlx::query_as!(
[INFO] [stdout]     |  __________________________^
[INFO] [stdout] 108 | |             PortfolioOperationRow,
[INFO] [stdout] 109 | |             "SELECT id, time_owned AS date, quantity_owned AS quantity, bought_for
[INFO] [stdout] 110 | |              FROM owned_assets
[INFO] [stdout] ...   |
[INFO] [stdout] 114 | |             asset_id
[INFO] [stdout] 115 | |         )
[INFO] [stdout]     | |_________^
[INFO] [stdout]     |
[INFO] [stdout]     = note: this error originates in the macro `$crate::sqlx_macros::expand_query` which comes from the expansion of the macro `sqlx::query_as` (in Nightly builds, run with -Z macro-backtrace for more info)
[INFO] [stdout] 
[INFO] [stdout] 
[INFO] [stdout] error: set `DATABASE_URL` to use query macros online, or run `cargo sqlx prepare` to update the query cache
[INFO] [stdout]    --> src/repository.rs:141:9
[INFO] [stdout]     |
[INFO] [stdout] 141 | /         sqlx::query_as!(
[INFO] [stdout] 142 | |             OwnedAssetOption,
[INFO] [stdout] 143 | |             "SELECT a.id, a.name, SUM(oa.quantity_owned) AS \"quantity!\"
[INFO] [stdout] 144 | |              FROM owned_assets oa
[INFO] [stdout] ...   |
[INFO] [stdout] 150 | |             user_id
[INFO] [stdout] 151 | |         )
[INFO] [stdout]     | |_________^
[INFO] [stdout]     |
[INFO] [stdout]     = note: this error originates in the macro `$crate::sqlx_macros::expand_query` which comes from the expansion of the macro `sqlx::query_as` (in Nightly builds, run with -Z macro-backtrace for more info)
[INFO] [stdout] 
[INFO] [stdout] 
[INFO] [stdout] error: set `DATABASE_URL` to use query macros online, or run `cargo sqlx prepare` to update the query cache
[INFO] [stdout]    --> src/repository.rs:163:9
[INFO] [stdout]     |
[INFO] [stdout] 163 | /         sqlx::query!(
[INFO] [stdout] 164 | |             "INSERT INTO owned_assets (user_id, asset_id, bought_for, quantity_owned)
[INFO] [stdout] 165 | |              VALUES ($1, $2, $3, $4);",
[INFO] [stdout] 166 | |             user_id,
[INFO] [stdout] ...   |
[INFO] [stdout] 169 | |             quantity
[INFO] [stdout] 170 | |         )
[INFO] [stdout]     | |_________^
[INFO] [stdout]     |
[INFO] [stdout]     = note: this error originates in the macro `$crate::sqlx_macros::expand_query` which comes from the expansion of the macro `sqlx::query` (in Nightly builds, run with -Z macro-backtrace for more info)
[INFO] [stdout] 
[INFO] [stdout] 
[INFO] [stdout] error: set `DATABASE_URL` to use query macros online, or run `cargo sqlx prepare` to update the query cache
[INFO] [stdout]    --> src/repository.rs:184:24
[INFO] [stdout]     |
[INFO] [stdout] 184 |           let inserted = sqlx::query!(
[INFO] [stdout]     |  ________________________^
[INFO] [stdout] 185 | |             "INSERT INTO owned_assets (user_id, asset_id, bought_for, quantity_owned)
[INFO] [stdout] 186 | |              SELECT $1, $2, $3, (-$4::double precision)
[INFO] [stdout] 187 | |              WHERE COALESCE((
[INFO] [stdout] ...   |
[INFO] [stdout] 195 | |             quantity
[INFO] [stdout] 196 | |         )
[INFO] [stdout]     | |_________^
[INFO] [stdout]     |
[INFO] [stdout]     = note: this error originates in the macro `$crate::sqlx_macros::expand_query` which comes from the expansion of the macro `sqlx::query` (in Nightly builds, run with -Z macro-backtrace for more info)
[INFO] [stdout] 
[INFO] [stdout] 
[INFO] [stdout] error: set `DATABASE_URL` to use query macros online, or run `cargo sqlx prepare` to update the query cache
[INFO] [stdout]    --> src/repository.rs:204:23
[INFO] [stdout]     |
[INFO] [stdout] 204 |           let deleted = sqlx::query!(
[INFO] [stdout]     |  _______________________^
[INFO] [stdout] 205 | |             "DELETE FROM owned_assets WHERE id = $1 AND user_id = $2;",
[INFO] [stdout] 206 | |             operation_id,
[INFO] [stdout] 207 | |             user_id
[INFO] [stdout] 208 | |         )
[INFO] [stdout]     | |_________^
[INFO] [stdout]     |
[INFO] [stdout]     = note: this error originates in the macro `$crate::sqlx_macros::expand_query` which comes from the expansion of the macro `sqlx::query` (in Nightly builds, run with -Z macro-backtrace for more info)
[INFO] [stdout] 
[INFO] [stdout] 
[INFO] [stdout] error: set `DATABASE_URL` to use query macros online, or run `cargo sqlx prepare` to update the query cache
[INFO] [stdout]   --> src/repository.rs:17:9
[INFO] [stdout]    |
[INFO] [stdout] 17 | /         sqlx::query_as!(
[INFO] [stdout] 18 | |             Asset,
[INFO] [stdout] 19 | |             "SELECT id, name, unit_value
[INFO] [stdout] 20 | |              FROM assets;"
[INFO] [stdout] 21 | |         )
[INFO] [stdout]    | |_________^
[INFO] [stdout]    |
[INFO] [stdout]    = note: this error originates in the macro `$crate::sqlx_macros::expand_query` which comes from the expansion of the macro `sqlx::query_as` (in Nightly builds, run with -Z macro-backtrace for more info)
[INFO] [stdout] 
[INFO] [stdout] 
[INFO] [stdout] error: set `DATABASE_URL` to use query macros online, or run `cargo sqlx prepare` to update the query cache
[INFO] [stdout]   --> src/repository.rs:27:9
[INFO] [stdout]    |
[INFO] [stdout] 27 | /         sqlx::query_as!(
[INFO] [stdout] 28 | |             Asset,
[INFO] [stdout] 29 | |             "INSERT INTO assets (name, unit_value)
[INFO] [stdout] 30 | |              VALUES ($1, $2)
[INFO] [stdout] ...  |
[INFO] [stdout] 33 | |             unit_value
[INFO] [stdout] 34 | |         )
[INFO] [stdout]    | |_________^
[INFO] [stdout]    |
[INFO] [stdout]    = note: this error originates in the macro `$crate::sqlx_macros::expand_query` which comes from the expansion of the macro `sqlx::query_as` (in Nightly builds, run with -Z macro-backtrace for more info)
[INFO] [stdout] 
[INFO] [stdout] 
[INFO] [stdout] error: set `DATABASE_URL` to use query macros online, or run `cargo sqlx prepare` to update the query cache
[INFO] [stdout]   --> src/repository.rs:45:9
[INFO] [stdout]    |
[INFO] [stdout] 45 | /         sqlx::query_as!(
[INFO] [stdout] 46 | |             Asset,
[INFO] [stdout] 47 | |             "UPDATE assets
[INFO] [stdout] 48 | |              SET name=COALESCE($2, name),
[INFO] [stdout] ...  |
[INFO] [stdout] 54 | |             unit_value
[INFO] [stdout] 55 | |         )
[INFO] [stdout]    | |_________^
[INFO] [stdout]    |
[INFO] [stdout]    = note: this error originates in the macro `$crate::sqlx_macros::expand_query` which comes from the expansion of the macro `sqlx::query_as` (in Nightly builds, run with -Z macro-backtrace for more info)
[INFO] [stdout] 
[INFO] [stdout] 
[INFO] [stdout] error: set `DATABASE_URL` to use query macros online, or run `cargo sqlx prepare` to update the query cache
[INFO] [stdout]   --> src/repository.rs:61:9
[INFO] [stdout]    |
[INFO] [stdout] 61 | /         sqlx::query_as!(
[INFO] [stdout] 62 | |             UserRecord,
[INFO] [stdout] 63 | |             "INSERT INTO users (username, password_hash)
[INFO] [stdout] 64 | |              VALUES ($1, $2)
[INFO] [stdout] ...  |
[INFO] [stdout] 67 | |             password_hash,
[INFO] [stdout] 68 | |         )
[INFO] [stdout]    | |_________^
[INFO] [stdout]    |
[INFO] [stdout]    = note: this error originates in the macro `$crate::sqlx_macros::expand_query` which comes from the expansion of the macro `sqlx::query_as` (in Nightly builds, run with -Z macro-backtrace for more info)
[INFO] [stdout] 
[INFO] [stdout] 
[INFO] [stdout] error: set `DATABASE_URL` to use query macros online, or run `cargo sqlx prepare` to update the query cache
[INFO] [stdout]   --> src/repository.rs:74:9
[INFO] [stdout]    |
[INFO] [stdout] 74 | /         sqlx::query_as!(
[INFO] [stdout] 75 | |             UserRecord,
[INFO] [stdout] 76 | |             "SELECT id, username, password_hash
[INFO] [stdout] 77 | |              FROM users
[INFO] [stdout] 78 | |              WHERE username = $1;",
[INFO] [stdout] 79 | |             username
[INFO] [stdout] 80 | |         )
[INFO] [stdout]    | |_________^
[INFO] [stdout]    |
[INFO] [stdout]    = note: this error originates in the macro `$crate::sqlx_macros::expand_query` which comes from the expansion of the macro `sqlx::query_as` (in Nightly builds, run with -Z macro-backtrace for more info)
[INFO] [stdout] 
[INFO] [stdout] 
[INFO] [stdout] error: set `DATABASE_URL` to use query macros online, or run `cargo sqlx prepare` to update the query cache
[INFO] [stdout]   --> src/repository.rs:86:9
[INFO] [stdout]    |
[INFO] [stdout] 86 | /         sqlx::query_as!(
[INFO] [stdout] 87 | |             InvestmentSummary,
[INFO] [stdout] 88 | |             "SELECT a.id AS asset_id, a.name, SUM(oa.quantity_owned) AS \"quantity!\", a.unit_value
[INFO] [stdout] 89 | |              FROM owned_assets oa
[INFO] [stdout] ...  |
[INFO] [stdout] 95 | |             user_id
[INFO] [stdout] 96 | |         )
[INFO] [stdout]    | |_________^
[INFO] [stdout]    |
[INFO] [stdout]    = note: this error originates in the macro `$crate::sqlx_macros::expand_query` which comes from the expansion of the macro `sqlx::query_as` (in Nightly builds, run with -Z macro-backtrace for more info)
[INFO] [stdout] 
[INFO] [stdout] 
[INFO] [stdout] error: set `DATABASE_URL` to use query macros online, or run `cargo sqlx prepare` to update the query cache
[INFO] [stdout]    --> src/repository.rs:107:26
[INFO] [stdout]     |
[INFO] [stdout] 107 |           let operations = sqlx::query_as!(
[INFO] [stdout]     |  __________________________^
[INFO] [stdout] 108 | |             PortfolioOperationRow,
[INFO] [stdout] 109 | |             "SELECT id, time_owned AS date, quantity_owned AS quantity, bought_for
[INFO] [stdout] 110 | |              FROM owned_assets
[INFO] [stdout] ...   |
[INFO] [stdout] 114 | |             asset_id
[INFO] [stdout] 115 | |         )
[INFO] [stdout]     | |_________^
[INFO] [stdout]     |
[INFO] [stdout]     = note: this error originates in the macro `$crate::sqlx_macros::expand_query` which comes from the expansion of the macro `sqlx::query_as` (in Nightly builds, run with -Z macro-backtrace for more info)
[INFO] [stdout] 
[INFO] [stdout] 
[INFO] [stdout] error: set `DATABASE_URL` to use query macros online, or run `cargo sqlx prepare` to update the query cache
[INFO] [stdout]    --> src/repository.rs:141:9
[INFO] [stdout]     |
[INFO] [stdout] 141 | /         sqlx::query_as!(
[INFO] [stdout] 142 | |             OwnedAssetOption,
[INFO] [stdout] 143 | |             "SELECT a.id, a.name, SUM(oa.quantity_owned) AS \"quantity!\"
[INFO] [stdout] 144 | |              FROM owned_assets oa
[INFO] [stdout] ...   |
[INFO] [stdout] 150 | |             user_id
[INFO] [stdout] 151 | |         )
[INFO] [stdout]     | |_________^
[INFO] [stdout]     |
[INFO] [stdout]     = note: this error originates in the macro `$crate::sqlx_macros::expand_query` which comes from the expansion of the macro `sqlx::query_as` (in Nightly builds, run with -Z macro-backtrace for more info)
[INFO] [stdout] 
[INFO] [stdout] 
[INFO] [stdout] error: set `DATABASE_URL` to use query macros online, or run `cargo sqlx prepare` to update the query cache
[INFO] [stdout]    --> src/repository.rs:163:9
[INFO] [stdout]     |
[INFO] [stdout] 163 | /         sqlx::query!(
[INFO] [stdout] 164 | |             "INSERT INTO owned_assets (user_id, asset_id, bought_for, quantity_owned)
[INFO] [stdout] 165 | |              VALUES ($1, $2, $3, $4);",
[INFO] [stdout] 166 | |             user_id,
[INFO] [stdout] ...   |
[INFO] [stdout] 169 | |             quantity
[INFO] [stdout] 170 | |         )
[INFO] [stdout]     | |_________^
[INFO] [stdout]     |
[INFO] [stdout]     = note: this error originates in the macro `$crate::sqlx_macros::expand_query` which comes from the expansion of the macro `sqlx::query` (in Nightly builds, run with -Z macro-backtrace for more info)
[INFO] [stdout] 
[INFO] [stdout] 
[INFO] [stdout] error: set `DATABASE_URL` to use query macros online, or run `cargo sqlx prepare` to update the query cache
[INFO] [stdout]    --> src/repository.rs:184:24
[INFO] [stdout]     |
[INFO] [stdout] 184 |           let inserted = sqlx::query!(
[INFO] [stdout]     |  ________________________^
[INFO] [stdout] 185 | |             "INSERT INTO owned_assets (user_id, asset_id, bought_for, quantity_owned)
[INFO] [stdout] 186 | |              SELECT $1, $2, $3, (-$4::double precision)
[INFO] [stdout] 187 | |              WHERE COALESCE((
[INFO] [stdout] ...   |
[INFO] [stdout] 195 | |             quantity
[INFO] [stdout] 196 | |         )
[INFO] [stdout]     | |_________^
[INFO] [stdout]     |
[INFO] [stdout]     = note: this error originates in the macro `$crate::sqlx_macros::expand_query` which comes from the expansion of the macro `sqlx::query` (in Nightly builds, run with -Z macro-backtrace for more info)
[INFO] [stdout] 
[INFO] [stdout] 
[INFO] [stdout] error: set `DATABASE_URL` to use query macros online, or run `cargo sqlx prepare` to update the query cache
[INFO] [stdout]    --> src/repository.rs:204:23
[INFO] [stdout]     |
[INFO] [stdout] 204 |           let deleted = sqlx::query!(
[INFO] [stdout]     |  _______________________^
[INFO] [stdout] 205 | |             "DELETE FROM owned_assets WHERE id = $1 AND user_id = $2;",
[INFO] [stdout] 206 | |             operation_id,
[INFO] [stdout] 207 | |             user_id
[INFO] [stdout] 208 | |         )
[INFO] [stdout]     | |_________^
[INFO] [stdout]     |
[INFO] [stdout]     = note: this error originates in the macro `$crate::sqlx_macros::expand_query` which comes from the expansion of the macro `sqlx::query` (in Nightly builds, run with -Z macro-backtrace for more info)
[INFO] [stdout] 
[INFO] [stdout] 
[INFO] [stdout] error: set `DATABASE_URL` to use query macros online, or run `cargo sqlx prepare` to update the query cache
[INFO] [stdout]    --> src/repository.rs:248:20
[INFO] [stdout]     |
[INFO] [stdout] 248 |           let user = sqlx::query!(
[INFO] [stdout]     |  ____________________^
[INFO] [stdout] 249 | |             "INSERT INTO users (username, password_hash)
[INFO] [stdout] 250 | |              VALUES ('portfolio-user', 'test-hash')
[INFO] [stdout] 251 | |              RETURNING id;"
[INFO] [stdout] 252 | |         )
[INFO] [stdout]     | |_________^
[INFO] [stdout]     |
[INFO] [stdout]     = note: this error originates in the macro `$crate::sqlx_macros::expand_query` which comes from the expansion of the macro `sqlx::query` (in Nightly builds, run with -Z macro-backtrace for more info)
[INFO] [stdout] 
[INFO] [stdout] 
[INFO] [stdout] error: set `DATABASE_URL` to use query macros online, or run `cargo sqlx prepare` to update the query cache
[INFO] [stdout]    --> src/repository.rs:256:21
[INFO] [stdout]     |
[INFO] [stdout] 256 |           let asset = sqlx::query!(
[INFO] [stdout]     |  _____________________^
[INFO] [stdout] 257 | |             "INSERT INTO assets (name, unit_value)
[INFO] [stdout] 258 | |              VALUES ('Bitcoin', 100.0)
[INFO] [stdout] 259 | |              RETURNING id;"
[INFO] [stdout] 260 | |         )
[INFO] [stdout]     | |_________^
[INFO] [stdout]     |
[INFO] [stdout]     = note: this error originates in the macro `$crate::sqlx_macros::expand_query` which comes from the expansion of the macro `sqlx::query` (in Nightly builds, run with -Z macro-backtrace for more info)
[INFO] [stdout] 
[INFO] [stdout] 
[INFO] [stdout] error: set `DATABASE_URL` to use query macros online, or run `cargo sqlx prepare` to update the query cache
[INFO] [stdout]    --> src/repository.rs:341:25
[INFO] [stdout]     |
[INFO] [stdout] 341 |           let operation = sqlx::query!(
[INFO] [stdout]     |  _________________________^
[INFO] [stdout] 342 | |             "SELECT id FROM owned_assets WHERE user_id = $1 AND asset_id = $2;",
[INFO] [stdout] 343 | |             user_id,
[INFO] [stdout] 344 | |             asset_id
[INFO] [stdout] 345 | |         )
[INFO] [stdout]     | |_________^
[INFO] [stdout]     |
[INFO] [stdout]     = note: this error originates in the macro `$crate::sqlx_macros::expand_query` which comes from the expansion of the macro `sqlx::query` (in Nightly builds, run with -Z macro-backtrace for more info)
[INFO] [stdout] 
[INFO] [stdout] 
[INFO] [stdout] warning: method call on a diverging inference variable
[INFO] [stdout]    --> src/repository.rs:120:14
[INFO] [stdout]     |
[INFO] [stdout] 120 |             .into_iter()
[INFO] [stdout]     |              ^^^^^^^^^
[INFO] [stdout]     |
[INFO] [stdout]     = help: consider providing a type annotation
[INFO] [stdout]     = warning: this was previously accepted by the compiler but is being phased out; it will become a hard error in a future release!
[INFO] [stdout]     = note: for more information, see issue #156047 <https://github.com/rust-lang/rust/issues/156047>
[INFO] [stdout]     = note: `#[warn(method_call_on_diverging_infer_var)]` (part of `#[warn(future_incompatible)]`) on by default
[INFO] [stdout] 
[INFO] [stdout] 
[INFO] [stdout] warning: method call on a diverging inference variable
[INFO] [stdout]    --> src/repository.rs:120:14
[INFO] [stdout]     |
[INFO] [stdout] 120 |             .into_iter()
[INFO] [stdout]     |              ^^^^^^^^^
[INFO] [stdout]     |
[INFO] [stdout]     = help: consider providing a type annotation
[INFO] [stdout]     = warning: this was previously accepted by the compiler but is being phased out; it will become a hard error in a future release!
[INFO] [stdout]     = note: for more information, see issue #156047 <https://github.com/rust-lang/rust/issues/156047>
[INFO] [stdout]     = note: `#[warn(method_call_on_diverging_infer_var)]` (part of `#[warn(future_incompatible)]`) on by default
[INFO] [stdout] 
[INFO] [stdout] 
[INFO] [stdout] error[E0599]: `!` is not an iterator
[INFO] [stdout]    --> src/repository.rs:120:14
[INFO] [stdout]     |
[INFO] [stdout] 119 |         Ok(operations
[INFO] [stdout] 120 |             .into_iter()
[INFO] [stdout]     |              ^^^^^^^^^ `!` is not an iterator
[INFO] [stdout]     |
[INFO] [stdout]     = note: the following trait bounds were not satisfied:
[INFO] [stdout]             `!: Iterator`
[INFO] [stdout]             which is required by `!: IntoIterator`
[INFO] [stdout]             `&!: Iterator`
[INFO] [stdout]             which is required by `&!: IntoIterator`
[INFO] [stdout]             `&mut !: Iterator`
[INFO] [stdout]             which is required by `&mut !: IntoIterator`
[INFO] [stdout] 
[INFO] [stdout] 
[INFO] [stdout] error[E0599]: `!` is not an iterator
[INFO] [stdout]    --> src/repository.rs:120:14
[INFO] [stdout]     |
[INFO] [stdout] 119 |         Ok(operations
[INFO] [stdout] 120 |             .into_iter()
[INFO] [stdout]     |              ^^^^^^^^^ `!` is not an iterator
[INFO] [stdout]     |
[INFO] [stdout]     = note: the following trait bounds were not satisfied:
[INFO] [stdout]             `!: Iterator`
[INFO] [stdout]             which is required by `!: IntoIterator`
[INFO] [stdout]             `&!: Iterator`
[INFO] [stdout]             which is required by `&!: IntoIterator`
[INFO] [stdout]             `&mut !: Iterator`
[INFO] [stdout]             which is required by `&mut !: IntoIterator`
[INFO] [stdout] 
[INFO] [stdout] 
[INFO] [stdout] warning: method call on a diverging inference variable
[INFO] [stdout]    --> src/repository.rs:200:21
[INFO] [stdout]     |
[INFO] [stdout] 200 |         Ok(inserted.rows_affected() == 1)
[INFO] [stdout]     |                     ^^^^^^^^^^^^^
[INFO] [stdout]     |
[INFO] [stdout]     = help: consider providing a type annotation
[INFO] [stdout]     = warning: this was previously accepted by the compiler but is being phased out; it will become a hard error in a future release!
[INFO] [stdout]     = note: for more information, see issue #156047 <https://github.com/rust-lang/rust/issues/156047>
[INFO] [stdout] 
[INFO] [stdout] 
[INFO] [stdout] warning: method call on a diverging inference variable
[INFO] [stdout]    --> src/repository.rs:200:21
[INFO] [stdout]     |
[INFO] [stdout] 200 |         Ok(inserted.rows_affected() == 1)
[INFO] [stdout]     |                     ^^^^^^^^^^^^^
[INFO] [stdout]     |
[INFO] [stdout]     = help: consider providing a type annotation
[INFO] [stdout]     = warning: this was previously accepted by the compiler but is being phased out; it will become a hard error in a future release!
[INFO] [stdout]     = note: for more information, see issue #156047 <https://github.com/rust-lang/rust/issues/156047>
[INFO] [stdout] 
[INFO] [stdout] 
[INFO] [stdout] error[E0599]: no method named `rows_affected` found for type `!` in the current scope
[INFO] [stdout]    --> src/repository.rs:200:21
[INFO] [stdout]     |
[INFO] [stdout] 200 |         Ok(inserted.rows_affected() == 1)
[INFO] [stdout]     |                     ^^^^^^^^^^^^^ method not found in `!`
[INFO] [stdout] 
[INFO] [stdout] 
[INFO] [stdout] warning: method call on a diverging inference variable
[INFO] [stdout]    --> src/repository.rs:212:20
[INFO] [stdout]     |
[INFO] [stdout] 212 |         Ok(deleted.rows_affected() == 1)
[INFO] [stdout]     |                    ^^^^^^^^^^^^^
[INFO] [stdout]     |
[INFO] [stdout]     = help: consider providing a type annotation
[INFO] [stdout]     = warning: this was previously accepted by the compiler but is being phased out; it will become a hard error in a future release!
[INFO] [stdout]     = note: for more information, see issue #156047 <https://github.com/rust-lang/rust/issues/156047>
[INFO] [stdout] 
[INFO] [stdout] 
[INFO] [stdout] error[E0599]: no method named `rows_affected` found for type `!` in the current scope
[INFO] [stdout]    --> src/repository.rs:200:21
[INFO] [stdout]     |
[INFO] [stdout] 200 |         Ok(inserted.rows_affected() == 1)
[INFO] [stdout]     |                     ^^^^^^^^^^^^^ method not found in `!`
[INFO] [stdout] 
[INFO] [stdout] 
[INFO] [stdout] warning: method call on a diverging inference variable
[INFO] [stdout]    --> src/repository.rs:212:20
[INFO] [stdout]     |
[INFO] [stdout] 212 |         Ok(deleted.rows_affected() == 1)
[INFO] [stdout]     |                    ^^^^^^^^^^^^^
[INFO] [stdout]     |
[INFO] [stdout]     = help: consider providing a type annotation
[INFO] [stdout]     = warning: this was previously accepted by the compiler but is being phased out; it will become a hard error in a future release!
[INFO] [stdout]     = note: for more information, see issue #156047 <https://github.com/rust-lang/rust/issues/156047>
[INFO] [stdout] 
[INFO] [stdout] 
[INFO] [stdout] error[E0599]: no method named `rows_affected` found for type `!` in the current scope
[INFO] [stdout]    --> src/repository.rs:212:20
[INFO] [stdout]     |
[INFO] [stdout] 212 |         Ok(deleted.rows_affected() == 1)
[INFO] [stdout]     |                    ^^^^^^^^^^^^^ method not found in `!`
[INFO] [stdout] 
[INFO] [stdout] 
[INFO] [stdout] error[E0599]: no method named `rows_affected` found for type `!` in the current scope
[INFO] [stdout]    --> src/repository.rs:212:20
[INFO] [stdout]     |
[INFO] [stdout] 212 |         Ok(deleted.rows_affected() == 1)
[INFO] [stdout]     |                    ^^^^^^^^^^^^^ method not found in `!`
[INFO] [stdout] 
[INFO] [stdout] 
[INFO] [stdout] For more information about this error, try `rustc --explain E0599`.
[INFO] [stdout] 
[INFO] [stderr] error: could not compile `wallet-live` (bin "wallet-live") due to 14 previous errors; 6 warnings emitted
[INFO] [stderr] warning: build failed, waiting for other jobs to finish...
[INFO] [stdout] For more information about this error, try `rustc --explain E0599`.
[INFO] [stdout] 
[INFO] [stderr] error: could not compile `wallet-live` (bin "wallet-live" test) due to 17 previous errors; 6 warnings emitted
[INFO] running `Command { std: "docker" "inspect" "f222e84a565111a41a15e58a3e1a2c4237bb7d6f6b1d0c569e93842db2c34cce", kill_on_drop: false }`
[INFO] running `Command { std: "docker" "rm" "-f" "f222e84a565111a41a15e58a3e1a2c4237bb7d6f6b1d0c569e93842db2c34cce", kill_on_drop: false }`
[INFO] [stdout] f222e84a565111a41a15e58a3e1a2c4237bb7d6f6b1d0c569e93842db2c34cce
