[INFO] cloning repository https://github.com/Mapika/falx
[INFO] running `Command { std: "git" "-c" "credential.helper=" "-c" "credential.helper=/workspace/cargo-home/bin/git-credential-null" "clone" "--bare" "https://github.com/Mapika/falx" "/workspace/cache/git-repos/https%3A%2F%2Fgithub.com%2FMapika%2Ffalx", kill_on_drop: false }`
[INFO] [stderr] Cloning into bare repository '/workspace/cache/git-repos/https%3A%2F%2Fgithub.com%2FMapika%2Ffalx'...
[INFO] running `Command { std: "git" "rev-parse" "HEAD", kill_on_drop: false }`
[INFO] [stdout] db28b2c8dde72b7cd7fb4e43cc57fab48ceb8a01
[INFO] checking Mapika/falx against 3154cc1a3e6424e44f438a95007d043ed5ceaaf6 for pr-133502-30
[INFO] running `Command { std: "git" "clone" "/workspace/cache/git-repos/https%3A%2F%2Fgithub.com%2FMapika%2Ffalx" "/workspace/builds/worker-5-tc2/source", kill_on_drop: false }`
[INFO] [stderr] Cloning into '/workspace/builds/worker-5-tc2/source'...
[INFO] [stderr] done.
[INFO] started tweaking git repo https://github.com/Mapika/falx
[INFO] removed 0 missing examples
[INFO] finished tweaking git repo https://github.com/Mapika/falx
[INFO] tweaked toml for git repo https://github.com/Mapika/falx written to /workspace/builds/worker-5-tc2/source/Cargo.toml
[INFO] validating manifest of git repo https://github.com/Mapika/falx on toolchain 3154cc1a3e6424e44f438a95007d043ed5ceaaf6
[INFO] running `Command { std: CARGO_HOME="/workspace/cargo-home" RUSTUP_HOME="/workspace/rustup-home" "/workspace/cargo-home/bin/cargo" "+3154cc1a3e6424e44f438a95007d043ed5ceaaf6" "metadata" "--manifest-path" "Cargo.toml" "--no-deps", kill_on_drop: false }`
[INFO] crate git repo https://github.com/Mapika/falx already has a lockfile, it will not be regenerated
[INFO] running `Command { std: CARGO_HOME="/workspace/cargo-home" RUSTUP_HOME="/workspace/rustup-home" "/workspace/cargo-home/bin/cargo" "+3154cc1a3e6424e44f438a95007d043ed5ceaaf6" "fetch" "--manifest-path" "Cargo.toml", kill_on_drop: false }`
[INFO] running `Command { std: "docker" "create" "-v" "/var/lib/crater-agent-workspace/builds/worker-5-tc2/source:/opt/rustwide/workdir:ro,Z" "-v" "/var/lib/crater-agent-workspace/builds/worker-5-tc2/target:/opt/rustwide/target:rw,Z" "-v" "/var/lib/crater-agent-workspace/cargo-home:/opt/rustwide/cargo-home:ro,Z" "-v" "/var/lib/crater-agent-workspace/rustup-home:/opt/rustwide/rustup-home:ro,Z" "-m" "1610612736" "--network" "none" "ghcr.io/rust-lang/crates-build-env/linux@sha256:77db811e55d90add9212f6832c23229e3de5f1c1f9905e8cb07319ea15df73ac" "sleep" "infinity", kill_on_drop: false }`
[INFO] [stdout] 37b19132e0cc814476bf49345cd98107ab2188d9a9ed973785003228f21e7e73
[INFO] running `Command { std: "docker" "start" "37b19132e0cc814476bf49345cd98107ab2188d9a9ed973785003228f21e7e73", kill_on_drop: false }`
[INFO] running `Command { std: "docker" "inspect" "37b19132e0cc814476bf49345cd98107ab2188d9a9ed973785003228f21e7e73", kill_on_drop: false }`
[INFO] running `Command { std: "docker" "exec" "-e" "SOURCE_DIR=/opt/rustwide/workdir" "-e" "CARGO_HOME=/opt/rustwide/cargo-home" "-e" "RUSTUP_HOME=/opt/rustwide/rustup-home" "-e" "CARGO_TARGET_DIR=/opt/rustwide/target" "-w" "/opt/rustwide/workdir" "--user" "0:0" "37b19132e0cc814476bf49345cd98107ab2188d9a9ed973785003228f21e7e73" "/opt/rustwide/cargo-home/bin/cargo" "+3154cc1a3e6424e44f438a95007d043ed5ceaaf6" "metadata" "--no-deps" "--format-version=1", kill_on_drop: false }`
[INFO] running `Command { std: "docker" "inspect" "37b19132e0cc814476bf49345cd98107ab2188d9a9ed973785003228f21e7e73", kill_on_drop: false }`
[INFO] running `Command { std: "docker" "exec" "-e" "SOURCE_DIR=/opt/rustwide/workdir" "-e" "CARGO_HOME=/opt/rustwide/cargo-home" "-e" "RUSTUP_HOME=/opt/rustwide/rustup-home" "-e" "CARGO_TARGET_DIR=/opt/rustwide/target" "-e" "CARGO_INCREMENTAL=0" "-e" "RUST_BACKTRACE=full" "-e" "RUSTFLAGS=--cap-lints=forbid" "-e" "RUSTDOCFLAGS=--cap-lints=forbid" "-w" "/opt/rustwide/workdir" "--user" "0:0" "37b19132e0cc814476bf49345cd98107ab2188d9a9ed973785003228f21e7e73" "/opt/rustwide/cargo-home/bin/cargo" "+3154cc1a3e6424e44f438a95007d043ed5ceaaf6" "check" "--frozen" "--all" "--all-targets" "--message-format=json", kill_on_drop: false }`
[INFO] [stderr]    Compiling proc-macro2 v1.0.106
[INFO] [stderr]    Compiling quote v1.0.45
[INFO] [stderr]    Compiling unicode-ident v1.0.24
[INFO] [stderr]    Compiling libm v0.2.16
[INFO] [stderr]    Compiling autocfg v1.5.1
[INFO] [stderr]     Checking memchr v2.8.1
[INFO] [stderr]     Checking bytes v1.11.1
[INFO] [stderr]    Compiling zerocopy v0.8.52
[INFO] [stderr]     Checking cfg-if v1.0.4
[INFO] [stderr]    Compiling serde_core v1.0.228
[INFO] [stderr]     Checking hashbrown v0.17.1
[INFO] [stderr]    Compiling libc v0.2.186
[INFO] [stderr]    Compiling crossbeam-utils v0.8.21
[INFO] [stderr]     Checking equivalent v1.0.2
[INFO] [stderr]    Compiling version_check v0.9.5
[INFO] [stderr]    Compiling getrandom v0.3.4
[INFO] [stderr]     Checking lexical-util v1.0.7
[INFO] [stderr]     Checking zlib-rs v0.6.3
[INFO] [stderr]     Checking arrow-schema v59.0.0
[INFO] [stderr]    Compiling serde v1.0.228
[INFO] [stderr]    Compiling ahash v0.8.12
[INFO] [stderr]    Compiling num-traits v0.2.19
[INFO] [stderr]     Checking once_cell v1.21.4
[INFO] [stderr]     Checking iana-time-zone v0.1.65
[INFO] [stderr]     Checking itoa v1.0.18
[INFO] [stderr]     Checking ryu v1.0.23
[INFO] [stderr]     Checking lexical-parse-integer v1.0.6
[INFO] [stderr]     Checking lexical-write-integer v1.0.6
[INFO] [stderr]     Checking foldhash v0.2.0
[INFO] [stderr]     Checking allocator-api2 v0.2.21
[INFO] [stderr]    Compiling zmij v1.0.21
[INFO] [stderr]     Checking bit-vec v0.9.1
[INFO] [stderr]    Compiling serde_json v1.0.150
[INFO] [stderr]    Compiling ref-cast v1.0.25
[INFO] [stderr]     Checking lexical-parse-float v1.0.6
[INFO] [stderr]     Checking regex-syntax v0.8.11
[INFO] [stderr]     Checking crossbeam-channel v0.5.15
[INFO] [stderr]     Checking bstr v1.12.1
[INFO] [stderr]     Checking indexmap v2.14.0
[INFO] [stderr]     Checking aho-corasick v1.1.4
[INFO] [stderr]     Checking buffer-redux v1.0.2
[INFO] [stderr]     Checking csv-core v0.1.13
[INFO] [stderr]     Checking lexical-write-float v1.0.6
[INFO] [stderr]     Checking base64 v0.22.1
[INFO] [stderr]     Checking hashbrown v0.16.1
[INFO] [stderr]     Checking percent-encoding v2.3.2
[INFO] [stderr]     Checking bytecount v0.6.9
[INFO] [stderr]     Checking simdutf8 v0.1.5
[INFO] [stderr]     Checking scoped_threadpool v0.1.9
[INFO] [stderr]     Checking lexical-core v1.0.6
[INFO] [stderr]    Compiling syn v2.0.117
[INFO] [stderr]     Checking logfmt-zerocopy v0.1.3
[INFO] [stderr]     Checking falx v0.1.0 (/opt/rustwide/workdir)
[INFO] [stderr]     Checking noodles-core v0.20.0
[INFO] [stderr]     Checking needletail v0.7.3
[INFO] [stderr]     Checking noodles-bgzf v0.47.0
[INFO] [stderr]     Checking flate2 v1.1.9
[INFO] [stderr]     Checking noodles-csi v0.56.0
[INFO] [stderr]     Checking noodles-bgzf v0.45.0
[INFO] [stderr]     Checking noodles-tabix v0.62.0
[INFO] [stderr]     Checking noodles-vcf v0.88.0
[INFO] [stderr]     Checking regex-automata v0.4.14
[INFO] [stderr]     Checking num-integer v0.1.46
[INFO] [stderr]     Checking chrono v0.4.45
[INFO] [stderr]     Checking num-complex v0.4.6
[INFO] [stderr]     Checking float-cmp v0.10.0
[INFO] [stderr]     Checking atoi v2.0.0
[INFO] [stderr]     Checking num-bigint v0.4.6
[INFO] [stderr]     Checking csv v1.4.0
[INFO] [stderr]    Compiling zerocopy-derive v0.8.52
[INFO] [stderr]    Compiling serde_derive v1.0.228
[INFO] [stderr]    Compiling ref-cast-impl v1.0.25
[INFO] [stderr]     Checking regex v1.12.4
[INFO] [stderr]     Checking halfbrown v0.4.0
[INFO] [stderr]     Checking seq_io v0.3.4
[INFO] [stderr]     Checking value-trait v0.12.1
[INFO] [stderr]     Checking simd-json v0.17.0
[INFO] [stderr]     Checking half v2.7.1
[INFO] [stderr]     Checking arrow-buffer v59.0.0
[INFO] [stderr]     Checking arrow-data v59.0.0
[INFO] [stderr]     Checking arrow-array v59.0.0
[INFO] [stderr]     Checking arrow-select v59.0.0
[INFO] [stderr]     Checking arrow-ord v59.0.0
[INFO] [stderr]     Checking arrow-cast v59.0.0
[INFO] [stderr]     Checking arrow-csv v59.0.0
[INFO] [stdout] error[E0433]: cannot find module or crate `flate2` in this scope
[INFO] [stdout]   --> examples/bgzf_framed_bench.rs:11:13
[INFO] [stdout]    |
[INFO] [stdout] 11 |             flate2::write::DeflateEncoder::new(Vec::new(), flate2::Compression::default());
[INFO] [stdout]    |             ^^^^^^ use of unresolved module or unlinked crate `flate2`
[INFO] [stdout]    |
[INFO] [stdout]    = help: if you wanted to use a crate named `flate2`, use `cargo add flate2` to add it to your `Cargo.toml`
[INFO] [stdout] 
[INFO] [stdout] 
[INFO] [stdout] error[E0433]: cannot find module or crate `flate2` in this scope
[INFO] [stdout]   --> examples/bgzf_framed_bench.rs:11:60
[INFO] [stdout]    |
[INFO] [stdout] 11 |             flate2::write::DeflateEncoder::new(Vec::new(), flate2::Compression::default());
[INFO] [stdout]    |                                                            ^^^^^^ use of unresolved module or unlinked crate `flate2`
[INFO] [stdout]    |
[INFO] [stdout]    = help: if you wanted to use a crate named `flate2`, use `cargo add flate2` to add it to your `Cargo.toml`
[INFO] [stdout] 
[INFO] [stdout] 
[INFO] [stdout] error[E0433]: cannot find `bgzf` in `falx`
[INFO] [stdout]    --> examples/bgzf_framed_bench.rs:100:15
[INFO] [stdout]     |
[INFO] [stdout] 100 |         falx::bgzf::decompress_framed_par(&data, &framing, threads)
[INFO] [stdout]     |               ^^^^ could not find `bgzf` in `falx`
[INFO] [stdout]     |
[INFO] [stdout] note: found an item that was configured out
[INFO] [stdout]    --> src/lib.rs:12:9
[INFO] [stdout]     |
[INFO] [stdout]  11 | #[cfg(feature = "bgzf")]
[INFO] [stdout]     |       ---------------- the item is gated behind the `bgzf` feature
[INFO] [stdout]  12 | pub mod bgzf;
[INFO] [stdout]     |         ^^^^
[INFO] [stdout] 
[INFO] [stdout] 
[INFO] [stdout] error[E0433]: cannot find `bgzf` in `falx`
[INFO] [stdout]    --> examples/bgzf_framed_bench.rs:105:15
[INFO] [stdout]     |
[INFO] [stdout] 105 |         falx::bgzf::decompress_par(&data, threads).unwrap().len() as u64
[INFO] [stdout]     |               ^^^^ could not find `bgzf` in `falx`
[INFO] [stdout]     |
[INFO] [stdout] note: found an item that was configured out
[INFO] [stdout]    --> src/lib.rs:12:9
[INFO] [stdout]     |
[INFO] [stdout]  11 | #[cfg(feature = "bgzf")]
[INFO] [stdout]     |       ---------------- the item is gated behind the `bgzf` feature
[INFO] [stdout]  12 | pub mod bgzf;
[INFO] [stdout]     |         ^^^^
[INFO] [stdout] 
[INFO] [stdout] 
[INFO] [stdout] error[E0433]: cannot find `bgzf` in `falx`
[INFO] [stdout]    --> examples/bgzf_framed_bench.rs:108:23
[INFO] [stdout]     |
[INFO] [stdout] 108 |         let s = falx::bgzf::parse_framed_par(
[INFO] [stdout]     |                       ^^^^ could not find `bgzf` in `falx`
[INFO] [stdout]     |
[INFO] [stdout] note: found an item that was configured out
[INFO] [stdout]    --> src/lib.rs:12:9
[INFO] [stdout]     |
[INFO] [stdout]  11 | #[cfg(feature = "bgzf")]
[INFO] [stdout]     |       ---------------- the item is gated behind the `bgzf` feature
[INFO] [stdout]  12 | pub mod bgzf;
[INFO] [stdout]     |         ^^^^
[INFO] [stdout] 
[INFO] [stdout] 
[INFO] [stdout] error[E0433]: cannot find `bgzf` in `falx`
[INFO] [stdout]    --> examples/bgzf_framed_bench.rs:122:23
[INFO] [stdout]     |
[INFO] [stdout] 122 |         let s = falx::bgzf::parse_framed_records_par(
[INFO] [stdout]     |                       ^^^^ could not find `bgzf` in `falx`
[INFO] [stdout]     |
[INFO] [stdout] note: found an item that was configured out
[INFO] [stdout]    --> src/lib.rs:12:9
[INFO] [stdout]     |
[INFO] [stdout]  11 | #[cfg(feature = "bgzf")]
[INFO] [stdout]     |       ---------------- the item is gated behind the `bgzf` feature
[INFO] [stdout]  12 | pub mod bgzf;
[INFO] [stdout]     |         ^^^^
[INFO] [stdout] 
[INFO] [stdout] 
[INFO] [stdout] error[E0433]: cannot find `bgzf` in `falx`
[INFO] [stdout]    --> examples/bgzf_framed_bench.rs:137:19
[INFO] [stdout]     |
[INFO] [stdout] 137 |     let a = falx::bgzf::decompress_par(&data, threads).unwrap();
[INFO] [stdout]     |                   ^^^^ could not find `bgzf` in `falx`
[INFO] [stdout]     |
[INFO] [stdout] note: found an item that was configured out
[INFO] [stdout]    --> src/lib.rs:12:9
[INFO] [stdout]     |
[INFO] [stdout]  11 | #[cfg(feature = "bgzf")]
[INFO] [stdout]     |       ---------------- the item is gated behind the `bgzf` feature
[INFO] [stdout]  12 | pub mod bgzf;
[INFO] [stdout]     |         ^^^^
[INFO] [stdout] 
[INFO] [stdout] 
[INFO] [stdout] error[E0433]: cannot find `bgzf` in `falx`
[INFO] [stdout]    --> examples/bgzf_framed_bench.rs:138:19
[INFO] [stdout]     |
[INFO] [stdout] 138 |     let b = falx::bgzf::decompress_framed_par(&data, &framing, threads).unwrap();
[INFO] [stdout]     |                   ^^^^ could not find `bgzf` in `falx`
[INFO] [stdout]     |
[INFO] [stdout] note: found an item that was configured out
[INFO] [stdout]    --> src/lib.rs:12:9
[INFO] [stdout]     |
[INFO] [stdout]  11 | #[cfg(feature = "bgzf")]
[INFO] [stdout]     |       ---------------- the item is gated behind the `bgzf` feature
[INFO] [stdout]  12 | pub mod bgzf;
[INFO] [stdout]     |         ^^^^
[INFO] [stdout] 
[INFO] [stdout] 
[INFO] [stdout] error[E0433]: cannot find `bgzf` in `falx`
[INFO] [stdout]    --> examples/bgzf_framed_bench.rs:140:27
[INFO] [stdout]     |
[INFO] [stdout] 140 |     let rows: u64 = falx::bgzf::parse_framed_par(
[INFO] [stdout]     |                           ^^^^ could not find `bgzf` in `falx`
[INFO] [stdout]     |
[INFO] [stdout] note: found an item that was configured out
[INFO] [stdout]    --> src/lib.rs:12:9
[INFO] [stdout]     |
[INFO] [stdout]  11 | #[cfg(feature = "bgzf")]
[INFO] [stdout]     |       ---------------- the item is gated behind the `bgzf` feature
[INFO] [stdout]  12 | pub mod bgzf;
[INFO] [stdout]     |         ^^^^
[INFO] [stdout] 
[INFO] [stdout] 
[INFO] [stdout] For more information about this error, try `rustc --explain E0433`.
[INFO] [stdout] 
[INFO] [stderr] error: could not compile `falx` (example "bgzf_framed_bench") due to 9 previous errors
[INFO] [stderr] warning: build failed, waiting for other jobs to finish...
[INFO] running `Command { std: "docker" "inspect" "37b19132e0cc814476bf49345cd98107ab2188d9a9ed973785003228f21e7e73", kill_on_drop: false }`
[INFO] running `Command { std: "docker" "rm" "-f" "37b19132e0cc814476bf49345cd98107ab2188d9a9ed973785003228f21e7e73", kill_on_drop: false }`
[INFO] [stdout] 37b19132e0cc814476bf49345cd98107ab2188d9a9ed973785003228f21e7e73
