[INFO] cloning repository https://github.com/MannyGozzi/monhop
[INFO] running `Command { std: "git" "-c" "credential.helper=" "-c" "credential.helper=/workspace/cargo-home/bin/git-credential-null" "clone" "--bare" "https://github.com/MannyGozzi/monhop" "/workspace/cache/git-repos/https%3A%2F%2Fgithub.com%2FMannyGozzi%2Fmonhop", kill_on_drop: false }`
[INFO] [stderr] Cloning into bare repository '/workspace/cache/git-repos/https%3A%2F%2Fgithub.com%2FMannyGozzi%2Fmonhop'...
[INFO] running `Command { std: "git" "rev-parse" "HEAD", kill_on_drop: false }`
[INFO] [stdout] 58f04a6ea6c3a3b5d794d954d8f5a86cb6de7067
[INFO] checking MannyGozzi/monhop against 3154cc1a3e6424e44f438a95007d043ed5ceaaf6+rustflags=-Znext-solver=coherence for pr-133502-30
[INFO] running `Command { std: "git" "clone" "/workspace/cache/git-repos/https%3A%2F%2Fgithub.com%2FMannyGozzi%2Fmonhop" "/workspace/builds/worker-3-tc1/source", kill_on_drop: false }`
[INFO] [stderr] Cloning into '/workspace/builds/worker-3-tc1/source'...
[INFO] [stderr] done.
[INFO] removed /workspace/builds/worker-3-tc1/source/rust-toolchain.toml
[INFO] started tweaking git repo https://github.com/MannyGozzi/monhop
[INFO] finished tweaking git repo https://github.com/MannyGozzi/monhop
[INFO] tweaked toml for git repo https://github.com/MannyGozzi/monhop written to /workspace/builds/worker-3-tc1/source/Cargo.toml
[INFO] validating manifest of git repo https://github.com/MannyGozzi/monhop on toolchain 3154cc1a3e6424e44f438a95007d043ed5ceaaf6
[INFO] running `Command { std: CARGO_HOME="/workspace/cargo-home" RUSTUP_HOME="/workspace/rustup-home" "/workspace/cargo-home/bin/cargo" "+3154cc1a3e6424e44f438a95007d043ed5ceaaf6" "metadata" "--manifest-path" "Cargo.toml" "--no-deps", kill_on_drop: false }`
[INFO] crate git repo https://github.com/MannyGozzi/monhop already has a lockfile, it will not be regenerated
[INFO] running `Command { std: CARGO_HOME="/workspace/cargo-home" RUSTUP_HOME="/workspace/rustup-home" "/workspace/cargo-home/bin/cargo" "+3154cc1a3e6424e44f438a95007d043ed5ceaaf6" "fetch" "--manifest-path" "Cargo.toml", kill_on_drop: false }`
[INFO] [stderr] warning: unused field `authors` in `workspace.package`
[INFO] [stderr]   --> Cargo.toml:27:1
[INFO] [stderr]    |
[INFO] [stderr] 27 | authors = ["Manuel Gozzi"]
[INFO] [stderr]    | ^^^^^^^
[INFO] [stderr]    |
[INFO] [stderr]    = note: `cargo::unused_workspace_package_fields` is set to `warn` by default
[INFO] [stderr] help: consider removing the field `workspace.package.authors`
[INFO] [stderr] warning: workspace (manifest) generated 1 warning
[INFO] [stderr]     Updating crates.io index
[INFO] [stderr]  Downloading crates ...
[INFO] [stderr]   Downloaded objc2-service-management v0.3.2
[INFO] running `Command { std: "docker" "create" "-v" "/var/lib/crater-agent-workspace/builds/worker-3-tc1/source:/opt/rustwide/workdir:ro,Z" "-v" "/var/lib/crater-agent-workspace/builds/worker-3-tc1/target:/opt/rustwide/target:rw,Z" "-v" "/var/lib/crater-agent-workspace/cargo-home:/opt/rustwide/cargo-home:ro,Z" "-v" "/var/lib/crater-agent-workspace/rustup-home:/opt/rustwide/rustup-home:ro,Z" "-m" "1610612736" "--network" "none" "ghcr.io/rust-lang/crates-build-env/linux@sha256:77db811e55d90add9212f6832c23229e3de5f1c1f9905e8cb07319ea15df73ac" "sleep" "infinity", kill_on_drop: false }`
[INFO] [stdout] 979483ede76d28f1e28ca13ad60d4dd83d8fa7775e870a4defda8d8b8f9a7089
[INFO] running `Command { std: "docker" "start" "979483ede76d28f1e28ca13ad60d4dd83d8fa7775e870a4defda8d8b8f9a7089", kill_on_drop: false }`
[INFO] running `Command { std: "docker" "inspect" "979483ede76d28f1e28ca13ad60d4dd83d8fa7775e870a4defda8d8b8f9a7089", kill_on_drop: false }`
[INFO] running `Command { std: "docker" "exec" "-e" "SOURCE_DIR=/opt/rustwide/workdir" "-e" "CARGO_HOME=/opt/rustwide/cargo-home" "-e" "RUSTUP_HOME=/opt/rustwide/rustup-home" "-e" "CARGO_TARGET_DIR=/opt/rustwide/target" "-w" "/opt/rustwide/workdir" "--user" "0:0" "979483ede76d28f1e28ca13ad60d4dd83d8fa7775e870a4defda8d8b8f9a7089" "/opt/rustwide/cargo-home/bin/cargo" "+3154cc1a3e6424e44f438a95007d043ed5ceaaf6" "metadata" "--no-deps" "--format-version=1", kill_on_drop: false }`
[INFO] running `Command { std: "docker" "inspect" "979483ede76d28f1e28ca13ad60d4dd83d8fa7775e870a4defda8d8b8f9a7089", kill_on_drop: false }`
[INFO] running `Command { std: "docker" "exec" "-e" "SOURCE_DIR=/opt/rustwide/workdir" "-e" "CARGO_HOME=/opt/rustwide/cargo-home" "-e" "RUSTUP_HOME=/opt/rustwide/rustup-home" "-e" "CARGO_TARGET_DIR=/opt/rustwide/target" "-e" "CARGO_INCREMENTAL=0" "-e" "RUST_BACKTRACE=full" "-e" "RUSTFLAGS=--cap-lints=forbid -Znext-solver=coherence" "-e" "RUSTDOCFLAGS=--cap-lints=forbid" "-w" "/opt/rustwide/workdir" "--user" "0:0" "979483ede76d28f1e28ca13ad60d4dd83d8fa7775e870a4defda8d8b8f9a7089" "/opt/rustwide/cargo-home/bin/cargo" "+3154cc1a3e6424e44f438a95007d043ed5ceaaf6" "check" "--frozen" "--all" "--all-targets" "--message-format=json", kill_on_drop: false }`
[INFO] [stderr] warning: unused field `authors` in `workspace.package`
[INFO] [stderr]   --> Cargo.toml:27:1
[INFO] [stderr]    |
[INFO] [stderr] 27 | authors = ["Manuel Gozzi"]
[INFO] [stderr]    | ^^^^^^^
[INFO] [stderr]    |
[INFO] [stderr]    = note: `cargo::unused_workspace_package_fields` is set to `warn` by default
[INFO] [stderr] help: consider removing the field `workspace.package.authors`
[INFO] [stderr] warning: workspace (manifest) generated 1 warning
[INFO] [stderr]    Compiling syn v3.0.5
[INFO] [stderr]    Compiling ring v0.17.14
[INFO] [stderr]    Compiling rustls v0.23.45
[INFO] [stderr]     Checking generic-array v0.14.7
[INFO] [stderr]    Compiling getrandom v0.4.3
[INFO] [stderr]     Checking cpufeatures v0.3.1
[INFO] [stderr]     Checking hybrid-array v0.4.15
[INFO] [stderr]    Compiling quinn-udp v0.5.15
[INFO] [stderr]    Compiling curve25519-dalek v4.1.3
[INFO] [stderr]    Compiling uuid v1.26.1
[INFO] [stderr]    Compiling web_atoms v0.2.6
[INFO] [stderr]     Checking tinyvec v1.13.2
[INFO] [stderr]    Compiling quinn v0.11.11
[INFO] [stderr]     Checking rand_pcg v0.10.2
[INFO] [stderr]     Checking rand_core v0.6.4
[INFO] [stderr]     Checking chacha20 v0.10.2
[INFO] [stderr]    Compiling curve25519-dalek-derive v0.1.1
[INFO] [stderr]     Checking rustc-hash v2.1.3
[INFO] [stderr]     Checking const-oid v0.10.2
[INFO] [stderr]    Compiling toml v1.1.5+spec-1.1.0
[INFO] [stderr]    Compiling cssparser v0.36.0
[INFO] [stderr]     Checking yasna v0.6.0
[INFO] [stderr]    Compiling serde_json v1.0.151
[INFO] [stderr]    Compiling toml v0.9.12+spec-1.1.0
[INFO] [stderr]    Compiling cfb v0.7.3
[INFO] [stderr]     Checking rand v0.10.2
[INFO] [stderr]     Checking base64 v0.23.1
[INFO] [stderr]     Checking quick-xml v0.42.0
[INFO] [stderr]    Compiling png v0.17.16
[INFO] [stderr]     Checking crypto-common v0.2.2
[INFO] [stderr]     Checking block-buffer v0.10.4
[INFO] [stderr]     Checking crypto-common v0.1.7
[INFO] [stderr]     Checking block-buffer v0.12.1
[INFO] [stderr]     Checking digest v0.10.7
[INFO] [stderr]    Compiling markup5ever v0.38.0
[INFO] [stderr]    Compiling selectors v0.36.1
[INFO] [stderr]     Checking hmac v0.12.1
[INFO] [stderr]     Checking sha2 v0.10.9
[INFO] [stderr]    Compiling html5ever v0.38.0
[INFO] [stderr]    Compiling infer v0.19.0
[INFO] [stderr]    Compiling embed-resource v3.0.11
[INFO] [stderr]     Checking hkdf v0.12.4
[INFO] [stderr]     Checking parking_lot_core v0.9.12
[INFO] [stderr]    Compiling wry v0.55.1
[INFO] [stderr]    Compiling tauri-winres v0.3.6
[INFO] [stderr]    Compiling tauri-runtime v2.11.3
[INFO] [stderr]     Checking parking_lot v0.12.5
[INFO] [stderr]     Checking rustix v1.1.4
[INFO] [stderr]     Checking spake2 v0.4.0
[INFO] [stderr]     Checking dlopen2 v0.8.2
[INFO] [stderr]     Checking sync_wrapper v1.0.2
[INFO] [stderr]    Compiling tauri-runtime-wry v2.11.4 (/opt/rustwide/workdir/vendor/tauri-runtime-wry)
[INFO] [stderr]     Checking digest v0.11.3
[INFO] [stderr]     Checking ipnet v2.12.2
[INFO] [stderr]     Checking rustls-native-certs v0.8.4
[INFO] [stderr]     Checking png v0.18.1
[INFO] [stderr]     Checking http-body-util v0.1.5
[INFO] [stderr]     Checking filetime v0.2.29
[INFO] [stderr]     Checking minisign-verify v0.2.5
[INFO] [stderr]     Checking sha2 v0.11.0
[INFO] [stderr]    Compiling ico v0.5.0
[INFO] [stderr]    Compiling dom_query v0.27.0
[INFO] [stderr]     Checking xattr v1.6.1
[INFO] [stderr]     Checking tempfile v3.27.0
[INFO] [stderr]     Checking tar v0.4.46
[INFO] [stderr]     Checking rustls-webpki v0.103.15
[INFO] [stderr]     Checking rcgen v0.14.10
[INFO] [stderr]    Compiling darling_core v0.24.1
[INFO] [stderr]    Compiling serde_derive v1.0.229
[INFO] [stderr]    Compiling futures-macro v0.3.34
[INFO] [stderr]    Compiling zerovec-derive v0.11.6
[INFO] [stderr]    Compiling displaydoc v0.2.7
[INFO] [stderr]    Compiling thiserror-impl v2.0.20
[INFO] [stderr]    Compiling tokio-macros v2.7.2
[INFO] [stderr]    Compiling serde_repr v0.1.21
[INFO] [stderr]     Checking tokio v1.53.1
[INFO] [stderr]    Compiling zerotrie v0.2.5
[INFO] [stderr]     Checking futures-util v0.3.34
[INFO] [stderr]    Compiling zerovec v0.11.8
[INFO] [stderr]     Checking thiserror v2.0.20
[INFO] [stderr]     Checking tinystr v0.8.4
[INFO] [stderr]     Checking potential_utf v0.1.6
[INFO] [stderr]     Checking icu_collections v2.3.0
[INFO] [stderr]     Checking icu_locale_core v2.3.0
[INFO] [stderr]    Compiling darling_macro v0.24.1
[INFO] [stderr]    Compiling darling v0.24.1
[INFO] [stderr]    Compiling serde_with_macros v3.23.0
[INFO] [stderr]     Checking quinn-proto v0.11.18
[INFO] [stderr]     Checking rustls-platform-verifier v0.7.0
[INFO] [stderr]    Compiling icu_provider v2.3.1
[INFO] [stderr]     Checking monhop-core v0.2.7 (/opt/rustwide/workdir/crates/monhop-core)
[INFO] [stderr]     Checking futures-executor v0.3.34
[INFO] [stderr]    Compiling icu_properties v2.3.0
[INFO] [stderr]    Compiling icu_normalizer v2.3.0
[INFO] [stderr]    Compiling serde v1.0.229
[INFO] [stderr]    Compiling serde_with v3.23.0
[INFO] [stdout] warning: use of deprecated method `std::sync::atomic::Atomic::<u64>::fetch_update`: renamed to `try_update` for consistency
[INFO] [stdout]    --> crates/monhop-core/src/floor.rs:277:14
[INFO] [stdout]     |
[INFO] [stdout] 277 |             .fetch_update(Ordering::SeqCst, Ordering::SeqCst, |word| {
[INFO] [stdout]     |              ^^^^^^^^^^^^
[INFO] [stdout]     |
[INFO] [stdout]     = note: `#[warn(deprecated)]` on by default
[INFO] [stdout] help: replace the use of the deprecated method
[INFO] [stdout]     |
[INFO] [stdout] 277 -             .fetch_update(Ordering::SeqCst, Ordering::SeqCst, |word| {
[INFO] [stdout] 277 +             .try_update(Ordering::SeqCst, Ordering::SeqCst, |word| {
[INFO] [stdout]     |
[INFO] [stdout] 
[INFO] [stdout] 
[INFO] [stdout] warning: use of deprecated method `std::sync::atomic::Atomic::<u32>::fetch_update`: renamed to `try_update` for consistency
[INFO] [stdout]    --> crates/monhop-core/src/take_back.rs:106:14
[INFO] [stdout]     |
[INFO] [stdout] 106 |             .fetch_update(Ordering::SeqCst, Ordering::SeqCst, |held| {
[INFO] [stdout]     |              ^^^^^^^^^^^^
[INFO] [stdout]     |
[INFO] [stdout] help: replace the use of the deprecated method
[INFO] [stdout]     |
[INFO] [stdout] 106 -             .fetch_update(Ordering::SeqCst, Ordering::SeqCst, |held| {
[INFO] [stdout] 106 +             .try_update(Ordering::SeqCst, Ordering::SeqCst, |held| {
[INFO] [stdout]     |
[INFO] [stdout] 
[INFO] [stdout] 
[INFO] [stderr]    Compiling toml_datetime v0.6.3
[INFO] [stderr]    Compiling serde_spanned v0.6.9
[INFO] [stderr]    Compiling cargo-platform v0.1.9
[INFO] [stderr]    Compiling indexmap v1.9.3
[INFO] [stderr]    Compiling jsonptr v0.6.3
[INFO] [stderr]    Compiling plist v1.10.1
[INFO] [stderr]    Compiling cargo_toml v0.22.3
[INFO] [stderr]    Compiling toml_edit v0.20.2
[INFO] [stderr]    Compiling cargo_metadata v0.19.2
[INFO] [stderr]     Checking monhop-protocol v0.2.7 (/opt/rustwide/workdir/crates/monhop-protocol)
[INFO] [stdout] warning: use of deprecated method `std::sync::atomic::Atomic::<u64>::fetch_update`: renamed to `try_update` for consistency
[INFO] [stdout]    --> crates/monhop-core/src/floor.rs:277:14
[INFO] [stdout]     |
[INFO] [stdout] 277 |             .fetch_update(Ordering::SeqCst, Ordering::SeqCst, |word| {
[INFO] [stdout]     |              ^^^^^^^^^^^^
[INFO] [stdout]     |
[INFO] [stdout]     = note: `#[warn(deprecated)]` on by default
[INFO] [stdout] help: replace the use of the deprecated method
[INFO] [stdout]     |
[INFO] [stdout] 277 -             .fetch_update(Ordering::SeqCst, Ordering::SeqCst, |word| {
[INFO] [stdout] 277 +             .try_update(Ordering::SeqCst, Ordering::SeqCst, |word| {
[INFO] [stdout]     |
[INFO] [stdout] 
[INFO] [stdout] 
[INFO] [stderr]    Compiling toml_edit v0.19.15
[INFO] [stderr]     Checking dpi v0.1.2
[INFO] [stdout] warning: use of deprecated method `std::sync::atomic::Atomic::<u32>::fetch_update`: renamed to `try_update` for consistency
[INFO] [stdout]    --> crates/monhop-core/src/take_back.rs:106:14
[INFO] [stdout]     |
[INFO] [stdout] 106 |             .fetch_update(Ordering::SeqCst, Ordering::SeqCst, |held| {
[INFO] [stdout]     |              ^^^^^^^^^^^^
[INFO] [stdout]     |
[INFO] [stdout] help: replace the use of the deprecated method
[INFO] [stdout]     |
[INFO] [stdout] 106 -             .fetch_update(Ordering::SeqCst, Ordering::SeqCst, |held| {
[INFO] [stdout] 106 +             .try_update(Ordering::SeqCst, Ordering::SeqCst, |held| {
[INFO] [stdout]     |
[INFO] [stdout] 
[INFO] [stdout] 
[INFO] [stderr]    Compiling json-patch v3.0.1
[INFO] [stderr]     Checking monhop-platform-macos v0.2.7 (/opt/rustwide/workdir/crates/monhop-platform-macos)
[INFO] [stderr]     Checking monhop-platform-windows v0.2.7 (/opt/rustwide/workdir/crates/monhop-platform-windows)
[INFO] [stderr]    Compiling idna_adapter v1.2.2
[INFO] [stderr]     Checking keyboard-types v0.7.0
[INFO] [stderr]     Checking serialize-to-javascript v0.1.2
[INFO] [stderr]    Compiling idna v1.1.0
[INFO] [stderr]    Compiling url v2.5.8
[INFO] [stderr]     Checking hyper v1.11.1
[INFO] [stderr]     Checking tower v0.5.3
[INFO] [stderr]     Checking tokio-rustls v0.26.5
[INFO] [stderr]     Checking tokio-util v0.7.19
[INFO] [stderr]    Compiling urlpattern v0.3.0
[INFO] [stderr]    Compiling schemars v0.8.22
[INFO] [stderr]    Compiling proc-macro-crate v1.3.1
[INFO] [stderr]     Checking tower-http v0.6.11
[INFO] [stderr]    Compiling toml v0.8.2
[INFO] [stderr]    Compiling proc-macro-crate v2.0.2
[INFO] [stderr]     Checking monhop-transport v0.2.7 (/opt/rustwide/workdir/crates/monhop-transport)
[INFO] [stderr]    Compiling system-deps v6.2.2
[INFO] [stderr]     Checking hyper-util v0.1.20
[INFO] [stderr]     Checking tauri-utils v2.9.3
[INFO] [stderr]    Compiling gtk3-macros v0.18.2
[INFO] [stdout] error[E0433]: cannot find `session_native` in the crate root
[INFO] [stdout]    --> crates/monhop-transport/src/session.rs:645:21
[INFO] [stdout]     |
[INFO] [stdout] 645 |         _ => crate::session_native::last_destination_step(),
[INFO] [stdout]     |                     ^^^^^^^^^^^^^^ could not find `session_native` in the crate root
[INFO] [stdout]     |
[INFO] [stdout] note: found an item that was configured out
[INFO] [stdout]    --> crates/monhop-transport/src/lib.rs:30:9
[INFO] [stdout]     |
[INFO] [stdout]  29 | #[cfg(any(windows, target_os = "macos"))]
[INFO] [stdout]     |          ------------------------------ the item is gated here
[INFO] [stdout]  30 | pub mod session_native;
[INFO] [stdout]     |         ^^^^^^^^^^^^^^
[INFO] [stdout] 
[INFO] [stdout] 
[INFO] [stderr]    Compiling glib-macros v0.18.5
[INFO] [stdout] error[E0432]: unresolved import `crate::session_setup`
[INFO] [stdout]    --> crates/monhop-transport/src/display_arrangement.rs:259:49
[INFO] [stdout]     |
[INFO] [stdout] 259 |     use crate::{crypto::CertificateFingerprint, session_setup::InspectedPeer};
[INFO] [stdout]     |                                                 ^^^^^^^^^^^^^ could not find `session_setup` in the crate root
[INFO] [stdout]     |
[INFO] [stdout] note: found an item that was configured out
[INFO] [stdout]    --> crates/monhop-transport/src/lib.rs:36:9
[INFO] [stdout]     |
[INFO] [stdout]  35 | #[cfg(any(windows, target_os = "macos"))]
[INFO] [stdout]     |          ------------------------------ the item is gated here
[INFO] [stdout]  36 | pub mod session_setup;
[INFO] [stdout]     |         ^^^^^^^^^^^^^
[INFO] [stdout] help: a module with a similar name exists
[INFO] [stdout]     |
[INFO] [stdout] 259 -     use crate::{crypto::CertificateFingerprint, session_setup::InspectedPeer};
[INFO] [stdout] 259 +     use crate::{crypto::CertificateFingerprint, session_startup::InspectedPeer};
[INFO] [stdout]     |
[INFO] [stdout] 
[INFO] [stdout] 
[INFO] [stdout] error[E0433]: cannot find `session_native` in the crate root
[INFO] [stdout]    --> crates/monhop-transport/src/session.rs:645:21
[INFO] [stdout]     |
[INFO] [stdout] 645 |         _ => crate::session_native::last_destination_step(),
[INFO] [stdout]     |                     ^^^^^^^^^^^^^^ could not find `session_native` in the crate root
[INFO] [stdout]     |
[INFO] [stdout] note: found an item that was configured out
[INFO] [stdout]    --> crates/monhop-transport/src/lib.rs:30:9
[INFO] [stdout]     |
[INFO] [stdout]  29 | #[cfg(any(windows, target_os = "macos"))]
[INFO] [stdout]     |          ------------------------------ the item is gated here
[INFO] [stdout]  30 | pub mod session_native;
[INFO] [stdout]     |         ^^^^^^^^^^^^^^
[INFO] [stdout] 
[INFO] [stdout] 
[INFO] [stderr]    Compiling glib-sys v0.18.1
[INFO] [stderr]    Compiling gobject-sys v0.18.0
[INFO] [stderr]    Compiling gio-sys v0.18.1
[INFO] [stderr]    Compiling gdk-sys v0.18.2
[INFO] [stderr]    Compiling atk-sys v0.18.2
[INFO] [stderr]    Compiling cairo-sys-rs v0.18.2
[INFO] [stderr]    Compiling pango-sys v0.18.0
[INFO] [stderr]    Compiling gdk-pixbuf-sys v0.18.0
[INFO] [stderr]    Compiling gtk-sys v0.18.2
[INFO] [stderr]    Compiling javascriptcore-rs-sys v1.1.1
[INFO] [stderr]    Compiling soup3-sys v0.5.0
[INFO] [stderr]    Compiling webkit2gtk-sys v2.0.2
[INFO] [stderr]    Compiling gtk v0.18.2
[INFO] [stderr]     Checking hyper-rustls v0.27.9
[INFO] [stderr]     Checking reqwest v0.13.5
[INFO] [stdout] For more information about this error, try `rustc --explain E0433`.
[INFO] [stdout] 
[INFO] [stderr] error: could not compile `monhop-transport` (lib) due to 1 previous error
[INFO] [stderr] warning: build failed, waiting for other jobs to finish...
[INFO] [stdout] Some errors have detailed explanations: E0432, E0433.
[INFO] [stdout] 
[INFO] [stdout] For more information about an error, try `rustc --explain E0432`.
[INFO] [stdout] 
[INFO] [stderr] error: could not compile `monhop-transport` (lib test) due to 2 previous errors
[INFO] running `Command { std: "docker" "inspect" "979483ede76d28f1e28ca13ad60d4dd83d8fa7775e870a4defda8d8b8f9a7089", kill_on_drop: false }`
[INFO] running `Command { std: "docker" "rm" "-f" "979483ede76d28f1e28ca13ad60d4dd83d8fa7775e870a4defda8d8b8f9a7089", kill_on_drop: false }`
[INFO] [stdout] 979483ede76d28f1e28ca13ad60d4dd83d8fa7775e870a4defda8d8b8f9a7089
