[INFO] cloning repository https://github.com/MSalman5230/FM-SaveLens-24
[INFO] running `Command { std: "git" "-c" "credential.helper=" "-c" "credential.helper=/workspace/cargo-home/bin/git-credential-null" "clone" "--bare" "https://github.com/MSalman5230/FM-SaveLens-24" "/workspace/cache/git-repos/https%3A%2F%2Fgithub.com%2FMSalman5230%2FFM-SaveLens-24", kill_on_drop: false }`
[INFO] [stderr] Cloning into bare repository '/workspace/cache/git-repos/https%3A%2F%2Fgithub.com%2FMSalman5230%2FFM-SaveLens-24'...
[INFO] running `Command { std: "git" "rev-parse" "HEAD", kill_on_drop: false }`
[INFO] [stdout] 6687bd9d4357d8719e27b4e31329de1ecb6b61b0
[INFO] checking MSalman5230/FM-SaveLens-24 against 3154cc1a3e6424e44f438a95007d043ed5ceaaf6 for pr-133502-30
[INFO] running `Command { std: "git" "clone" "/workspace/cache/git-repos/https%3A%2F%2Fgithub.com%2FMSalman5230%2FFM-SaveLens-24" "/workspace/builds/worker-2-tc2/source", kill_on_drop: false }`
[INFO] [stderr] Cloning into '/workspace/builds/worker-2-tc2/source'...
[INFO] [stderr] done.
[INFO] removed /workspace/builds/worker-2-tc2/source/.cargo/config.toml
[INFO] removed /workspace/builds/worker-2-tc2/source/rust-toolchain.toml
[INFO] started tweaking git repo https://github.com/MSalman5230/FM-SaveLens-24
[INFO] finished tweaking git repo https://github.com/MSalman5230/FM-SaveLens-24
[INFO] tweaked toml for git repo https://github.com/MSalman5230/FM-SaveLens-24 written to /workspace/builds/worker-2-tc2/source/Cargo.toml
[INFO] validating manifest of git repo https://github.com/MSalman5230/FM-SaveLens-24 on toolchain 3154cc1a3e6424e44f438a95007d043ed5ceaaf6
[INFO] running `Command { std: CARGO_HOME="/workspace/cargo-home" RUSTUP_HOME="/workspace/rustup-home" "/workspace/cargo-home/bin/cargo" "+3154cc1a3e6424e44f438a95007d043ed5ceaaf6" "metadata" "--manifest-path" "Cargo.toml" "--no-deps", kill_on_drop: false }`
[INFO] crate git repo https://github.com/MSalman5230/FM-SaveLens-24 already has a lockfile, it will not be regenerated
[INFO] running `Command { std: CARGO_HOME="/workspace/cargo-home" RUSTUP_HOME="/workspace/rustup-home" "/workspace/cargo-home/bin/cargo" "+3154cc1a3e6424e44f438a95007d043ed5ceaaf6" "fetch" "--manifest-path" "Cargo.toml", kill_on_drop: false }`
[INFO] running `Command { std: "docker" "create" "-v" "/var/lib/crater-agent-workspace/builds/worker-2-tc2/source:/opt/rustwide/workdir:ro,Z" "-v" "/var/lib/crater-agent-workspace/builds/worker-2-tc2/target:/opt/rustwide/target:rw,Z" "-v" "/var/lib/crater-agent-workspace/cargo-home:/opt/rustwide/cargo-home:ro,Z" "-v" "/var/lib/crater-agent-workspace/rustup-home:/opt/rustwide/rustup-home:ro,Z" "-m" "1610612736" "--network" "none" "ghcr.io/rust-lang/crates-build-env/linux@sha256:77db811e55d90add9212f6832c23229e3de5f1c1f9905e8cb07319ea15df73ac" "sleep" "infinity", kill_on_drop: false }`
[INFO] [stdout] 36f14c6e26b03bd973c4e282b6adf6b3b149c6833a300b5516844a8cdcede043
[INFO] running `Command { std: "docker" "start" "36f14c6e26b03bd973c4e282b6adf6b3b149c6833a300b5516844a8cdcede043", kill_on_drop: false }`
[INFO] running `Command { std: "docker" "inspect" "36f14c6e26b03bd973c4e282b6adf6b3b149c6833a300b5516844a8cdcede043", kill_on_drop: false }`
[INFO] running `Command { std: "docker" "exec" "-e" "SOURCE_DIR=/opt/rustwide/workdir" "-e" "CARGO_HOME=/opt/rustwide/cargo-home" "-e" "RUSTUP_HOME=/opt/rustwide/rustup-home" "-e" "CARGO_TARGET_DIR=/opt/rustwide/target" "-w" "/opt/rustwide/workdir" "--user" "0:0" "36f14c6e26b03bd973c4e282b6adf6b3b149c6833a300b5516844a8cdcede043" "/opt/rustwide/cargo-home/bin/cargo" "+3154cc1a3e6424e44f438a95007d043ed5ceaaf6" "metadata" "--no-deps" "--format-version=1", kill_on_drop: false }`
[INFO] running `Command { std: "docker" "inspect" "36f14c6e26b03bd973c4e282b6adf6b3b149c6833a300b5516844a8cdcede043", kill_on_drop: false }`
[INFO] running `Command { std: "docker" "exec" "-e" "SOURCE_DIR=/opt/rustwide/workdir" "-e" "CARGO_HOME=/opt/rustwide/cargo-home" "-e" "RUSTUP_HOME=/opt/rustwide/rustup-home" "-e" "CARGO_TARGET_DIR=/opt/rustwide/target" "-e" "CARGO_INCREMENTAL=0" "-e" "RUST_BACKTRACE=full" "-e" "RUSTFLAGS=--cap-lints=forbid" "-e" "RUSTDOCFLAGS=--cap-lints=forbid" "-w" "/opt/rustwide/workdir" "--user" "0:0" "36f14c6e26b03bd973c4e282b6adf6b3b149c6833a300b5516844a8cdcede043" "/opt/rustwide/cargo-home/bin/cargo" "+3154cc1a3e6424e44f438a95007d043ed5ceaaf6" "check" "--frozen" "--all" "--all-targets" "--message-format=json", kill_on_drop: false }`
[INFO] [stderr]    Compiling smallvec v1.16.0
[INFO] [stderr]    Compiling indexmap v2.14.1
[INFO] [stderr]    Compiling syn v3.0.5
[INFO] [stderr]    Compiling syn v2.0.119
[INFO] [stderr]    Compiling serde_core v1.0.229
[INFO] [stderr]    Compiling cc v1.4.5
[INFO] [stderr]    Compiling typenum v1.20.1
[INFO] [stderr]     Checking mio v1.2.3
[INFO] [stderr]    Compiling cfg-expr v0.15.8
[INFO] [stderr]    Compiling serde_json v1.0.151
[INFO] [stderr]     Checking getrandom v0.4.3
[INFO] [stderr]    Compiling parking_lot_core v0.9.12
[INFO] [stderr]    Compiling string_cache_codegen v0.6.1
[INFO] [stderr]    Compiling parking_lot v0.12.5
[INFO] [stderr]     Checking http-body v1.1.0
[INFO] [stderr]     Checking tracing v0.1.44
[INFO] [stderr]    Compiling web_atoms v0.2.6
[INFO] [stderr]    Compiling string_cache v0.9.0
[INFO] [stderr]     Checking rustls-pki-types v1.14.0
[INFO] [stderr]    Compiling uuid v1.26.0
[INFO] [stderr]     Checking hybrid-array v0.4.14
[INFO] [stderr]    Compiling camino v1.2.5
[INFO] [stderr]    Compiling mime_guess v2.0.5
[INFO] [stderr]    Compiling toml v1.1.5+spec-1.1.0
[INFO] [stderr]    Compiling ring v0.17.14
[INFO] [stderr]    Compiling zstd-sys v2.1.0+zstd.1.5.7
[INFO] [stderr]     Checking sync_wrapper v1.0.2
[INFO] [stderr]    Compiling bitflags v2.13.1
[INFO] [stderr]    Compiling crypto-common v0.2.2
[INFO] [stderr]    Compiling block-buffer v0.12.1
[INFO] [stderr]    Compiling rustls v0.23.36
[INFO] [stderr]    Compiling const-oid v0.10.2
[INFO] [stderr]    Compiling cfb v0.7.3
[INFO] [stderr]    Compiling digest v0.11.3
[INFO] [stderr]    Compiling cpufeatures v0.3.1
[INFO] [stderr]    Compiling libsqlite3-sys v0.35.0
[INFO] [stderr]    Compiling sha2 v0.11.0
[INFO] [stderr]    Compiling infer v0.19.0
[INFO] [stderr]     Checking http-body-util v0.1.5
[INFO] [stderr]    Compiling mime v0.3.17
[INFO] [stderr]    Compiling zstd-safe v7.3.0
[INFO] [stderr]     Checking ryu v1.0.23
[INFO] [stderr]     Checking foldhash v0.1.5
[INFO] [stderr]    Compiling synstructure v0.13.2
[INFO] [stderr]    Compiling darling_core v0.23.0
[INFO] [stderr]    Compiling serde_derive_internals v0.29.1
[INFO] [stderr]    Compiling rust-embed-utils v8.12.0
[INFO] [stderr]     Checking hashbrown v0.15.5
[INFO] [stderr]    Compiling serde_derive v1.0.229
[INFO] [stderr]    Compiling zerovec-derive v0.11.6
[INFO] [stderr]    Compiling displaydoc v0.2.7
[INFO] [stderr]    Compiling zerofrom-derive v0.1.7
[INFO] [stderr]    Compiling yoke-derive v0.8.2
[INFO] [stderr]    Compiling futures-macro v0.3.34
[INFO] [stderr]    Compiling thiserror-impl v1.0.69
[INFO] [stderr]    Compiling thiserror-impl v2.0.20
[INFO] [stderr]     Checking futures-util v0.3.34
[INFO] [stderr]     Checking zerofrom v0.1.8
[INFO] [stderr]     Checking yoke v0.8.3
[INFO] [stderr]     Checking zerovec v0.11.8
[INFO] [stderr]     Checking zerotrie v0.2.5
[INFO] [stderr]    Compiling phf_macros v0.13.1
[INFO] [stderr]     Checking tinystr v0.8.4
[INFO] [stderr]     Checking icu_locale_core v2.3.0
[INFO] [stderr]     Checking potential_utf v0.1.6
[INFO] [stderr]     Checking icu_collections v2.3.0
[INFO] [stderr]    Compiling tokio-macros v2.7.2
[INFO] [stderr]    Compiling serde v1.0.229
[INFO] [stderr]     Checking icu_provider v2.3.1
[INFO] [stderr]     Checking icu_properties v2.3.0
[INFO] [stderr]     Checking icu_normalizer v2.3.0
[INFO] [stderr]     Checking tokio v1.53.1
[INFO] [stderr]    Compiling toml_datetime v0.6.3
[INFO] [stderr]    Compiling serde_spanned v0.6.9
[INFO] [stderr]    Compiling toml_edit v0.20.2
[INFO] [stderr]    Compiling darling_macro v0.23.0
[INFO] [stderr]    Compiling darling v0.23.0
[INFO] [stderr]    Compiling phf v0.13.1
[INFO] [stderr]     Checking thiserror v1.0.69
[INFO] [stderr]    Compiling serde_with_macros v3.22.0
[INFO] [stderr]     Checking idna_adapter v1.2.2
[INFO] [stderr]     Checking idna v1.1.0
[INFO] [stderr]     Checking url v2.5.8
[INFO] [stderr]     Checking thiserror v2.0.20
[INFO] [stderr]     Checking futures-executor v0.3.34
[INFO] [stderr]    Compiling cssparser-macros v0.6.1
[INFO] [stderr]    Compiling derive_more-impl v2.1.1
[INFO] [stderr]    Compiling cssparser v0.36.0
[INFO] [stderr]    Compiling toml v0.8.2
[INFO] [stderr]    Compiling system-deps v6.2.2
[INFO] [stderr]    Compiling proc-macro-crate v2.0.2
[INFO] [stderr]    Compiling derive_more v2.1.1
[INFO] [stderr]    Compiling markup5ever v0.38.0
[INFO] [stderr]    Compiling html5ever v0.38.0
[INFO] [stderr]    Compiling selectors v0.36.1
[INFO] [stderr]    Compiling glib-macros v0.18.5
[INFO] [stderr]    Compiling glib-sys v0.18.1
[INFO] [stderr]    Compiling gobject-sys v0.18.0
[INFO] [stderr]    Compiling gio-sys v0.18.1
[INFO] [stderr]    Compiling gdk-sys v0.18.2
[INFO] [stderr]    Compiling atk-sys v0.18.2
[INFO] [stderr]    Compiling cairo-sys-rs v0.18.2
[INFO] [stderr]    Compiling pango-sys v0.18.0
[INFO] [stderr]    Compiling gdk-pixbuf-sys v0.18.0
[INFO] [stderr]    Compiling gtk-sys v0.18.2
[INFO] [stderr]    Compiling cargo-platform v0.1.9
[INFO] [stderr]    Compiling indexmap v1.9.3
[INFO] [stderr]    Compiling jsonptr v0.6.3
[INFO] [stderr]     Checking rustls-webpki v0.103.9
[INFO] [stderr]     Checking hyper v1.11.1
[INFO] [stderr]    Compiling schemars_derive v0.8.22
[INFO] [stderr]    Compiling json-patch v3.0.1
[INFO] [stderr]     Checking tower v0.5.3
[INFO] [stderr]    Compiling cargo_metadata v0.19.2
[INFO] [stderr]     Checking hyper-util v0.1.20
[INFO] [stderr]    Compiling dom_query v0.27.0
[INFO] [stderr]    Compiling schemars v0.8.22
[INFO] [stderr]    Compiling urlpattern v0.3.0
[INFO] [stderr]     Checking glib v0.18.5
[INFO] [stderr]    Compiling serde_with v3.22.0
[INFO] [stderr]    Compiling plist v1.10.0
[INFO] [stderr]     Checking serde_urlencoded v0.7.1
[INFO] [stderr]     Checking webpki-roots v1.0.2
[INFO] [stderr]     Checking is-docker v0.2.0
[INFO] [stderr]     Checking tinyvec v1.13.2
[INFO] [stderr]     Checking rustix v1.1.4
[INFO] [stderr]     Checking is-wsl v0.4.0
[INFO] [stderr]     Checking tower-http v0.6.11
[INFO] [stderr]    Compiling rust-embed-impl v8.12.0
[INFO] [stderr]     Checking hashlink v0.10.0
[INFO] [stderr]     Checking tokio-rustls v0.26.4
[INFO] [stderr]     Checking axum-core v0.5.6
[INFO] [stderr]     Checking serde_path_to_error v0.1.20
[INFO] [stderr]     Checking hyper-rustls v0.27.7
[INFO] [stderr]     Checking matchit v0.8.4
[INFO] [stderr]     Checking chrono v0.4.45
[INFO] [stderr]     Checking reqwest v0.12.28
[INFO] [stderr]     Checking rust-embed v8.12.0
[INFO] [stderr]     Checking rusqlite v0.37.0
[INFO] [stderr]     Checking unicode-normalization v0.1.25
[INFO] [stderr]     Checking zstd v0.13.3
[INFO] [stderr]    Compiling tauri-utils v2.9.3
[INFO] [stderr]     Checking open v5.4.3
[INFO] [stderr]     Checking tokio-util v0.7.19
[INFO] [stderr]     Checking tempfile v3.27.0
[INFO] [stderr]     Checking fs2 v0.4.3
[INFO] [stderr]    Compiling toml_edit v0.19.15
[INFO] [stderr]    Compiling javascriptcore-rs-sys v1.1.1
[INFO] [stderr]    Compiling soup3-sys v0.5.0
[INFO] [stderr]    Compiling embed-resource v3.0.11
[INFO] [stderr]    Compiling gtk v0.18.2
[INFO] [stderr]    Compiling cargo_toml v0.22.3
[INFO] [stderr]    Compiling webkit2gtk-sys v2.0.2
[INFO] [stderr]    Compiling crc32fast v1.5.1
[INFO] [stderr]    Compiling tauri-winres v0.3.6
[INFO] [stderr]     Checking axum v0.8.9
[INFO] [stderr]    Compiling gdkx11-sys v0.18.2
[INFO] [stderr]    Compiling generic-array v0.14.7
[INFO] [stderr]    Compiling crossbeam-utils v0.8.22
[INFO] [stderr]     Checking dpi v0.1.2
[INFO] [stderr]     Checking erased-serde v0.4.10
[INFO] [stderr]    Compiling flate2 v1.1.10
[INFO] [stderr]    Compiling proc-macro-crate v1.3.1
[INFO] [stderr]    Compiling crypto-common v0.1.7
[INFO] [stderr]    Compiling block-buffer v0.10.4
[INFO] [stderr]     Checking serde_spanned v1.1.1
[INFO] [stderr]     Checking toml_datetime v1.1.1+spec-1.1.0
[INFO] [stderr]     Checking quick-xml v0.41.0
[INFO] [stderr]     Checking crossbeam-channel v0.5.16
[INFO] [stderr]    Compiling gtk3-macros v0.18.2
[INFO] [stderr]    Compiling png v0.17.16
[INFO] [stderr]    Compiling digest v0.10.7
[INFO] [stderr]     Checking serde-untagged v0.1.9
[INFO] [stderr]    Compiling dlopen2_derive v0.4.3
[INFO] [stderr]    Compiling wry v0.55.1
[INFO] [stderr]    Compiling ico v0.5.0
[INFO] [stderr]    Compiling sha2 v0.10.9
[INFO] [stderr]     Checking gio v0.18.4
[INFO] [stderr]     Checking cairo-rs v0.18.5
[INFO] [stderr]     Checking atk v0.18.2
[INFO] [stderr]     Checking javascriptcore-rs v1.1.2
[INFO] [stderr]     Checking dlopen2 v0.8.2
[INFO] [stderr]     Checking gdkwayland-sys v0.18.2
[INFO] [stderr]     Checking keyboard-types v0.7.0
[INFO] [stderr]    Compiling serialize-to-javascript-impl v0.1.2
[INFO] [stderr]    Compiling serde_repr v0.1.21
[INFO] [stderr]     Checking serialize-to-javascript v0.1.2
[INFO] [stderr]    Compiling rfd v0.16.0
[INFO] [stderr]     Checking fm-savelens-backend v1.4.0 (/opt/rustwide/workdir)
[INFO] [stdout] error: #[derive(RustEmbed)] folder '/opt/rustwide/workdir/web/dist/client/' does not exist. cwd: '/opt/rustwide/workdir'
[INFO] [stdout]   --> native/service.rs:31:1
[INFO] [stdout]    |
[INFO] [stdout] 31 | / #[folder = "web/dist/client/"]
[INFO] [stdout] 32 | | struct Assets;
[INFO] [stdout]    | |______________^
[INFO] [stdout] 
[INFO] [stdout] 
[INFO] [stdout] error: #[derive(RustEmbed)] folder '/opt/rustwide/workdir/web/dist/client/' does not exist. cwd: '/opt/rustwide/workdir'
[INFO] [stdout]   --> native/service.rs:31:1
[INFO] [stdout]    |
[INFO] [stdout] 31 | / #[folder = "web/dist/client/"]
[INFO] [stdout] 32 | | struct Assets;
[INFO] [stdout]    | |______________^
[INFO] [stdout] 
[INFO] [stdout] 
[INFO] [stdout] error[E0599]: no associated function or constant named `get` found for struct `Assets` in the current scope
[INFO] [stdout]    --> native/service.rs:869:28
[INFO] [stdout]     |
[INFO] [stdout]  32 | struct Assets;
[INFO] [stdout]     | ------------- associated function or constant `get` not found for this struct
[INFO] [stdout] ...
[INFO] [stdout] 869 |     let resource = Assets::get(&asset).or_else(|| {
[INFO] [stdout]     |                            ^^^ associated function or constant not found in `Assets`
[INFO] [stdout]     |
[INFO] [stdout]     = help: items from traits can only be used if the trait is implemented and in scope
[INFO] [stdout]     = note: the following traits define an item `get`, perhaps you need to implement one of them:
[INFO] [stdout]             candidate #1: `Embed`
[INFO] [stdout]             candidate #2: `FallibleStreamingIterator`
[INFO] [stdout]             candidate #3: `SliceIndex`
[INFO] [stdout]             candidate #4: `icu_collections::codepointtrie::cptrie::TypedCodePointTrie`
[INFO] [stdout]             candidate #5: `icu_properties::names::PropertyEnumToValueNameLookup`
[INFO] [stdout]             candidate #6: `icu_provider::baked::DataStore`
[INFO] [stdout]             candidate #7: `rustls::server::server_conn::StoresServerSessions`
[INFO] [stdout] 
[INFO] [stdout] 
[INFO] [stdout] error[E0599]: no associated function or constant named `get` found for struct `Assets` in the current scope
[INFO] [stdout]    --> native/service.rs:872:21
[INFO] [stdout]     |
[INFO] [stdout]  32 | struct Assets;
[INFO] [stdout]     | ------------- associated function or constant `get` not found for this struct
[INFO] [stdout] ...
[INFO] [stdout] 872 |             Assets::get(&asset)
[INFO] [stdout]     |                     ^^^ associated function or constant not found in `Assets`
[INFO] [stdout]     |
[INFO] [stdout]     = help: items from traits can only be used if the trait is implemented and in scope
[INFO] [stdout]     = note: the following traits define an item `get`, perhaps you need to implement one of them:
[INFO] [stdout]             candidate #1: `Embed`
[INFO] [stdout]             candidate #2: `FallibleStreamingIterator`
[INFO] [stdout]             candidate #3: `SliceIndex`
[INFO] [stdout]             candidate #4: `icu_collections::codepointtrie::cptrie::TypedCodePointTrie`
[INFO] [stdout]             candidate #5: `icu_properties::names::PropertyEnumToValueNameLookup`
[INFO] [stdout]             candidate #6: `icu_provider::baked::DataStore`
[INFO] [stdout]             candidate #7: `rustls::server::server_conn::StoresServerSessions`
[INFO] [stdout] 
[INFO] [stdout] 
[INFO] [stdout] error[E0599]: no associated function or constant named `get` found for struct `Assets` in the current scope
[INFO] [stdout]    --> native/service.rs:869:28
[INFO] [stdout]     |
[INFO] [stdout]  32 | struct Assets;
[INFO] [stdout]     | ------------- associated function or constant `get` not found for this struct
[INFO] [stdout] ...
[INFO] [stdout] 869 |     let resource = Assets::get(&asset).or_else(|| {
[INFO] [stdout]     |                            ^^^ associated function or constant not found in `Assets`
[INFO] [stdout]     |
[INFO] [stdout]     = help: items from traits can only be used if the trait is implemented and in scope
[INFO] [stdout]     = note: the following traits define an item `get`, perhaps you need to implement one of them:
[INFO] [stdout]             candidate #1: `Embed`
[INFO] [stdout]             candidate #2: `FallibleStreamingIterator`
[INFO] [stdout]             candidate #3: `SliceIndex`
[INFO] [stdout]             candidate #4: `icu_collections::codepointtrie::cptrie::TypedCodePointTrie`
[INFO] [stdout]             candidate #5: `icu_properties::names::PropertyEnumToValueNameLookup`
[INFO] [stdout]             candidate #6: `icu_provider::baked::DataStore`
[INFO] [stdout]             candidate #7: `rustls::server::server_conn::StoresServerSessions`
[INFO] [stdout] 
[INFO] [stdout] 
[INFO] [stdout] error[E0599]: no associated function or constant named `get` found for struct `Assets` in the current scope
[INFO] [stdout]    --> native/service.rs:872:21
[INFO] [stdout]     |
[INFO] [stdout]  32 | struct Assets;
[INFO] [stdout]     | ------------- associated function or constant `get` not found for this struct
[INFO] [stdout] ...
[INFO] [stdout] 872 |             Assets::get(&asset)
[INFO] [stdout]     |                     ^^^ associated function or constant not found in `Assets`
[INFO] [stdout]     |
[INFO] [stdout]     = help: items from traits can only be used if the trait is implemented and in scope
[INFO] [stdout]     = note: the following traits define an item `get`, perhaps you need to implement one of them:
[INFO] [stdout]             candidate #1: `Embed`
[INFO] [stdout]             candidate #2: `FallibleStreamingIterator`
[INFO] [stdout]             candidate #3: `SliceIndex`
[INFO] [stdout]             candidate #4: `icu_collections::codepointtrie::cptrie::TypedCodePointTrie`
[INFO] [stdout]             candidate #5: `icu_properties::names::PropertyEnumToValueNameLookup`
[INFO] [stdout]             candidate #6: `icu_provider::baked::DataStore`
[INFO] [stdout]             candidate #7: `rustls::server::server_conn::StoresServerSessions`
[INFO] [stdout] 
[INFO] [stdout] 
[INFO] [stdout] For more information about this error, try `rustc --explain E0599`.
[INFO] [stdout] 
[INFO] [stderr] error: could not compile `fm-savelens-backend` (lib) due to 3 previous errors
[INFO] [stderr] warning: build failed, waiting for other jobs to finish...
[INFO] [stdout] For more information about this error, try `rustc --explain E0599`.
[INFO] [stdout] 
[INFO] [stderr] error: could not compile `fm-savelens-backend` (lib test) due to 3 previous errors
[INFO] running `Command { std: "docker" "inspect" "36f14c6e26b03bd973c4e282b6adf6b3b149c6833a300b5516844a8cdcede043", kill_on_drop: false }`
[INFO] running `Command { std: "docker" "rm" "-f" "36f14c6e26b03bd973c4e282b6adf6b3b149c6833a300b5516844a8cdcede043", kill_on_drop: false }`
[INFO] [stdout] 36f14c6e26b03bd973c4e282b6adf6b3b149c6833a300b5516844a8cdcede043
