[INFO] cloning repository https://github.com/ML-Schneider/PhoneVault
[INFO] running `Command { std: "git" "-c" "credential.helper=" "-c" "credential.helper=/workspace/cargo-home/bin/git-credential-null" "clone" "--bare" "https://github.com/ML-Schneider/PhoneVault" "/workspace/cache/git-repos/https%3A%2F%2Fgithub.com%2FML-Schneider%2FPhoneVault", kill_on_drop: false }`
[INFO] [stderr] Cloning into bare repository '/workspace/cache/git-repos/https%3A%2F%2Fgithub.com%2FML-Schneider%2FPhoneVault'...
[INFO] running `Command { std: "git" "rev-parse" "HEAD", kill_on_drop: false }`
[INFO] [stdout] 394d81b0d2abc28f8750e3dfa08af922721385e6
[INFO] checking ML-Schneider/PhoneVault against 3154cc1a3e6424e44f438a95007d043ed5ceaaf6 for pr-133502-30
[INFO] running `Command { std: "git" "clone" "/workspace/cache/git-repos/https%3A%2F%2Fgithub.com%2FML-Schneider%2FPhoneVault" "/workspace/builds/worker-4-tc2/source", kill_on_drop: false }`
[INFO] [stderr] Cloning into '/workspace/builds/worker-4-tc2/source'...
[INFO] [stderr] done.
[INFO] [stderr] Updating files:  38% (1505/3955)
Updating files:  39% (1543/3955)
Updating files:  40% (1582/3955)
Updating files:  41% (1622/3955)
Updating files:  42% (1662/3955)
Updating files:  43% (1701/3955)
Updating files:  44% (1741/3955)
Updating files:  45% (1780/3955)
Updating files:  46% (1820/3955)
Updating files:  47% (1859/3955)
Updating files:  48% (1899/3955)
Updating files:  49% (1938/3955)
Updating files:  50% (1978/3955)
Updating files:  51% (2018/3955)
Updating files:  52% (2057/3955)
Updating files:  53% (2097/3955)
Updating files:  54% (2136/3955)
Updating files:  55% (2176/3955)
Updating files:  56% (2215/3955)
Updating files:  57% (2255/3955)
Updating files:  58% (2294/3955)
Updating files:  59% (2334/3955)
Updating files:  60% (2373/3955)
Updating files:  61% (2413/3955)
Updating files:  62% (2453/3955)
Updating files:  63% (2492/3955)
Updating files:  64% (2532/3955)
Updating files:  65% (2571/3955)
Updating files:  66% (2611/3955)
Updating files:  67% (2650/3955)
Updating files:  68% (2690/3955)
Updating files:  69% (2729/3955)
Updating files:  70% (2769/3955)
Updating files:  71% (2809/3955)
Updating files:  72% (2848/3955)
Updating files:  73% (2888/3955)
Updating files:  74% (2927/3955)
Updating files:  75% (2967/3955)
Updating files:  76% (3006/3955)
Updating files:  77% (3046/3955)
Updating files:  78% (3085/3955)
Updating files:  79% (3125/3955)
Updating files:  80% (3164/3955)
Updating files:  81% (3204/3955)
Updating files:  82% (3244/3955)
Updating files:  83% (3283/3955)
Updating files:  84% (3323/3955)
Updating files:  85% (3362/3955)
Updating files:  86% (3402/3955)
Updating files:  87% (3441/3955)
Updating files:  88% (3481/3955)
Updating files:  89% (3520/3955)
Updating files:  90% (3560/3955)
Updating files:  91% (3600/3955)
Updating files:  92% (3639/3955)
Updating files:  93% (3679/3955)
Updating files:  94% (3718/3955)
Updating files:  95% (3758/3955)
Updating files:  96% (3797/3955)
Updating files:  97% (3837/3955)
Updating files:  98% (3876/3955)
Updating files:  99% (3916/3955)
Updating files: 100% (3955/3955)
Updating files: 100% (3955/3955), done.
[INFO] started tweaking git repo https://github.com/ML-Schneider/PhoneVault
[INFO] finished tweaking git repo https://github.com/ML-Schneider/PhoneVault
[INFO] tweaked toml for git repo https://github.com/ML-Schneider/PhoneVault written to /workspace/builds/worker-4-tc2/source/Cargo.toml
[INFO] validating manifest of git repo https://github.com/ML-Schneider/PhoneVault on toolchain 3154cc1a3e6424e44f438a95007d043ed5ceaaf6
[INFO] running `Command { std: CARGO_HOME="/workspace/cargo-home" RUSTUP_HOME="/workspace/rustup-home" "/workspace/cargo-home/bin/cargo" "+3154cc1a3e6424e44f438a95007d043ed5ceaaf6" "metadata" "--manifest-path" "Cargo.toml" "--no-deps", kill_on_drop: false }`
[INFO] crate git repo https://github.com/ML-Schneider/PhoneVault already has a lockfile, it will not be regenerated
[INFO] running `Command { std: CARGO_HOME="/workspace/cargo-home" RUSTUP_HOME="/workspace/rustup-home" "/workspace/cargo-home/bin/cargo" "+3154cc1a3e6424e44f438a95007d043ed5ceaaf6" "fetch" "--manifest-path" "Cargo.toml", kill_on_drop: false }`
[INFO] running `Command { std: "docker" "create" "-v" "/var/lib/crater-agent-workspace/builds/worker-4-tc2/source:/opt/rustwide/workdir:ro,Z" "-v" "/var/lib/crater-agent-workspace/builds/worker-4-tc2/target:/opt/rustwide/target:rw,Z" "-v" "/var/lib/crater-agent-workspace/cargo-home:/opt/rustwide/cargo-home:ro,Z" "-v" "/var/lib/crater-agent-workspace/rustup-home:/opt/rustwide/rustup-home:ro,Z" "-m" "1610612736" "--network" "none" "ghcr.io/rust-lang/crates-build-env/linux@sha256:77db811e55d90add9212f6832c23229e3de5f1c1f9905e8cb07319ea15df73ac" "sleep" "infinity", kill_on_drop: false }`
[INFO] [stdout] 220124725bdc7aa3e584087339937e7dd21f646ea02b910553e88829c5de81c5
[INFO] running `Command { std: "docker" "start" "220124725bdc7aa3e584087339937e7dd21f646ea02b910553e88829c5de81c5", kill_on_drop: false }`
[INFO] running `Command { std: "docker" "inspect" "220124725bdc7aa3e584087339937e7dd21f646ea02b910553e88829c5de81c5", kill_on_drop: false }`
[INFO] running `Command { std: "docker" "exec" "-e" "SOURCE_DIR=/opt/rustwide/workdir" "-e" "CARGO_HOME=/opt/rustwide/cargo-home" "-e" "RUSTUP_HOME=/opt/rustwide/rustup-home" "-e" "CARGO_TARGET_DIR=/opt/rustwide/target" "-w" "/opt/rustwide/workdir" "--user" "0:0" "220124725bdc7aa3e584087339937e7dd21f646ea02b910553e88829c5de81c5" "/opt/rustwide/cargo-home/bin/cargo" "+3154cc1a3e6424e44f438a95007d043ed5ceaaf6" "metadata" "--no-deps" "--format-version=1", kill_on_drop: false }`
[INFO] running `Command { std: "docker" "inspect" "220124725bdc7aa3e584087339937e7dd21f646ea02b910553e88829c5de81c5", kill_on_drop: false }`
[INFO] running `Command { std: "docker" "exec" "-e" "SOURCE_DIR=/opt/rustwide/workdir" "-e" "CARGO_HOME=/opt/rustwide/cargo-home" "-e" "RUSTUP_HOME=/opt/rustwide/rustup-home" "-e" "CARGO_TARGET_DIR=/opt/rustwide/target" "-e" "CARGO_INCREMENTAL=0" "-e" "RUST_BACKTRACE=full" "-e" "RUSTFLAGS=--cap-lints=forbid" "-e" "RUSTDOCFLAGS=--cap-lints=forbid" "-w" "/opt/rustwide/workdir" "--user" "0:0" "220124725bdc7aa3e584087339937e7dd21f646ea02b910553e88829c5de81c5" "/opt/rustwide/cargo-home/bin/cargo" "+3154cc1a3e6424e44f438a95007d043ed5ceaaf6" "check" "--frozen" "--all" "--all-targets" "--message-format=json", kill_on_drop: false }`
[INFO] [stderr]    Compiling proc-macro2 v1.0.107
[INFO] [stderr]     Checking typenum v1.20.1
[INFO] [stderr]    Compiling quote v1.0.47
[INFO] [stderr]    Compiling serde_core v1.0.229
[INFO] [stderr]     Checking clap_builder v4.6.5
[INFO] [stderr]    Compiling syn v3.0.3
[INFO] [stderr]     Checking generic-array v0.14.7
[INFO] [stderr]     Checking block-buffer v0.10.4
[INFO] [stderr]     Checking crypto-common v0.1.7
[INFO] [stderr]     Checking digest v0.10.7
[INFO] [stderr]     Checking sha2 v0.10.9
[INFO] [stderr]     Checking serde_json v1.0.151
[INFO] [stderr]    Compiling serde_derive v1.0.229
[INFO] [stderr]    Compiling clap_derive v4.6.4
[INFO] [stderr]     Checking clap v4.6.5
[INFO] [stderr]     Checking serde v1.0.229
[INFO] [stderr]     Checking phonevault-core v0.1.0 (/opt/rustwide/workdir/crates/phonevault-core)
[INFO] [stdout] error[E0560]: struct `ManifestFile` has no field named `name`
[INFO] [stdout]   --> crates/phonevault-core/src/jobs/preservation.rs:66:33
[INFO] [stdout]    |
[INFO] [stdout] 66 | ...                   name: record.name.clone(),
[INFO] [stdout]    |                       ^^^^ `ManifestFile` does not have this field
[INFO] [stdout]    |
[INFO] [stdout]    = note: available fields are: `path`
[INFO] [stdout] 
[INFO] [stdout] 
[INFO] [stdout] error[E0609]: no field `name` on type `ManifestFile`
[INFO] [stdout]   --> crates/phonevault-core/src/vault/verifier.rs:32:42
[INFO] [stdout]    |
[INFO] [stdout] 32 |                 report.missing.push(file.name);
[INFO] [stdout]    |                                          ^^^^ unknown field
[INFO] [stdout]    |
[INFO] [stdout]    = note: available fields are: `path`, `size`, `hash`
[INFO] [stdout] 
[INFO] [stdout] 
[INFO] [stdout] error[E0609]: no field `name` on type `ManifestFile`
[INFO] [stdout]   --> crates/phonevault-core/src/vault/verifier.rs:42:44
[INFO] [stdout]    |
[INFO] [stdout] 42 |                 report.corrupted.push(file.name);
[INFO] [stdout]    |                                            ^^^^ unknown field
[INFO] [stdout]    |
[INFO] [stdout]    = note: available fields are: `path`, `size`, `hash`
[INFO] [stdout] 
[INFO] [stdout] 
[INFO] [stdout] error[E0560]: struct `ManifestFile` has no field named `name`
[INFO] [stdout]   --> crates/phonevault-core/src/jobs/preservation.rs:66:33
[INFO] [stdout]    |
[INFO] [stdout] 66 | ...                   name: record.name.clone(),
[INFO] [stdout]    |                       ^^^^ `ManifestFile` does not have this field
[INFO] [stdout]    |
[INFO] [stdout]    = note: available fields are: `path`
[INFO] [stdout] 
[INFO] [stdout] 
[INFO] [stdout] Some errors have detailed explanations: E0560, E0609.
[INFO] [stdout] 
[INFO] [stdout] For more information about an error, try `rustc --explain E0560`.
[INFO] [stdout] 
[INFO] [stderr] error: could not compile `phonevault-core` (lib test) due to 3 previous errors
[INFO] [stderr] warning: build failed, waiting for other jobs to finish...
[INFO] [stdout] error[E0609]: no field `name` on type `ManifestFile`
[INFO] [stdout]   --> crates/phonevault-core/src/vault/verifier.rs:32:42
[INFO] [stdout]    |
[INFO] [stdout] 32 |                 report.missing.push(file.name);
[INFO] [stdout]    |                                          ^^^^ unknown field
[INFO] [stdout]    |
[INFO] [stdout]    = note: available fields are: `path`, `size`, `hash`
[INFO] [stdout] 
[INFO] [stdout] 
[INFO] [stdout] error[E0609]: no field `name` on type `ManifestFile`
[INFO] [stdout]   --> crates/phonevault-core/src/vault/verifier.rs:42:44
[INFO] [stdout]    |
[INFO] [stdout] 42 |                 report.corrupted.push(file.name);
[INFO] [stdout]    |                                            ^^^^ unknown field
[INFO] [stdout]    |
[INFO] [stdout]    = note: available fields are: `path`, `size`, `hash`
[INFO] [stdout] 
[INFO] [stdout] 
[INFO] [stdout] Some errors have detailed explanations: E0560, E0609.
[INFO] [stdout] 
[INFO] [stdout] For more information about an error, try `rustc --explain E0560`.
[INFO] [stdout] 
[INFO] [stderr] error: could not compile `phonevault-core` (lib) due to 3 previous errors
[INFO] running `Command { std: "docker" "inspect" "220124725bdc7aa3e584087339937e7dd21f646ea02b910553e88829c5de81c5", kill_on_drop: false }`
[INFO] running `Command { std: "docker" "rm" "-f" "220124725bdc7aa3e584087339937e7dd21f646ea02b910553e88829c5de81c5", kill_on_drop: false }`
[INFO] [stdout] 220124725bdc7aa3e584087339937e7dd21f646ea02b910553e88829c5de81c5
