[INFO] cloning repository https://github.com/MISAKA-BTC/MISAKA-Studio
[INFO] running `Command { std: "git" "-c" "credential.helper=" "-c" "credential.helper=/workspace/cargo-home/bin/git-credential-null" "clone" "--bare" "https://github.com/MISAKA-BTC/MISAKA-Studio" "/workspace/cache/git-repos/https%3A%2F%2Fgithub.com%2FMISAKA-BTC%2FMISAKA-Studio", kill_on_drop: false }`
[INFO] [stderr] Cloning into bare repository '/workspace/cache/git-repos/https%3A%2F%2Fgithub.com%2FMISAKA-BTC%2FMISAKA-Studio'...
[INFO] running `Command { std: "git" "rev-parse" "HEAD", kill_on_drop: false }`
[INFO] [stdout] bfedb08568dbc090d7b3ee322271478ebbe415c5
[INFO] checking MISAKA-BTC/MISAKA-Studio against 3154cc1a3e6424e44f438a95007d043ed5ceaaf6 for pr-133502-30
[INFO] running `Command { std: "git" "clone" "/workspace/cache/git-repos/https%3A%2F%2Fgithub.com%2FMISAKA-BTC%2FMISAKA-Studio" "/workspace/builds/worker-0-tc2/source", kill_on_drop: false }`
[INFO] [stderr] Cloning into '/workspace/builds/worker-0-tc2/source'...
[INFO] [stderr] done.
[INFO] started tweaking git repo https://github.com/MISAKA-BTC/MISAKA-Studio
[INFO] finished tweaking git repo https://github.com/MISAKA-BTC/MISAKA-Studio
[INFO] tweaked toml for git repo https://github.com/MISAKA-BTC/MISAKA-Studio written to /workspace/builds/worker-0-tc2/source/Cargo.toml
[INFO] validating manifest of git repo https://github.com/MISAKA-BTC/MISAKA-Studio on toolchain 3154cc1a3e6424e44f438a95007d043ed5ceaaf6
[INFO] running `Command { std: CARGO_HOME="/workspace/cargo-home" RUSTUP_HOME="/workspace/rustup-home" "/workspace/cargo-home/bin/cargo" "+3154cc1a3e6424e44f438a95007d043ed5ceaaf6" "metadata" "--manifest-path" "Cargo.toml" "--no-deps", kill_on_drop: false }`
[INFO] crate git repo https://github.com/MISAKA-BTC/MISAKA-Studio already has a lockfile, it will not be regenerated
[INFO] running `Command { std: CARGO_HOME="/workspace/cargo-home" RUSTUP_HOME="/workspace/rustup-home" "/workspace/cargo-home/bin/cargo" "+3154cc1a3e6424e44f438a95007d043ed5ceaaf6" "fetch" "--manifest-path" "Cargo.toml", kill_on_drop: false }`
[INFO] running `Command { std: "docker" "create" "-v" "/var/lib/crater-agent-workspace/builds/worker-0-tc2/source:/opt/rustwide/workdir:ro,Z" "-v" "/var/lib/crater-agent-workspace/builds/worker-0-tc2/target:/opt/rustwide/target:rw,Z" "-v" "/var/lib/crater-agent-workspace/cargo-home:/opt/rustwide/cargo-home:ro,Z" "-v" "/var/lib/crater-agent-workspace/rustup-home:/opt/rustwide/rustup-home:ro,Z" "-m" "1610612736" "--network" "none" "ghcr.io/rust-lang/crates-build-env/linux@sha256:77db811e55d90add9212f6832c23229e3de5f1c1f9905e8cb07319ea15df73ac" "sleep" "infinity", kill_on_drop: false }`
[INFO] [stdout] 6d38a511b2bd4f06550b1f4bd9e97490f4ed19b4f5767536095a75f701206971
[INFO] running `Command { std: "docker" "start" "6d38a511b2bd4f06550b1f4bd9e97490f4ed19b4f5767536095a75f701206971", kill_on_drop: false }`
[INFO] running `Command { std: "docker" "inspect" "6d38a511b2bd4f06550b1f4bd9e97490f4ed19b4f5767536095a75f701206971", kill_on_drop: false }`
[INFO] running `Command { std: "docker" "exec" "-e" "SOURCE_DIR=/opt/rustwide/workdir" "-e" "CARGO_HOME=/opt/rustwide/cargo-home" "-e" "RUSTUP_HOME=/opt/rustwide/rustup-home" "-e" "CARGO_TARGET_DIR=/opt/rustwide/target" "-w" "/opt/rustwide/workdir" "--user" "0:0" "6d38a511b2bd4f06550b1f4bd9e97490f4ed19b4f5767536095a75f701206971" "/opt/rustwide/cargo-home/bin/cargo" "+3154cc1a3e6424e44f438a95007d043ed5ceaaf6" "metadata" "--no-deps" "--format-version=1", kill_on_drop: false }`
[INFO] running `Command { std: "docker" "inspect" "6d38a511b2bd4f06550b1f4bd9e97490f4ed19b4f5767536095a75f701206971", kill_on_drop: false }`
[INFO] running `Command { std: "docker" "exec" "-e" "SOURCE_DIR=/opt/rustwide/workdir" "-e" "CARGO_HOME=/opt/rustwide/cargo-home" "-e" "RUSTUP_HOME=/opt/rustwide/rustup-home" "-e" "CARGO_TARGET_DIR=/opt/rustwide/target" "-e" "CARGO_INCREMENTAL=0" "-e" "RUST_BACKTRACE=full" "-e" "RUSTFLAGS=--cap-lints=forbid" "-e" "RUSTDOCFLAGS=--cap-lints=forbid" "-w" "/opt/rustwide/workdir" "--user" "0:0" "6d38a511b2bd4f06550b1f4bd9e97490f4ed19b4f5767536095a75f701206971" "/opt/rustwide/cargo-home/bin/cargo" "+3154cc1a3e6424e44f438a95007d043ed5ceaaf6" "check" "--frozen" "--all" "--all-targets" "--message-format=json", kill_on_drop: false }`
[INFO] [stderr]    Compiling syn v2.0.119
[INFO] [stderr]    Compiling serde_core v1.0.229
[INFO] [stderr]     Checking futures-util v0.3.34
[INFO] [stderr]    Compiling aho-corasick v1.1.5
[INFO] [stderr]    Compiling typenum v1.20.1
[INFO] [stderr]    Compiling tokio-macros v2.7.2
[INFO] [stderr]     Checking regex-automata v0.4.18
[INFO] [stderr]     Checking getrandom v0.3.4
[INFO] [stderr]    Compiling ring v0.17.14
[INFO] [stderr]     Checking tokio v1.53.1
[INFO] [stderr]    Compiling hybrid-array v0.4.14
[INFO] [stderr]     Checking bitflags v2.13.1
[INFO] [stderr]     Checking serde v1.0.229
[INFO] [stderr]     Checking serde_json v1.0.151
[INFO] [stderr]     Checking uuid v1.26.0
[INFO] [stderr]     Checking futures-executor v0.3.34
[INFO] [stderr]     Checking rustix v1.1.4
[INFO] [stderr]     Checking rand_core v0.9.5
[INFO] [stderr]    Compiling mime_guess v2.0.5
[INFO] [stderr]     Checking regex v1.13.1
[INFO] [stderr]     Checking rand_chacha v0.9.0
[INFO] [stderr]     Checking rayon v1.12.0
[INFO] [stderr]    Compiling block-buffer v0.12.1
[INFO] [stderr]    Compiling crypto-common v0.2.2
[INFO] [stderr]     Checking sha1 v0.10.7
[INFO] [stderr]    Compiling const-oid v0.10.2
[INFO] [stderr]     Checking data-encoding v2.11.1
[INFO] [stderr]     Checking rustls-webpki v0.103.15
[INFO] [stderr]    Compiling rustls v0.23.43
[INFO] [stderr]     Checking rand v0.9.5
[INFO] [stderr]    Compiling digest v0.11.3
[INFO] [stderr]    Compiling synstructure v0.13.2
[INFO] [stderr]    Compiling darling_core v0.23.0
[INFO] [stderr]    Compiling darling_core v0.20.11
[INFO] [stderr]    Compiling getrandom v0.4.3
[INFO] [stderr]    Compiling bstr v1.13.1
[INFO] [stderr]     Checking ipnet v2.12.1
[INFO] [stderr]     Checking simd-adler32 v0.3.10
[INFO] [stderr]    Compiling cpufeatures v0.3.1
[INFO] [stderr]    Compiling globset v0.4.20
[INFO] [stderr]    Compiling sha2 v0.11.0
[INFO] [stderr]     Checking hyper v1.11.1
[INFO] [stderr]     Checking rand_chacha v0.3.1
[INFO] [stderr]    Compiling zerofrom-derive v0.1.7
[INFO] [stderr]    Compiling yoke-derive v0.8.2
[INFO] [stderr]    Compiling thiserror-impl v1.0.69
[INFO] [stderr]    Compiling phf_macros v0.13.1
[INFO] [stderr]    Compiling glib-macros v0.18.5
[INFO] [stderr]    Compiling tracing-attributes v0.1.31
[INFO] [stderr]    Compiling phf v0.13.1
[INFO] [stderr]     Checking zerofrom v0.1.8
[INFO] [stderr]     Checking thiserror v1.0.69
[INFO] [stderr]     Checking yoke v0.8.3
[INFO] [stderr]    Compiling web_atoms v0.2.6
[INFO] [stderr]    Compiling darling_macro v0.20.11
[INFO] [stderr]     Checking zerovec v0.11.8
[INFO] [stderr]     Checking zerotrie v0.2.5
[INFO] [stderr]    Compiling darling_macro v0.23.0
[INFO] [stderr]    Compiling darling v0.20.11
[INFO] [stderr]    Compiling darling v0.23.0
[INFO] [stderr]    Compiling serde_with_macros v3.22.0
[INFO] [stderr]    Compiling derive_builder_core v0.20.2
[INFO] [stderr]     Checking tracing v0.1.44
[INFO] [stderr]    Compiling cssparser-macros v0.6.1
[INFO] [stderr]     Checking tinystr v0.8.4
[INFO] [stderr]     Checking potential_utf v0.1.6
[INFO] [stderr]     Checking tower v0.5.3
[INFO] [stderr]     Checking icu_collections v2.3.0
[INFO] [stderr]     Checking icu_locale_core v2.3.0
[INFO] [stderr]     Checking hyper-util v0.1.20
[INFO] [stderr]    Compiling derive_more-impl v2.1.1
[INFO] [stderr]    Compiling mime v0.3.17
[INFO] [stderr]     Checking bit-vec v0.8.0
[INFO] [stderr]     Checking icu_provider v2.3.1
[INFO] [stderr]    Compiling esaxx-rs v0.1.10
[INFO] [stderr]     Checking bit-set v0.8.0
[INFO] [stderr]     Checking miniz_oxide v0.9.1
[INFO] [stderr]     Checking icu_normalizer v2.3.0
[INFO] [stderr]     Checking icu_properties v2.3.0
[INFO] [stderr]     Checking glib v0.18.5
[INFO] [stderr]    Compiling derive_more v2.1.1
[INFO] [stderr]     Checking blake2b_simd v1.0.5
[INFO] [stderr]    Compiling derive_builder_macro v0.20.2
[INFO] [stderr]    Compiling cssparser v0.36.0
[INFO] [stderr]     Checking tokio-rustls v0.26.4
[INFO] [stderr]    Compiling markup5ever v0.38.0
[INFO] [stderr]    Compiling monostate-impl v0.1.18
[INFO] [stderr]     Checking rand v0.8.8
[INFO] [stderr]    Compiling rust-embed-utils v8.12.0
[INFO] [stderr]     Checking sysinfo v0.31.4
[INFO] [stderr]     Checking tokio-util v0.7.19
[INFO] [stderr]     Checking tungstenite v0.29.0
[INFO] [stderr]     Checking idna_adapter v1.2.2
[INFO] [stderr]    Compiling serde_derive_internals v0.29.1
[INFO] [stderr]     Checking idna v1.1.0
[INFO] [stderr]     Checking serde_urlencoded v0.7.1
[INFO] [stderr]     Checking url v2.5.8
[INFO] [stderr]     Checking sha2 v0.10.9
[INFO] [stderr]    Compiling shellexpand v3.1.2
[INFO] [stderr]     Checking utf-8 v0.7.6
[INFO] [stderr]    Compiling selectors v0.36.1
[INFO] [stderr]     Checking tungstenite v0.23.0
[INFO] [stderr]    Compiling rust-embed-impl v8.12.0
[INFO] [stderr]     Checking compact_str v0.9.1
[INFO] [stderr]     Checking tower-http v0.6.11
[INFO] [stderr]     Checking zopfli v0.8.3
[INFO] [stderr]    Compiling schemars_derive v0.8.22
[INFO] [stderr]     Checking tempfile v3.27.0
[INFO] [stderr]     Checking flate2 v1.1.10
[INFO] [stderr]     Checking clap_builder v4.6.6
[INFO] [stderr]     Checking spm_precompiled v0.1.4
[INFO] [stderr]     Checking tokio-tungstenite v0.29.0
[INFO] [stderr]     Checking rayon-cond v0.4.0
[INFO] [stderr]     Checking hyper-rustls v0.27.9
[INFO] [stderr]     Checking monostate v0.1.18
[INFO] [stderr]    Compiling html5ever v0.38.0
[INFO] [stderr]     Checking derive_builder v0.20.2
[INFO] [stderr]     Checking ahash v0.8.12
[INFO] [stderr]     Checking fancy-regex v0.17.0
[INFO] [stderr]    Compiling cfb v0.7.3
[INFO] [stderr]     Checking axum-core v0.5.6
[INFO] [stderr]    Compiling axum-macros v0.5.1
[INFO] [stderr]     Checking xattr v1.6.1
[INFO] [stderr]     Checking matchers v0.2.0
[INFO] [stderr]     Checking dary_heap v0.3.9
[INFO] [stderr]     Checking serde_path_to_error v0.1.20
[INFO] [stderr]     Checking unicode-normalization-alignments v0.1.12
[INFO] [stderr]     Checking filetime v0.2.29
[INFO] [stderr]    Compiling clap_derive v4.6.4
[INFO] [stderr]     Checking matchit v0.8.4
[INFO] [stderr]     Checking typed-path v0.12.3
[INFO] [stderr]    Compiling misaka-studio-runtime v0.1.2 (/opt/rustwide/workdir/crates/misaka-studio-runtime)
[INFO] [stderr]     Checking daachorse v3.0.3
[INFO] [stderr]    Compiling schemars v0.8.22
[INFO] [stderr]     Checking tracing-subscriber v0.3.23
[INFO] [stderr]     Checking tokenizers v0.23.2
[INFO] [stderr]     Checking zip v8.6.0
[INFO] [stderr]    Compiling dom_query v0.27.0
[INFO] [stderr]     Checking axum v0.8.9
[INFO] [stderr]     Checking tar v0.4.46
[INFO] [stderr]     Checking clap v4.6.6
[INFO] [stderr]    Compiling urlpattern v0.3.0
[INFO] [stderr]    Compiling infer v0.19.0
[INFO] [stderr]    Compiling json-patch v3.0.1
[INFO] [stderr]     Checking rust-embed v8.12.0
[INFO] [stderr]     Checking reqwest v0.12.28
[INFO] [stderr]     Checking tokio-tungstenite v0.23.1
[INFO] [stderr]     Checking misaka-studio-core v0.1.2 (/opt/rustwide/workdir/crates/misaka-studio-core)
[INFO] [stderr]     Checking tokio-stream v0.1.19
[INFO] [stderr]    Compiling serde_with v3.22.0
[INFO] [stderr]    Compiling gtk3-macros v0.18.2
[INFO] [stderr]    Compiling generic-array v0.14.7
[INFO] [stderr]     Checking gio v0.18.4
[INFO] [stderr]     Checking cairo-rs v0.18.5
[INFO] [stderr]     Checking atk v0.18.2
[INFO] [stderr]     Checking dpi v0.1.2
[INFO] [stderr]    Compiling crc32fast v1.5.1
[INFO] [stderr]     Checking erased-serde v0.4.10
[INFO] [stderr]     Checking javascriptcore-rs v1.1.2
[INFO] [stderr]    Compiling crypto-common v0.1.7
[INFO] [stderr]    Compiling block-buffer v0.10.4
[INFO] [stderr]     Checking jsonptr v0.6.3
[INFO] [stderr]     Checking serde_spanned v1.1.1
[INFO] [stderr]     Checking toml_datetime v1.1.1+spec-1.1.0
[INFO] [stderr]    Compiling png v0.17.16
[INFO] [stderr]     Checking toml v1.1.4+spec-1.1.0
[INFO] [stderr]     Checking plist v1.10.0
[INFO] [stderr]     Checking serde-untagged v0.1.9
[INFO] [stderr]    Compiling tauri-utils v2.9.3
[INFO] [stderr]    Compiling digest v0.10.7
[INFO] [stderr]    Compiling dlopen2_derive v0.4.3
[INFO] [stderr]     Checking crossbeam-channel v0.5.16
[INFO] [stderr]    Compiling ico v0.5.0
[INFO] [stderr]     Checking dlopen2 v0.8.2
[INFO] [stderr]    Compiling serialize-to-javascript-impl v0.1.2
[INFO] [stderr]     Checking keyboard-types v0.7.0
[INFO] [stderr]     Checking serialize-to-javascript v0.1.2
[INFO] [stdout] error: #[derive(RustEmbed)] folder '/opt/rustwide/workdir/crates/misaka-studio-runtime/../../ui/dist' does not exist. cwd: '/opt/rustwide/workdir'
[INFO] [stdout]   --> crates/misaka-studio-runtime/src/api/ui.rs:36:1
[INFO] [stdout]    |
[INFO] [stdout] 36 | / #[folder = "$CARGO_MANIFEST_DIR/../../ui/dist"]
[INFO] [stdout] 37 | | #[exclude = "*.map"]
[INFO] [stdout] 38 | | struct Ui;
[INFO] [stdout]    | |__________^
[INFO] [stdout] 
[INFO] [stdout] 
[INFO] [stdout] error: #[derive(RustEmbed)] folder '/opt/rustwide/workdir/crates/misaka-studio-runtime/../../ui/dist' does not exist. cwd: '/opt/rustwide/workdir'
[INFO] [stdout]   --> crates/misaka-studio-runtime/src/api/ui.rs:36:1
[INFO] [stdout]    |
[INFO] [stdout] 36 | / #[folder = "$CARGO_MANIFEST_DIR/../../ui/dist"]
[INFO] [stdout] 37 | | #[exclude = "*.map"]
[INFO] [stdout] 38 | | struct Ui;
[INFO] [stdout]    | |__________^
[INFO] [stdout] 
[INFO] [stdout] 
[INFO] [stdout] error[E0599]: no associated function or constant named `iter` found for struct `ui::Ui` in the current scope
[INFO] [stdout]   --> crates/misaka-studio-runtime/src/api/ui.rs:43:9
[INFO] [stdout]    |
[INFO] [stdout] 38 | struct Ui;
[INFO] [stdout]    | --------- associated function or constant `iter` not found for this struct
[INFO] [stdout] ...
[INFO] [stdout] 43 |     Ui::iter().next().is_none()
[INFO] [stdout]    |         ^^^^ associated function or constant not found in `ui::Ui`
[INFO] [stdout]    |
[INFO] [stdout]    = help: items from traits can only be used if the trait is implemented and in scope
[INFO] [stdout]    = note: the following traits define an item `iter`, perhaps you need to implement one of them:
[INFO] [stdout]            candidate #1: `Embed`
[INFO] [stdout]            candidate #2: `bitflags::traits::Flags`
[INFO] [stdout] 
[INFO] [stdout] 
[INFO] [stdout] error[E0599]: no associated function or constant named `iter` found for struct `ui::Ui` in the current scope
[INFO] [stdout]   --> crates/misaka-studio-runtime/src/api/ui.rs:49:9
[INFO] [stdout]    |
[INFO] [stdout] 38 | struct Ui;
[INFO] [stdout]    | --------- associated function or constant `iter` not found for this struct
[INFO] [stdout] ...
[INFO] [stdout] 49 |     Ui::iter().count()
[INFO] [stdout]    |         ^^^^ associated function or constant not found in `ui::Ui`
[INFO] [stdout]    |
[INFO] [stdout]    = help: items from traits can only be used if the trait is implemented and in scope
[INFO] [stdout]    = note: the following traits define an item `iter`, perhaps you need to implement one of them:
[INFO] [stdout]            candidate #1: `Embed`
[INFO] [stdout]            candidate #2: `bitflags::traits::Flags`
[INFO] [stdout] 
[INFO] [stdout] 
[INFO] [stdout] error[E0599]: no associated function or constant named `get` found for struct `ui::Ui` in the current scope
[INFO] [stdout]   --> crates/misaka-studio-runtime/src/api/ui.rs:60:29
[INFO] [stdout]    |
[INFO] [stdout] 38 | struct Ui;
[INFO] [stdout]    | --------- associated function or constant `get` not found for this struct
[INFO] [stdout] ...
[INFO] [stdout] 60 |     if let Some(file) = Ui::get(path) {
[INFO] [stdout]    |                             ^^^ associated function or constant not found in `ui::Ui`
[INFO] [stdout]    |
[INFO] [stdout]    = help: items from traits can only be used if the trait is implemented and in scope
[INFO] [stdout]    = note: the following traits define an item `get`, perhaps you need to implement one of them:
[INFO] [stdout]            candidate #1: `Embed`
[INFO] [stdout]            candidate #2: `SliceIndex`
[INFO] [stdout]            candidate #3: `icu_collections::codepointtrie::cptrie::TypedCodePointTrie`
[INFO] [stdout]            candidate #4: `icu_properties::names::PropertyEnumToValueNameLookup`
[INFO] [stdout]            candidate #5: `icu_provider::baked::DataStore`
[INFO] [stdout]            candidate #6: `itertools::Itertools`
[INFO] [stdout]            candidate #7: `rustls::server::server_conn::StoresServerSessions`
[INFO] [stdout] 
[INFO] [stdout] 
[INFO] [stdout] error[E0599]: no associated function or constant named `iter` found for struct `Ui` in the current scope
[INFO] [stdout]   --> crates/misaka-studio-runtime/src/api/ui.rs:43:9
[INFO] [stdout]    |
[INFO] [stdout] 38 | struct Ui;
[INFO] [stdout]    | --------- associated function or constant `iter` not found for this struct
[INFO] [stdout] ...
[INFO] [stdout] 43 |     Ui::iter().next().is_none()
[INFO] [stdout]    |         ^^^^ associated function or constant not found in `Ui`
[INFO] [stdout]    |
[INFO] [stdout]    = help: items from traits can only be used if the trait is implemented and in scope
[INFO] [stdout]    = note: the following traits define an item `iter`, perhaps you need to implement one of them:
[INFO] [stdout]            candidate #1: `Embed`
[INFO] [stdout]            candidate #2: `bitflags::traits::Flags`
[INFO] [stdout] 
[INFO] [stdout] 
[INFO] [stdout] error[E0599]: no associated function or constant named `iter` found for struct `Ui` in the current scope
[INFO] [stdout]   --> crates/misaka-studio-runtime/src/api/ui.rs:49:9
[INFO] [stdout]    |
[INFO] [stdout] 38 | struct Ui;
[INFO] [stdout]    | --------- associated function or constant `iter` not found for this struct
[INFO] [stdout] ...
[INFO] [stdout] 49 |     Ui::iter().count()
[INFO] [stdout]    |         ^^^^ associated function or constant not found in `Ui`
[INFO] [stdout]    |
[INFO] [stdout]    = help: items from traits can only be used if the trait is implemented and in scope
[INFO] [stdout]    = note: the following traits define an item `iter`, perhaps you need to implement one of them:
[INFO] [stdout]            candidate #1: `Embed`
[INFO] [stdout]            candidate #2: `bitflags::traits::Flags`
[INFO] [stdout] 
[INFO] [stdout] 
[INFO] [stdout] error[E0599]: no associated function or constant named `get` found for struct `ui::Ui` in the current scope
[INFO] [stdout]   --> crates/misaka-studio-runtime/src/api/ui.rs:69:15
[INFO] [stdout]    |
[INFO] [stdout] 38 | struct Ui;
[INFO] [stdout]    | --------- associated function or constant `get` not found for this struct
[INFO] [stdout] ...
[INFO] [stdout] 69 |     match Ui::get("index.html") {
[INFO] [stdout]    |               ^^^ associated function or constant not found in `ui::Ui`
[INFO] [stdout]    |
[INFO] [stdout]    = help: items from traits can only be used if the trait is implemented and in scope
[INFO] [stdout]    = note: the following traits define an item `get`, perhaps you need to implement one of them:
[INFO] [stdout]            candidate #1: `Embed`
[INFO] [stdout]            candidate #2: `SliceIndex`
[INFO] [stdout]            candidate #3: `icu_collections::codepointtrie::cptrie::TypedCodePointTrie`
[INFO] [stdout]            candidate #4: `icu_properties::names::PropertyEnumToValueNameLookup`
[INFO] [stdout]            candidate #5: `icu_provider::baked::DataStore`
[INFO] [stdout]            candidate #6: `itertools::Itertools`
[INFO] [stdout]            candidate #7: `rustls::server::server_conn::StoresServerSessions`
[INFO] [stdout] 
[INFO] [stdout] 
[INFO] [stdout] error[E0599]: no associated function or constant named `get` found for struct `Ui` in the current scope
[INFO] [stdout]   --> crates/misaka-studio-runtime/src/api/ui.rs:60:29
[INFO] [stdout]    |
[INFO] [stdout] 38 | struct Ui;
[INFO] [stdout]    | --------- associated function or constant `get` not found for this struct
[INFO] [stdout] ...
[INFO] [stdout] 60 |     if let Some(file) = Ui::get(path) {
[INFO] [stdout]    |                             ^^^ associated function or constant not found in `Ui`
[INFO] [stdout]    |
[INFO] [stdout]    = help: items from traits can only be used if the trait is implemented and in scope
[INFO] [stdout]    = note: the following traits define an item `get`, perhaps you need to implement one of them:
[INFO] [stdout]            candidate #1: `Embed`
[INFO] [stdout]            candidate #2: `SliceIndex`
[INFO] [stdout]            candidate #3: `icu_collections::codepointtrie::cptrie::TypedCodePointTrie`
[INFO] [stdout]            candidate #4: `icu_properties::names::PropertyEnumToValueNameLookup`
[INFO] [stdout]            candidate #5: `icu_provider::baked::DataStore`
[INFO] [stdout]            candidate #6: `itertools::Itertools`
[INFO] [stdout]            candidate #7: `rustls::server::server_conn::StoresServerSessions`
[INFO] [stdout] 
[INFO] [stdout] 
[INFO] [stdout] error[E0599]: no associated function or constant named `get` found for struct `ui::Ui` in the current scope
[INFO] [stdout]    --> crates/misaka-studio-runtime/src/api/ui.rs:103:21
[INFO] [stdout]     |
[INFO] [stdout]  38 | struct Ui;
[INFO] [stdout]     | --------- associated function or constant `get` not found for this struct
[INFO] [stdout] ...
[INFO] [stdout] 103 |         assert!(Ui::get("index.html").is_some(), "the embed has files but not index.html");
[INFO] [stdout]     |                     ^^^ associated function or constant not found in `ui::Ui`
[INFO] [stdout]     |
[INFO] [stdout]     = help: items from traits can only be used if the trait is implemented and in scope
[INFO] [stdout]     = note: the following traits define an item `get`, perhaps you need to implement one of them:
[INFO] [stdout]             candidate #1: `Embed`
[INFO] [stdout]             candidate #2: `SliceIndex`
[INFO] [stdout]             candidate #3: `icu_collections::codepointtrie::cptrie::TypedCodePointTrie`
[INFO] [stdout]             candidate #4: `icu_properties::names::PropertyEnumToValueNameLookup`
[INFO] [stdout]             candidate #5: `icu_provider::baked::DataStore`
[INFO] [stdout]             candidate #6: `itertools::Itertools`
[INFO] [stdout]             candidate #7: `rustls::server::server_conn::StoresServerSessions`
[INFO] [stdout] 
[INFO] [stdout] 
[INFO] [stdout] error[E0599]: no associated function or constant named `get` found for struct `Ui` in the current scope
[INFO] [stdout]   --> crates/misaka-studio-runtime/src/api/ui.rs:69:15
[INFO] [stdout]    |
[INFO] [stdout] 38 | struct Ui;
[INFO] [stdout]    | --------- associated function or constant `get` not found for this struct
[INFO] [stdout] ...
[INFO] [stdout] 69 |     match Ui::get("index.html") {
[INFO] [stdout]    |               ^^^ associated function or constant not found in `Ui`
[INFO] [stdout]    |
[INFO] [stdout]    = help: items from traits can only be used if the trait is implemented and in scope
[INFO] [stdout]    = note: the following traits define an item `get`, perhaps you need to implement one of them:
[INFO] [stdout]            candidate #1: `Embed`
[INFO] [stdout]            candidate #2: `SliceIndex`
[INFO] [stdout]            candidate #3: `icu_collections::codepointtrie::cptrie::TypedCodePointTrie`
[INFO] [stdout]            candidate #4: `icu_properties::names::PropertyEnumToValueNameLookup`
[INFO] [stdout]            candidate #5: `icu_provider::baked::DataStore`
[INFO] [stdout]            candidate #6: `itertools::Itertools`
[INFO] [stdout]            candidate #7: `rustls::server::server_conn::StoresServerSessions`
[INFO] [stdout] 
[INFO] [stdout] 
[INFO] [stdout] error[E0599]: no associated function or constant named `iter` found for struct `ui::Ui` in the current scope
[INFO] [stdout]    --> crates/misaka-studio-runtime/src/api/ui.rs:122:25
[INFO] [stdout]     |
[INFO] [stdout]  38 | struct Ui;
[INFO] [stdout]     | --------- associated function or constant `iter` not found for this struct
[INFO] [stdout] ...
[INFO] [stdout] 122 |         let asset = Ui::iter().find(|f| f.ends_with(".js")).map(|f| f.to_string());
[INFO] [stdout]     |                         ^^^^ associated function or constant not found in `ui::Ui`
[INFO] [stdout]     |
[INFO] [stdout]     = help: items from traits can only be used if the trait is implemented and in scope
[INFO] [stdout]     = note: the following traits define an item `iter`, perhaps you need to implement one of them:
[INFO] [stdout]             candidate #1: `Embed`
[INFO] [stdout]             candidate #2: `bitflags::traits::Flags`
[INFO] [stdout] 
[INFO] [stdout] 
[INFO] [stdout] error[E0277]: the size for values of type `str` cannot be known at compilation time
[INFO] [stdout]    --> crates/misaka-studio-runtime/src/api/ui.rs:123:16
[INFO] [stdout]     |
[INFO] [stdout] 123 |         if let Some(asset) = asset {
[INFO] [stdout]     |                ^^^^^^^^^^^ doesn't have a size known at compile-time
[INFO] [stdout]     |
[INFO] [stdout]     = help: the trait `Sized` is not implemented for `str`
[INFO] [stdout] note: required by a bound in `Some`
[INFO] [stdout]    --> /rustc/3154cc1a3e6424e44f438a95007d043ed5ceaaf6/library/core/src/option.rs:606:4
[INFO] [stdout] 
[INFO] [stdout] 
[INFO] [stderr] error: could not compile `gio` (lib)
[INFO] [stderr] 
[INFO] [stderr] Caused by:
[INFO] [stderr]   process didn't exit successfully: `/opt/rustwide/rustup-home/toolchains/3154cc1a3e6424e44f438a95007d043ed5ceaaf6/bin/rustc --crate-name gio --edition=2021 /opt/rustwide/cargo-home/registry/src/index.crates.io-1949cf8c6b5b557f/gio-0.18.4/src/lib.rs --error-format=json --json=diagnostic-rendered-ansi,artifacts,future-incompat,unused-externs-silent --crate-type lib --emit=dep-info,metadata -C embed-bitcode=no -C debuginfo=2 --cfg 'feature="v2_58"' --cfg 'feature="v2_60"' --cfg 'feature="v2_62"' --cfg 'feature="v2_64"' --cfg 'feature="v2_66"' --cfg 'feature="v2_68"' --cfg 'feature="v2_70"' --check-cfg 'cfg(docsrs,test)' --check-cfg 'cfg(feature, values("v2_58", "v2_60", "v2_62", "v2_64", "v2_66", "v2_68", "v2_70", "v2_72", "v2_74", "v2_76", "v2_78"))' -C metadata=ad3c0318830ada33 -C extra-filename=-5949d501d5c2402e --out-dir /opt/rustwide/target/debug/build/gio/5949d501d5c2402e/out -L dependency=/opt/rustwide/target/debug/build/bitflags/4f73a475ffdfb44b/out -L dependency=/opt/rustwide/target/debug/build/futures-channel/4baa35c10b04ddc6/out -L dependency=/opt/rustwide/target/debug/build/futures-core/e61316190f86a7bd/out -L dependency=/opt/rustwide/target/debug/build/futures-executor/12a66b3f5e1b7f4a/out -L dependency=/opt/rustwide/target/debug/build/futures-macro/563471f27e901a91/out -L dependency=/opt/rustwide/target/debug/build/futures-sink/a9e9f8e9bd8fa6ef/out -L dependency=/opt/rustwide/target/debug/build/futures-task/e6dcbbfe3a416c43/out -L dependency=/opt/rustwide/target/debug/build/futures-util/a685d3055c1ffa9e/out -L dependency=/opt/rustwide/target/debug/build/gio-sys/f2248c670ef354cb/out -L dependency=/opt/rustwide/target/debug/build/glib-macros/ca7dc33c85e14685/out -L dependency=/opt/rustwide/target/debug/build/glib-sys/4127723b8d372de6/out -L dependency=/opt/rustwide/target/debug/build/gobject-sys/21883e6a0e5ac5ea/out -L dependency=/opt/rustwide/target/debug/build/libc/5b122225efee376b/out -L dependency=/opt/rustwide/target/debug/build/memchr/b924193483665774/out -L dependency=/opt/rustwide/target/debug/build/once_cell/6f8123b0c2eed634/out -L dependency=/opt/rustwide/target/debug/build/pin-project-lite/7176d3be2b7ee2e1/out -L dependency=/opt/rustwide/target/debug/build/serde_core/48032791fab7ab4f/out -L dependency=/opt/rustwide/target/debug/build/slab/ae595133c23c4338/out -L dependency=/opt/rustwide/target/debug/build/smallvec/4f8e4a825041d312/out -L dependency=/opt/rustwide/target/debug/build/thiserror-impl/23af60aca12515e9/out -L dependency=/opt/rustwide/target/debug/build/thiserror/d7256f85f8bd47c8/out --extern futures_channel=/opt/rustwide/target/debug/build/futures-channel/4baa35c10b04ddc6/out/libfutures_channel-4baa35c10b04ddc6.rmeta --extern futures_core=/opt/rustwide/target/debug/build/futures-core/e61316190f86a7bd/out/libfutures_core-e61316190f86a7bd.rmeta --extern futures_io=/opt/rustwide/target/debug/build/futures-io/3982bdd4b44b9ff9/out/libfutures_io-3982bdd4b44b9ff9.rmeta --extern futures_util=/opt/rustwide/target/debug/build/futures-util/a685d3055c1ffa9e/out/libfutures_util-a685d3055c1ffa9e.rmeta --extern ffi=/opt/rustwide/target/debug/build/gio-sys/f2248c670ef354cb/out/libgio_sys-f2248c670ef354cb.rmeta --extern glib=/opt/rustwide/target/debug/build/glib/21f7936e71ce7f5c/out/libglib-21f7936e71ce7f5c.rmeta --extern libc=/opt/rustwide/target/debug/build/libc/5b122225efee376b/out/liblibc-5b122225efee376b.rmeta --extern once_cell=/opt/rustwide/target/debug/build/once_cell/6f8123b0c2eed634/out/libonce_cell-6f8123b0c2eed634.rmeta --extern pin_project_lite=/opt/rustwide/target/debug/build/pin-project-lite/7176d3be2b7ee2e1/out/libpin_project_lite-7176d3be2b7ee2e1.rmeta --extern smallvec=/opt/rustwide/target/debug/build/smallvec/4f8e4a825041d312/out/libsmallvec-4f8e4a825041d312.rmeta --extern thiserror=/opt/rustwide/target/debug/build/thiserror/d7256f85f8bd47c8/out/libthiserror-d7256f85f8bd47c8.rmeta --cap-lints allow --cap-lints=forbid --force-warn=unused_crate_dependencies` (signal: 9, SIGKILL: kill)
[INFO] [stderr] warning: build failed, waiting for other jobs to finish...
[INFO] [stdout] warning: use of deprecated method `std::sync::atomic::Atomic::<u64>::fetch_update`: renamed to `try_update` for consistency
[INFO] [stdout]    --> crates/misaka-studio-runtime/src/metrics.rs:104:29
[INFO] [stdout]     |
[INFO] [stdout] 104 |         let _ = self.active.fetch_update(Ordering::Relaxed, Ordering::Relaxed, |v| Some(v.saturating_sub(1)));
[INFO] [stdout]     |                             ^^^^^^^^^^^^
[INFO] [stdout]     |
[INFO] [stdout]     = note: `#[warn(deprecated)]` on by default
[INFO] [stdout] help: replace the use of the deprecated method
[INFO] [stdout]     |
[INFO] [stdout] 104 -         let _ = self.active.fetch_update(Ordering::Relaxed, Ordering::Relaxed, |v| Some(v.saturating_sub(1)));
[INFO] [stdout] 104 +         let _ = self.active.try_update(Ordering::Relaxed, Ordering::Relaxed, |v| Some(v.saturating_sub(1)));
[INFO] [stdout]     |
[INFO] [stdout] 
[INFO] [stdout] 
[INFO] [stdout] warning: use of deprecated method `std::sync::atomic::Atomic::<u64>::fetch_update`: renamed to `try_update` for consistency
[INFO] [stdout]    --> crates/misaka-studio-runtime/src/metrics.rs:104:29
[INFO] [stdout]     |
[INFO] [stdout] 104 |         let _ = self.active.fetch_update(Ordering::Relaxed, Ordering::Relaxed, |v| Some(v.saturating_sub(1)));
[INFO] [stdout]     |                             ^^^^^^^^^^^^
[INFO] [stdout]     |
[INFO] [stdout]     = note: `#[warn(deprecated)]` on by default
[INFO] [stdout] help: replace the use of the deprecated method
[INFO] [stdout]     |
[INFO] [stdout] 104 -         let _ = self.active.fetch_update(Ordering::Relaxed, Ordering::Relaxed, |v| Some(v.saturating_sub(1)));
[INFO] [stdout] 104 +         let _ = self.active.try_update(Ordering::Relaxed, Ordering::Relaxed, |v| Some(v.saturating_sub(1)));
[INFO] [stdout]     |
[INFO] [stdout] 
[INFO] [stdout] 
[INFO] [stdout] For more information about this error, try `rustc --explain E0599`.
[INFO] [stdout] 
[INFO] [stderr] error: could not compile `misaka-studio-runtime` (lib) due to 5 previous errors; 1 warning emitted
[INFO] [stdout] Some errors have detailed explanations: E0277, E0599.
[INFO] [stdout] 
[INFO] [stdout] For more information about an error, try `rustc --explain E0277`.
[INFO] [stdout] 
[INFO] [stderr] error: could not compile `misaka-studio-runtime` (lib test) due to 8 previous errors; 1 warning emitted
[INFO] [stderr] warning: unused dependency `sha2`
[INFO] [stderr]   --> crates/misaka-studio-core/Cargo.toml:16:1
[INFO] [stderr]    |
[INFO] [stderr] 16 | sha2.workspace = true
[INFO] [stderr]    | ^^^^
[INFO] [stderr]    |
[INFO] [stderr]    = note: `cargo::unused_dependencies` is set to `warn` by default
[INFO] [stderr] help: consider removing the dependency on `sha2`
[INFO] [stderr] warning: `misaka-studio-core` (manifest) generated 1 warning
[INFO] running `Command { std: "docker" "inspect" "6d38a511b2bd4f06550b1f4bd9e97490f4ed19b4f5767536095a75f701206971", kill_on_drop: false }`
[INFO] running `Command { std: "docker" "rm" "-f" "6d38a511b2bd4f06550b1f4bd9e97490f4ed19b4f5767536095a75f701206971", kill_on_drop: false }`
[INFO] [stdout] 6d38a511b2bd4f06550b1f4bd9e97490f4ed19b4f5767536095a75f701206971
