[INFO] cloning repository https://github.com/M-Essa11/Controller-Launcher
[INFO] running `Command { std: "git" "-c" "credential.helper=" "-c" "credential.helper=/workspace/cargo-home/bin/git-credential-null" "clone" "--bare" "https://github.com/M-Essa11/Controller-Launcher" "/workspace/cache/git-repos/https%3A%2F%2Fgithub.com%2FM-Essa11%2FController-Launcher", kill_on_drop: false }`
[INFO] [stderr] Cloning into bare repository '/workspace/cache/git-repos/https%3A%2F%2Fgithub.com%2FM-Essa11%2FController-Launcher'...
[INFO] running `Command { std: "git" "rev-parse" "HEAD", kill_on_drop: false }`
[INFO] [stdout] 7989dbc60be6c3d2d08eb70bee036b7c33c99d56
[INFO] checking M-Essa11/Controller-Launcher against 3154cc1a3e6424e44f438a95007d043ed5ceaaf6+rustflags=-Znext-solver=coherence for pr-133502-30
[INFO] running `Command { std: "git" "clone" "/workspace/cache/git-repos/https%3A%2F%2Fgithub.com%2FM-Essa11%2FController-Launcher" "/workspace/builds/worker-6-tc1/source", kill_on_drop: false }`
[INFO] [stderr] Cloning into '/workspace/builds/worker-6-tc1/source'...
[INFO] [stderr] done.
[INFO] started tweaking git repo https://github.com/M-Essa11/Controller-Launcher
[INFO] finished tweaking git repo https://github.com/M-Essa11/Controller-Launcher
[INFO] tweaked toml for git repo https://github.com/M-Essa11/Controller-Launcher written to /workspace/builds/worker-6-tc1/source/Cargo.toml
[INFO] validating manifest of git repo https://github.com/M-Essa11/Controller-Launcher on toolchain 3154cc1a3e6424e44f438a95007d043ed5ceaaf6
[INFO] running `Command { std: CARGO_HOME="/workspace/cargo-home" RUSTUP_HOME="/workspace/rustup-home" "/workspace/cargo-home/bin/cargo" "+3154cc1a3e6424e44f438a95007d043ed5ceaaf6" "metadata" "--manifest-path" "Cargo.toml" "--no-deps", kill_on_drop: false }`
[INFO] crate git repo https://github.com/M-Essa11/Controller-Launcher already has a lockfile, it will not be regenerated
[INFO] running `Command { std: CARGO_HOME="/workspace/cargo-home" RUSTUP_HOME="/workspace/rustup-home" "/workspace/cargo-home/bin/cargo" "+3154cc1a3e6424e44f438a95007d043ed5ceaaf6" "fetch" "--manifest-path" "Cargo.toml", kill_on_drop: false }`
[INFO] running `Command { std: "docker" "create" "-v" "/var/lib/crater-agent-workspace/builds/worker-6-tc1/source:/opt/rustwide/workdir:ro,Z" "-v" "/var/lib/crater-agent-workspace/builds/worker-6-tc1/target:/opt/rustwide/target:rw,Z" "-v" "/var/lib/crater-agent-workspace/cargo-home:/opt/rustwide/cargo-home:ro,Z" "-v" "/var/lib/crater-agent-workspace/rustup-home:/opt/rustwide/rustup-home:ro,Z" "-m" "1610612736" "--network" "none" "ghcr.io/rust-lang/crates-build-env/linux@sha256:77db811e55d90add9212f6832c23229e3de5f1c1f9905e8cb07319ea15df73ac" "sleep" "infinity", kill_on_drop: false }`
[INFO] [stdout] 7fd2fb2a1ebd6e39a465c99241fffd15cf1e0f09609a34b6d8264945d2642246
[INFO] running `Command { std: "docker" "start" "7fd2fb2a1ebd6e39a465c99241fffd15cf1e0f09609a34b6d8264945d2642246", kill_on_drop: false }`
[INFO] running `Command { std: "docker" "inspect" "7fd2fb2a1ebd6e39a465c99241fffd15cf1e0f09609a34b6d8264945d2642246", kill_on_drop: false }`
[INFO] running `Command { std: "docker" "exec" "-e" "SOURCE_DIR=/opt/rustwide/workdir" "-e" "CARGO_HOME=/opt/rustwide/cargo-home" "-e" "RUSTUP_HOME=/opt/rustwide/rustup-home" "-e" "CARGO_TARGET_DIR=/opt/rustwide/target" "-w" "/opt/rustwide/workdir" "--user" "0:0" "7fd2fb2a1ebd6e39a465c99241fffd15cf1e0f09609a34b6d8264945d2642246" "/opt/rustwide/cargo-home/bin/cargo" "+3154cc1a3e6424e44f438a95007d043ed5ceaaf6" "metadata" "--no-deps" "--format-version=1", kill_on_drop: false }`
[INFO] running `Command { std: "docker" "inspect" "7fd2fb2a1ebd6e39a465c99241fffd15cf1e0f09609a34b6d8264945d2642246", kill_on_drop: false }`
[INFO] running `Command { std: "docker" "exec" "-e" "SOURCE_DIR=/opt/rustwide/workdir" "-e" "CARGO_HOME=/opt/rustwide/cargo-home" "-e" "RUSTUP_HOME=/opt/rustwide/rustup-home" "-e" "CARGO_TARGET_DIR=/opt/rustwide/target" "-e" "CARGO_INCREMENTAL=0" "-e" "RUST_BACKTRACE=full" "-e" "RUSTFLAGS=--cap-lints=forbid -Znext-solver=coherence" "-e" "RUSTDOCFLAGS=--cap-lints=forbid" "-w" "/opt/rustwide/workdir" "--user" "0:0" "7fd2fb2a1ebd6e39a465c99241fffd15cf1e0f09609a34b6d8264945d2642246" "/opt/rustwide/cargo-home/bin/cargo" "+3154cc1a3e6424e44f438a95007d043ed5ceaaf6" "check" "--frozen" "--all" "--all-targets" "--message-format=json", kill_on_drop: false }`
[INFO] [stderr]    Compiling windows_x86_64_gnu v0.52.6
[INFO] [stderr]     Checking windows-targets v0.52.6
[INFO] [stderr]     Checking windows-sys v0.59.0
[INFO] [stderr]     Checking controller-launcher v1.2.0-beta.1 (/opt/rustwide/workdir)
[INFO] [stdout] error[E0433]: cannot find `windows` in `os`
[INFO] [stdout]  --> src/main.rs:2:63
[INFO] [stdout]   |
[INFO] [stdout] 2 | use std::{env, ffi::OsString, fs, mem::{size_of, zeroed}, os::windows::ffi::OsStringExt, path::PathBuf, process::Command, ptr::{addr_...
[INFO] [stdout]   |                                                               ^^^^^^^ could not find `windows` in `os`
[INFO] [stdout]   |
[INFO] [stdout] note: found an item that was configured out
[INFO] [stdout]  --> /rustc/3154cc1a3e6424e44f438a95007d043ed5ceaaf6/library/std/src/os/mod.rs:62:4
[INFO] [stdout]   |
[INFO] [stdout]   = note: the item is gated behind the `windows` feature
[INFO] [stdout] 
[INFO] [stdout] 
[INFO] [stdout] error[E0433]: cannot find `windows` in `os`
[INFO] [stdout]   --> src/main.rs:46:18
[INFO] [stdout]    |
[INFO] [stdout] 46 |     use std::os::windows::process::CommandExt;
[INFO] [stdout]    |                  ^^^^^^^ could not find `windows` in `os`
[INFO] [stdout]    |
[INFO] [stdout] note: found an item that was configured out
[INFO] [stdout]   --> /rustc/3154cc1a3e6424e44f438a95007d043ed5ceaaf6/library/std/src/os/mod.rs:62:4
[INFO] [stdout]    |
[INFO] [stdout]    = note: the item is gated behind the `windows` feature
[INFO] [stdout] 
[INFO] [stdout] 
[INFO] [stdout] error[E0433]: cannot find `windows` in `os`
[INFO] [stdout]  --> src/main.rs:2:63
[INFO] [stdout]   |
[INFO] [stdout] 2 | use std::{env, ffi::OsString, fs, mem::{size_of, zeroed}, os::windows::ffi::OsStringExt, path::PathBuf, process::Command, ptr::{addr_...
[INFO] [stdout]   |                                                               ^^^^^^^ could not find `windows` in `os`
[INFO] [stdout]   |
[INFO] [stdout] note: found an item that was configured out
[INFO] [stdout]  --> /rustc/3154cc1a3e6424e44f438a95007d043ed5ceaaf6/library/std/src/os/mod.rs:62:4
[INFO] [stdout]   |
[INFO] [stdout]   = note: the item is gated behind the `windows` feature
[INFO] [stdout] 
[INFO] [stdout] 
[INFO] [stdout] error[E0433]: cannot find `windows` in `os`
[INFO] [stdout]   --> src/main.rs:46:18
[INFO] [stdout]    |
[INFO] [stdout] 46 |     use std::os::windows::process::CommandExt;
[INFO] [stdout]    |                  ^^^^^^^ could not find `windows` in `os`
[INFO] [stdout]    |
[INFO] [stdout] note: found an item that was configured out
[INFO] [stdout]   --> /rustc/3154cc1a3e6424e44f438a95007d043ed5ceaaf6/library/std/src/os/mod.rs:62:4
[INFO] [stdout]    |
[INFO] [stdout]    = note: the item is gated behind the `windows` feature
[INFO] [stdout] 
[INFO] [stdout] 
[INFO] [stdout] error[E0599]: no associated function or constant named `from_wide` found for struct `OsString` in the current scope
[INFO] [stdout]   --> src/main.rs:29:22
[INFO] [stdout]    |
[INFO] [stdout] 29 |         if OsString::from_wide(&pe.szExeFile[..end]).to_string_lossy().eq_ignore_ascii_case(wanted) { found = true; break; }
[INFO] [stdout]    |                      ^^^^^^^^^ associated function or constant not found in `OsString`
[INFO] [stdout]    |
[INFO] [stdout] note: if you're trying to build a new `OsString` consider using one of the following associated functions:
[INFO] [stdout]       OsString::new
[INFO] [stdout]       OsString::from_encoded_bytes_unchecked
[INFO] [stdout]       OsString::with_capacity
[INFO] [stdout]   --> /rustc/3154cc1a3e6424e44f438a95007d043ed5ceaaf6/library/std/src/ffi/os_str.rs:134:4
[INFO] [stdout] help: there is an associated function `from_iter` with a similar name
[INFO] [stdout]    |
[INFO] [stdout] 29 -         if OsString::from_wide(&pe.szExeFile[..end]).to_string_lossy().eq_ignore_ascii_case(wanted) { found = true; break; }
[INFO] [stdout] 29 +         if OsString::from_iter(&pe.szExeFile[..end]).to_string_lossy().eq_ignore_ascii_case(wanted) { found = true; break; }
[INFO] [stdout]    |
[INFO] [stdout] 
[INFO] [stdout] 
[INFO] [stdout] error[E0599]: no method named `creation_flags` found for mutable reference `&mut Command` in the current scope
[INFO] [stdout]   --> src/main.rs:48:86
[INFO] [stdout]    |
[INFO] [stdout] 48 |         let _ = Command::new("cmd.exe").args(["/d", "/c", "start", "", &cfg.target]).creation_flags(0x08000000).spawn();
[INFO] [stdout]    |                                                                                      ^^^^^^^^^^^^^^ method not found in `&mut Command`
[INFO] [stdout] 
[INFO] [stdout] 
[INFO] [stdout] error[E0599]: no method named `creation_flags` found for struct `Command` in the current scope
[INFO] [stdout]   --> src/main.rs:50:43
[INFO] [stdout]    |
[INFO] [stdout] 50 |         let _ = Command::new(&cfg.target).creation_flags(0x08000000).spawn();
[INFO] [stdout]    |                                           ^^^^^^^^^^^^^^ method not found in `Command`
[INFO] [stdout] 
[INFO] [stdout] 
[INFO] [stdout] error[E0599]: no associated function or constant named `from_wide` found for struct `OsString` in the current scope
[INFO] [stdout]   --> src/main.rs:29:22
[INFO] [stdout]    |
[INFO] [stdout] 29 |         if OsString::from_wide(&pe.szExeFile[..end]).to_string_lossy().eq_ignore_ascii_case(wanted) { found = true; break; }
[INFO] [stdout]    |                      ^^^^^^^^^ associated function or constant not found in `OsString`
[INFO] [stdout]    |
[INFO] [stdout] note: if you're trying to build a new `OsString` consider using one of the following associated functions:
[INFO] [stdout]       OsString::new
[INFO] [stdout]       OsString::from_encoded_bytes_unchecked
[INFO] [stdout]       OsString::with_capacity
[INFO] [stdout]   --> /rustc/3154cc1a3e6424e44f438a95007d043ed5ceaaf6/library/std/src/ffi/os_str.rs:134:4
[INFO] [stdout] help: there is an associated function `from_iter` with a similar name
[INFO] [stdout]    |
[INFO] [stdout] 29 -         if OsString::from_wide(&pe.szExeFile[..end]).to_string_lossy().eq_ignore_ascii_case(wanted) { found = true; break; }
[INFO] [stdout] 29 +         if OsString::from_iter(&pe.szExeFile[..end]).to_string_lossy().eq_ignore_ascii_case(wanted) { found = true; break; }
[INFO] [stdout]    |
[INFO] [stdout] 
[INFO] [stdout] 
[INFO] [stdout] error[E0599]: no method named `creation_flags` found for mutable reference `&mut Command` in the current scope
[INFO] [stdout]   --> src/main.rs:48:86
[INFO] [stdout]    |
[INFO] [stdout] 48 |         let _ = Command::new("cmd.exe").args(["/d", "/c", "start", "", &cfg.target]).creation_flags(0x08000000).spawn();
[INFO] [stdout]    |                                                                                      ^^^^^^^^^^^^^^ method not found in `&mut Command`
[INFO] [stdout] 
[INFO] [stdout] 
[INFO] [stdout] error[E0599]: no method named `creation_flags` found for struct `Command` in the current scope
[INFO] [stdout]   --> src/main.rs:50:43
[INFO] [stdout]    |
[INFO] [stdout] 50 |         let _ = Command::new(&cfg.target).creation_flags(0x08000000).spawn();
[INFO] [stdout]    |                                           ^^^^^^^^^^^^^^ method not found in `Command`
[INFO] [stdout] 
[INFO] [stdout] 
[INFO] [stdout] Some errors have detailed explanations: E0433, E0599.
[INFO] [stdout] 
[INFO] [stdout] For more information about an error, try `rustc --explain E0433`.
[INFO] [stdout] 
[INFO] [stderr] error: could not compile `controller-launcher` (bin "controller-launcher" test) due to 5 previous errors
[INFO] [stderr] warning: build failed, waiting for other jobs to finish...
[INFO] [stdout] Some errors have detailed explanations: E0433, E0599.
[INFO] [stdout] 
[INFO] [stdout] For more information about an error, try `rustc --explain E0433`.
[INFO] [stdout] 
[INFO] [stderr] error: could not compile `controller-launcher` (bin "controller-launcher") due to 5 previous errors
[INFO] running `Command { std: "docker" "inspect" "7fd2fb2a1ebd6e39a465c99241fffd15cf1e0f09609a34b6d8264945d2642246", kill_on_drop: false }`
[INFO] running `Command { std: "docker" "rm" "-f" "7fd2fb2a1ebd6e39a465c99241fffd15cf1e0f09609a34b6d8264945d2642246", kill_on_drop: false }`
[INFO] [stdout] 7fd2fb2a1ebd6e39a465c99241fffd15cf1e0f09609a34b6d8264945d2642246
