[INFO] cloning repository https://github.com/Lzih7/UESTC_StarryOS
[INFO] running `Command { std: "git" "-c" "credential.helper=" "-c" "credential.helper=/workspace/cargo-home/bin/git-credential-null" "clone" "--bare" "https://github.com/Lzih7/UESTC_StarryOS" "/workspace/cache/git-repos/https%3A%2F%2Fgithub.com%2FLzih7%2FUESTC_StarryOS", kill_on_drop: false }`
[INFO] [stderr] Cloning into bare repository '/workspace/cache/git-repos/https%3A%2F%2Fgithub.com%2FLzih7%2FUESTC_StarryOS'...
[INFO] running `Command { std: "git" "rev-parse" "HEAD", kill_on_drop: false }`
[INFO] [stdout] 28bb3eabca9fa9ab5810f8b1777fa1ce945efa1e
[INFO] checking Lzih7/UESTC_StarryOS against 3154cc1a3e6424e44f438a95007d043ed5ceaaf6 for pr-133502-30
[INFO] running `Command { std: "git" "clone" "/workspace/cache/git-repos/https%3A%2F%2Fgithub.com%2FLzih7%2FUESTC_StarryOS" "/workspace/builds/worker-1-tc2/source", kill_on_drop: false }`
[INFO] [stderr] Cloning into '/workspace/builds/worker-1-tc2/source'...
[INFO] [stderr] done.
[INFO] removed /workspace/builds/worker-1-tc2/source/rust-toolchain.toml
[INFO] started tweaking git repo https://github.com/Lzih7/UESTC_StarryOS
[INFO] finished tweaking git repo https://github.com/Lzih7/UESTC_StarryOS
[INFO] tweaked toml for git repo https://github.com/Lzih7/UESTC_StarryOS written to /workspace/builds/worker-1-tc2/source/Cargo.toml
[INFO] validating manifest of git repo https://github.com/Lzih7/UESTC_StarryOS on toolchain 3154cc1a3e6424e44f438a95007d043ed5ceaaf6
[INFO] running `Command { std: CARGO_HOME="/workspace/cargo-home" RUSTUP_HOME="/workspace/rustup-home" "/workspace/cargo-home/bin/cargo" "+3154cc1a3e6424e44f438a95007d043ed5ceaaf6" "metadata" "--manifest-path" "Cargo.toml" "--no-deps", kill_on_drop: false }`
[INFO] crate git repo https://github.com/Lzih7/UESTC_StarryOS already has a lockfile, it will not be regenerated
[INFO] running `Command { std: CARGO_HOME="/workspace/cargo-home" RUSTUP_HOME="/workspace/rustup-home" "/workspace/cargo-home/bin/cargo" "+3154cc1a3e6424e44f438a95007d043ed5ceaaf6" "fetch" "--manifest-path" "Cargo.toml", kill_on_drop: false }`
[INFO] running `Command { std: "docker" "create" "-v" "/var/lib/crater-agent-workspace/builds/worker-1-tc2/source:/opt/rustwide/workdir:ro,Z" "-v" "/var/lib/crater-agent-workspace/builds/worker-1-tc2/target:/opt/rustwide/target:rw,Z" "-v" "/var/lib/crater-agent-workspace/cargo-home:/opt/rustwide/cargo-home:ro,Z" "-v" "/var/lib/crater-agent-workspace/rustup-home:/opt/rustwide/rustup-home:ro,Z" "-m" "1610612736" "--network" "none" "ghcr.io/rust-lang/crates-build-env/linux@sha256:77db811e55d90add9212f6832c23229e3de5f1c1f9905e8cb07319ea15df73ac" "sleep" "infinity", kill_on_drop: false }`
[INFO] [stdout] 46b6b61777631d5988e03e73a7bd0f3a6c4ee4f70dee50e6e200f2ab23f0f46c
[INFO] running `Command { std: "docker" "start" "46b6b61777631d5988e03e73a7bd0f3a6c4ee4f70dee50e6e200f2ab23f0f46c", kill_on_drop: false }`
[INFO] running `Command { std: "docker" "inspect" "46b6b61777631d5988e03e73a7bd0f3a6c4ee4f70dee50e6e200f2ab23f0f46c", kill_on_drop: false }`
[INFO] running `Command { std: "docker" "exec" "-e" "SOURCE_DIR=/opt/rustwide/workdir" "-e" "CARGO_HOME=/opt/rustwide/cargo-home" "-e" "RUSTUP_HOME=/opt/rustwide/rustup-home" "-e" "CARGO_TARGET_DIR=/opt/rustwide/target" "-w" "/opt/rustwide/workdir" "--user" "0:0" "46b6b61777631d5988e03e73a7bd0f3a6c4ee4f70dee50e6e200f2ab23f0f46c" "/opt/rustwide/cargo-home/bin/cargo" "+3154cc1a3e6424e44f438a95007d043ed5ceaaf6" "metadata" "--no-deps" "--format-version=1", kill_on_drop: false }`
[INFO] running `Command { std: "docker" "inspect" "46b6b61777631d5988e03e73a7bd0f3a6c4ee4f70dee50e6e200f2ab23f0f46c", kill_on_drop: false }`
[INFO] running `Command { std: "docker" "exec" "-e" "SOURCE_DIR=/opt/rustwide/workdir" "-e" "CARGO_HOME=/opt/rustwide/cargo-home" "-e" "RUSTUP_HOME=/opt/rustwide/rustup-home" "-e" "CARGO_TARGET_DIR=/opt/rustwide/target" "-e" "CARGO_INCREMENTAL=0" "-e" "RUST_BACKTRACE=full" "-e" "RUSTFLAGS=--cap-lints=forbid" "-e" "RUSTDOCFLAGS=--cap-lints=forbid" "-w" "/opt/rustwide/workdir" "--user" "0:0" "46b6b61777631d5988e03e73a7bd0f3a6c4ee4f70dee50e6e200f2ab23f0f46c" "/opt/rustwide/cargo-home/bin/cargo" "+3154cc1a3e6424e44f438a95007d043ed5ceaaf6" "check" "--frozen" "--all" "--all-targets" "--message-format=json", kill_on_drop: false }`
[INFO] [stderr]    Compiling proc-macro2 v1.0.94
[INFO] [stderr]     Checking log v0.4.21
[INFO] [stderr]     Checking bitflags v2.9.0
[INFO] [stderr]     Checking bit_field v0.10.2
[INFO] [stderr]    Compiling rustversion v1.0.20
[INFO] [stderr]    Compiling lock_api v0.4.13
[INFO] [stderr]    Compiling utf8parse v0.2.2
[INFO] [stderr]    Compiling anstyle v1.0.10
[INFO] [stderr]    Compiling anstyle-parse v0.2.6
[INFO] [stderr]    Compiling colorchoice v1.0.3
[INFO] [stderr]    Compiling anstyle-query v1.1.2
[INFO] [stderr]    Compiling is_terminal_polyfill v1.70.1
[INFO] [stderr]    Compiling hashbrown v0.15.2
[INFO] [stderr]    Compiling clap_lex v0.7.4
[INFO] [stderr]    Compiling winnow v0.7.4
[INFO] [stderr]    Compiling anstream v0.6.18
[INFO] [stderr]    Compiling toml_datetime v0.6.8
[INFO] [stderr]     Checking volatile v0.4.6
[INFO] [stderr]    Compiling axerrno v0.1.0
[INFO] [stderr]     Checking spin v0.9.8
[INFO] [stderr]     Checking raw-cpuid v10.7.0
[INFO] [stderr]    Compiling clap_builder v4.5.34
[INFO] [stderr]    Compiling libc v0.2.171
[INFO] [stderr]     Checking memory_addr v0.4.0
[INFO] [stderr]    Compiling x86 v0.52.0
[INFO] [stderr]    Compiling axconfig v0.1.0 (/opt/rustwide/workdir/arceos/modules/axconfig)
[INFO] [stderr]     Checking x86_64 v0.15.2
[INFO] [stderr]    Compiling quote v1.0.40
[INFO] [stderr]    Compiling base64 v0.13.1
[INFO] [stderr]    Compiling indexmap v2.9.0
[INFO] [stderr]    Compiling syn v2.0.100
[INFO] [stderr]    Compiling syn v1.0.109
[INFO] [stdout] error[E0046]: not all trait items implemented, missing: `forward_overflowing`, `backward_overflowing`
[INFO] [stdout]    --> /opt/rustwide/cargo-home/registry/src/index.crates.io-1949cf8c6b5b557f/x86_64-0.15.2/src/addr.rs:404:1
[INFO] [stdout]     |
[INFO] [stdout] 404 | impl Step for VirtAddr {
[INFO] [stdout]     | ^^^^^^^^^^^^^^^^^^^^^^ missing `forward_overflowing`, `backward_overflowing` in implementation
[INFO] [stdout]     |
[INFO] [stdout]     = help: implement the missing item: `fn forward_overflowing(_: Self, _: usize) -> (Self, bool) { todo!() }`
[INFO] [stdout]     = help: implement the missing item: `fn backward_overflowing(_: Self, _: usize) -> (Self, bool) { todo!() }`
[INFO] [stdout] 
[INFO] [stdout] 
[INFO] [stdout] error[E0046]: not all trait items implemented, missing: `forward_overflowing`, `backward_overflowing`
[INFO] [stdout]    --> /opt/rustwide/cargo-home/registry/src/index.crates.io-1949cf8c6b5b557f/x86_64-0.15.2/src/structures/paging/page.rs:306:1
[INFO] [stdout]     |
[INFO] [stdout] 306 | impl<S: PageSize> Step for Page<S> {
[INFO] [stdout]     | ^^^^^^^^^^^^^^^^^^^^^^^^^^^^^^^^^^ missing `forward_overflowing`, `backward_overflowing` in implementation
[INFO] [stdout]     |
[INFO] [stdout]     = help: implement the missing item: `fn forward_overflowing(_: Self, _: usize) -> (Self, bool) { todo!() }`
[INFO] [stdout]     = help: implement the missing item: `fn backward_overflowing(_: Self, _: usize) -> (Self, bool) { todo!() }`
[INFO] [stdout] 
[INFO] [stdout] 
[INFO] [stdout] error[E0046]: not all trait items implemented, missing: `forward_overflowing`, `backward_overflowing`
[INFO] [stdout]    --> /opt/rustwide/cargo-home/registry/src/index.crates.io-1949cf8c6b5b557f/x86_64-0.15.2/src/structures/paging/page_table.rs:354:1
[INFO] [stdout]     |
[INFO] [stdout] 354 | impl Step for PageTableIndex {
[INFO] [stdout]     | ^^^^^^^^^^^^^^^^^^^^^^^^^^^^ missing `forward_overflowing`, `backward_overflowing` in implementation
[INFO] [stdout]     |
[INFO] [stdout]     = help: implement the missing item: `fn forward_overflowing(_: Self, _: usize) -> (Self, bool) { todo!() }`
[INFO] [stdout]     = help: implement the missing item: `fn backward_overflowing(_: Self, _: usize) -> (Self, bool) { todo!() }`
[INFO] [stdout] 
[INFO] [stdout] 
[INFO] [stderr]     Checking buddy_system_allocator v0.10.0
[INFO] [stderr]    Compiling percpu v0.2.0
[INFO] [stderr]     Checking bitmaps v3.2.1
[INFO] [stderr]     Checking const-default v1.0.0
[INFO] [stderr]    Compiling linkme-impl v0.3.33
[INFO] [stderr]     Checking slab_allocator v0.3.1 (https://github.com/arceos-org/slab_allocator.git?tag=v0.3.1#3c13499d)
[INFO] [stderr]     Checking bitmap-allocator v0.2.0
[INFO] [stderr]     Checking byteorder v1.5.0
[INFO] [stdout] For more information about this error, try `rustc --explain E0046`.
[INFO] [stdout] 
[INFO] [stderr] error: could not compile `x86_64` (lib) due to 3 previous errors
[INFO] [stderr] warning: build failed, waiting for other jobs to finish...
[INFO] running `Command { std: "docker" "inspect" "46b6b61777631d5988e03e73a7bd0f3a6c4ee4f70dee50e6e200f2ab23f0f46c", kill_on_drop: false }`
[INFO] running `Command { std: "docker" "rm" "-f" "46b6b61777631d5988e03e73a7bd0f3a6c4ee4f70dee50e6e200f2ab23f0f46c", kill_on_drop: false }`
[INFO] [stdout] 46b6b61777631d5988e03e73a7bd0f3a6c4ee4f70dee50e6e200f2ab23f0f46c
