[INFO] cloning repository https://github.com/LukasBauza/di
[INFO] running `Command { std: "git" "-c" "credential.helper=" "-c" "credential.helper=/workspace/cargo-home/bin/git-credential-null" "clone" "--bare" "https://github.com/LukasBauza/di" "/workspace/cache/git-repos/https%3A%2F%2Fgithub.com%2FLukasBauza%2Fdi", kill_on_drop: false }`
[INFO] [stderr] Cloning into bare repository '/workspace/cache/git-repos/https%3A%2F%2Fgithub.com%2FLukasBauza%2Fdi'...
[INFO] running `Command { std: "git" "rev-parse" "HEAD", kill_on_drop: false }`
[INFO] [stdout] c3554821dc59e08a3a2ccfb2380a49d0ff43200e
[INFO] checking LukasBauza/di against 3154cc1a3e6424e44f438a95007d043ed5ceaaf6+rustflags=-Znext-solver=coherence for pr-133502-30
[INFO] running `Command { std: "git" "clone" "/workspace/cache/git-repos/https%3A%2F%2Fgithub.com%2FLukasBauza%2Fdi" "/workspace/builds/worker-5-tc1/source", kill_on_drop: false }`
[INFO] [stderr] Cloning into '/workspace/builds/worker-5-tc1/source'...
[INFO] [stderr] done.
[INFO] started tweaking git repo https://github.com/LukasBauza/di
[INFO] finished tweaking git repo https://github.com/LukasBauza/di
[INFO] tweaked toml for git repo https://github.com/LukasBauza/di written to /workspace/builds/worker-5-tc1/source/Cargo.toml
[INFO] validating manifest of git repo https://github.com/LukasBauza/di on toolchain 3154cc1a3e6424e44f438a95007d043ed5ceaaf6
[INFO] running `Command { std: CARGO_HOME="/workspace/cargo-home" RUSTUP_HOME="/workspace/rustup-home" "/workspace/cargo-home/bin/cargo" "+3154cc1a3e6424e44f438a95007d043ed5ceaaf6" "metadata" "--manifest-path" "Cargo.toml" "--no-deps", kill_on_drop: false }`
[INFO] crate git repo https://github.com/LukasBauza/di already has a lockfile, it will not be regenerated
[INFO] running `Command { std: CARGO_HOME="/workspace/cargo-home" RUSTUP_HOME="/workspace/rustup-home" "/workspace/cargo-home/bin/cargo" "+3154cc1a3e6424e44f438a95007d043ed5ceaaf6" "fetch" "--manifest-path" "Cargo.toml", kill_on_drop: false }`
[INFO] running `Command { std: "docker" "create" "-v" "/var/lib/crater-agent-workspace/builds/worker-5-tc1/source:/opt/rustwide/workdir:ro,Z" "-v" "/var/lib/crater-agent-workspace/builds/worker-5-tc1/target:/opt/rustwide/target:rw,Z" "-v" "/var/lib/crater-agent-workspace/cargo-home:/opt/rustwide/cargo-home:ro,Z" "-v" "/var/lib/crater-agent-workspace/rustup-home:/opt/rustwide/rustup-home:ro,Z" "-m" "1610612736" "--network" "none" "ghcr.io/rust-lang/crates-build-env/linux@sha256:77db811e55d90add9212f6832c23229e3de5f1c1f9905e8cb07319ea15df73ac" "sleep" "infinity", kill_on_drop: false }`
[INFO] [stdout] ca741818a6e85c7ec426e9c62935bc86b8d2d72e76be380a017050b2aa9d6142
[INFO] running `Command { std: "docker" "start" "ca741818a6e85c7ec426e9c62935bc86b8d2d72e76be380a017050b2aa9d6142", kill_on_drop: false }`
[INFO] running `Command { std: "docker" "inspect" "ca741818a6e85c7ec426e9c62935bc86b8d2d72e76be380a017050b2aa9d6142", kill_on_drop: false }`
[INFO] running `Command { std: "docker" "exec" "-e" "SOURCE_DIR=/opt/rustwide/workdir" "-e" "CARGO_HOME=/opt/rustwide/cargo-home" "-e" "RUSTUP_HOME=/opt/rustwide/rustup-home" "-e" "CARGO_TARGET_DIR=/opt/rustwide/target" "-w" "/opt/rustwide/workdir" "--user" "0:0" "ca741818a6e85c7ec426e9c62935bc86b8d2d72e76be380a017050b2aa9d6142" "/opt/rustwide/cargo-home/bin/cargo" "+3154cc1a3e6424e44f438a95007d043ed5ceaaf6" "metadata" "--no-deps" "--format-version=1", kill_on_drop: false }`
[INFO] running `Command { std: "docker" "inspect" "ca741818a6e85c7ec426e9c62935bc86b8d2d72e76be380a017050b2aa9d6142", kill_on_drop: false }`
[INFO] running `Command { std: "docker" "exec" "-e" "SOURCE_DIR=/opt/rustwide/workdir" "-e" "CARGO_HOME=/opt/rustwide/cargo-home" "-e" "RUSTUP_HOME=/opt/rustwide/rustup-home" "-e" "CARGO_TARGET_DIR=/opt/rustwide/target" "-e" "CARGO_INCREMENTAL=0" "-e" "RUST_BACKTRACE=full" "-e" "RUSTFLAGS=--cap-lints=forbid -Znext-solver=coherence" "-e" "RUSTDOCFLAGS=--cap-lints=forbid" "-w" "/opt/rustwide/workdir" "--user" "0:0" "ca741818a6e85c7ec426e9c62935bc86b8d2d72e76be380a017050b2aa9d6142" "/opt/rustwide/cargo-home/bin/cargo" "+3154cc1a3e6424e44f438a95007d043ed5ceaaf6" "check" "--frozen" "--all" "--all-targets" "--message-format=json", kill_on_drop: false }`
[INFO] [stderr]    Compiling libc v0.2.186
[INFO] [stderr]    Compiling quote v1.0.46
[INFO] [stderr]     Checking log v0.4.33
[INFO] [stderr]     Checking smallvec v1.15.2
[INFO] [stderr]    Compiling rustix v1.1.4
[INFO] [stderr]     Checking bitflags v2.13.0
[INFO] [stderr]    Compiling document-features v0.2.12
[INFO] [stderr]    Compiling syn v2.0.118
[INFO] [stderr]     Checking errno v0.3.14
[INFO] [stderr]     Checking mio v1.2.1
[INFO] [stderr]     Checking parking_lot_core v0.9.12
[INFO] [stderr]     Checking signal-hook-registry v1.4.8
[INFO] [stderr]     Checking parking_lot v0.12.5
[INFO] [stderr]     Checking signal-hook v0.3.18
[INFO] [stderr]     Checking signal-hook-mio v0.2.5
[INFO] [stderr]    Compiling derive_more-impl v2.1.1
[INFO] [stderr]     Checking derive_more v2.1.1
[INFO] [stderr]     Checking crossterm v0.29.0
[INFO] [stderr]     Checking dit v0.1.0 (/opt/rustwide/workdir)
[INFO] [stdout] warning: unused import: `MoveUp`
[INFO] [stdout]  --> src/main.rs:5:53
[INFO] [stdout]   |
[INFO] [stdout] 5 |     cursor::{MoveDown, MoveLeft, MoveRight, MoveTo, MoveUp},
[INFO] [stdout]   |                                                     ^^^^^^
[INFO] [stdout]   |
[INFO] [stdout]   = note: `#[warn(unused_imports)]` (part of `#[warn(unused)]`) on by default
[INFO] [stdout] 
[INFO] [stdout] 
[INFO] [stdout] warning: unused import: `MoveUp`
[INFO] [stdout]  --> src/main.rs:5:53
[INFO] [stdout]   |
[INFO] [stdout] 5 |     cursor::{MoveDown, MoveLeft, MoveRight, MoveTo, MoveUp},
[INFO] [stdout]   |                                                     ^^^^^^
[INFO] [stdout]   |
[INFO] [stdout]   = note: `#[warn(unused_imports)]` (part of `#[warn(unused)]`) on by default
[INFO] [stdout] 
[INFO] [stdout] 
[INFO] [stdout] error[E0599]: no method named `line` found for struct `Caret` in the current scope
[INFO] [stdout]   --> src/main.rs:32:45
[INFO] [stdout]    |
[INFO] [stdout] 32 |                 buffer.insert_char_at(caret.line(), caret.column(), character);
[INFO] [stdout]    |                                             ^^^^ method not found in `Caret`
[INFO] [stdout] 
[INFO] [stdout] 
[INFO] [stdout] error[E0599]: no method named `line` found for struct `Caret` in the current scope
[INFO] [stdout]   --> src/main.rs:32:45
[INFO] [stdout]    |
[INFO] [stdout] 32 |                 buffer.insert_char_at(caret.line(), caret.column(), character);
[INFO] [stdout]    |                                             ^^^^ method not found in `Caret`
[INFO] [stdout] 
[INFO] [stdout] 
[INFO] [stdout] error[E0599]: no method named `column` found for struct `Caret` in the current scope
[INFO] [stdout]   --> src/main.rs:32:59
[INFO] [stdout]    |
[INFO] [stdout] 32 |                 buffer.insert_char_at(caret.line(), caret.column(), character);
[INFO] [stdout]    |                                                           ^^^^^^ method not found in `Caret`
[INFO] [stdout] 
[INFO] [stdout] 
[INFO] [stdout] error[E0061]: this method takes 2 arguments but 3 arguments were supplied
[INFO] [stdout]   --> src/main.rs:32:24
[INFO] [stdout]    |
[INFO] [stdout] 32 |                 buffer.insert_char_at(caret.line(), caret.column(), character);
[INFO] [stdout]    |                        ^^^^^^^^^^^^^^                               --------- unexpected argument #3 of type `char`
[INFO] [stdout]    |
[INFO] [stdout] note: method defined here
[INFO] [stdout]   --> src/buffer.rs:18:12
[INFO] [stdout]    |
[INFO] [stdout] 18 |     pub fn insert_char_at(&mut self, position: Position, character: char) {
[INFO] [stdout]    |            ^^^^^^^^^^^^^^
[INFO] [stdout] help: remove the extra argument
[INFO] [stdout]    |
[INFO] [stdout] 32 -                 buffer.insert_char_at(caret.line(), caret.column(), character);
[INFO] [stdout] 32 +                 buffer.insert_char_at(caret.line(), caret.column());
[INFO] [stdout]    |
[INFO] [stdout] 
[INFO] [stdout] 
[INFO] [stdout] error[E0599]: no method named `column` found for struct `Caret` in the current scope
[INFO] [stdout]   --> src/main.rs:32:59
[INFO] [stdout]    |
[INFO] [stdout] 32 |                 buffer.insert_char_at(caret.line(), caret.column(), character);
[INFO] [stdout]    |                                                           ^^^^^^ method not found in `Caret`
[INFO] [stdout] 
[INFO] [stdout] 
[INFO] [stdout] error[E0061]: this method takes 2 arguments but 3 arguments were supplied
[INFO] [stdout]   --> src/main.rs:32:24
[INFO] [stdout]    |
[INFO] [stdout] 32 |                 buffer.insert_char_at(caret.line(), caret.column(), character);
[INFO] [stdout]    |                        ^^^^^^^^^^^^^^                               --------- unexpected argument #3 of type `char`
[INFO] [stdout]    |
[INFO] [stdout] note: method defined here
[INFO] [stdout]   --> src/buffer.rs:18:12
[INFO] [stdout]    |
[INFO] [stdout] 18 |     pub fn insert_char_at(&mut self, position: Position, character: char) {
[INFO] [stdout]    |            ^^^^^^^^^^^^^^
[INFO] [stdout] help: remove the extra argument
[INFO] [stdout]    |
[INFO] [stdout] 32 -                 buffer.insert_char_at(caret.line(), caret.column(), character);
[INFO] [stdout] 32 +                 buffer.insert_char_at(caret.line(), caret.column());
[INFO] [stdout]    |
[INFO] [stdout] 
[INFO] [stdout] 
[INFO] [stdout] error[E0599]: no method named `line` found for struct `Caret` in the current scope
[INFO] [stdout]   --> src/main.rs:39:45
[INFO] [stdout]    |
[INFO] [stdout] 39 |                 buffer.insert_line_at(caret.line(), caret.column());
[INFO] [stdout]    |                                             ^^^^ method not found in `Caret`
[INFO] [stdout] 
[INFO] [stdout] 
[INFO] [stdout] error[E0599]: no method named `line` found for struct `Caret` in the current scope
[INFO] [stdout]   --> src/main.rs:39:45
[INFO] [stdout]    |
[INFO] [stdout] 39 |                 buffer.insert_line_at(caret.line(), caret.column());
[INFO] [stdout]    |                                             ^^^^ method not found in `Caret`
[INFO] [stdout] 
[INFO] [stdout] 
[INFO] [stdout] error[E0599]: no method named `column` found for struct `Caret` in the current scope
[INFO] [stdout]   --> src/main.rs:39:59
[INFO] [stdout]    |
[INFO] [stdout] 39 |                 buffer.insert_line_at(caret.line(), caret.column());
[INFO] [stdout]    |                                                           ^^^^^^ method not found in `Caret`
[INFO] [stdout] 
[INFO] [stdout] 
[INFO] [stdout] error[E0599]: no method named `column` found for struct `Caret` in the current scope
[INFO] [stdout]   --> src/main.rs:39:59
[INFO] [stdout]    |
[INFO] [stdout] 39 |                 buffer.insert_line_at(caret.line(), caret.column());
[INFO] [stdout]    |                                                           ^^^^^^ method not found in `Caret`
[INFO] [stdout] 
[INFO] [stdout] 
[INFO] [stdout] error[E0061]: this method takes 1 argument but 2 arguments were supplied
[INFO] [stdout]   --> src/main.rs:39:24
[INFO] [stdout]    |
[INFO] [stdout] 39 |                 buffer.insert_line_at(caret.line(), caret.column());
[INFO] [stdout]    |                        ^^^^^^^^^^^^^^               -------------- unexpected argument #2
[INFO] [stdout]    |
[INFO] [stdout] note: method defined here
[INFO] [stdout]   --> src/buffer.rs:23:12
[INFO] [stdout]    |
[INFO] [stdout] 23 |     pub fn insert_line_at(&mut self, position: Position) {
[INFO] [stdout]    |            ^^^^^^^^^^^^^^
[INFO] [stdout] help: remove the extra argument
[INFO] [stdout]    |
[INFO] [stdout] 39 -                 buffer.insert_line_at(caret.line(), caret.column());
[INFO] [stdout] 39 +                 buffer.insert_line_at(caret.line());
[INFO] [stdout]    |
[INFO] [stdout] 
[INFO] [stdout] 
[INFO] [stdout] error[E0061]: this method takes 1 argument but 2 arguments were supplied
[INFO] [stdout]   --> src/main.rs:39:24
[INFO] [stdout]    |
[INFO] [stdout] 39 |                 buffer.insert_line_at(caret.line(), caret.column());
[INFO] [stdout]    |                        ^^^^^^^^^^^^^^               -------------- unexpected argument #2
[INFO] [stdout]    |
[INFO] [stdout] note: method defined here
[INFO] [stdout]   --> src/buffer.rs:23:12
[INFO] [stdout]    |
[INFO] [stdout] 23 |     pub fn insert_line_at(&mut self, position: Position) {
[INFO] [stdout]    |            ^^^^^^^^^^^^^^
[INFO] [stdout] help: remove the extra argument
[INFO] [stdout]    |
[INFO] [stdout] 39 -                 buffer.insert_line_at(caret.line(), caret.column());
[INFO] [stdout] 39 +                 buffer.insert_line_at(caret.line());
[INFO] [stdout]    |
[INFO] [stdout] 
[INFO] [stdout] 
[INFO] [stdout] error[E0599]: no method named `line` found for struct `Caret` in the current scope
[INFO] [stdout]   --> src/main.rs:46:45
[INFO] [stdout]    |
[INFO] [stdout] 46 |                 buffer.delete_char_at(caret.line(), caret.column());
[INFO] [stdout]    |                                             ^^^^ method not found in `Caret`
[INFO] [stdout] 
[INFO] [stdout] 
[INFO] [stdout] error[E0599]: no method named `line` found for struct `Caret` in the current scope
[INFO] [stdout]   --> src/main.rs:46:45
[INFO] [stdout]    |
[INFO] [stdout] 46 |                 buffer.delete_char_at(caret.line(), caret.column());
[INFO] [stdout]    |                                             ^^^^ method not found in `Caret`
[INFO] [stdout] 
[INFO] [stdout] 
[INFO] [stdout] error[E0599]: no method named `column` found for struct `Caret` in the current scope
[INFO] [stdout]   --> src/main.rs:46:59
[INFO] [stdout]    |
[INFO] [stdout] 46 |                 buffer.delete_char_at(caret.line(), caret.column());
[INFO] [stdout]    |                                                           ^^^^^^ method not found in `Caret`
[INFO] [stdout] 
[INFO] [stdout] 
[INFO] [stdout] error[E0599]: no method named `column` found for struct `Caret` in the current scope
[INFO] [stdout]   --> src/main.rs:46:59
[INFO] [stdout]    |
[INFO] [stdout] 46 |                 buffer.delete_char_at(caret.line(), caret.column());
[INFO] [stdout]    |                                                           ^^^^^^ method not found in `Caret`
[INFO] [stdout] 
[INFO] [stdout] 
[INFO] [stdout] error[E0061]: this method takes 1 argument but 2 arguments were supplied
[INFO] [stdout]   --> src/main.rs:46:24
[INFO] [stdout]    |
[INFO] [stdout] 46 |                 buffer.delete_char_at(caret.line(), caret.column());
[INFO] [stdout]    |                        ^^^^^^^^^^^^^^               -------------- unexpected argument #2
[INFO] [stdout]    |
[INFO] [stdout] note: method defined here
[INFO] [stdout]   --> src/buffer.rs:28:12
[INFO] [stdout]    |
[INFO] [stdout] 28 |     pub fn delete_char_at(&mut self, position: Position) {
[INFO] [stdout]    |            ^^^^^^^^^^^^^^
[INFO] [stdout] help: remove the extra argument
[INFO] [stdout]    |
[INFO] [stdout] 46 -                 buffer.delete_char_at(caret.line(), caret.column());
[INFO] [stdout] 46 +                 buffer.delete_char_at(caret.line());
[INFO] [stdout]    |
[INFO] [stdout] 
[INFO] [stdout] 
[INFO] [stdout] error[E0061]: this method takes 1 argument but 2 arguments were supplied
[INFO] [stdout]   --> src/main.rs:46:24
[INFO] [stdout]    |
[INFO] [stdout] 46 |                 buffer.delete_char_at(caret.line(), caret.column());
[INFO] [stdout]    |                        ^^^^^^^^^^^^^^               -------------- unexpected argument #2
[INFO] [stdout]    |
[INFO] [stdout] note: method defined here
[INFO] [stdout]   --> src/buffer.rs:28:12
[INFO] [stdout]    |
[INFO] [stdout] 28 |     pub fn delete_char_at(&mut self, position: Position) {
[INFO] [stdout]    |            ^^^^^^^^^^^^^^
[INFO] [stdout] help: remove the extra argument
[INFO] [stdout]    |
[INFO] [stdout] 46 -                 buffer.delete_char_at(caret.line(), caret.column());
[INFO] [stdout] 46 +                 buffer.delete_char_at(caret.line());
[INFO] [stdout]    |
[INFO] [stdout] 
[INFO] [stdout] 
[INFO] [stdout] error[E0599]: no method named `backspace_char_at_caret` found for struct `Buffer` in the current scope
[INFO] [stdout]   --> src/main.rs:52:27
[INFO] [stdout]    |
[INFO] [stdout] 52 |                 if buffer.backspace_char_at_caret() {
[INFO] [stdout]    |                           ^^^^^^^^^^^^^^^^^^^^^^^ method not found in `Buffer`
[INFO] [stdout] 
[INFO] [stdout] 
[INFO] [stdout] error[E0599]: no method named `backspace_char_at_caret` found for struct `Buffer` in the current scope
[INFO] [stdout]   --> src/main.rs:52:27
[INFO] [stdout]    |
[INFO] [stdout] 52 |                 if buffer.backspace_char_at_caret() {
[INFO] [stdout]    |                           ^^^^^^^^^^^^^^^^^^^^^^^ method not found in `Buffer`
[INFO] [stdout] 
[INFO] [stdout] 
[INFO] [stdout] error[E0599]: no method named `move_caret_left` found for struct `Buffer` in the current scope
[INFO] [stdout]   --> src/main.rs:60:24
[INFO] [stdout]    |
[INFO] [stdout] 60 |                 buffer.move_caret_left();
[INFO] [stdout]    |                        ^^^^^^^^^^^^^^^ method not found in `Buffer`
[INFO] [stdout] 
[INFO] [stdout] 
[INFO] [stdout] error[E0599]: no method named `move_caret_left` found for struct `Buffer` in the current scope
[INFO] [stdout]   --> src/main.rs:60:24
[INFO] [stdout]    |
[INFO] [stdout] 60 |                 buffer.move_caret_left();
[INFO] [stdout]    |                        ^^^^^^^^^^^^^^^ method not found in `Buffer`
[INFO] [stdout] 
[INFO] [stdout] 
[INFO] [stdout] error[E0599]: no method named `move_caret_right` found for struct `Buffer` in the current scope
[INFO] [stdout]   --> src/main.rs:67:27
[INFO] [stdout]    |
[INFO] [stdout] 67 |                 if buffer.move_caret_right() {
[INFO] [stdout]    |                           ^^^^^^^^^^^^^^^^ method not found in `Buffer`
[INFO] [stdout] 
[INFO] [stdout] 
[INFO] [stdout] error[E0599]: no method named `move_caret_right` found for struct `Buffer` in the current scope
[INFO] [stdout]   --> src/main.rs:67:27
[INFO] [stdout]    |
[INFO] [stdout] 67 |                 if buffer.move_caret_right() {
[INFO] [stdout]    |                           ^^^^^^^^^^^^^^^^ method not found in `Buffer`
[INFO] [stdout] 
[INFO] [stdout] 
[INFO] [stdout] error[E0599]: no method named `move_caret_up` found for struct `Buffer` in the current scope
[INFO] [stdout]   --> src/main.rs:74:24
[INFO] [stdout]    |
[INFO] [stdout] 74 |                 buffer.move_caret_up();
[INFO] [stdout]    |                        ^^^^^^^^^^^^^ method not found in `Buffer`
[INFO] [stdout] 
[INFO] [stdout] 
[INFO] [stdout] error[E0599]: no method named `move_caret_up` found for struct `Buffer` in the current scope
[INFO] [stdout]   --> src/main.rs:74:24
[INFO] [stdout]    |
[INFO] [stdout] 74 |                 buffer.move_caret_up();
[INFO] [stdout]    |                        ^^^^^^^^^^^^^ method not found in `Buffer`
[INFO] [stdout] 
[INFO] [stdout] 
[INFO] [stdout] error[E0599]: no method named `move_caret_down` found for struct `Buffer` in the current scope
[INFO] [stdout]   --> src/main.rs:80:27
[INFO] [stdout]    |
[INFO] [stdout] 80 |                 if buffer.move_caret_down() {
[INFO] [stdout]    |                           ^^^^^^^^^^^^^^^ method not found in `Buffer`
[INFO] [stdout] 
[INFO] [stdout] 
[INFO] [stdout] error[E0599]: no method named `move_caret_down` found for struct `Buffer` in the current scope
[INFO] [stdout]   --> src/main.rs:80:27
[INFO] [stdout]    |
[INFO] [stdout] 80 |                 if buffer.move_caret_down() {
[INFO] [stdout]    |                           ^^^^^^^^^^^^^^^ method not found in `Buffer`
[INFO] [stdout] 
[INFO] [stdout] 
[INFO] [stdout] Some errors have detailed explanations: E0061, E0599.
[INFO] [stdout] 
[INFO] [stdout] Some errors have detailed explanations: E0061, E0599.
[INFO] [stdout] 
[INFO] [stdout] For more information about an error, try `rustc --explain E0061`.
[INFO] [stdout] 
[INFO] [stdout] For more information about an error, try `rustc --explain E0061`.
[INFO] [stdout] 
[INFO] [stderr] error: could not compile `dit` (bin "dit" test) due to 14 previous errors; 1 warning emitted
[INFO] [stderr] warning: build failed, waiting for other jobs to finish...
[INFO] [stderr] error: could not compile `dit` (bin "dit") due to 14 previous errors; 1 warning emitted
[INFO] running `Command { std: "docker" "inspect" "ca741818a6e85c7ec426e9c62935bc86b8d2d72e76be380a017050b2aa9d6142", kill_on_drop: false }`
[INFO] running `Command { std: "docker" "rm" "-f" "ca741818a6e85c7ec426e9c62935bc86b8d2d72e76be380a017050b2aa9d6142", kill_on_drop: false }`
[INFO] [stdout] ca741818a6e85c7ec426e9c62935bc86b8d2d72e76be380a017050b2aa9d6142
