[INFO] cloning repository https://github.com/LuizGrochevski/forge
[INFO] running `Command { std: "git" "-c" "credential.helper=" "-c" "credential.helper=/workspace/cargo-home/bin/git-credential-null" "clone" "--bare" "https://github.com/LuizGrochevski/forge" "/workspace/cache/git-repos/https%3A%2F%2Fgithub.com%2FLuizGrochevski%2Fforge", kill_on_drop: false }`
[INFO] [stderr] Cloning into bare repository '/workspace/cache/git-repos/https%3A%2F%2Fgithub.com%2FLuizGrochevski%2Fforge'...
[INFO] running `Command { std: "git" "rev-parse" "HEAD", kill_on_drop: false }`
[INFO] [stdout] 2c36a5bf8117b5fd38c5b2c7d46df78f27fc885a
[INFO] checking LuizGrochevski/forge against 3154cc1a3e6424e44f438a95007d043ed5ceaaf6+rustflags=-Znext-solver=coherence for pr-133502-30
[INFO] running `Command { std: "git" "clone" "/workspace/cache/git-repos/https%3A%2F%2Fgithub.com%2FLuizGrochevski%2Fforge" "/workspace/builds/worker-6-tc1/source", kill_on_drop: false }`
[INFO] [stderr] Cloning into '/workspace/builds/worker-6-tc1/source'...
[INFO] [stderr] done.
[INFO] started tweaking git repo https://github.com/LuizGrochevski/forge
[INFO] finished tweaking git repo https://github.com/LuizGrochevski/forge
[INFO] tweaked toml for git repo https://github.com/LuizGrochevski/forge written to /workspace/builds/worker-6-tc1/source/Cargo.toml
[INFO] validating manifest of git repo https://github.com/LuizGrochevski/forge on toolchain 3154cc1a3e6424e44f438a95007d043ed5ceaaf6
[INFO] running `Command { std: CARGO_HOME="/workspace/cargo-home" RUSTUP_HOME="/workspace/rustup-home" "/workspace/cargo-home/bin/cargo" "+3154cc1a3e6424e44f438a95007d043ed5ceaaf6" "metadata" "--manifest-path" "Cargo.toml" "--no-deps", kill_on_drop: false }`
[INFO] crate git repo https://github.com/LuizGrochevski/forge already has a lockfile, it will not be regenerated
[INFO] running `Command { std: CARGO_HOME="/workspace/cargo-home" RUSTUP_HOME="/workspace/rustup-home" "/workspace/cargo-home/bin/cargo" "+3154cc1a3e6424e44f438a95007d043ed5ceaaf6" "fetch" "--manifest-path" "Cargo.toml", kill_on_drop: false }`
[INFO] [stderr]     Blocking waiting for file lock on package cache
[INFO] [stderr]     Updating crates.io index
[INFO] [stderr]     Blocking waiting for file lock on package cache
[INFO] [stderr]  Downloading crates ...
[INFO] [stderr]   Downloaded hashlink v0.9.1
[INFO] [stderr]   Downloaded ident_case v1.0.1
[INFO] [stderr]   Downloaded castaway v0.2.4
[INFO] [stderr]   Downloaded instability v0.3.12
[INFO] [stderr]   Downloaded darling_macro v0.23.0
[INFO] [stderr]   Downloaded strum v0.26.3
[INFO] [stderr]   Downloaded crossterm_winapi v0.9.1
[INFO] [stderr]   Downloaded wasm-bindgen-macro v0.2.126
[INFO] [stderr]   Downloaded fallible-streaming-iterator v0.1.9
[INFO] [stderr]   Downloaded wasm-bindgen-shared v0.2.126
[INFO] [stderr]   Downloaded signal-hook-mio v0.2.5
[INFO] [stderr]   Downloaded iana-time-zone-haiku v0.1.2
[INFO] [stderr]   Downloaded lru v0.12.5
[INFO] [stderr]   Downloaded unicode-truncate v1.1.0
[INFO] [stderr]   Downloaded cassowary v0.3.0
[INFO] [stderr]   Downloaded paste v1.0.15
[INFO] [stderr]   Downloaded indoc v2.0.7
[INFO] [stderr]   Downloaded either v1.16.0
[INFO] [stderr]   Downloaded strum_macros v0.26.4
[INFO] [stderr]   Downloaded fallible-iterator v0.3.0
[INFO] [stderr]   Downloaded darling v0.23.0
[INFO] [stderr]   Downloaded clap_derive v4.6.1
[INFO] [stderr]   Downloaded iana-time-zone v0.1.65
[INFO] [stderr]   Downloaded quote v1.0.46
[INFO] [stderr]   Downloaded cc v1.2.67
[INFO] [stderr]   Downloaded csv-core v0.1.13
[INFO] [stderr]   Downloaded signal-hook v0.3.18
[INFO] [stderr]   Downloaded log v0.4.33
[INFO] [stderr]   Downloaded anyhow v1.0.103
[INFO] [stderr]   Downloaded ryu v1.0.23
[INFO] [stderr]   Downloaded clap v4.6.1
[INFO] [stderr]   Downloaded wasm-bindgen v0.2.126
[INFO] [stderr]   Downloaded darling_core v0.23.0
[INFO] [stderr]   Downloaded compact_str v0.8.2
[INFO] [stderr]   Downloaded wasm-bindgen-macro-support v0.2.126
[INFO] [stderr]   Downloaded mio v1.2.1
[INFO] [stderr]   Downloaded zerocopy-derive v0.8.54
[INFO] [stderr]   Downloaded rusqlite v0.31.0
[INFO] [stderr]   Downloaded js-sys v0.3.103
[INFO] [stderr]   Downloaded crossterm v0.28.1
[INFO] [stderr]   Downloaded hashbrown v0.14.5
[INFO] [stderr]   Downloaded itertools v0.13.0
[INFO] [stderr]   Downloaded vcpkg v0.2.15
[INFO] [stderr]   Downloaded clap_builder v4.6.0
[INFO] [stderr]   Downloaded chrono v0.4.45
[INFO] [stderr]   Downloaded zerocopy v0.8.54
[INFO] [stderr]   Downloaded unicode-width v0.1.14
[INFO] [stderr]   Downloaded unicode-width v0.2.0
[INFO] [stderr]   Downloaded ratatui v0.29.0
[INFO] [stderr]   Downloaded csv v1.4.0
[INFO] [stderr]   Downloaded libsqlite3-sys v0.28.0
[INFO] running `Command { std: "docker" "create" "-v" "/var/lib/crater-agent-workspace/builds/worker-6-tc1/source:/opt/rustwide/workdir:ro,Z" "-v" "/var/lib/crater-agent-workspace/builds/worker-6-tc1/target:/opt/rustwide/target:rw,Z" "-v" "/var/lib/crater-agent-workspace/cargo-home:/opt/rustwide/cargo-home:ro,Z" "-v" "/var/lib/crater-agent-workspace/rustup-home:/opt/rustwide/rustup-home:ro,Z" "-m" "1610612736" "--network" "none" "ghcr.io/rust-lang/crates-build-env/linux@sha256:77db811e55d90add9212f6832c23229e3de5f1c1f9905e8cb07319ea15df73ac" "sleep" "infinity", kill_on_drop: false }`
[INFO] [stdout] 284860aeb2262064e9720ef1eadca2f78436f15bc98b2f35be71569724c538ee
[INFO] running `Command { std: "docker" "start" "284860aeb2262064e9720ef1eadca2f78436f15bc98b2f35be71569724c538ee", kill_on_drop: false }`
[INFO] running `Command { std: "docker" "inspect" "284860aeb2262064e9720ef1eadca2f78436f15bc98b2f35be71569724c538ee", kill_on_drop: false }`
[INFO] running `Command { std: "docker" "exec" "-e" "SOURCE_DIR=/opt/rustwide/workdir" "-e" "CARGO_HOME=/opt/rustwide/cargo-home" "-e" "RUSTUP_HOME=/opt/rustwide/rustup-home" "-e" "CARGO_TARGET_DIR=/opt/rustwide/target" "-w" "/opt/rustwide/workdir" "--user" "0:0" "284860aeb2262064e9720ef1eadca2f78436f15bc98b2f35be71569724c538ee" "/opt/rustwide/cargo-home/bin/cargo" "+3154cc1a3e6424e44f438a95007d043ed5ceaaf6" "metadata" "--no-deps" "--format-version=1", kill_on_drop: false }`
[INFO] running `Command { std: "docker" "inspect" "284860aeb2262064e9720ef1eadca2f78436f15bc98b2f35be71569724c538ee", kill_on_drop: false }`
[INFO] running `Command { std: "docker" "exec" "-e" "SOURCE_DIR=/opt/rustwide/workdir" "-e" "CARGO_HOME=/opt/rustwide/cargo-home" "-e" "RUSTUP_HOME=/opt/rustwide/rustup-home" "-e" "CARGO_TARGET_DIR=/opt/rustwide/target" "-e" "CARGO_INCREMENTAL=0" "-e" "RUST_BACKTRACE=full" "-e" "RUSTFLAGS=--cap-lints=forbid -Znext-solver=coherence" "-e" "RUSTDOCFLAGS=--cap-lints=forbid" "-w" "/opt/rustwide/workdir" "--user" "0:0" "284860aeb2262064e9720ef1eadca2f78436f15bc98b2f35be71569724c538ee" "/opt/rustwide/cargo-home/bin/cargo" "+3154cc1a3e6424e44f438a95007d043ed5ceaaf6" "check" "--frozen" "--all" "--all-targets" "--message-format=json", kill_on_drop: false }`
[INFO] [stderr]    Compiling proc-macro2 v1.0.106
[INFO] [stderr]    Compiling unicode-ident v1.0.24
[INFO] [stderr]    Compiling quote v1.0.46
[INFO] [stderr]    Compiling libc v0.2.186
[INFO] [stderr]     Checking cfg-if v1.0.4
[INFO] [stderr]    Compiling rustversion v1.0.23
[INFO] [stderr]    Compiling zerocopy v0.8.54
[INFO] [stderr]    Compiling version_check v0.9.5
[INFO] [stderr]    Compiling parking_lot_core v0.9.12
[INFO] [stderr]    Compiling shlex v2.0.1
[INFO] [stderr]    Compiling heck v0.5.0
[INFO] [stderr]     Checking smallvec v1.15.2
[INFO] [stderr]    Compiling strsim v0.11.1
[INFO] [stderr]    Compiling signal-hook v0.3.18
[INFO] [stderr]    Compiling ident_case v1.0.1
[INFO] [stderr]    Compiling find-msvc-tools v0.1.9
[INFO] [stderr]    Compiling vcpkg v0.2.15
[INFO] [stderr]    Compiling ahash v0.8.12
[INFO] [stderr]    Compiling pkg-config v0.3.33
[INFO] [stderr]    Compiling cc v1.2.67
[INFO] [stderr]     Checking scopeguard v1.2.0
[INFO] [stderr]     Checking log v0.4.33
[INFO] [stderr]     Checking bitflags v2.13.0
[INFO] [stderr]    Compiling autocfg v1.5.1
[INFO] [stderr]    Compiling syn v2.0.118
[INFO] [stderr]     Checking once_cell v1.21.4
[INFO] [stderr]     Checking utf8parse v0.2.2
[INFO] [stderr]    Compiling rustix v0.38.44
[INFO] [stderr]     Checking anstyle-parse v1.0.0
[INFO] [stderr]     Checking lock_api v0.4.14
[INFO] [stderr]    Compiling instability v0.3.12
[INFO] [stderr]    Compiling num-traits v0.2.19
[INFO] [stderr]     Checking ryu v1.0.23
[INFO] [stderr]    Compiling serde_core v1.0.228
[INFO] [stderr]    Compiling paste v1.0.15
[INFO] [stderr]     Checking equivalent v1.0.2
[INFO] [stderr]     Checking is_terminal_polyfill v1.70.2
[INFO] [stderr]     Checking anstyle v1.0.14
[INFO] [stderr]     Checking either v1.16.0
[INFO] [stderr]     Checking foldhash v0.1.5
[INFO] [stderr]     Checking allocator-api2 v0.2.21
[INFO] [stderr]     Checking anstyle-query v1.1.5
[INFO] [stderr]     Checking colorchoice v1.0.5
[INFO] [stderr]     Checking linux-raw-sys v0.4.15
[INFO] [stderr]     Checking itoa v1.0.18
[INFO] [stderr]     Checking itertools v0.13.0
[INFO] [stderr]     Checking anstream v1.0.0
[INFO] [stderr]     Checking errno v0.3.14
[INFO] [stderr]     Checking mio v1.2.1
[INFO] [stderr]     Checking signal-hook-registry v1.4.8
[INFO] [stderr]     Checking parking_lot v0.12.5
[INFO] [stderr]     Checking hashbrown v0.15.5
[INFO] [stderr]     Checking signal-hook-mio v0.2.5
[INFO] [stderr]     Checking castaway v0.2.4
[INFO] [stderr]     Checking static_assertions v1.1.0
[INFO] [stderr]     Checking unicode-width v0.1.14
[INFO] [stderr]    Compiling libsqlite3-sys v0.28.0
[INFO] [stderr]     Checking unicode-segmentation v1.13.3
[INFO] [stderr]    Compiling anyhow v1.0.103
[INFO] [stderr]     Checking clap_lex v1.1.0
[INFO] [stderr]     Checking memchr v2.8.3
[INFO] [stderr]    Compiling indoc v2.0.7
[INFO] [stderr]     Checking clap_builder v4.6.0
[INFO] [stderr]     Checking lru v0.12.5
[INFO] [stderr]     Checking crossterm v0.28.1
[INFO] [stderr]     Checking csv-core v0.1.13
[INFO] [stderr]     Checking unicode-truncate v1.1.0
[INFO] [stderr]     Checking compact_str v0.8.2
[INFO] [stderr]     Checking iana-time-zone v0.1.65
[INFO] [stderr]     Checking fallible-iterator v0.3.0
[INFO] [stderr]     Checking cassowary v0.3.0
[INFO] [stderr]     Checking fallible-streaming-iterator v0.1.9
[INFO] [stderr]     Checking unicode-width v0.2.0
[INFO] [stderr]     Checking chrono v0.4.45
[INFO] [stderr]     Checking hashbrown v0.14.5
[INFO] [stderr]    Compiling darling_core v0.23.0
[INFO] [stderr]     Checking hashlink v0.9.1
[INFO] [stderr]    Compiling strum_macros v0.26.4
[INFO] [stderr]    Compiling clap_derive v4.6.1
[INFO] [stderr]     Checking csv v1.4.0
[INFO] [stderr]     Checking strum v0.26.3
[INFO] [stderr]     Checking clap v4.6.1
[INFO] [stderr]    Compiling darling_macro v0.23.0
[INFO] [stderr]    Compiling darling v0.23.0
[INFO] [stderr]     Checking ratatui v0.29.0
[INFO] [stderr]     Checking rusqlite v0.31.0
[INFO] [stderr]     Checking forge v0.1.0 (/opt/rustwide/workdir)
[INFO] [stdout] error[E0061]: this function takes 3 arguments but 2 arguments were supplied
[INFO] [stdout]    --> tests/integration_test.rs:19:5
[INFO] [stdout]     |
[INFO] [stdout]  19 |     db::create_exercise(&conn, "supino").unwrap();
[INFO] [stdout]     |     ^^^^^^^^^^^^^^^^^^^----------------- argument #3 of type `i64` is missing
[INFO] [stdout]     |
[INFO] [stdout] note: function defined here
[INFO] [stdout]    --> src/db.rs:135:8
[INFO] [stdout]     |
[INFO] [stdout] 135 | pub fn create_exercise(conn: &Connection, name: &str, profile_id: i64) -> Result<()> {
[INFO] [stdout]     |        ^^^^^^^^^^^^^^^
[INFO] [stdout] help: provide the argument
[INFO] [stdout]     |
[INFO] [stdout]  19 |     db::create_exercise(&conn, "supino", /* i64 */).unwrap();
[INFO] [stdout]     |                                        +++++++++++
[INFO] [stdout] 
[INFO] [stdout] 
[INFO] [stdout] error[E0061]: this function takes 6 arguments but 5 arguments were supplied
[INFO] [stdout]    --> tests/integration_test.rs:20:5
[INFO] [stdout]     |
[INFO] [stdout]  20 |     db::log_workout(&conn, "supino", 60.0, 10, 3).unwrap();
[INFO] [stdout]     |     ^^^^^^^^^^^^^^^------------------------------
[INFO] [stdout]     |                    |                 |     |
[INFO] [stdout]     |                    |                 |     expected `f64`, found `{integer}`
[INFO] [stdout]     |                    |                 expected `i64`, found `{float}`
[INFO] [stdout]     |                    argument #6 of type `i32` is missing
[INFO] [stdout]     |
[INFO] [stdout] note: function defined here
[INFO] [stdout]    --> src/db.rs:162:8
[INFO] [stdout]     |
[INFO] [stdout] 162 | pub fn log_workout(
[INFO] [stdout]     |        ^^^^^^^^^^^
[INFO] [stdout] help: did you mean
[INFO] [stdout]     |
[INFO] [stdout]  20 -     db::log_workout(&conn, "supino", 60.0, 10, 3).unwrap();
[INFO] [stdout]  20 +     db::log_workout(&conn, "supino", 10, 60.0, 3, /* i32 */).unwrap();
[INFO] [stdout]     |
[INFO] [stdout] 
[INFO] [stdout] 
[INFO] [stdout] error[E0061]: this function takes 6 arguments but 5 arguments were supplied
[INFO] [stdout]    --> tests/integration_test.rs:21:5
[INFO] [stdout]     |
[INFO] [stdout]  21 |     db::log_workout(&conn, "supino", 65.0, 8, 3).unwrap();
[INFO] [stdout]     |     ^^^^^^^^^^^^^^^-----------------------------
[INFO] [stdout]     |                    |                 |     |
[INFO] [stdout]     |                    |                 |     expected `f64`, found `{integer}`
[INFO] [stdout]     |                    |                 expected `i64`, found `{float}`
[INFO] [stdout]     |                    argument #6 of type `i32` is missing
[INFO] [stdout]     |
[INFO] [stdout] note: function defined here
[INFO] [stdout]    --> src/db.rs:162:8
[INFO] [stdout]     |
[INFO] [stdout] 162 | pub fn log_workout(
[INFO] [stdout]     |        ^^^^^^^^^^^
[INFO] [stdout] help: did you mean
[INFO] [stdout]     |
[INFO] [stdout]  21 -     db::log_workout(&conn, "supino", 65.0, 8, 3).unwrap();
[INFO] [stdout]  21 +     db::log_workout(&conn, "supino", 8, 65.0, 3, /* i32 */).unwrap();
[INFO] [stdout]     |
[INFO] [stdout] 
[INFO] [stdout] 
[INFO] [stdout] error[E0061]: this function takes 3 arguments but 2 arguments were supplied
[INFO] [stdout]    --> tests/integration_test.rs:23:16
[INFO] [stdout]     |
[INFO] [stdout]  23 |     let logs = db::history(&conn, "supino").unwrap();
[INFO] [stdout]     |                ^^^^^^^^^^^----------------- argument #3 of type `i64` is missing
[INFO] [stdout]     |
[INFO] [stdout] note: function defined here
[INFO] [stdout]    --> src/db.rs:179:8
[INFO] [stdout]     |
[INFO] [stdout] 179 | pub fn history(conn: &Connection, exercise: &str, profile_id: i64) -> Result<Vec<WorkoutLog>> {
[INFO] [stdout]     |        ^^^^^^^
[INFO] [stdout] help: provide the argument
[INFO] [stdout]     |
[INFO] [stdout]  23 |     let logs = db::history(&conn, "supino", /* i64 */).unwrap();
[INFO] [stdout]     |                                           +++++++++++
[INFO] [stdout] 
[INFO] [stdout] 
[INFO] [stdout] error[E0061]: this function takes 3 arguments but 2 arguments were supplied
[INFO] [stdout]    --> tests/integration_test.rs:40:5
[INFO] [stdout]     |
[INFO] [stdout]  40 |     db::create_exercise(&conn, "rosca").unwrap();
[INFO] [stdout]     |     ^^^^^^^^^^^^^^^^^^^---------------- argument #3 of type `i64` is missing
[INFO] [stdout]     |
[INFO] [stdout] note: function defined here
[INFO] [stdout]    --> src/db.rs:135:8
[INFO] [stdout]     |
[INFO] [stdout] 135 | pub fn create_exercise(conn: &Connection, name: &str, profile_id: i64) -> Result<()> {
[INFO] [stdout]     |        ^^^^^^^^^^^^^^^
[INFO] [stdout] help: provide the argument
[INFO] [stdout]     |
[INFO] [stdout]  40 |     db::create_exercise(&conn, "rosca", /* i64 */).unwrap();
[INFO] [stdout]     |                                       +++++++++++
[INFO] [stdout] 
[INFO] [stdout] 
[INFO] [stdout] error[E0061]: this function takes 6 arguments but 5 arguments were supplied
[INFO] [stdout]    --> tests/integration_test.rs:41:5
[INFO] [stdout]     |
[INFO] [stdout]  41 |     db::log_workout(&conn, "rosca", 15.0, 12, 3).unwrap();
[INFO] [stdout]     |     ^^^^^^^^^^^^^^^-----------------------------
[INFO] [stdout]     |                    |                |     |
[INFO] [stdout]     |                    |                |     expected `f64`, found `{integer}`
[INFO] [stdout]     |                    |                expected `i64`, found `{float}`
[INFO] [stdout]     |                    argument #6 of type `i32` is missing
[INFO] [stdout]     |
[INFO] [stdout] note: function defined here
[INFO] [stdout]    --> src/db.rs:162:8
[INFO] [stdout]     |
[INFO] [stdout] 162 | pub fn log_workout(
[INFO] [stdout]     |        ^^^^^^^^^^^
[INFO] [stdout] help: did you mean
[INFO] [stdout]     |
[INFO] [stdout]  41 -     db::log_workout(&conn, "rosca", 15.0, 12, 3).unwrap();
[INFO] [stdout]  41 +     db::log_workout(&conn, "rosca", 12, 15.0, 3, /* i32 */).unwrap();
[INFO] [stdout]     |
[INFO] [stdout] 
[INFO] [stdout] 
[INFO] [stdout] error[E0061]: this function takes 3 arguments but 2 arguments were supplied
[INFO] [stdout]    --> tests/integration_test.rs:43:16
[INFO] [stdout]     |
[INFO] [stdout]  43 |     assert_eq!(db::history(&conn, "rosca").unwrap().len(), 1);
[INFO] [stdout]     |                ^^^^^^^^^^^---------------- argument #3 of type `i64` is missing
[INFO] [stdout]     |
[INFO] [stdout] note: function defined here
[INFO] [stdout]    --> src/db.rs:179:8
[INFO] [stdout]     |
[INFO] [stdout] 179 | pub fn history(conn: &Connection, exercise: &str, profile_id: i64) -> Result<Vec<WorkoutLog>> {
[INFO] [stdout]     |        ^^^^^^^
[INFO] [stdout] help: provide the argument
[INFO] [stdout]     |
[INFO] [stdout]  43 |     assert_eq!(db::history(&conn, "rosca", /* i64 */).unwrap().len(), 1);
[INFO] [stdout]     |                                          +++++++++++
[INFO] [stdout] 
[INFO] [stdout] 
[INFO] [stdout] error[E0061]: this function takes 3 arguments but 2 arguments were supplied
[INFO] [stdout]    --> tests/integration_test.rs:45:5
[INFO] [stdout]     |
[INFO] [stdout]  45 |     db::delete_exercise(&conn, "rosca").unwrap();
[INFO] [stdout]     |     ^^^^^^^^^^^^^^^^^^^---------------- argument #3 of type `i64` is missing
[INFO] [stdout]     |
[INFO] [stdout] note: function defined here
[INFO] [stdout]    --> src/db.rs:202:8
[INFO] [stdout]     |
[INFO] [stdout] 202 | pub fn delete_exercise(conn: &Connection, name: &str, profile_id: i64) -> Result<()> {
[INFO] [stdout]     |        ^^^^^^^^^^^^^^^
[INFO] [stdout] help: provide the argument
[INFO] [stdout]     |
[INFO] [stdout]  45 |     db::delete_exercise(&conn, "rosca", /* i64 */).unwrap();
[INFO] [stdout]     |                                       +++++++++++
[INFO] [stdout] 
[INFO] [stdout] 
[INFO] [stdout] error[E0061]: this function takes 2 arguments but 1 argument was supplied
[INFO] [stdout]    --> tests/integration_test.rs:47:21
[INFO] [stdout]     |
[INFO] [stdout]  47 |     let exercises = db::list_exercises(&conn).unwrap();
[INFO] [stdout]     |                     ^^^^^^^^^^^^^^^^^^------- argument #2 of type `i64` is missing
[INFO] [stdout]     |
[INFO] [stdout] note: function defined here
[INFO] [stdout]    --> src/db.rs:143:8
[INFO] [stdout]     |
[INFO] [stdout] 143 | pub fn list_exercises(conn: &Connection, profile_id: i64) -> Result<Vec<String>> {
[INFO] [stdout]     |        ^^^^^^^^^^^^^^
[INFO] [stdout] help: provide the argument
[INFO] [stdout]     |
[INFO] [stdout]  47 |     let exercises = db::list_exercises(&conn, /* i64 */).unwrap();
[INFO] [stdout]     |                                             +++++++++++
[INFO] [stdout] 
[INFO] [stdout] 
[INFO] [stdout] error[E0061]: this function takes 3 arguments but 2 arguments were supplied
[INFO] [stdout]    --> tests/integration_test.rs:55:5
[INFO] [stdout]     |
[INFO] [stdout]  55 |     db::create_exercise(&conn, "supino").unwrap();
[INFO] [stdout]     |     ^^^^^^^^^^^^^^^^^^^----------------- argument #3 of type `i64` is missing
[INFO] [stdout]     |
[INFO] [stdout] note: function defined here
[INFO] [stdout]    --> src/db.rs:135:8
[INFO] [stdout]     |
[INFO] [stdout] 135 | pub fn create_exercise(conn: &Connection, name: &str, profile_id: i64) -> Result<()> {
[INFO] [stdout]     |        ^^^^^^^^^^^^^^^
[INFO] [stdout] help: provide the argument
[INFO] [stdout]     |
[INFO] [stdout]  55 |     db::create_exercise(&conn, "supino", /* i64 */).unwrap();
[INFO] [stdout]     |                                        +++++++++++
[INFO] [stdout] 
[INFO] [stdout] 
[INFO] [stdout] error[E0061]: this function takes 6 arguments but 5 arguments were supplied
[INFO] [stdout]    --> tests/integration_test.rs:56:5
[INFO] [stdout]     |
[INFO] [stdout]  56 |     db::log_workout(&conn, "supino", 60.0, 6, 3).unwrap();
[INFO] [stdout]     |     ^^^^^^^^^^^^^^^-----------------------------
[INFO] [stdout]     |                    |                 |     |
[INFO] [stdout]     |                    |                 |     expected `f64`, found `{integer}`
[INFO] [stdout]     |                    |                 expected `i64`, found `{float}`
[INFO] [stdout]     |                    argument #6 of type `i32` is missing
[INFO] [stdout]     |
[INFO] [stdout] note: function defined here
[INFO] [stdout]    --> src/db.rs:162:8
[INFO] [stdout]     |
[INFO] [stdout] 162 | pub fn log_workout(
[INFO] [stdout]     |        ^^^^^^^^^^^
[INFO] [stdout] help: did you mean
[INFO] [stdout]     |
[INFO] [stdout]  56 -     db::log_workout(&conn, "supino", 60.0, 6, 3).unwrap();
[INFO] [stdout]  56 +     db::log_workout(&conn, "supino", 6, 60.0, 3, /* i32 */).unwrap();
[INFO] [stdout]     |
[INFO] [stdout] 
[INFO] [stdout] 
[INFO] [stdout] error[E0061]: this function takes 6 arguments but 5 arguments were supplied
[INFO] [stdout]    --> tests/integration_test.rs:57:5
[INFO] [stdout]     |
[INFO] [stdout]  57 |     db::log_workout(&conn, "supino", 60.0, 6, 3).unwrap();
[INFO] [stdout]     |     ^^^^^^^^^^^^^^^-----------------------------
[INFO] [stdout]     |                    |                 |     |
[INFO] [stdout]     |                    |                 |     expected `f64`, found `{integer}`
[INFO] [stdout]     |                    |                 expected `i64`, found `{float}`
[INFO] [stdout]     |                    argument #6 of type `i32` is missing
[INFO] [stdout]     |
[INFO] [stdout] note: function defined here
[INFO] [stdout]    --> src/db.rs:162:8
[INFO] [stdout]     |
[INFO] [stdout] 162 | pub fn log_workout(
[INFO] [stdout]     |        ^^^^^^^^^^^
[INFO] [stdout] help: did you mean
[INFO] [stdout]     |
[INFO] [stdout]  57 -     db::log_workout(&conn, "supino", 60.0, 6, 3).unwrap();
[INFO] [stdout]  57 +     db::log_workout(&conn, "supino", 6, 60.0, 3, /* i32 */).unwrap();
[INFO] [stdout]     |
[INFO] [stdout] 
[INFO] [stdout] 
[INFO] [stdout] error[E0061]: this function takes 6 arguments but 5 arguments were supplied
[INFO] [stdout]    --> tests/integration_test.rs:58:5
[INFO] [stdout]     |
[INFO] [stdout]  58 |     db::log_workout(&conn, "supino", 60.0, 6, 3).unwrap();
[INFO] [stdout]     |     ^^^^^^^^^^^^^^^-----------------------------
[INFO] [stdout]     |                    |                 |     |
[INFO] [stdout]     |                    |                 |     expected `f64`, found `{integer}`
[INFO] [stdout]     |                    |                 expected `i64`, found `{float}`
[INFO] [stdout]     |                    argument #6 of type `i32` is missing
[INFO] [stdout]     |
[INFO] [stdout] note: function defined here
[INFO] [stdout]    --> src/db.rs:162:8
[INFO] [stdout]     |
[INFO] [stdout] 162 | pub fn log_workout(
[INFO] [stdout]     |        ^^^^^^^^^^^
[INFO] [stdout] help: did you mean
[INFO] [stdout]     |
[INFO] [stdout]  58 -     db::log_workout(&conn, "supino", 60.0, 6, 3).unwrap();
[INFO] [stdout]  58 +     db::log_workout(&conn, "supino", 6, 60.0, 3, /* i32 */).unwrap();
[INFO] [stdout]     |
[INFO] [stdout] 
[INFO] [stdout] 
[INFO] [stdout] error[E0061]: this function takes 3 arguments but 2 arguments were supplied
[INFO] [stdout]    --> tests/integration_test.rs:60:16
[INFO] [stdout]     |
[INFO] [stdout]  60 |     let logs = db::history(&conn, "supino").unwrap();
[INFO] [stdout]     |                ^^^^^^^^^^^----------------- argument #3 of type `i64` is missing
[INFO] [stdout]     |
[INFO] [stdout] note: function defined here
[INFO] [stdout]    --> src/db.rs:179:8
[INFO] [stdout]     |
[INFO] [stdout] 179 | pub fn history(conn: &Connection, exercise: &str, profile_id: i64) -> Result<Vec<WorkoutLog>> {
[INFO] [stdout]     |        ^^^^^^^
[INFO] [stdout] help: provide the argument
[INFO] [stdout]     |
[INFO] [stdout]  60 |     let logs = db::history(&conn, "supino", /* i64 */).unwrap();
[INFO] [stdout]     |                                           +++++++++++
[INFO] [stdout] 
[INFO] [stdout] 
[INFO] [stdout] error[E0061]: this function takes 3 arguments but 2 arguments were supplied
[INFO] [stdout]    --> tests/integration_test.rs:72:5
[INFO] [stdout]     |
[INFO] [stdout]  72 |     db::create_exercise(&conn, "supino").unwrap();
[INFO] [stdout]     |     ^^^^^^^^^^^^^^^^^^^----------------- argument #3 of type `i64` is missing
[INFO] [stdout]     |
[INFO] [stdout] note: function defined here
[INFO] [stdout]    --> src/db.rs:135:8
[INFO] [stdout]     |
[INFO] [stdout] 135 | pub fn create_exercise(conn: &Connection, name: &str, profile_id: i64) -> Result<()> {
[INFO] [stdout]     |        ^^^^^^^^^^^^^^^
[INFO] [stdout] help: provide the argument
[INFO] [stdout]     |
[INFO] [stdout]  72 |     db::create_exercise(&conn, "supino", /* i64 */).unwrap();
[INFO] [stdout]     |                                        +++++++++++
[INFO] [stdout] 
[INFO] [stdout] 
[INFO] [stdout] error[E0061]: this function takes 3 arguments but 2 arguments were supplied
[INFO] [stdout]    --> tests/integration_test.rs:73:5
[INFO] [stdout]     |
[INFO] [stdout]  73 |     db::create_exercise(&conn, "agachamento").unwrap();
[INFO] [stdout]     |     ^^^^^^^^^^^^^^^^^^^---------------------- argument #3 of type `i64` is missing
[INFO] [stdout]     |
[INFO] [stdout] note: function defined here
[INFO] [stdout]    --> src/db.rs:135:8
[INFO] [stdout]     |
[INFO] [stdout] 135 | pub fn create_exercise(conn: &Connection, name: &str, profile_id: i64) -> Result<()> {
[INFO] [stdout]     |        ^^^^^^^^^^^^^^^
[INFO] [stdout] help: provide the argument
[INFO] [stdout]     |
[INFO] [stdout]  73 |     db::create_exercise(&conn, "agachamento", /* i64 */).unwrap();
[INFO] [stdout]     |                                             +++++++++++
[INFO] [stdout] 
[INFO] [stdout] 
[INFO] [stdout] error[E0061]: this function takes 3 arguments but 2 arguments were supplied
[INFO] [stdout]    --> tests/integration_test.rs:74:5
[INFO] [stdout]     |
[INFO] [stdout]  74 |     db::create_plan(&conn, "A").unwrap();
[INFO] [stdout]     |     ^^^^^^^^^^^^^^^------------ argument #3 of type `i64` is missing
[INFO] [stdout]     |
[INFO] [stdout] note: function defined here
[INFO] [stdout]    --> src/db.rs:209:8
[INFO] [stdout]     |
[INFO] [stdout] 209 | pub fn create_plan(conn: &Connection, name: &str, profile_id: i64) -> Result<()> {
[INFO] [stdout]     |        ^^^^^^^^^^^
[INFO] [stdout] help: provide the argument
[INFO] [stdout]     |
[INFO] [stdout]  74 |     db::create_plan(&conn, "A", /* i64 */).unwrap();
[INFO] [stdout]     |                               +++++++++++
[INFO] [stdout] 
[INFO] [stdout] 
[INFO] [stdout] error[E0061]: this function takes 6 arguments but 5 arguments were supplied
[INFO] [stdout]    --> tests/integration_test.rs:76:5
[INFO] [stdout]     |
[INFO] [stdout]  76 |     db::add_to_plan(&conn, "A", "supino", 3, 10).unwrap();
[INFO] [stdout]     |     ^^^^^^^^^^^^^^^----------------------------- argument #6 of type `i32` is missing
[INFO] [stdout]     |
[INFO] [stdout] note: function defined here
[INFO] [stdout]    --> src/db.rs:226:8
[INFO] [stdout]     |
[INFO] [stdout] 226 | pub fn add_to_plan(
[INFO] [stdout]     |        ^^^^^^^^^^^
[INFO] [stdout] help: provide the argument
[INFO] [stdout]     |
[INFO] [stdout]  76 |     db::add_to_plan(&conn, "A", "supino", 3, 10, /* i32 */).unwrap();
[INFO] [stdout]     |                                                +++++++++++
[INFO] [stdout] 
[INFO] [stdout] 
[INFO] [stdout] error[E0061]: this function takes 6 arguments but 5 arguments were supplied
[INFO] [stdout]    --> tests/integration_test.rs:77:5
[INFO] [stdout]     |
[INFO] [stdout]  77 |     db::add_to_plan(&conn, "A", "agachamento", 4, 8).unwrap();
[INFO] [stdout]     |     ^^^^^^^^^^^^^^^--------------------------------- argument #6 of type `i32` is missing
[INFO] [stdout]     |
[INFO] [stdout] note: function defined here
[INFO] [stdout]    --> src/db.rs:226:8
[INFO] [stdout]     |
[INFO] [stdout] 226 | pub fn add_to_plan(
[INFO] [stdout]     |        ^^^^^^^^^^^
[INFO] [stdout] help: provide the argument
[INFO] [stdout]     |
[INFO] [stdout]  77 |     db::add_to_plan(&conn, "A", "agachamento", 4, 8, /* i32 */).unwrap();
[INFO] [stdout]     |                                                    +++++++++++
[INFO] [stdout] 
[INFO] [stdout] 
[INFO] [stdout] error[E0061]: this function takes 3 arguments but 2 arguments were supplied
[INFO] [stdout]    --> tests/integration_test.rs:79:17
[INFO] [stdout]     |
[INFO] [stdout]  79 |     let items = db::plan_items(&conn, "A").unwrap();
[INFO] [stdout]     |                 ^^^^^^^^^^^^^^------------ argument #3 of type `i64` is missing
[INFO] [stdout]     |
[INFO] [stdout] note: function defined here
[INFO] [stdout]    --> src/db.rs:243:8
[INFO] [stdout]     |
[INFO] [stdout] 243 | pub fn plan_items(conn: &Connection, plan_name: &str, profile_id: i64) -> Result<Vec<PlanItem>> {
[INFO] [stdout]     |        ^^^^^^^^^^
[INFO] [stdout] help: provide the argument
[INFO] [stdout]     |
[INFO] [stdout]  79 |     let items = db::plan_items(&conn, "A", /* i64 */).unwrap();
[INFO] [stdout]     |                                          +++++++++++
[INFO] [stdout] 
[INFO] [stdout] 
[INFO] [stderr] error: could not compile `forge` (test "integration_test") due to 20 previous errors
[INFO] [stdout] For more information about this error, try `rustc --explain E0061`.
[INFO] [stdout] 
[INFO] [stderr] warning: build failed, waiting for other jobs to finish...
[INFO] running `Command { std: "docker" "inspect" "284860aeb2262064e9720ef1eadca2f78436f15bc98b2f35be71569724c538ee", kill_on_drop: false }`
[INFO] running `Command { std: "docker" "rm" "-f" "284860aeb2262064e9720ef1eadca2f78436f15bc98b2f35be71569724c538ee", kill_on_drop: false }`
[INFO] [stdout] 284860aeb2262064e9720ef1eadca2f78436f15bc98b2f35be71569724c538ee
