[INFO] cloning repository https://github.com/Luiz-Guga/NitroGugacer
[INFO] running `Command { std: "git" "-c" "credential.helper=" "-c" "credential.helper=/workspace/cargo-home/bin/git-credential-null" "clone" "--bare" "https://github.com/Luiz-Guga/NitroGugacer" "/workspace/cache/git-repos/https%3A%2F%2Fgithub.com%2FLuiz-Guga%2FNitroGugacer", kill_on_drop: false }`
[INFO] [stderr] Cloning into bare repository '/workspace/cache/git-repos/https%3A%2F%2Fgithub.com%2FLuiz-Guga%2FNitroGugacer'...
[INFO] running `Command { std: "git" "rev-parse" "HEAD", kill_on_drop: false }`
[INFO] [stdout] ff0460edb6bbb5f65410b7c8f301ca46bfe5be62
[INFO] checking Luiz-Guga/NitroGugacer against 3154cc1a3e6424e44f438a95007d043ed5ceaaf6 for pr-133502-30
[INFO] running `Command { std: "git" "clone" "/workspace/cache/git-repos/https%3A%2F%2Fgithub.com%2FLuiz-Guga%2FNitroGugacer" "/workspace/builds/worker-7-tc2/source", kill_on_drop: false }`
[INFO] [stderr] Cloning into '/workspace/builds/worker-7-tc2/source'...
[INFO] [stderr] done.
[INFO] started tweaking git repo https://github.com/Luiz-Guga/NitroGugacer
[INFO] finished tweaking git repo https://github.com/Luiz-Guga/NitroGugacer
[INFO] tweaked toml for git repo https://github.com/Luiz-Guga/NitroGugacer written to /workspace/builds/worker-7-tc2/source/Cargo.toml
[INFO] validating manifest of git repo https://github.com/Luiz-Guga/NitroGugacer on toolchain 3154cc1a3e6424e44f438a95007d043ed5ceaaf6
[INFO] running `Command { std: CARGO_HOME="/workspace/cargo-home" RUSTUP_HOME="/workspace/rustup-home" "/workspace/cargo-home/bin/cargo" "+3154cc1a3e6424e44f438a95007d043ed5ceaaf6" "metadata" "--manifest-path" "Cargo.toml" "--no-deps", kill_on_drop: false }`
[INFO] crate git repo https://github.com/Luiz-Guga/NitroGugacer already has a lockfile, it will not be regenerated
[INFO] running `Command { std: CARGO_HOME="/workspace/cargo-home" RUSTUP_HOME="/workspace/rustup-home" "/workspace/cargo-home/bin/cargo" "+3154cc1a3e6424e44f438a95007d043ed5ceaaf6" "fetch" "--manifest-path" "Cargo.toml", kill_on_drop: false }`
[INFO] [stderr] warning: unused field `authors` in `workspace.package`
[INFO] [stderr]  --> Cargo.toml:6:1
[INFO] [stderr]   |
[INFO] [stderr] 6 | authors = ["NitroGugacer Contributors"]
[INFO] [stderr]   | ^^^^^^^
[INFO] [stderr]   |
[INFO] [stderr]   = note: `cargo::unused_workspace_package_fields` is set to `warn` by default
[INFO] [stderr] help: consider removing the field `workspace.package.authors`
[INFO] [stderr] warning: unused field `description` in `workspace.package`
[INFO] [stderr]  --> Cargo.toml:7:1
[INFO] [stderr]   |
[INFO] [stderr] 7 | description = "Open-source Linux alternative to Acer Nitro Sense"
[INFO] [stderr]   | ^^^^^^^^^^^
[INFO] [stderr]   |
[INFO] [stderr] help: consider removing the field `workspace.package.description`
[INFO] [stderr] warning: unused field `repository` in `workspace.package`
[INFO] [stderr]   --> Cargo.toml:10:1
[INFO] [stderr]    |
[INFO] [stderr] 10 | repository = "https://github.com/Luiz-Guga/NitroGugacer"
[INFO] [stderr]    | ^^^^^^^^^^
[INFO] [stderr]    |
[INFO] [stderr] help: consider removing the field `workspace.package.repository`
[INFO] [stderr] warning: workspace (manifest) generated 3 warnings
[INFO] [stderr]     Blocking waiting for file lock on package cache
[INFO] running `Command { std: "docker" "create" "-v" "/var/lib/crater-agent-workspace/builds/worker-7-tc2/source:/opt/rustwide/workdir:ro,Z" "-v" "/var/lib/crater-agent-workspace/builds/worker-7-tc2/target:/opt/rustwide/target:rw,Z" "-v" "/var/lib/crater-agent-workspace/cargo-home:/opt/rustwide/cargo-home:ro,Z" "-v" "/var/lib/crater-agent-workspace/rustup-home:/opt/rustwide/rustup-home:ro,Z" "-m" "1610612736" "--network" "none" "ghcr.io/rust-lang/crates-build-env/linux@sha256:77db811e55d90add9212f6832c23229e3de5f1c1f9905e8cb07319ea15df73ac" "sleep" "infinity", kill_on_drop: false }`
[INFO] [stdout] 6018c2490314ab51cbefacc0f09a8b2c9833d3469002707d9da824a413a960c9
[INFO] running `Command { std: "docker" "start" "6018c2490314ab51cbefacc0f09a8b2c9833d3469002707d9da824a413a960c9", kill_on_drop: false }`
[INFO] running `Command { std: "docker" "inspect" "6018c2490314ab51cbefacc0f09a8b2c9833d3469002707d9da824a413a960c9", kill_on_drop: false }`
[INFO] running `Command { std: "docker" "exec" "-e" "SOURCE_DIR=/opt/rustwide/workdir" "-e" "CARGO_HOME=/opt/rustwide/cargo-home" "-e" "RUSTUP_HOME=/opt/rustwide/rustup-home" "-e" "CARGO_TARGET_DIR=/opt/rustwide/target" "-w" "/opt/rustwide/workdir" "--user" "0:0" "6018c2490314ab51cbefacc0f09a8b2c9833d3469002707d9da824a413a960c9" "/opt/rustwide/cargo-home/bin/cargo" "+3154cc1a3e6424e44f438a95007d043ed5ceaaf6" "metadata" "--no-deps" "--format-version=1", kill_on_drop: false }`
[INFO] running `Command { std: "docker" "inspect" "6018c2490314ab51cbefacc0f09a8b2c9833d3469002707d9da824a413a960c9", kill_on_drop: false }`
[INFO] running `Command { std: "docker" "exec" "-e" "SOURCE_DIR=/opt/rustwide/workdir" "-e" "CARGO_HOME=/opt/rustwide/cargo-home" "-e" "RUSTUP_HOME=/opt/rustwide/rustup-home" "-e" "CARGO_TARGET_DIR=/opt/rustwide/target" "-e" "CARGO_INCREMENTAL=0" "-e" "RUST_BACKTRACE=full" "-e" "RUSTFLAGS=--cap-lints=forbid" "-e" "RUSTDOCFLAGS=--cap-lints=forbid" "-w" "/opt/rustwide/workdir" "--user" "0:0" "6018c2490314ab51cbefacc0f09a8b2c9833d3469002707d9da824a413a960c9" "/opt/rustwide/cargo-home/bin/cargo" "+3154cc1a3e6424e44f438a95007d043ed5ceaaf6" "check" "--frozen" "--all" "--all-targets" "--message-format=json", kill_on_drop: false }`
[INFO] [stderr] warning: unused field `authors` in `workspace.package`
[INFO] [stderr]  --> Cargo.toml:6:1
[INFO] [stderr]   |
[INFO] [stderr] 6 | authors = ["NitroGugacer Contributors"]
[INFO] [stderr]   | ^^^^^^^
[INFO] [stderr]   |
[INFO] [stderr]   = note: `cargo::unused_workspace_package_fields` is set to `warn` by default
[INFO] [stderr] help: consider removing the field `workspace.package.authors`
[INFO] [stderr] warning: unused field `description` in `workspace.package`
[INFO] [stderr]  --> Cargo.toml:7:1
[INFO] [stderr]   |
[INFO] [stderr] 7 | description = "Open-source Linux alternative to Acer Nitro Sense"
[INFO] [stderr]   | ^^^^^^^^^^^
[INFO] [stderr]   |
[INFO] [stderr] help: consider removing the field `workspace.package.description`
[INFO] [stderr] warning: unused field `repository` in `workspace.package`
[INFO] [stderr]   --> Cargo.toml:10:1
[INFO] [stderr]    |
[INFO] [stderr] 10 | repository = "https://github.com/Luiz-Guga/NitroGugacer"
[INFO] [stderr]    | ^^^^^^^^^^
[INFO] [stderr]    |
[INFO] [stderr] help: consider removing the field `workspace.package.repository`
[INFO] [stderr] warning: workspace (manifest) generated 3 warnings
[INFO] [stderr]    Compiling proc-macro2 v1.0.107
[INFO] [stderr]    Compiling quote v1.0.47
[INFO] [stderr]    Compiling unicode-ident v1.0.24
[INFO] [stderr]    Compiling winnow v1.0.4
[INFO] [stderr]    Compiling toml_datetime v1.1.1+spec-1.1.0
[INFO] [stderr]    Compiling heck v0.5.0
[INFO] [stderr]    Compiling libc v0.2.189
[INFO] [stderr]    Compiling target-lexicon v0.13.5
[INFO] [stderr]    Compiling serde_spanned v1.1.1
[INFO] [stderr]    Compiling smallvec v1.15.2
[INFO] [stderr]    Compiling version-compare v0.2.1
[INFO] [stderr]    Compiling pkg-config v0.3.34
[INFO] [stderr]     Checking pin-project-lite v0.2.17
[INFO] [stderr]     Checking futures-core v0.3.34
[INFO] [stderr]    Compiling serde_core v1.0.229
[INFO] [stderr]    Compiling hashbrown v0.17.1
[INFO] [stderr]    Compiling equivalent v1.0.2
[INFO] [stderr]     Checking futures-io v0.3.34
[INFO] [stderr]    Compiling serde v1.0.229
[INFO] [stderr]     Checking cfg-if v1.0.4
[INFO] [stderr]     Checking slab v0.4.12
[INFO] [stderr]    Compiling cfg-expr v0.20.9
[INFO] [stderr]    Compiling autocfg v1.5.1
[INFO] [stderr]     Checking bitflags v2.13.1
[INFO] [stderr]    Compiling syn v3.0.4
[INFO] [stderr]    Compiling syn v2.0.119
[INFO] [stderr]    Compiling indexmap v2.14.0
[INFO] [stderr]     Checking parking v2.2.1
[INFO] [stderr]     Checking memchr v2.8.3
[INFO] [stderr]    Compiling crossbeam-utils v0.8.22
[INFO] [stderr]     Checking fastrand v2.5.0
[INFO] [stderr]    Compiling toml_parser v1.1.3+spec-1.1.0
[INFO] [stderr]     Checking futures-sink v0.3.34
[INFO] [stderr]    Compiling rustix v1.1.4
[INFO] [stderr]     Checking futures-channel v0.3.34
[INFO] [stderr]     Checking event-listener v5.4.2
[INFO] [stderr]     Checking concurrent-queue v2.5.0
[INFO] [stderr]     Checking once_cell v1.21.4
[INFO] [stderr]    Compiling toml v1.1.4+spec-1.1.0
[INFO] [stderr]    Compiling toml_edit v0.25.13+spec-1.1.0
[INFO] [stderr]     Checking linux-raw-sys v0.12.1
[INFO] [stderr]     Checking futures-task v0.3.34
[INFO] [stderr]    Compiling system-deps v7.0.8
[INFO] [stderr]     Checking event-listener-strategy v0.5.4
[INFO] [stderr]     Checking errno v0.3.14
[INFO] [stderr]     Checking futures-lite v2.6.1
[INFO] [stderr]    Compiling proc-macro-crate v3.5.0
[INFO] [stderr]     Checking signal-hook-registry v1.4.8
[INFO] [stderr]    Compiling glib-sys v0.20.10
[INFO] [stderr]    Compiling gobject-sys v0.20.10
[INFO] [stderr]    Compiling gio-sys v0.20.10
[INFO] [stderr]     Checking tracing-core v0.1.36
[INFO] [stderr]    Compiling async-io v2.6.0
[INFO] [stderr]    Compiling gdk-pixbuf-sys v0.20.10
[INFO] [stderr]    Compiling cairo-sys-rs v0.20.10
[INFO] [stderr]    Compiling pango-sys v0.20.10
[INFO] [stderr]     Checking scopeguard v1.2.0
[INFO] [stderr]    Compiling endi v1.1.1
[INFO] [stderr]     Checking async-task v4.7.1
[INFO] [stderr]     Checking lock_api v0.4.14
[INFO] [stderr]     Checking async-channel v2.5.0
[INFO] [stderr]    Compiling parking_lot_core v0.9.12
[INFO] [stderr]     Checking atomic-waker v1.1.2
[INFO] [stderr]     Checking piper v0.2.5
[INFO] [stderr]    Compiling graphene-sys v0.20.10
[INFO] [stderr]    Compiling gdk4-sys v0.9.6
[INFO] [stderr]     Checking async-lock v3.4.2
[INFO] [stderr]    Compiling gio v0.20.12
[INFO] [stderr]    Compiling thiserror v2.0.20
[INFO] [stderr]     Checking blocking v1.7.0
[INFO] [stderr]     Checking async-executor v1.14.0
[INFO] [stderr]     Checking uuid v1.25.0
[INFO] [stderr]     Checking async-broadcast v0.7.2
[INFO] [stderr]     Checking ordered-stream v0.2.0
[INFO] [stderr]    Compiling zmij v1.0.23
[INFO] [stderr]     Checking hex v0.4.3
[INFO] [stderr]     Checking parking_lot v0.12.5
[INFO] [stderr]    Compiling gsk4-sys v0.9.6
[INFO] [stderr]     Checking mio v1.2.2
[INFO] [stderr]     Checking socket2 v0.6.5
[INFO] [stderr]    Compiling semver v1.0.28
[INFO] [stderr]    Compiling serde_json v1.0.151
[INFO] [stderr]     Checking bytes v1.12.1
[INFO] [stderr]    Compiling rustc_version v0.4.1
[INFO] [stderr]    Compiling memoffset v0.9.1
[INFO] [stderr]     Checking itoa v1.0.18
[INFO] [stderr]    Compiling field-offset v0.3.6
[INFO] [stderr]    Compiling enumflags2_derive v0.7.12
[INFO] [stderr]    Compiling tracing-attributes v0.1.31
[INFO] [stderr]    Compiling glib-macros v0.20.12
[INFO] [stderr]    Compiling async-recursion v1.1.1
[INFO] [stderr]    Compiling gtk4-sys v0.9.6
[INFO] [stderr]    Compiling memoffset v0.6.5
[INFO] [stderr]    Compiling radium v0.7.0
[INFO] [stderr]     Checking utf8parse v0.2.2
[INFO] [stderr]    Compiling syn v1.0.109
[INFO] [stderr]     Checking anstyle-parse v1.0.0
[INFO] [stderr]    Compiling serde_derive v1.0.229
[INFO] [stderr]    Compiling futures-macro v0.3.34
[INFO] [stderr]    Compiling thiserror-impl v2.0.20
[INFO] [stderr]    Compiling serde_repr v0.1.21
[INFO] [stderr]    Compiling async-trait v0.1.92
[INFO] [stderr]    Compiling tokio-macros v2.7.2
[INFO] [stderr]     Checking polling v3.11.0
[INFO] [stderr]     Checking tracing v0.1.44
[INFO] [stderr]     Checking futures-util v0.3.34
[INFO] [stderr]     Checking getrandom v0.2.17
[INFO] [stderr]     Checking tokio v1.53.1
[INFO] [stderr]    Compiling proc-macro-error-attr2 v2.0.0
[INFO] [stderr]    Compiling thiserror v1.0.69
[INFO] [stderr]     Checking tap v1.0.1
[INFO] [stderr]     Checking async-signal v0.2.14
[INFO] [stderr]     Checking anstyle-query v1.1.5
[INFO] [stderr]     Checking async-process v2.5.0
[INFO] [stderr]    Compiling relm4-css v0.9.0
[INFO] [stderr]     Checking colorchoice v1.0.5
[INFO] [stderr]     Checking is_terminal_polyfill v1.70.2
[INFO] [stderr]     Checking regex-syntax v0.8.11
[INFO] [stderr]     Checking anstyle v1.0.14
[INFO] [stderr]     Checking wyz v0.5.1
[INFO] [stderr]     Checking anstream v1.0.0
[INFO] [stderr]    Compiling proc-macro-error2 v2.0.1
[INFO] [stderr]     Checking nanorand v0.7.0
[INFO] [stderr]     Checking regex-automata v0.4.18
[INFO] [stderr]    Compiling gtk4-macros v0.9.5
[INFO] [stderr]    Compiling thiserror-impl v1.0.69
[INFO] [stderr]     Checking spin v0.9.9
[INFO] [stderr]     Checking strsim v0.11.1
[INFO] [stderr]     Checking bitflags v1.3.2
[INFO] [stderr]     Checking toml_write v0.1.2
[INFO] [stderr]     Checking fnv v1.0.7
[INFO] [stderr]     Checking log v0.4.34
[INFO] [stderr]     Checking clap_lex v1.1.0
[INFO] [stderr]     Checking futures-executor v0.3.34
[INFO] [stderr]     Checking winnow v0.7.15
[INFO] [stderr]     Checking glib v0.20.12
[INFO] [stderr]    Compiling zvariant_utils v4.2.0
[INFO] [stderr]    Compiling enumflags2 v0.7.12
[INFO] [stderr]    Compiling zcheapstr v1.1.0
[INFO] [stderr]     Checking toml_datetime v0.6.11
[INFO] [stderr]     Checking serde_spanned v0.6.9
[INFO] [stderr]     Checking unicode-width v0.2.2
[INFO] [stderr]     Checking lazy_static v1.5.0
[INFO] [stderr]     Checking funty v2.0.0
[INFO] [stderr]    Compiling heck v0.4.1
[INFO] [stderr]    Compiling getrandom v0.4.3
[INFO] [stderr]     Checking bytecount v0.6.9
[INFO] [stderr]     Checking sharded-slab v0.1.7
[INFO] [stderr]     Checking papergrid v0.13.0
[INFO] [stderr]     Checking bitvec v1.1.1
[INFO] [stderr]    Compiling zvariant_derive v5.15.0
[INFO] [stderr]    Compiling zvariant v5.15.0
[INFO] [stderr]     Checking matchers v0.2.0
[INFO] [stderr]     Checking futures v0.3.34
[INFO] [stderr]     Checking clap_builder v4.6.6
[INFO] [stderr]    Compiling tabled_derive v0.9.0
[INFO] [stderr]     Checking tracing-log v0.2.0
[INFO] [stderr]     Checking toml_edit v0.22.27
[INFO] [stderr]     Checking nix v0.23.2
[INFO] [stderr]     Checking flume v0.11.1
[INFO] [stderr]    Compiling clap_derive v4.6.4
[INFO] [stderr]    Compiling relm4-macros v0.9.1
[INFO] [stderr]     Checking zbus_names v4.3.4
[INFO] [stderr]     Checking thread_local v1.1.10
[INFO] [stderr]     Checking fragile v2.1.0
[INFO] [stderr]     Checking nu-ansi-term v0.50.3
[INFO] [stderr]     Checking toml v0.8.23
[INFO] [stderr]     Checking tracing-subscriber v0.3.23
[INFO] [stderr]     Checking tabled v0.17.0
[INFO] [stderr]     Checking tempfile v3.27.0
[INFO] [stderr]     Checking evdev v0.12.2
[INFO] [stderr]    Compiling zbus_macros v5.19.0
[INFO] [stderr]     Checking clap v4.6.6
[INFO] [stderr]     Checking zbus v5.19.0
[INFO] [stderr]     Checking cairo-rs v0.20.12
[INFO] [stderr]     Checking graphene-rs v0.20.10
[INFO] [stderr]     Checking nitrogugacer-shared v0.1.0 (/opt/rustwide/workdir/shared)
[INFO] [stderr]     Checking nitrogugacerd v0.1.0 (/opt/rustwide/workdir/daemon)
[INFO] [stderr]     Checking nitrogugacer-cli v0.1.0 (/opt/rustwide/workdir/cli)
[INFO] [stdout] warning: unused import: `NitroError`
[INFO] [stdout]  --> daemon/src/hardware/fan.rs:3:34
[INFO] [stdout]   |
[INFO] [stdout] 3 | use nitrogugacer_shared::error::{NitroError, NitroResult};
[INFO] [stdout]   |                                  ^^^^^^^^^^
[INFO] [stdout]   |
[INFO] [stdout]   = note: `#[warn(unused_imports)]` (part of `#[warn(unused)]`) on by default
[INFO] [stdout] 
[INFO] [stdout] 
[INFO] [stdout] warning: unused import: `tracing::warn`
[INFO] [stdout]  --> daemon/src/hardware/fan.rs:6:5
[INFO] [stdout]   |
[INFO] [stdout] 6 | use tracing::warn;
[INFO] [stdout]   |     ^^^^^^^^^^^^^
[INFO] [stdout] 
[INFO] [stdout] 
[INFO] [stdout] warning: unused import: `NitroError`
[INFO] [stdout]  --> daemon/src/hardware/sensors.rs:1:34
[INFO] [stdout]   |
[INFO] [stdout] 1 | use nitrogugacer_shared::error::{NitroError, NitroResult};
[INFO] [stdout]   |                                  ^^^^^^^^^^
[INFO] [stdout] 
[INFO] [stdout] 
[INFO] [stdout] warning: unused import: `nitrogugacer_shared::types::FanRpmReading`
[INFO] [stdout]  --> daemon/src/hardware/sensors.rs:2:5
[INFO] [stdout]   |
[INFO] [stdout] 2 | use nitrogugacer_shared::types::FanRpmReading;
[INFO] [stdout]   |     ^^^^^^^^^^^^^^^^^^^^^^^^^^^^^^^^^^^^^^^^^
[INFO] [stdout] 
[INFO] [stdout] 
[INFO] [stdout] warning: unused imports: `debug` and `warn`
[INFO] [stdout]  --> daemon/src/hardware/sensors.rs:4:15
[INFO] [stdout]   |
[INFO] [stdout] 4 | use tracing::{debug, warn};
[INFO] [stdout]   |               ^^^^^  ^^^^
[INFO] [stdout] 
[INFO] [stdout] 
[INFO] [stdout] warning: unused imports: `HWMON_BASE`, `POWER_SUPPLY_BASE`, and `THERMAL_ZONE_BASE`
[INFO] [stdout]   --> daemon/src/main.rs:9:64
[INFO] [stdout]    |
[INFO] [stdout]  9 |     DBUS_BUS_NAME, DBUS_OBJECT_PATH, DEFAULT_POLL_INTERVAL_MS, HWMON_BASE,
[INFO] [stdout]    |                                                                ^^^^^^^^^^
[INFO] [stdout] 10 |     PLATFORM_PROFILE_CHOICES_PATH, PLATFORM_PROFILE_PATH, POWER_SUPPLY_BASE, THERMAL_ZONE_BASE,
[INFO] [stdout]    |                                                           ^^^^^^^^^^^^^^^^^  ^^^^^^^^^^^^^^^^^
[INFO] [stdout] 
[INFO] [stdout] 
[INFO] [stdout] warning: unused import: `error`
[INFO] [stdout]   --> daemon/src/main.rs:16:27
[INFO] [stdout]    |
[INFO] [stdout] 16 | use tracing::{info, warn, error};
[INFO] [stdout]    |                           ^^^^^
[INFO] [stdout] 
[INFO] [stdout] 
[INFO] [stdout] warning: unused import: `NitroError`
[INFO] [stdout]  --> daemon/src/hardware/fan.rs:3:34
[INFO] [stdout]   |
[INFO] [stdout] 3 | use nitrogugacer_shared::error::{NitroError, NitroResult};
[INFO] [stdout]   |                                  ^^^^^^^^^^
[INFO] [stdout]   |
[INFO] [stdout]   = note: `#[warn(unused_imports)]` (part of `#[warn(unused)]`) on by default
[INFO] [stdout] 
[INFO] [stdout] 
[INFO] [stdout] warning: unused import: `tracing::warn`
[INFO] [stdout]  --> daemon/src/hardware/fan.rs:6:5
[INFO] [stdout]   |
[INFO] [stdout] 6 | use tracing::warn;
[INFO] [stdout]   |     ^^^^^^^^^^^^^
[INFO] [stdout] 
[INFO] [stdout] 
[INFO] [stdout] warning: unused import: `NitroError`
[INFO] [stdout]  --> daemon/src/hardware/sensors.rs:1:34
[INFO] [stdout]   |
[INFO] [stdout] 1 | use nitrogugacer_shared::error::{NitroError, NitroResult};
[INFO] [stdout]   |                                  ^^^^^^^^^^
[INFO] [stdout] 
[INFO] [stdout] 
[INFO] [stdout] warning: unused import: `nitrogugacer_shared::types::FanRpmReading`
[INFO] [stdout]  --> daemon/src/hardware/sensors.rs:2:5
[INFO] [stdout]   |
[INFO] [stdout] 2 | use nitrogugacer_shared::types::FanRpmReading;
[INFO] [stdout]   |     ^^^^^^^^^^^^^^^^^^^^^^^^^^^^^^^^^^^^^^^^^
[INFO] [stdout] 
[INFO] [stdout] 
[INFO] [stdout] warning: unused imports: `debug` and `warn`
[INFO] [stdout]  --> daemon/src/hardware/sensors.rs:4:15
[INFO] [stdout]   |
[INFO] [stdout] 4 | use tracing::{debug, warn};
[INFO] [stdout]   |               ^^^^^  ^^^^
[INFO] [stdout] 
[INFO] [stdout] 
[INFO] [stdout] warning: unused imports: `HWMON_BASE`, `POWER_SUPPLY_BASE`, and `THERMAL_ZONE_BASE`
[INFO] [stdout]   --> daemon/src/main.rs:9:64
[INFO] [stdout]    |
[INFO] [stdout]  9 |     DBUS_BUS_NAME, DBUS_OBJECT_PATH, DEFAULT_POLL_INTERVAL_MS, HWMON_BASE,
[INFO] [stdout]    |                                                                ^^^^^^^^^^
[INFO] [stdout] 10 |     PLATFORM_PROFILE_CHOICES_PATH, PLATFORM_PROFILE_PATH, POWER_SUPPLY_BASE, THERMAL_ZONE_BASE,
[INFO] [stdout]    |                                                           ^^^^^^^^^^^^^^^^^  ^^^^^^^^^^^^^^^^^
[INFO] [stdout] 
[INFO] [stdout] 
[INFO] [stdout] warning: unused import: `error`
[INFO] [stdout]   --> daemon/src/main.rs:16:27
[INFO] [stdout]    |
[INFO] [stdout] 16 | use tracing::{info, warn, error};
[INFO] [stdout]    |                           ^^^^^
[INFO] [stdout] 
[INFO] [stdout] 
[INFO] [stdout] error[E0308]: arguments to this function are incorrect
[INFO] [stdout]    --> daemon/src/hardware/fan.rs:125:17
[INFO] [stdout]     |
[INFO] [stdout] 125 |         let r = get_fan_speeds(&mock_ctx(ts.path()), th.path().to_str().unwrap()).unwrap();
[INFO] [stdout]     |                 ^^^^^^^^^^^^^^
[INFO] [stdout]     |
[INFO] [stdout] note: expected `Option<&Path>`, found `&HardwareContext`
[INFO] [stdout]    --> daemon/src/hardware/fan.rs:125:32
[INFO] [stdout]     |
[INFO] [stdout] 125 |         let r = get_fan_speeds(&mock_ctx(ts.path()), th.path().to_str().unwrap()).unwrap();
[INFO] [stdout]     |                                ^^^^^^^^^^^^^^^^^^^^
[INFO] [stdout]     = note:   expected enum `Option<&std::path::Path>`
[INFO] [stdout]             found reference `&hardware::HardwareContext`
[INFO] [stdout] note: expected `Option<&Path>`, found `&str`
[INFO] [stdout]    --> daemon/src/hardware/fan.rs:125:54
[INFO] [stdout]     |
[INFO] [stdout] 125 |         let r = get_fan_speeds(&mock_ctx(ts.path()), th.path().to_str().unwrap()).unwrap();
[INFO] [stdout]     |                                                      ^^^^^^^^^^^^^^^^^^^^^^^^^^^
[INFO] [stdout]     = note:   expected enum `Option<&std::path::Path>`
[INFO] [stdout]             found reference `&str`
[INFO] [stdout] note: function defined here
[INFO] [stdout]    --> daemon/src/hardware/fan.rs:66:8
[INFO] [stdout]     |
[INFO] [stdout]  66 | pub fn get_fan_speeds(
[INFO] [stdout]     |        ^^^^^^^^^^^^^^
[INFO] [stdout]  67 |     cpu_path: Option<&Path>,
[INFO] [stdout]     |     -----------------------
[INFO] [stdout]  68 |     gpu_path: Option<&Path>,
[INFO] [stdout]     |     -----------------------
[INFO] [stdout] 
[INFO] [stdout] 
[INFO] [stdout] error[E0308]: arguments to this function are incorrect
[INFO] [stdout]    --> daemon/src/hardware/fan.rs:138:17
[INFO] [stdout]     |
[INFO] [stdout] 138 |         let r = get_fan_speeds(&mock_ctx(ts.path()), th.path().to_str().unwrap()).unwrap();
[INFO] [stdout]     |                 ^^^^^^^^^^^^^^
[INFO] [stdout]     |
[INFO] [stdout] note: expected `Option<&Path>`, found `&HardwareContext`
[INFO] [stdout]    --> daemon/src/hardware/fan.rs:138:32
[INFO] [stdout]     |
[INFO] [stdout] 138 |         let r = get_fan_speeds(&mock_ctx(ts.path()), th.path().to_str().unwrap()).unwrap();
[INFO] [stdout]     |                                ^^^^^^^^^^^^^^^^^^^^
[INFO] [stdout]     = note:   expected enum `Option<&std::path::Path>`
[INFO] [stdout]             found reference `&hardware::HardwareContext`
[INFO] [stdout] note: expected `Option<&Path>`, found `&str`
[INFO] [stdout]    --> daemon/src/hardware/fan.rs:138:54
[INFO] [stdout]     |
[INFO] [stdout] 138 |         let r = get_fan_speeds(&mock_ctx(ts.path()), th.path().to_str().unwrap()).unwrap();
[INFO] [stdout]     |                                                      ^^^^^^^^^^^^^^^^^^^^^^^^^^^
[INFO] [stdout]     = note:   expected enum `Option<&std::path::Path>`
[INFO] [stdout]             found reference `&str`
[INFO] [stdout] note: function defined here
[INFO] [stdout]    --> daemon/src/hardware/fan.rs:66:8
[INFO] [stdout]     |
[INFO] [stdout]  66 | pub fn get_fan_speeds(
[INFO] [stdout]     |        ^^^^^^^^^^^^^^
[INFO] [stdout]  67 |     cpu_path: Option<&Path>,
[INFO] [stdout]     |     -----------------------
[INFO] [stdout]  68 |     gpu_path: Option<&Path>,
[INFO] [stdout]     |     -----------------------
[INFO] [stdout] 
[INFO] [stdout] 
[INFO] [stdout] error[E0308]: arguments to this function are incorrect
[INFO] [stdout]    --> daemon/src/hardware/fan.rs:147:17
[INFO] [stdout]     |
[INFO] [stdout] 147 |         let r = get_fan_speeds(&mock_ctx(ts.path()), th.path().to_str().unwrap()).unwrap();
[INFO] [stdout]     |                 ^^^^^^^^^^^^^^
[INFO] [stdout]     |
[INFO] [stdout] note: expected `Option<&Path>`, found `&HardwareContext`
[INFO] [stdout]    --> daemon/src/hardware/fan.rs:147:32
[INFO] [stdout]     |
[INFO] [stdout] 147 |         let r = get_fan_speeds(&mock_ctx(ts.path()), th.path().to_str().unwrap()).unwrap();
[INFO] [stdout]     |                                ^^^^^^^^^^^^^^^^^^^^
[INFO] [stdout]     = note:   expected enum `Option<&std::path::Path>`
[INFO] [stdout]             found reference `&hardware::HardwareContext`
[INFO] [stdout] note: expected `Option<&Path>`, found `&str`
[INFO] [stdout]    --> daemon/src/hardware/fan.rs:147:54
[INFO] [stdout]     |
[INFO] [stdout] 147 |         let r = get_fan_speeds(&mock_ctx(ts.path()), th.path().to_str().unwrap()).unwrap();
[INFO] [stdout]     |                                                      ^^^^^^^^^^^^^^^^^^^^^^^^^^^
[INFO] [stdout]     = note:   expected enum `Option<&std::path::Path>`
[INFO] [stdout]             found reference `&str`
[INFO] [stdout] note: function defined here
[INFO] [stdout]    --> daemon/src/hardware/fan.rs:66:8
[INFO] [stdout]     |
[INFO] [stdout]  66 | pub fn get_fan_speeds(
[INFO] [stdout]     |        ^^^^^^^^^^^^^^
[INFO] [stdout]  67 |     cpu_path: Option<&Path>,
[INFO] [stdout]     |     -----------------------
[INFO] [stdout]  68 |     gpu_path: Option<&Path>,
[INFO] [stdout]     |     -----------------------
[INFO] [stdout] 
[INFO] [stdout] 
[INFO] [stdout] error[E0308]: mismatched types
[INFO] [stdout]   --> daemon/src/hardware/power_source.rs:83:39
[INFO] [stdout]    |
[INFO] [stdout] 83 |         let source = get_power_source(tmp.path().to_str().unwrap()).unwrap();
[INFO] [stdout]    |                      ---------------- ^^^^^^^^^^^^^^^^^^^^^^^^^^^^ expected `Option<&Path>`, found `&str`
[INFO] [stdout]    |                      |
[INFO] [stdout]    |                      arguments to this function are incorrect
[INFO] [stdout]    |
[INFO] [stdout]    = note:   expected enum `Option<&std::path::Path>`
[INFO] [stdout]            found reference `&str`
[INFO] [stdout] note: function defined here
[INFO] [stdout]   --> daemon/src/hardware/power_source.rs:36:8
[INFO] [stdout]    |
[INFO] [stdout] 36 | pub fn get_power_source(ac_online_path: Option<&Path>) -> PowerSource {
[INFO] [stdout]    |        ^^^^^^^^^^^^^^^^ -----------------------------
[INFO] [stdout] 
[INFO] [stdout] 
[INFO] [stdout] error[E0599]: no method named `unwrap` found for enum `nitrogugacer_shared::types::PowerSource` in the current scope
[INFO] [stdout]   --> daemon/src/hardware/power_source.rs:83:69
[INFO] [stdout]    |
[INFO] [stdout] 83 |         let source = get_power_source(tmp.path().to_str().unwrap()).unwrap();
[INFO] [stdout]    |                                                                     ^^^^^^ method not found in `nitrogugacer_shared::types::PowerSource`
[INFO] [stdout] 
[INFO] [stdout] 
[INFO] [stdout] error[E0308]: mismatched types
[INFO] [stdout]   --> daemon/src/hardware/power_source.rs:93:39
[INFO] [stdout]    |
[INFO] [stdout] 93 |         let source = get_power_source(tmp.path().to_str().unwrap()).unwrap();
[INFO] [stdout]    |                      ---------------- ^^^^^^^^^^^^^^^^^^^^^^^^^^^^ expected `Option<&Path>`, found `&str`
[INFO] [stdout]    |                      |
[INFO] [stdout]    |                      arguments to this function are incorrect
[INFO] [stdout]    |
[INFO] [stdout]    = note:   expected enum `Option<&std::path::Path>`
[INFO] [stdout]            found reference `&str`
[INFO] [stdout] note: function defined here
[INFO] [stdout]   --> daemon/src/hardware/power_source.rs:36:8
[INFO] [stdout]    |
[INFO] [stdout] 36 | pub fn get_power_source(ac_online_path: Option<&Path>) -> PowerSource {
[INFO] [stdout]    |        ^^^^^^^^^^^^^^^^ -----------------------------
[INFO] [stdout] 
[INFO] [stdout] 
[INFO] [stdout] error[E0599]: no method named `unwrap` found for enum `nitrogugacer_shared::types::PowerSource` in the current scope
[INFO] [stdout]   --> daemon/src/hardware/power_source.rs:93:69
[INFO] [stdout]    |
[INFO] [stdout] 93 |         let source = get_power_source(tmp.path().to_str().unwrap()).unwrap();
[INFO] [stdout]    |                                                                     ^^^^^^ method not found in `nitrogugacer_shared::types::PowerSource`
[INFO] [stdout] 
[INFO] [stdout] 
[INFO] [stdout] error[E0308]: mismatched types
[INFO] [stdout]    --> daemon/src/hardware/power_source.rs:100:39
[INFO] [stdout]     |
[INFO] [stdout] 100 |         let source = get_power_source(tmp.path().to_str().unwrap()).unwrap();
[INFO] [stdout]     |                      ---------------- ^^^^^^^^^^^^^^^^^^^^^^^^^^^^ expected `Option<&Path>`, found `&str`
[INFO] [stdout]     |                      |
[INFO] [stdout]     |                      arguments to this function are incorrect
[INFO] [stdout]     |
[INFO] [stdout]     = note:   expected enum `Option<&std::path::Path>`
[INFO] [stdout]             found reference `&str`
[INFO] [stdout] note: function defined here
[INFO] [stdout]    --> daemon/src/hardware/power_source.rs:36:8
[INFO] [stdout]     |
[INFO] [stdout]  36 | pub fn get_power_source(ac_online_path: Option<&Path>) -> PowerSource {
[INFO] [stdout]     |        ^^^^^^^^^^^^^^^^ -----------------------------
[INFO] [stdout] 
[INFO] [stdout] 
[INFO] [stdout] error[E0599]: no method named `unwrap` found for enum `nitrogugacer_shared::types::PowerSource` in the current scope
[INFO] [stdout]    --> daemon/src/hardware/power_source.rs:100:69
[INFO] [stdout]     |
[INFO] [stdout] 100 |         let source = get_power_source(tmp.path().to_str().unwrap()).unwrap();
[INFO] [stdout]     |                                                                     ^^^^^^ method not found in `nitrogugacer_shared::types::PowerSource`
[INFO] [stdout] 
[INFO] [stdout] 
[INFO] [stdout] error[E0308]: mismatched types
[INFO] [stdout]    --> daemon/src/hardware/sensors.rs:200:33
[INFO] [stdout]     |
[INFO] [stdout] 200 |         let temp = get_cpu_temp(base.to_str().unwrap()).unwrap();
[INFO] [stdout]     |                    ------------ ^^^^^^^^^^^^^^^^^^^^^^ expected `&Path`, found `&str`
[INFO] [stdout]     |                    |
[INFO] [stdout]     |                    arguments to this function are incorrect
[INFO] [stdout]     |
[INFO] [stdout]     = note: expected reference `&std::path::Path`
[INFO] [stdout]                found reference `&str`
[INFO] [stdout] note: function defined here
[INFO] [stdout]    --> daemon/src/hardware/sensors.rs:140:8
[INFO] [stdout]     |
[INFO] [stdout] 140 | pub fn get_cpu_temp(path: &Path) -> NitroResult<f64> {
[INFO] [stdout]     |        ^^^^^^^^^^^^ -----------
[INFO] [stdout] 
[INFO] [stdout] 
[INFO] [stdout] error[E0308]: mismatched types
[INFO] [stdout]    --> daemon/src/hardware/sensors.rs:212:33
[INFO] [stdout]     |
[INFO] [stdout] 212 |         let temp = get_cpu_temp(base.to_str().unwrap()).unwrap();
[INFO] [stdout]     |                    ------------ ^^^^^^^^^^^^^^^^^^^^^^ expected `&Path`, found `&str`
[INFO] [stdout]     |                    |
[INFO] [stdout]     |                    arguments to this function are incorrect
[INFO] [stdout]     |
[INFO] [stdout]     = note: expected reference `&std::path::Path`
[INFO] [stdout]                found reference `&str`
[INFO] [stdout] note: function defined here
[INFO] [stdout]    --> daemon/src/hardware/sensors.rs:140:8
[INFO] [stdout]     |
[INFO] [stdout] 140 | pub fn get_cpu_temp(path: &Path) -> NitroResult<f64> {
[INFO] [stdout]     |        ^^^^^^^^^^^^ -----------
[INFO] [stdout] 
[INFO] [stdout] 
[INFO] [stdout] error[E0308]: mismatched types
[INFO] [stdout]    --> daemon/src/hardware/sensors.rs:222:35
[INFO] [stdout]     |
[INFO] [stdout] 222 |         let result = get_cpu_temp(base.to_str().unwrap());
[INFO] [stdout]     |                      ------------ ^^^^^^^^^^^^^^^^^^^^^^ expected `&Path`, found `&str`
[INFO] [stdout]     |                      |
[INFO] [stdout]     |                      arguments to this function are incorrect
[INFO] [stdout]     |
[INFO] [stdout]     = note: expected reference `&std::path::Path`
[INFO] [stdout]                found reference `&str`
[INFO] [stdout] note: function defined here
[INFO] [stdout]    --> daemon/src/hardware/sensors.rs:140:8
[INFO] [stdout]     |
[INFO] [stdout] 140 | pub fn get_cpu_temp(path: &Path) -> NitroResult<f64> {
[INFO] [stdout]     |        ^^^^^^^^^^^^ -----------
[INFO] [stdout] 
[INFO] [stdout] 
[INFO] [stdout] error[E0061]: this function takes 1 argument but 2 arguments were supplied
[INFO] [stdout]    --> daemon/src/hardware/sensors.rs:234:20
[INFO] [stdout]     |
[INFO] [stdout] 234 |         let temp = get_gpu_temp(
[INFO] [stdout]     |                    ^^^^^^^^^^^^
[INFO] [stdout] 235 |             tmp_hwmon.path().to_str().unwrap(),
[INFO] [stdout]     |             ---------------------------------- expected `&Path`, found `&str`
[INFO] [stdout] 236 |             tmp_thermal.path().to_str().unwrap(),
[INFO] [stdout]     |             ------------------------------------ unexpected argument #2 of type `&str`
[INFO] [stdout]     |
[INFO] [stdout]     = note: expected reference `&std::path::Path`
[INFO] [stdout]                found reference `&str`
[INFO] [stdout] note: function defined here
[INFO] [stdout]    --> daemon/src/hardware/sensors.rs:145:8
[INFO] [stdout]     |
[INFO] [stdout] 145 | pub fn get_gpu_temp(path: &Path) -> NitroResult<f64> {
[INFO] [stdout]     |        ^^^^^^^^^^^^ -----------
[INFO] [stdout] help: remove the extra argument
[INFO] [stdout]     |
[INFO] [stdout] 235 -             tmp_hwmon.path().to_str().unwrap(),
[INFO] [stdout] 236 -             tmp_thermal.path().to_str().unwrap(),
[INFO] [stdout] 235 +             /* &Path */,
[INFO] [stdout]     |
[INFO] [stdout] 
[INFO] [stdout] 
[INFO] [stdout] error[E0277]: can't compare `f64` with `Option<{float}>`
[INFO] [stdout]    --> daemon/src/hardware/sensors.rs:240:9
[INFO] [stdout]     |
[INFO] [stdout] 240 |         assert_eq!(temp, Some(65.0));
[INFO] [stdout]     |         ^^^^^^^^^^^^^^^^^^^^^^^^^^^^ no implementation for `f64 == Option<{float}>`
[INFO] [stdout]     |
[INFO] [stdout]     = help: the trait `PartialEq<Option<{float}>>` is not implemented for `f64`
[INFO] [stdout] help: `f64` implements trait `PartialEq<Rhs>`
[INFO] [stdout]    --> /rustc/3154cc1a3e6424e44f438a95007d043ed5ceaaf6/library/core/src/cmp.rs:2174:12
[INFO] [stdout]     |
[INFO] [stdout]     = note: `PartialEq`
[INFO] [stdout]    ::: /rustc/3154cc1a3e6424e44f438a95007d043ed5ceaaf6/library/core/src/cmp.rs:2186:5
[INFO] [stdout]     |
[INFO] [stdout]     = note: in this macro invocation
[INFO] [stdout]     |
[INFO] [stdout]    ::: /opt/rustwide/cargo-home/registry/src/index.crates.io-1949cf8c6b5b557f/serde_json-1.0.151/src/value/partial_eq.rs:76:13
[INFO] [stdout]     |
[INFO] [stdout]  76 |               impl PartialEq<Value> for $ty {
[INFO] [stdout]     |               ^^^^^^^^^^^^^^^^^^^^^^^^^^^^^ `PartialEq<serde_json::Value>`
[INFO] [stdout] ...
[INFO] [stdout]  97 | / partialeq_numeric! {
[INFO] [stdout]  98 | |     eq_i64[i8 i16 i32 i64 isize]
[INFO] [stdout]  99 | |     eq_u64[u8 u16 u32 u64 usize]
[INFO] [stdout] 100 | |     eq_f32[f32]
[INFO] [stdout] 101 | |     eq_f64[f64]
[INFO] [stdout] 102 | |     eq_bool[bool]
[INFO] [stdout] 103 | | }
[INFO] [stdout]     | |_- in this macro invocation
[INFO] [stdout]     = note: this error originates in the macro `assert_eq` which comes from the expansion of the macro `partialeq_numeric` (in Nightly builds, run with -Z macro-backtrace for more info)
[INFO] [stdout] 
[INFO] [stdout] 
[INFO] [stdout] error[E0061]: this function takes 1 argument but 2 arguments were supplied
[INFO] [stdout]    --> daemon/src/hardware/sensors.rs:254:20
[INFO] [stdout]     |
[INFO] [stdout] 254 |         let temp = get_gpu_temp(
[INFO] [stdout]     |                    ^^^^^^^^^^^^
[INFO] [stdout] 255 |             tmp_hwmon.path().to_str().unwrap(),
[INFO] [stdout]     |             ---------------------------------- expected `&Path`, found `&str`
[INFO] [stdout] 256 |             tmp_thermal.path().to_str().unwrap(),
[INFO] [stdout]     |             ------------------------------------ unexpected argument #2 of type `&str`
[INFO] [stdout]     |
[INFO] [stdout]     = note: expected reference `&std::path::Path`
[INFO] [stdout]                found reference `&str`
[INFO] [stdout] note: function defined here
[INFO] [stdout]    --> daemon/src/hardware/sensors.rs:145:8
[INFO] [stdout]     |
[INFO] [stdout] 145 | pub fn get_gpu_temp(path: &Path) -> NitroResult<f64> {
[INFO] [stdout]     |        ^^^^^^^^^^^^ -----------
[INFO] [stdout] help: remove the extra argument
[INFO] [stdout]     |
[INFO] [stdout] 255 -             tmp_hwmon.path().to_str().unwrap(),
[INFO] [stdout] 256 -             tmp_thermal.path().to_str().unwrap(),
[INFO] [stdout] 255 +             /* &Path */,
[INFO] [stdout]     |
[INFO] [stdout] 
[INFO] [stdout] 
[INFO] [stdout] error[E0277]: can't compare `f64` with `Option<{float}>`
[INFO] [stdout]    --> daemon/src/hardware/sensors.rs:260:9
[INFO] [stdout]     |
[INFO] [stdout] 260 |         assert_eq!(temp, Some(70.0));
[INFO] [stdout]     |         ^^^^^^^^^^^^^^^^^^^^^^^^^^^^ no implementation for `f64 == Option<{float}>`
[INFO] [stdout]     |
[INFO] [stdout]     = help: the trait `PartialEq<Option<{float}>>` is not implemented for `f64`
[INFO] [stdout] help: `f64` implements trait `PartialEq<Rhs>`
[INFO] [stdout]    --> /rustc/3154cc1a3e6424e44f438a95007d043ed5ceaaf6/library/core/src/cmp.rs:2174:12
[INFO] [stdout]     |
[INFO] [stdout]     = note: `PartialEq`
[INFO] [stdout]    ::: /rustc/3154cc1a3e6424e44f438a95007d043ed5ceaaf6/library/core/src/cmp.rs:2186:5
[INFO] [stdout]     |
[INFO] [stdout]     = note: in this macro invocation
[INFO] [stdout]     |
[INFO] [stdout]    ::: /opt/rustwide/cargo-home/registry/src/index.crates.io-1949cf8c6b5b557f/serde_json-1.0.151/src/value/partial_eq.rs:76:13
[INFO] [stdout]     |
[INFO] [stdout]  76 |               impl PartialEq<Value> for $ty {
[INFO] [stdout]     |               ^^^^^^^^^^^^^^^^^^^^^^^^^^^^^ `PartialEq<serde_json::Value>`
[INFO] [stdout] ...
[INFO] [stdout]  97 | / partialeq_numeric! {
[INFO] [stdout]  98 | |     eq_i64[i8 i16 i32 i64 isize]
[INFO] [stdout]  99 | |     eq_u64[u8 u16 u32 u64 usize]
[INFO] [stdout] 100 | |     eq_f32[f32]
[INFO] [stdout] 101 | |     eq_f64[f64]
[INFO] [stdout] 102 | |     eq_bool[bool]
[INFO] [stdout] 103 | | }
[INFO] [stdout]     | |_- in this macro invocation
[INFO] [stdout]     = note: this error originates in the macro `assert_eq` which comes from the expansion of the macro `partialeq_numeric` (in Nightly builds, run with -Z macro-backtrace for more info)
[INFO] [stdout] 
[INFO] [stdout] 
[INFO] [stdout] error[E0061]: this function takes 1 argument but 2 arguments were supplied
[INFO] [stdout]    --> daemon/src/hardware/sensors.rs:271:20
[INFO] [stdout]     |
[INFO] [stdout] 271 |         let temp = get_gpu_temp(
[INFO] [stdout]     |                    ^^^^^^^^^^^^
[INFO] [stdout] 272 |             tmp_hwmon.path().to_str().unwrap(),
[INFO] [stdout]     |             ---------------------------------- expected `&Path`, found `&str`
[INFO] [stdout] 273 |             tmp_thermal.path().to_str().unwrap(),
[INFO] [stdout]     |             ------------------------------------ unexpected argument #2 of type `&str`
[INFO] [stdout]     |
[INFO] [stdout]     = note: expected reference `&std::path::Path`
[INFO] [stdout]                found reference `&str`
[INFO] [stdout] note: function defined here
[INFO] [stdout]    --> daemon/src/hardware/sensors.rs:145:8
[INFO] [stdout]     |
[INFO] [stdout] 145 | pub fn get_gpu_temp(path: &Path) -> NitroResult<f64> {
[INFO] [stdout]     |        ^^^^^^^^^^^^ -----------
[INFO] [stdout] help: remove the extra argument
[INFO] [stdout]     |
[INFO] [stdout] 272 -             tmp_hwmon.path().to_str().unwrap(),
[INFO] [stdout] 273 -             tmp_thermal.path().to_str().unwrap(),
[INFO] [stdout] 272 +             /* &Path */,
[INFO] [stdout]     |
[INFO] [stdout] 
[INFO] [stdout] 
[INFO] [stdout] error[E0277]: can't compare `f64` with `Option<_>`
[INFO] [stdout]    --> daemon/src/hardware/sensors.rs:277:9
[INFO] [stdout]     |
[INFO] [stdout] 277 |         assert_eq!(temp, None);
[INFO] [stdout]     |         ^^^^^^^^^^^^^^^^^^^^^^ no implementation for `f64 == Option<_>`
[INFO] [stdout]     |
[INFO] [stdout]     = help: the trait `PartialEq<Option<_>>` is not implemented for `f64`
[INFO] [stdout] help: `f64` implements trait `PartialEq<Rhs>`
[INFO] [stdout]    --> /rustc/3154cc1a3e6424e44f438a95007d043ed5ceaaf6/library/core/src/cmp.rs:2174:12
[INFO] [stdout]     |
[INFO] [stdout]     = note: `PartialEq`
[INFO] [stdout]    ::: /rustc/3154cc1a3e6424e44f438a95007d043ed5ceaaf6/library/core/src/cmp.rs:2186:5
[INFO] [stdout]     |
[INFO] [stdout]     = note: in this macro invocation
[INFO] [stdout]     |
[INFO] [stdout]    ::: /opt/rustwide/cargo-home/registry/src/index.crates.io-1949cf8c6b5b557f/serde_json-1.0.151/src/value/partial_eq.rs:76:13
[INFO] [stdout]     |
[INFO] [stdout]  76 |               impl PartialEq<Value> for $ty {
[INFO] [stdout]     |               ^^^^^^^^^^^^^^^^^^^^^^^^^^^^^ `PartialEq<serde_json::Value>`
[INFO] [stdout] ...
[INFO] [stdout]  97 | / partialeq_numeric! {
[INFO] [stdout]  98 | |     eq_i64[i8 i16 i32 i64 isize]
[INFO] [stdout]  99 | |     eq_u64[u8 u16 u32 u64 usize]
[INFO] [stdout] 100 | |     eq_f32[f32]
[INFO] [stdout] 101 | |     eq_f64[f64]
[INFO] [stdout] 102 | |     eq_bool[bool]
[INFO] [stdout] 103 | | }
[INFO] [stdout]     | |_- in this macro invocation
[INFO] [stdout]     = note: this error originates in the macro `assert_eq` which comes from the expansion of the macro `partialeq_numeric` (in Nightly builds, run with -Z macro-backtrace for more info)
[INFO] [stdout] 
[INFO] [stdout] 
[INFO] [stdout] Some errors have detailed explanations: E0061, E0277, E0308, E0599.
[INFO] [stdout] 
[INFO] [stdout] For more information about an error, try `rustc --explain E0061`.
[INFO] [stdout] 
[INFO] [stderr] error: could not compile `nitrogugacerd` (bin "nitrogugacerd" test) due to 18 previous errors; 7 warnings emitted
[INFO] [stderr] warning: build failed, waiting for other jobs to finish...
[INFO] running `Command { std: "docker" "inspect" "6018c2490314ab51cbefacc0f09a8b2c9833d3469002707d9da824a413a960c9", kill_on_drop: false }`
[INFO] running `Command { std: "docker" "rm" "-f" "6018c2490314ab51cbefacc0f09a8b2c9833d3469002707d9da824a413a960c9", kill_on_drop: false }`
[INFO] [stdout] 6018c2490314ab51cbefacc0f09a8b2c9833d3469002707d9da824a413a960c9
