[INFO] cloning repository https://github.com/LucasThePatator/world_sim
[INFO] running `Command { std: "git" "-c" "credential.helper=" "-c" "credential.helper=/workspace/cargo-home/bin/git-credential-null" "clone" "--bare" "https://github.com/LucasThePatator/world_sim" "/workspace/cache/git-repos/https%3A%2F%2Fgithub.com%2FLucasThePatator%2Fworld_sim", kill_on_drop: false }`
[INFO] [stderr] Cloning into bare repository '/workspace/cache/git-repos/https%3A%2F%2Fgithub.com%2FLucasThePatator%2Fworld_sim'...
[INFO] running `Command { std: "git" "rev-parse" "HEAD", kill_on_drop: false }`
[INFO] [stdout] d746d6e48c7b35ddbb615aa9de662e2c71454e8f
[INFO] checking LucasThePatator/world_sim against 3154cc1a3e6424e44f438a95007d043ed5ceaaf6+rustflags=-Znext-solver=coherence for pr-133502-30
[INFO] running `Command { std: "git" "clone" "/workspace/cache/git-repos/https%3A%2F%2Fgithub.com%2FLucasThePatator%2Fworld_sim" "/workspace/builds/worker-0-tc1/source", kill_on_drop: false }`
[INFO] [stderr] Cloning into '/workspace/builds/worker-0-tc1/source'...
[INFO] [stderr] done.
[INFO] started tweaking git repo https://github.com/LucasThePatator/world_sim
[INFO] finished tweaking git repo https://github.com/LucasThePatator/world_sim
[INFO] tweaked toml for git repo https://github.com/LucasThePatator/world_sim written to /workspace/builds/worker-0-tc1/source/Cargo.toml
[INFO] validating manifest of git repo https://github.com/LucasThePatator/world_sim on toolchain 3154cc1a3e6424e44f438a95007d043ed5ceaaf6
[INFO] running `Command { std: CARGO_HOME="/workspace/cargo-home" RUSTUP_HOME="/workspace/rustup-home" "/workspace/cargo-home/bin/cargo" "+3154cc1a3e6424e44f438a95007d043ed5ceaaf6" "metadata" "--manifest-path" "Cargo.toml" "--no-deps", kill_on_drop: false }`
[INFO] crate git repo https://github.com/LucasThePatator/world_sim already has a lockfile, it will not be regenerated
[INFO] running `Command { std: CARGO_HOME="/workspace/cargo-home" RUSTUP_HOME="/workspace/rustup-home" "/workspace/cargo-home/bin/cargo" "+3154cc1a3e6424e44f438a95007d043ed5ceaaf6" "fetch" "--manifest-path" "Cargo.toml", kill_on_drop: false }`
[INFO] [stderr]     Updating crates.io index
[INFO] [stderr]  Downloading crates ...
[INFO] [stderr]   Downloaded bytemuck v1.25.1
[INFO] [stderr]   Downloaded quad-rand v0.2.3
[INFO] [stderr]   Downloaded objc-rs v0.2.8
[INFO] [stderr]   Downloaded safe_arch v1.1.0
[INFO] [stderr]   Downloaded macroquad_macro v0.1.8
[INFO] [stderr]   Downloaded noise v0.9.0
[INFO] [stderr]   Downloaded fontdue v0.9.3
[INFO] [stderr]   Downloaded miniquad v0.4.10
[INFO] [stderr]   Downloaded ndk-sys v0.2.2
[INFO] [stderr]   Downloaded glam v0.33.2
[INFO] [stderr]   Downloaded macroquad v0.4.15
[INFO] running `Command { std: "docker" "create" "-v" "/var/lib/crater-agent-workspace/builds/worker-0-tc1/source:/opt/rustwide/workdir:ro,Z" "-v" "/var/lib/crater-agent-workspace/builds/worker-0-tc1/target:/opt/rustwide/target:rw,Z" "-v" "/var/lib/crater-agent-workspace/cargo-home:/opt/rustwide/cargo-home:ro,Z" "-v" "/var/lib/crater-agent-workspace/rustup-home:/opt/rustwide/rustup-home:ro,Z" "-m" "1610612736" "--network" "none" "ghcr.io/rust-lang/crates-build-env/linux@sha256:77db811e55d90add9212f6832c23229e3de5f1c1f9905e8cb07319ea15df73ac" "sleep" "infinity", kill_on_drop: false }`
[INFO] [stdout] 5dfa246b65c8d4b5f5793742dc8123b7e74994a4603a4d36b6544d872eb664b1
[INFO] running `Command { std: "docker" "start" "5dfa246b65c8d4b5f5793742dc8123b7e74994a4603a4d36b6544d872eb664b1", kill_on_drop: false }`
[INFO] running `Command { std: "docker" "inspect" "5dfa246b65c8d4b5f5793742dc8123b7e74994a4603a4d36b6544d872eb664b1", kill_on_drop: false }`
[INFO] running `Command { std: "docker" "exec" "-e" "SOURCE_DIR=/opt/rustwide/workdir" "-e" "CARGO_HOME=/opt/rustwide/cargo-home" "-e" "RUSTUP_HOME=/opt/rustwide/rustup-home" "-e" "CARGO_TARGET_DIR=/opt/rustwide/target" "-w" "/opt/rustwide/workdir" "--user" "0:0" "5dfa246b65c8d4b5f5793742dc8123b7e74994a4603a4d36b6544d872eb664b1" "/opt/rustwide/cargo-home/bin/cargo" "+3154cc1a3e6424e44f438a95007d043ed5ceaaf6" "metadata" "--no-deps" "--format-version=1", kill_on_drop: false }`
[INFO] running `Command { std: "docker" "inspect" "5dfa246b65c8d4b5f5793742dc8123b7e74994a4603a4d36b6544d872eb664b1", kill_on_drop: false }`
[INFO] running `Command { std: "docker" "exec" "-e" "SOURCE_DIR=/opt/rustwide/workdir" "-e" "CARGO_HOME=/opt/rustwide/cargo-home" "-e" "RUSTUP_HOME=/opt/rustwide/rustup-home" "-e" "CARGO_TARGET_DIR=/opt/rustwide/target" "-e" "CARGO_INCREMENTAL=0" "-e" "RUST_BACKTRACE=full" "-e" "RUSTFLAGS=--cap-lints=forbid -Znext-solver=coherence" "-e" "RUSTDOCFLAGS=--cap-lints=forbid" "-w" "/opt/rustwide/workdir" "--user" "0:0" "5dfa246b65c8d4b5f5793742dc8123b7e74994a4603a4d36b6544d872eb664b1" "/opt/rustwide/cargo-home/bin/cargo" "+3154cc1a3e6424e44f438a95007d043ed5ceaaf6" "check" "--frozen" "--all" "--all-targets" "--message-format=json", kill_on_drop: false }`
[INFO] [stderr]     Checking bytemuck v1.25.1
[INFO] [stderr]    Compiling getrandom v0.4.3
[INFO] [stderr]    Compiling matrixmultiply v0.3.11
[INFO] [stderr]     Checking rand_core v0.6.4
[INFO] [stderr]    Compiling num-traits v0.2.19
[INFO] [stderr]    Compiling miniquad v0.4.10
[INFO] [stderr]     Checking chacha20 v0.10.1
[INFO] [stderr]     Checking ttf-parser v0.21.1
[INFO] [stderr]     Checking rawpointer v0.2.1
[INFO] [stderr]     Checking byteorder v1.5.0
[INFO] [stderr]     Checking quad-rand v0.2.3
[INFO] [stderr]     Checking glam v0.27.0
[INFO] [stderr]    Compiling macroquad_macro v0.1.8
[INFO] [stderr]     Checking png v0.17.16
[INFO] [stderr]    Compiling syn v2.0.119
[INFO] [stderr]     Checking rand_xorshift v0.3.0
[INFO] [stderr]     Checking rand v0.8.7
[INFO] [stderr]     Checking safe_arch v1.1.0
[INFO] [stderr]     Checking rand v0.10.2
[INFO] [stderr]     Checking num-complex v0.4.6
[INFO] [stderr]     Checking num-integer v0.1.46
[INFO] [stderr]     Checking approx v0.5.1
[INFO] [stderr]     Checking image v0.24.9
[INFO] [stderr]     Checking noise v0.9.0
[INFO] [stderr]     Checking wide v1.5.0
[INFO] [stderr]     Checking rand_distr v0.6.0
[INFO] [stderr]     Checking num-rational v0.4.2
[INFO] [stderr]     Checking fontdue v0.9.3
[INFO] [stderr]    Compiling nalgebra-macros v0.3.0
[INFO] [stderr]     Checking macroquad v0.4.15
[INFO] [stderr]     Checking simba v0.10.0
[INFO] [stderr]     Checking nalgebra v0.35.0
[INFO] [stderr]     Checking world_sim v0.1.0 (/opt/rustwide/workdir)
[INFO] [stdout] error: expected `;`, found `}`
[INFO] [stdout]    --> src/worldgen.rs:229:41
[INFO] [stdout]     |
[INFO] [stdout] 229 |         let src_vec = Vector2::new(src )
[INFO] [stdout]     |                                         ^ help: add `;` here
[INFO] [stdout] 230 |     }
[INFO] [stdout]     |     - unexpected token
[INFO] [stdout] 
[INFO] [stdout] 
[INFO] [stdout] error: expected `;`, found `}`
[INFO] [stdout]    --> src/worldgen.rs:229:41
[INFO] [stdout]     |
[INFO] [stdout] 229 |         let src_vec = Vector2::new(src )
[INFO] [stdout]     |                                         ^ help: add `;` here
[INFO] [stdout] 230 |     }
[INFO] [stdout]     |     - unexpected token
[INFO] [stdout] 
[INFO] [stdout] 
[INFO] [stdout] warning: unused import: `UnitSphere`
[INFO] [stdout]  --> src/worldgen.rs:3:30
[INFO] [stdout]   |
[INFO] [stdout] 3 | use rand_distr::{UnitCircle, UnitSphere};
[INFO] [stdout]   |                              ^^^^^^^^^^
[INFO] [stdout]   |
[INFO] [stdout]   = note: `#[warn(unused_imports)]` (part of `#[warn(unused)]`) on by default
[INFO] [stdout] 
[INFO] [stdout] 
[INFO] [stdout] warning: unused import: `UnitSphere`
[INFO] [stdout]  --> src/worldgen.rs:3:30
[INFO] [stdout]   |
[INFO] [stdout] 3 | use rand_distr::{UnitCircle, UnitSphere};
[INFO] [stdout]   |                              ^^^^^^^^^^
[INFO] [stdout]   |
[INFO] [stdout]   = note: `#[warn(unused_imports)]` (part of `#[warn(unused)]`) on by default
[INFO] [stdout] 
[INFO] [stdout] 
[INFO] [stdout] warning: unused import: `macroquad::miniquad::raw_gl::WGL_CONTEXT_RELEASE_BEHAVIOR_NONE_ARB`
[INFO] [stdout]  --> src/worldgen.rs:6:5
[INFO] [stdout]   |
[INFO] [stdout] 6 | use macroquad::miniquad::raw_gl::WGL_CONTEXT_RELEASE_BEHAVIOR_NONE_ARB;
[INFO] [stdout]   |     ^^^^^^^^^^^^^^^^^^^^^^^^^^^^^^^^^^^^^^^^^^^^^^^^^^^^^^^^^^^^^^^^^^
[INFO] [stdout] 
[INFO] [stdout] 
[INFO] [stdout] warning: unused import: `macroquad::miniquad::raw_gl::WGL_CONTEXT_RELEASE_BEHAVIOR_NONE_ARB`
[INFO] [stdout]  --> src/worldgen.rs:6:5
[INFO] [stdout]   |
[INFO] [stdout] 6 | use macroquad::miniquad::raw_gl::WGL_CONTEXT_RELEASE_BEHAVIOR_NONE_ARB;
[INFO] [stdout]   |     ^^^^^^^^^^^^^^^^^^^^^^^^^^^^^^^^^^^^^^^^^^^^^^^^^^^^^^^^^^^^^^^^^^
[INFO] [stdout] 
[INFO] [stdout] 
[INFO] [stdout] error[E0061]: this function takes 2 arguments but 1 argument was supplied
[INFO] [stdout]     --> src/worldgen.rs:229:23
[INFO] [stdout]      |
[INFO] [stdout]  229 |         let src_vec = Vector2::new(src )
[INFO] [stdout]      |                       ^^^^^^^^^^^^------ argument #2 of type `usize` is missing
[INFO] [stdout]      |
[INFO] [stdout] note: associated function defined here
[INFO] [stdout]     --> /opt/rustwide/cargo-home/registry/src/index.crates.io-1949cf8c6b5b557f/nalgebra-0.35.0/src/base/construction.rs:969:26
[INFO] [stdout]      |
[INFO] [stdout]  969 |               pub const fn new($($($args: T),*),*) -> Self {
[INFO] [stdout]      |                            ^^^
[INFO] [stdout] ...
[INFO] [stdout]  986 | / componentwise_constructors_impl!(
[INFO] [stdout]  987 | |     /*
[INFO] [stdout]  988 | |      * Square matrices 1 .. 6.
[INFO] [stdout]  989 | |      */
[INFO] [stdout] ...    |
[INFO] [stdout] 1128 | |     6, 1, [x; y; z; w; a; b];
[INFO] [stdout] 1129 | | );
[INFO] [stdout]      | |_- in this macro invocation
[INFO] [stdout]      = note: this error originates in the macro `componentwise_constructors_impl` (in Nightly builds, run with -Z macro-backtrace for more info)
[INFO] [stdout] help: provide the argument
[INFO] [stdout]      |
[INFO] [stdout]  229 -         let src_vec = Vector2::new(src )
[INFO] [stdout]  229 +         let src_vec = Vector2::new(src, /* usize */)
[INFO] [stdout]      |
[INFO] [stdout] 
[INFO] [stdout] 
[INFO] [stdout] error[E0061]: this function takes 2 arguments but 1 argument was supplied
[INFO] [stdout]     --> src/worldgen.rs:229:23
[INFO] [stdout]      |
[INFO] [stdout]  229 |         let src_vec = Vector2::new(src )
[INFO] [stdout]      |                       ^^^^^^^^^^^^------ argument #2 of type `usize` is missing
[INFO] [stdout]      |
[INFO] [stdout] note: associated function defined here
[INFO] [stdout]     --> /opt/rustwide/cargo-home/registry/src/index.crates.io-1949cf8c6b5b557f/nalgebra-0.35.0/src/base/construction.rs:969:26
[INFO] [stdout]      |
[INFO] [stdout]  969 |               pub const fn new($($($args: T),*),*) -> Self {
[INFO] [stdout]      |                            ^^^
[INFO] [stdout] ...
[INFO] [stdout]  986 | / componentwise_constructors_impl!(
[INFO] [stdout]  987 | |     /*
[INFO] [stdout]  988 | |      * Square matrices 1 .. 6.
[INFO] [stdout]  989 | |      */
[INFO] [stdout] ...    |
[INFO] [stdout] 1128 | |     6, 1, [x; y; z; w; a; b];
[INFO] [stdout] 1129 | | );
[INFO] [stdout]      | |_- in this macro invocation
[INFO] [stdout]      = note: this error originates in the macro `componentwise_constructors_impl` (in Nightly builds, run with -Z macro-backtrace for more info)
[INFO] [stdout] help: provide the argument
[INFO] [stdout]      |
[INFO] [stdout]  229 -         let src_vec = Vector2::new(src )
[INFO] [stdout]  229 +         let src_vec = Vector2::new(src, /* usize */)
[INFO] [stdout]      |
[INFO] [stdout] 
[INFO] [stdout] 
[INFO] [stdout] error[E0308]: mismatched types
[INFO] [stdout]    --> src/worldgen.rs:228:65
[INFO] [stdout]     |
[INFO] [stdout] 228 |     fn get_relative_direction(&self, src: usize, tgt: usize) -> Vector2<f32> {
[INFO] [stdout]     |        ----------------------                                   ^^^^^^^^^^^^ expected `Matrix<f32, Const<2>, Const<1>, _>`, found `()`
[INFO] [stdout]     |        |
[INFO] [stdout]     |        implicitly returns `()` as its body has no tail or `return` expression
[INFO] [stdout]     |
[INFO] [stdout]     = note: expected struct `Matrix<f32, na::Const<2>, na::Const<1>, ArrayStorage<f32, 2, 1>>`
[INFO] [stdout]             found unit type `()`
[INFO] [stdout] 
[INFO] [stdout] 
[INFO] [stdout] error[E0308]: mismatched types
[INFO] [stdout]    --> src/worldgen.rs:228:65
[INFO] [stdout]     |
[INFO] [stdout] 228 |     fn get_relative_direction(&self, src: usize, tgt: usize) -> Vector2<f32> {
[INFO] [stdout]     |        ----------------------                                   ^^^^^^^^^^^^ expected `Matrix<f32, Const<2>, Const<1>, _>`, found `()`
[INFO] [stdout]     |        |
[INFO] [stdout]     |        implicitly returns `()` as its body has no tail or `return` expression
[INFO] [stdout]     |
[INFO] [stdout]     = note: expected struct `Matrix<f32, na::Const<2>, na::Const<1>, ArrayStorage<f32, 2, 1>>`
[INFO] [stdout]             found unit type `()`
[INFO] [stdout] 
[INFO] [stdout] 
[INFO] [stdout] warning: unused variable: `hex`
[INFO] [stdout]   --> src/worldgen.rs:92:25
[INFO] [stdout]    |
[INFO] [stdout] 92 |             if let Some(hex) = self.get_hex(x, y) {
[INFO] [stdout]    |                         ^^^ help: if this is intentional, prefix it with an underscore: `_hex`
[INFO] [stdout]    |
[INFO] [stdout]    = note: `#[warn(unused_variables)]` (part of `#[warn(unused)]`) on by default
[INFO] [stdout] 
[INFO] [stdout] 
[INFO] [stdout] warning: unused variable: `hex`
[INFO] [stdout]   --> src/worldgen.rs:92:25
[INFO] [stdout]    |
[INFO] [stdout] 92 |             if let Some(hex) = self.get_hex(x, y) {
[INFO] [stdout]    |                         ^^^ help: if this is intentional, prefix it with an underscore: `_hex`
[INFO] [stdout]    |
[INFO] [stdout]    = note: `#[warn(unused_variables)]` (part of `#[warn(unused)]`) on by default
[INFO] [stdout] 
[INFO] [stdout] 
[INFO] [stdout] warning: variable does not need to be mutable
[INFO] [stdout]    --> src/worldgen.rs:221:13
[INFO] [stdout]     |
[INFO] [stdout] 221 |         let mut tectonic_cache = &mut self.tectonic_cache.take().unwrap();
[INFO] [stdout]     |             ----^^^^^^^^^^^^^^
[INFO] [stdout]     |             |
[INFO] [stdout]     |             help: remove this `mut`
[INFO] [stdout]     |
[INFO] [stdout]     = note: `#[warn(unused_mut)]` (part of `#[warn(unused)]`) on by default
[INFO] [stdout] 
[INFO] [stdout] 
[INFO] [stdout] warning: unused variable: `hex`
[INFO] [stdout]    --> src/worldgen.rs:233:17
[INFO] [stdout]     |
[INFO] [stdout] 233 |         for (i, hex) in self.hexes.iter().enumerate() {
[INFO] [stdout]     |                 ^^^ help: if this is intentional, prefix it with an underscore: `_hex`
[INFO] [stdout] 
[INFO] [stdout] 
[INFO] [stdout] warning: unused variable: `neighbours`
[INFO] [stdout]    --> src/worldgen.rs:234:17
[INFO] [stdout]     |
[INFO] [stdout] 234 |             let neighbours = self.get_neighbours(i);
[INFO] [stdout]     |                 ^^^^^^^^^^ help: if this is intentional, prefix it with an underscore: `_neighbours`
[INFO] [stdout] 
[INFO] [stdout] 
[INFO] [stdout] warning: variable does not need to be mutable
[INFO] [stdout]    --> src/worldgen.rs:221:13
[INFO] [stdout]     |
[INFO] [stdout] 221 |         let mut tectonic_cache = &mut self.tectonic_cache.take().unwrap();
[INFO] [stdout]     |             ----^^^^^^^^^^^^^^
[INFO] [stdout]     |             |
[INFO] [stdout]     |             help: remove this `mut`
[INFO] [stdout]     |
[INFO] [stdout]     = note: `#[warn(unused_mut)]` (part of `#[warn(unused)]`) on by default
[INFO] [stdout] 
[INFO] [stdout] 
[INFO] [stdout] warning: unused variable: `hex`
[INFO] [stdout]    --> src/worldgen.rs:233:17
[INFO] [stdout]     |
[INFO] [stdout] 233 |         for (i, hex) in self.hexes.iter().enumerate() {
[INFO] [stdout]     |                 ^^^ help: if this is intentional, prefix it with an underscore: `_hex`
[INFO] [stdout] 
[INFO] [stdout] 
[INFO] [stdout] warning: unused variable: `neighbours`
[INFO] [stdout]    --> src/worldgen.rs:234:17
[INFO] [stdout]     |
[INFO] [stdout] 234 |             let neighbours = self.get_neighbours(i);
[INFO] [stdout]     |                 ^^^^^^^^^^ help: if this is intentional, prefix it with an underscore: `_neighbours`
[INFO] [stdout] 
[INFO] [stdout] 
[INFO] [stdout] Some errors have detailed explanations: E0061, E0308.
[INFO] [stdout] 
[INFO] [stdout] For more information about an error, try `rustc --explain E0061`.
[INFO] [stdout] 
[INFO] [stdout] Some errors have detailed explanations: E0061, E0308.
[INFO] [stdout] 
[INFO] [stdout] For more information about an error, try `rustc --explain E0061`.
[INFO] [stdout] 
[INFO] [stderr] error: could not compile `world_sim` (lib) due to 3 previous errors; 6 warnings emitted
[INFO] [stderr] warning: build failed, waiting for other jobs to finish...
[INFO] [stderr] error: could not compile `world_sim` (lib test) due to 3 previous errors; 6 warnings emitted
[INFO] running `Command { std: "docker" "inspect" "5dfa246b65c8d4b5f5793742dc8123b7e74994a4603a4d36b6544d872eb664b1", kill_on_drop: false }`
[INFO] running `Command { std: "docker" "rm" "-f" "5dfa246b65c8d4b5f5793742dc8123b7e74994a4603a4d36b6544d872eb664b1", kill_on_drop: false }`
[INFO] [stdout] 5dfa246b65c8d4b5f5793742dc8123b7e74994a4603a4d36b6544d872eb664b1
