[INFO] cloning repository https://github.com/LucaDeltort/locus
[INFO] running `Command { std: "git" "-c" "credential.helper=" "-c" "credential.helper=/workspace/cargo-home/bin/git-credential-null" "clone" "--bare" "https://github.com/LucaDeltort/locus" "/workspace/cache/git-repos/https%3A%2F%2Fgithub.com%2FLucaDeltort%2Flocus", kill_on_drop: false }`
[INFO] [stderr] Cloning into bare repository '/workspace/cache/git-repos/https%3A%2F%2Fgithub.com%2FLucaDeltort%2Flocus'...
[INFO] running `Command { std: "git" "rev-parse" "HEAD", kill_on_drop: false }`
[INFO] [stdout] 6e6a004eb747dde77547bc45f0d70ead09bd6bd5
[INFO] checking LucaDeltort/locus against 3154cc1a3e6424e44f438a95007d043ed5ceaaf6+rustflags=-Znext-solver=coherence for pr-133502-30
[INFO] running `Command { std: "git" "clone" "/workspace/cache/git-repos/https%3A%2F%2Fgithub.com%2FLucaDeltort%2Flocus" "/workspace/builds/worker-4-tc1/source", kill_on_drop: false }`
[INFO] [stderr] Cloning into '/workspace/builds/worker-4-tc1/source'...
[INFO] [stderr] done.
[INFO] removed /workspace/builds/worker-4-tc1/source/.cargo/config.toml
[INFO] started tweaking git repo https://github.com/LucaDeltort/locus
[INFO] finished tweaking git repo https://github.com/LucaDeltort/locus
[INFO] tweaked toml for git repo https://github.com/LucaDeltort/locus written to /workspace/builds/worker-4-tc1/source/Cargo.toml
[INFO] validating manifest of git repo https://github.com/LucaDeltort/locus on toolchain 3154cc1a3e6424e44f438a95007d043ed5ceaaf6
[INFO] running `Command { std: CARGO_HOME="/workspace/cargo-home" RUSTUP_HOME="/workspace/rustup-home" "/workspace/cargo-home/bin/cargo" "+3154cc1a3e6424e44f438a95007d043ed5ceaaf6" "metadata" "--manifest-path" "Cargo.toml" "--no-deps", kill_on_drop: false }`
[INFO] crate git repo https://github.com/LucaDeltort/locus already has a lockfile, it will not be regenerated
[INFO] running `Command { std: CARGO_HOME="/workspace/cargo-home" RUSTUP_HOME="/workspace/rustup-home" "/workspace/cargo-home/bin/cargo" "+3154cc1a3e6424e44f438a95007d043ed5ceaaf6" "fetch" "--manifest-path" "Cargo.toml", kill_on_drop: false }`
[INFO] [stderr]     Updating crates.io index
[INFO] [stderr]  Downloading crates ...
[INFO] [stderr]   Downloaded uniffi_internal_macros v0.29.5
[INFO] [stderr]   Downloaded scroll_derive v0.12.1
[INFO] [stderr]   Downloaded uniffi_pipeline v0.29.5
[INFO] [stderr]   Downloaded uniffi_bindgen v0.29.5
[INFO] [stderr]   Downloaded uniffi_meta v0.29.5
[INFO] [stderr]   Downloaded uniffi_udl v0.29.5
[INFO] [stderr]   Downloaded weedle2 v5.0.0
[INFO] [stderr]   Downloaded uniffi v0.29.5
[INFO] [stderr]   Downloaded scroll v0.12.0
[INFO] [stderr]   Downloaded smawk v0.3.3
[INFO] [stderr]   Downloaded askama v0.13.1
[INFO] [stderr]   Downloaded uniffi_macros v0.29.5
[INFO] [stderr]   Downloaded uniffi_core v0.29.5
[INFO] [stderr]   Downloaded askama_derive v0.13.1
[INFO] [stderr]   Downloaded askama_parser v0.13.0
[INFO] [stderr]   Downloaded goblin v0.8.2
[INFO] running `Command { std: "docker" "create" "-v" "/var/lib/crater-agent-workspace/builds/worker-4-tc1/source:/opt/rustwide/workdir:ro,Z" "-v" "/var/lib/crater-agent-workspace/builds/worker-4-tc1/target:/opt/rustwide/target:rw,Z" "-v" "/var/lib/crater-agent-workspace/cargo-home:/opt/rustwide/cargo-home:ro,Z" "-v" "/var/lib/crater-agent-workspace/rustup-home:/opt/rustwide/rustup-home:ro,Z" "-m" "1610612736" "--network" "none" "ghcr.io/rust-lang/crates-build-env/linux@sha256:77db811e55d90add9212f6832c23229e3de5f1c1f9905e8cb07319ea15df73ac" "sleep" "infinity", kill_on_drop: false }`
[INFO] [stdout] 5a3cbb889738a6404ee830e6d1249bdeb5c5dcc6a78d75442c082c3aa0450ed0
[INFO] running `Command { std: "docker" "start" "5a3cbb889738a6404ee830e6d1249bdeb5c5dcc6a78d75442c082c3aa0450ed0", kill_on_drop: false }`
[INFO] running `Command { std: "docker" "inspect" "5a3cbb889738a6404ee830e6d1249bdeb5c5dcc6a78d75442c082c3aa0450ed0", kill_on_drop: false }`
[INFO] running `Command { std: "docker" "exec" "-e" "SOURCE_DIR=/opt/rustwide/workdir" "-e" "CARGO_HOME=/opt/rustwide/cargo-home" "-e" "RUSTUP_HOME=/opt/rustwide/rustup-home" "-e" "CARGO_TARGET_DIR=/opt/rustwide/target" "-w" "/opt/rustwide/workdir" "--user" "0:0" "5a3cbb889738a6404ee830e6d1249bdeb5c5dcc6a78d75442c082c3aa0450ed0" "/opt/rustwide/cargo-home/bin/cargo" "+3154cc1a3e6424e44f438a95007d043ed5ceaaf6" "metadata" "--no-deps" "--format-version=1", kill_on_drop: false }`
[INFO] running `Command { std: "docker" "inspect" "5a3cbb889738a6404ee830e6d1249bdeb5c5dcc6a78d75442c082c3aa0450ed0", kill_on_drop: false }`
[INFO] running `Command { std: "docker" "exec" "-e" "SOURCE_DIR=/opt/rustwide/workdir" "-e" "CARGO_HOME=/opt/rustwide/cargo-home" "-e" "RUSTUP_HOME=/opt/rustwide/rustup-home" "-e" "CARGO_TARGET_DIR=/opt/rustwide/target" "-e" "CARGO_INCREMENTAL=0" "-e" "RUST_BACKTRACE=full" "-e" "RUSTFLAGS=--cap-lints=forbid -Znext-solver=coherence" "-e" "RUSTDOCFLAGS=--cap-lints=forbid" "-w" "/opt/rustwide/workdir" "--user" "0:0" "5a3cbb889738a6404ee830e6d1249bdeb5c5dcc6a78d75442c082c3aa0450ed0" "/opt/rustwide/cargo-home/bin/cargo" "+3154cc1a3e6424e44f438a95007d043ed5ceaaf6" "check" "--frozen" "--all" "--all-targets" "--message-format=json", kill_on_drop: false }`
[INFO] [stderr]    Compiling syn v3.0.5
[INFO] [stderr]    Compiling serde_core v1.0.229
[INFO] [stderr]    Compiling syn v2.0.119
[INFO] [stderr]    Compiling rustix v1.1.4
[INFO] [stderr]    Compiling anyhow v1.0.104
[INFO] [stderr]     Checking bitflags v2.13.2
[INFO] [stderr]     Checking linux-raw-sys v0.12.1
[INFO] [stderr]     Checking getrandom v0.4.3
[INFO] [stderr]    Compiling fs-err v2.11.0
[INFO] [stderr]    Compiling serde_json v1.0.151
[INFO] [stderr]     Checking heck v0.5.0
[INFO] [stderr]    Compiling camino v1.2.6
[INFO] [stderr]    Compiling fastrand v2.5.0
[INFO] [stderr]    Compiling siphasher v0.3.11
[INFO] [stderr]    Compiling num-traits v0.2.19
[INFO] [stderr]     Checking uniffi_core v0.29.5
[INFO] [stderr]     Checking regex-automata v0.4.18
[INFO] [stderr]    Compiling locus-core v0.1.0 (/opt/rustwide/workdir/crates/core)
[INFO] [stderr]     Checking nom v7.1.3
[INFO] [stderr]     Checking predicates-core v1.0.10
[INFO] [stderr]     Checking smawk v0.3.3
[INFO] [stderr]     Checking clap_builder v4.6.6
[INFO] [stderr]     Checking tempfile v3.27.0
[INFO] [stderr]     Checking textwrap v0.16.4
[INFO] [stderr]     Checking float-cmp v0.10.0
[INFO] [stderr]     Checking difflib v0.4.0
[INFO] [stderr]     Checking indexmap v2.14.2
[INFO] [stderr]     Checking semver v1.0.28
[INFO] [stderr]     Checking weedle2 v5.0.0
[INFO] [stderr]     Checking log v0.4.34
[INFO] [stderr]     Checking normalize-line-endings v0.3.0
[INFO] [stderr]     Checking termtree v0.5.1
[INFO] [stderr]     Checking regex v1.13.1
[INFO] [stderr]     Checking plain v0.2.3
[INFO] [stderr]     Checking predicates-tree v1.0.13
[INFO] [stderr]     Checking bstr v1.13.1
[INFO] [stderr]    Compiling assert_cmd v2.2.2
[INFO] [stderr]     Checking predicates v3.1.4
[INFO] [stderr]     Checking wait-timeout v0.2.1
[INFO] [stderr]     Checking glob v0.3.4
[INFO] [stderr]    Compiling serde_derive v1.0.229
[INFO] [stderr]    Compiling thiserror-impl v2.0.20
[INFO] [stderr]    Compiling clap_derive v4.6.4
[INFO] [stderr]    Compiling uniffi_internal_macros v0.29.5
[INFO] [stderr]    Compiling scroll_derive v0.12.1
[INFO] [stderr]     Checking thiserror v2.0.20
[INFO] [stderr]     Checking scroll v0.12.0
[INFO] [stderr]     Checking uniffi_pipeline v0.29.5
[INFO] [stderr]     Checking goblin v0.8.2
[INFO] [stderr]     Checking clap v4.6.6
[INFO] [stderr]     Checking uniffi_meta v0.29.5
[INFO] [stderr]     Checking uniffi_udl v0.29.5
[INFO] [stderr]    Compiling serde v1.0.229
[INFO] [stderr]    Compiling toml v0.5.11
[INFO] [stderr]    Compiling basic-toml v0.1.10
[INFO] [stderr]    Compiling askama_parser v0.13.0
[INFO] [stderr]     Checking cargo-platform v0.1.9
[INFO] [stderr]     Checking cargo_metadata v0.19.2
[INFO] [stderr]    Compiling uniffi_macros v0.29.5
[INFO] [stderr]    Compiling askama_derive v0.13.1
[INFO] [stderr]     Checking uniffi v0.29.5
[INFO] [stderr]     Checking locus-cli v0.1.0 (/opt/rustwide/workdir/crates/cli)
[INFO] [stdout] error[E0308]: mismatched types
[INFO] [stdout]   --> crates/cli/src/terminal.rs:12:11
[INFO] [stdout]    |
[INFO] [stdout] 12 |     c_cc: [0; 20],
[INFO] [stdout]    |           ^^^^^^^ expected an array with a size of 32, found one with a size of 20
[INFO] [stdout] 
[INFO] [stdout] 
[INFO] [stdout] error[E0063]: missing field `c_line` in initializer of `termios`
[INFO] [stdout]  --> crates/cli/src/terminal.rs:7:40
[INFO] [stdout]   |
[INFO] [stdout] 7 | static mut SAVED_TERM: libc::termios = libc::termios {
[INFO] [stdout]   |                                        ^^^^^^^^^^^^^ missing `c_line`
[INFO] [stdout] 
[INFO] [stdout] 
[INFO] [stdout] error[E0308]: mismatched types
[INFO] [stdout]   --> crates/cli/src/terminal.rs:12:11
[INFO] [stdout]    |
[INFO] [stdout] 12 |     c_cc: [0; 20],
[INFO] [stdout]    |           ^^^^^^^ expected an array with a size of 32, found one with a size of 20
[INFO] [stdout] 
[INFO] [stdout] 
[INFO] [stdout] error[E0063]: missing field `c_line` in initializer of `termios`
[INFO] [stdout]  --> crates/cli/src/terminal.rs:7:40
[INFO] [stdout]   |
[INFO] [stdout] 7 | static mut SAVED_TERM: libc::termios = libc::termios {
[INFO] [stdout]   |                                        ^^^^^^^^^^^^^ missing `c_line`
[INFO] [stdout] 
[INFO] [stdout] 
[INFO] [stdout] Some errors have detailed explanations: E0063, E0308.
[INFO] [stdout] 
[INFO] [stdout] For more information about an error, try `rustc --explain E0063`.
[INFO] [stdout] 
[INFO] [stderr] error: could not compile `locus-cli` (bin "locus") due to 2 previous errors
[INFO] [stderr] warning: build failed, waiting for other jobs to finish...
[INFO] [stdout] Some errors have detailed explanations: E0063, E0308.
[INFO] [stdout] 
[INFO] [stdout] For more information about an error, try `rustc --explain E0063`.
[INFO] [stdout] 
[INFO] [stderr] error: could not compile `locus-cli` (bin "locus" test) due to 2 previous errors
[INFO] running `Command { std: "docker" "inspect" "5a3cbb889738a6404ee830e6d1249bdeb5c5dcc6a78d75442c082c3aa0450ed0", kill_on_drop: false }`
[INFO] running `Command { std: "docker" "rm" "-f" "5a3cbb889738a6404ee830e6d1249bdeb5c5dcc6a78d75442c082c3aa0450ed0", kill_on_drop: false }`
[INFO] [stdout] 5a3cbb889738a6404ee830e6d1249bdeb5c5dcc6a78d75442c082c3aa0450ed0
