[INFO] cloning repository https://github.com/LordFoom/tiny_htttp
[INFO] running `Command { std: "git" "-c" "credential.helper=" "-c" "credential.helper=/workspace/cargo-home/bin/git-credential-null" "clone" "--bare" "https://github.com/LordFoom/tiny_htttp" "/workspace/cache/git-repos/https%3A%2F%2Fgithub.com%2FLordFoom%2Ftiny_htttp", kill_on_drop: false }`
[INFO] [stderr] Cloning into bare repository '/workspace/cache/git-repos/https%3A%2F%2Fgithub.com%2FLordFoom%2Ftiny_htttp'...
[INFO] running `Command { std: "git" "rev-parse" "HEAD", kill_on_drop: false }`
[INFO] [stdout] e8dddd656ddecb2f7b555e0e8d0dba026b71ae7d
[INFO] checking LordFoom/tiny_htttp against 3154cc1a3e6424e44f438a95007d043ed5ceaaf6+rustflags=-Znext-solver=coherence for pr-133502-30
[INFO] running `Command { std: "git" "clone" "/workspace/cache/git-repos/https%3A%2F%2Fgithub.com%2FLordFoom%2Ftiny_htttp" "/workspace/builds/worker-6-tc1/source", kill_on_drop: false }`
[INFO] [stderr] Cloning into '/workspace/builds/worker-6-tc1/source'...
[INFO] [stderr] done.
[INFO] started tweaking git repo https://github.com/LordFoom/tiny_htttp
[INFO] finished tweaking git repo https://github.com/LordFoom/tiny_htttp
[INFO] tweaked toml for git repo https://github.com/LordFoom/tiny_htttp written to /workspace/builds/worker-6-tc1/source/Cargo.toml
[INFO] validating manifest of git repo https://github.com/LordFoom/tiny_htttp on toolchain 3154cc1a3e6424e44f438a95007d043ed5ceaaf6
[INFO] running `Command { std: CARGO_HOME="/workspace/cargo-home" RUSTUP_HOME="/workspace/rustup-home" "/workspace/cargo-home/bin/cargo" "+3154cc1a3e6424e44f438a95007d043ed5ceaaf6" "metadata" "--manifest-path" "Cargo.toml" "--no-deps", kill_on_drop: false }`
[INFO] crate git repo https://github.com/LordFoom/tiny_htttp already has a lockfile, it will not be regenerated
[INFO] running `Command { std: CARGO_HOME="/workspace/cargo-home" RUSTUP_HOME="/workspace/rustup-home" "/workspace/cargo-home/bin/cargo" "+3154cc1a3e6424e44f438a95007d043ed5ceaaf6" "fetch" "--manifest-path" "Cargo.toml", kill_on_drop: false }`
[INFO] [stderr]  Downloading crates ...
[INFO] [stderr]   Downloaded smallvec v1.16.0
[INFO] running `Command { std: "docker" "create" "-v" "/var/lib/crater-agent-workspace/builds/worker-6-tc1/source:/opt/rustwide/workdir:ro,Z" "-v" "/var/lib/crater-agent-workspace/builds/worker-6-tc1/target:/opt/rustwide/target:rw,Z" "-v" "/var/lib/crater-agent-workspace/cargo-home:/opt/rustwide/cargo-home:ro,Z" "-v" "/var/lib/crater-agent-workspace/rustup-home:/opt/rustwide/rustup-home:ro,Z" "-m" "1610612736" "--network" "none" "ghcr.io/rust-lang/crates-build-env/linux@sha256:77db811e55d90add9212f6832c23229e3de5f1c1f9905e8cb07319ea15df73ac" "sleep" "infinity", kill_on_drop: false }`
[INFO] [stdout] f70337b0a5da817325b8da725f5b953fa71e801ddf7b5e71d81deb7d590302a1
[INFO] running `Command { std: "docker" "start" "f70337b0a5da817325b8da725f5b953fa71e801ddf7b5e71d81deb7d590302a1", kill_on_drop: false }`
[INFO] running `Command { std: "docker" "inspect" "f70337b0a5da817325b8da725f5b953fa71e801ddf7b5e71d81deb7d590302a1", kill_on_drop: false }`
[INFO] running `Command { std: "docker" "exec" "-e" "SOURCE_DIR=/opt/rustwide/workdir" "-e" "CARGO_HOME=/opt/rustwide/cargo-home" "-e" "RUSTUP_HOME=/opt/rustwide/rustup-home" "-e" "CARGO_TARGET_DIR=/opt/rustwide/target" "-w" "/opt/rustwide/workdir" "--user" "0:0" "f70337b0a5da817325b8da725f5b953fa71e801ddf7b5e71d81deb7d590302a1" "/opt/rustwide/cargo-home/bin/cargo" "+3154cc1a3e6424e44f438a95007d043ed5ceaaf6" "metadata" "--no-deps" "--format-version=1", kill_on_drop: false }`
[INFO] running `Command { std: "docker" "inspect" "f70337b0a5da817325b8da725f5b953fa71e801ddf7b5e71d81deb7d590302a1", kill_on_drop: false }`
[INFO] running `Command { std: "docker" "exec" "-e" "SOURCE_DIR=/opt/rustwide/workdir" "-e" "CARGO_HOME=/opt/rustwide/cargo-home" "-e" "RUSTUP_HOME=/opt/rustwide/rustup-home" "-e" "CARGO_TARGET_DIR=/opt/rustwide/target" "-e" "CARGO_INCREMENTAL=0" "-e" "RUST_BACKTRACE=full" "-e" "RUSTFLAGS=--cap-lints=forbid -Znext-solver=coherence" "-e" "RUSTDOCFLAGS=--cap-lints=forbid" "-w" "/opt/rustwide/workdir" "--user" "0:0" "f70337b0a5da817325b8da725f5b953fa71e801ddf7b5e71d81deb7d590302a1" "/opt/rustwide/cargo-home/bin/cargo" "+3154cc1a3e6424e44f438a95007d043ed5ceaaf6" "check" "--frozen" "--all" "--all-targets" "--message-format=json", kill_on_drop: false }`
[INFO] [stderr]    Compiling proc-macro2 v1.0.107
[INFO] [stderr]    Compiling quote v1.0.47
[INFO] [stderr]     Checking regex-syntax v0.8.11
[INFO] [stderr]    Compiling anyhow v1.0.104
[INFO] [stderr]     Checking tracing-core v0.1.36
[INFO] [stderr]     Checking log v0.4.34
[INFO] [stderr]     Checking thread_local v1.1.10
[INFO] [stderr]     Checking sharded-slab v0.1.7
[INFO] [stderr]     Checking smallvec v1.16.0
[INFO] [stderr]     Checking nu-ansi-term v0.50.3
[INFO] [stderr]     Checking tracing-log v0.2.0
[INFO] [stderr]    Compiling syn v2.0.119
[INFO] [stderr]     Checking regex-automata v0.4.18
[INFO] [stderr]     Checking matchers v0.2.0
[INFO] [stderr]    Compiling tracing-attributes v0.1.31
[INFO] [stderr]     Checking tracing v0.1.44
[INFO] [stderr]     Checking tracing-subscriber v0.3.23
[INFO] [stderr]     Checking tiny_htttp v0.1.0 (/opt/rustwide/workdir)
[INFO] [stdout] error[E0425]: cannot find value `action` in this scope
[INFO] [stdout]    --> src/route.rs:129:60
[INFO] [stdout]     |
[INFO] [stdout] 129 |             anyhow::bail!("Nothing else unimplemented!{}", action);
[INFO] [stdout]     |                                                            ^^^^^^ not found in this scope
[INFO] [stdout]     |
[INFO] [stdout] note: similarly named constant `ACTION` defined here
[INFO] [stdout]    --> src/route.rs:12:1
[INFO] [stdout]     |
[INFO] [stdout]  12 | const ACTION: &str = "action";
[INFO] [stdout]     | ^^^^^^^^^^^^^^^^^^^^^^^^^^^^^^
[INFO] [stdout] help: a constant with a similar name exists
[INFO] [stdout]     |
[INFO] [stdout] 129 -             anyhow::bail!("Nothing else unimplemented!{}", action);
[INFO] [stdout] 129 +             anyhow::bail!("Nothing else unimplemented!{}", ACTION);
[INFO] [stdout]     |
[INFO] [stdout] 
[INFO] [stdout] 
[INFO] [stdout] warning: unused import: `info`
[INFO] [stdout]  --> src/main.rs:3:22
[INFO] [stdout]   |
[INFO] [stdout] 3 | use tracing::{debug, info, instrument};
[INFO] [stdout]   |                      ^^^^
[INFO] [stdout]   |
[INFO] [stdout]   = note: `#[warn(unused_imports)]` (part of `#[warn(unused)]`) on by default
[INFO] [stdout] 
[INFO] [stdout] 
[INFO] [stdout] warning: unused import: `Error`
[INFO] [stdout]  --> src/route.rs:4:14
[INFO] [stdout]   |
[INFO] [stdout] 4 | use anyhow::{Error, Result, bail};
[INFO] [stdout]   |              ^^^^^
[INFO] [stdout] 
[INFO] [stdout] 
[INFO] [stdout] warning: unused import: `info`
[INFO] [stdout]  --> src/route.rs:5:22
[INFO] [stdout]   |
[INFO] [stdout] 5 | use tracing::{debug, info, warn, instrument};
[INFO] [stdout]   |                      ^^^^
[INFO] [stdout] 
[INFO] [stdout] 
[INFO] [stdout] error[E0308]: mismatched types
[INFO] [stdout]   --> src/route.rs:28:1
[INFO] [stdout]    |
[INFO] [stdout] 28 | #[instrument]
[INFO] [stdout]    | ^^^^^^^^^^^^^ expected `Result<Request, Error>`, found `()`
[INFO] [stdout]    |
[INFO] [stdout]    = note:   expected enum `Result<model::Request, anyhow::Error>`
[INFO] [stdout]            found unit type `()`
[INFO] [stdout]    = note: this error originates in the attribute macro `instrument` (in Nightly builds, run with -Z macro-backtrace for more info)
[INFO] [stdout] 
[INFO] [stdout] 
[INFO] [stdout] error[E0425]: cannot find value `action` in this scope
[INFO] [stdout]    --> src/route.rs:129:60
[INFO] [stdout]     |
[INFO] [stdout] 129 |             anyhow::bail!("Nothing else unimplemented!{}", action);
[INFO] [stdout]     |                                                            ^^^^^^ not found in this scope
[INFO] [stdout]     |
[INFO] [stdout] note: similarly named constant `ACTION` defined here
[INFO] [stdout]    --> src/route.rs:12:1
[INFO] [stdout]     |
[INFO] [stdout]  12 | const ACTION: &str = "action";
[INFO] [stdout]     | ^^^^^^^^^^^^^^^^^^^^^^^^^^^^^^
[INFO] [stdout] help: a constant with a similar name exists
[INFO] [stdout]     |
[INFO] [stdout] 129 -             anyhow::bail!("Nothing else unimplemented!{}", action);
[INFO] [stdout] 129 +             anyhow::bail!("Nothing else unimplemented!{}", ACTION);
[INFO] [stdout]     |
[INFO] [stdout] 
[INFO] [stdout] 
[INFO] [stdout] warning: unused import: `info`
[INFO] [stdout]  --> src/main.rs:3:22
[INFO] [stdout]   |
[INFO] [stdout] 3 | use tracing::{debug, info, instrument};
[INFO] [stdout]   |                      ^^^^
[INFO] [stdout]   |
[INFO] [stdout]   = note: `#[warn(unused_imports)]` (part of `#[warn(unused)]`) on by default
[INFO] [stdout] 
[INFO] [stdout] 
[INFO] [stdout] warning: unused import: `Error`
[INFO] [stdout]  --> src/route.rs:4:14
[INFO] [stdout]   |
[INFO] [stdout] 4 | use anyhow::{Error, Result, bail};
[INFO] [stdout]   |              ^^^^^
[INFO] [stdout] 
[INFO] [stdout] 
[INFO] [stdout] warning: unused import: `info`
[INFO] [stdout]  --> src/route.rs:5:22
[INFO] [stdout]   |
[INFO] [stdout] 5 | use tracing::{debug, info, warn, instrument};
[INFO] [stdout]   |                      ^^^^
[INFO] [stdout] 
[INFO] [stdout] 
[INFO] [stdout] error[E0308]: mismatched types
[INFO] [stdout]    --> src/route.rs:126:26
[INFO] [stdout]     |
[INFO] [stdout] 126 |         GET => route_get(parsed_request, stream),
[INFO] [stdout]     |                --------- ^^^^^^^^^^^^^^ expected `&HashMap<String, String>`, found `&Request`
[INFO] [stdout]     |                |
[INFO] [stdout]     |                arguments to this function are incorrect
[INFO] [stdout]     |
[INFO] [stdout]     = note: expected reference `&HashMap<String, String>`
[INFO] [stdout]                found reference `&model::Request`
[INFO] [stdout] note: function defined here
[INFO] [stdout]    --> src/route.rs:135:8
[INFO] [stdout]     |
[INFO] [stdout] 135 | pub fn route_get(parsed_request: &HashMap<String, String>, stream: &mut TcpStream) -> Result<()> {
[INFO] [stdout]     |        ^^^^^^^^^ ----------------------------------------
[INFO] [stdout] 
[INFO] [stdout] 
[INFO] [stdout] error[E0308]: mismatched types
[INFO] [stdout]    --> src/route.rs:127:28
[INFO] [stdout]     |
[INFO] [stdout] 127 |         POST => route_post(parsed_request, stream),
[INFO] [stdout]     |                 ---------- ^^^^^^^^^^^^^^ expected `&HashMap<String, String>`, found `&Request`
[INFO] [stdout]     |                 |
[INFO] [stdout]     |                 arguments to this function are incorrect
[INFO] [stdout]     |
[INFO] [stdout]     = note: expected reference `&HashMap<String, String>`
[INFO] [stdout]                found reference `&model::Request`
[INFO] [stdout] note: function defined here
[INFO] [stdout]    --> src/route.rs:119:8
[INFO] [stdout]     |
[INFO] [stdout] 119 | pub fn route_post(parsed_request: &HashMap<String, String>, stream: &mut TcpStream)->anyhow::Result<()>{
[INFO] [stdout]     |        ^^^^^^^^^^ ----------------------------------------
[INFO] [stdout] 
[INFO] [stdout] 
[INFO] [stdout] error[E0308]: mismatched types
[INFO] [stdout]    --> src/route.rs:125:5
[INFO] [stdout]     |
[INFO] [stdout] 125 | /     match parsed_request.method{
[INFO] [stdout] 126 | |         GET => route_get(parsed_request, stream),
[INFO] [stdout] 127 | |         POST => route_post(parsed_request, stream),
[INFO] [stdout] 128 | |         _ => {
[INFO] [stdout] ...   |
[INFO] [stdout] 131 | |     }
[INFO] [stdout]     | |_____^ expected `()`, found `Result<(), Error>`
[INFO] [stdout]     |
[INFO] [stdout]     = note: expected unit type `()`
[INFO] [stdout]                     found enum `Result<(), anyhow::Error>`
[INFO] [stdout] help: use the `?` operator to extract the `Result<(), anyhow::Error>` value, propagating a `Result::Err` value to the caller
[INFO] [stdout]     |
[INFO] [stdout] 131 |     }?
[INFO] [stdout]     |      +
[INFO] [stdout] help: consider using a semicolon here
[INFO] [stdout]     |
[INFO] [stdout] 131 |     };
[INFO] [stdout]     |      +
[INFO] [stdout] 
[INFO] [stdout] 
[INFO] [stdout] error[E0308]: mismatched types
[INFO] [stdout]   --> src/route.rs:28:1
[INFO] [stdout]    |
[INFO] [stdout] 28 | #[instrument]
[INFO] [stdout]    | ^^^^^^^^^^^^^ expected `Result<Request, Error>`, found `()`
[INFO] [stdout]    |
[INFO] [stdout]    = note:   expected enum `Result<model::Request, anyhow::Error>`
[INFO] [stdout]            found unit type `()`
[INFO] [stdout]    = note: this error originates in the attribute macro `instrument` (in Nightly builds, run with -Z macro-backtrace for more info)
[INFO] [stdout] 
[INFO] [stdout] 
[INFO] [stdout] error[E0599]: no method named `get` found for enum `Result<T, E>` in the current scope
[INFO] [stdout]    --> src/route.rs:188:27
[INFO] [stdout]     |
[INFO] [stdout] 188 |         assert_eq!(parsed.get(RAW_REQ_URL), Some(&"GET /hello HTTP/1.1".to_string()));
[INFO] [stdout]     |                           ^^^ method not found in `Result<model::Request, anyhow::Error>`
[INFO] [stdout] 
[INFO] [stdout] 
[INFO] [stdout] error[E0308]: mismatched types
[INFO] [stdout]    --> src/route.rs:126:26
[INFO] [stdout]     |
[INFO] [stdout] 126 |         GET => route_get(parsed_request, stream),
[INFO] [stdout]     |                --------- ^^^^^^^^^^^^^^ expected `&HashMap<String, String>`, found `&Request`
[INFO] [stdout]     |                |
[INFO] [stdout]     |                arguments to this function are incorrect
[INFO] [stdout]     |
[INFO] [stdout]     = note: expected reference `&HashMap<String, String>`
[INFO] [stdout]                found reference `&model::Request`
[INFO] [stdout] note: function defined here
[INFO] [stdout]    --> src/route.rs:135:8
[INFO] [stdout]     |
[INFO] [stdout] 135 | pub fn route_get(parsed_request: &HashMap<String, String>, stream: &mut TcpStream) -> Result<()> {
[INFO] [stdout]     |        ^^^^^^^^^ ----------------------------------------
[INFO] [stdout] 
[INFO] [stdout] 
[INFO] [stdout] error[E0308]: mismatched types
[INFO] [stdout]    --> src/route.rs:127:28
[INFO] [stdout]     |
[INFO] [stdout] 127 |         POST => route_post(parsed_request, stream),
[INFO] [stdout]     |                 ---------- ^^^^^^^^^^^^^^ expected `&HashMap<String, String>`, found `&Request`
[INFO] [stdout]     |                 |
[INFO] [stdout]     |                 arguments to this function are incorrect
[INFO] [stdout]     |
[INFO] [stdout]     = note: expected reference `&HashMap<String, String>`
[INFO] [stdout]                found reference `&model::Request`
[INFO] [stdout] note: function defined here
[INFO] [stdout]    --> src/route.rs:119:8
[INFO] [stdout]     |
[INFO] [stdout] 119 | pub fn route_post(parsed_request: &HashMap<String, String>, stream: &mut TcpStream)->anyhow::Result<()>{
[INFO] [stdout]     |        ^^^^^^^^^^ ----------------------------------------
[INFO] [stdout] 
[INFO] [stdout] 
[INFO] [stdout] error[E0308]: mismatched types
[INFO] [stdout]    --> src/route.rs:125:5
[INFO] [stdout]     |
[INFO] [stdout] 125 | /     match parsed_request.method{
[INFO] [stdout] 126 | |         GET => route_get(parsed_request, stream),
[INFO] [stdout] 127 | |         POST => route_post(parsed_request, stream),
[INFO] [stdout] 128 | |         _ => {
[INFO] [stdout] ...   |
[INFO] [stdout] 131 | |     }
[INFO] [stdout]     | |_____^ expected `()`, found `Result<(), Error>`
[INFO] [stdout]     |
[INFO] [stdout]     = note: expected unit type `()`
[INFO] [stdout]                     found enum `Result<(), anyhow::Error>`
[INFO] [stdout] help: use the `?` operator to extract the `Result<(), anyhow::Error>` value, propagating a `Result::Err` value to the caller
[INFO] [stdout]     |
[INFO] [stdout] 131 |     }?
[INFO] [stdout]     |      +
[INFO] [stdout] help: consider using a semicolon here
[INFO] [stdout]     |
[INFO] [stdout] 131 |     };
[INFO] [stdout]     |      +
[INFO] [stdout] 
[INFO] [stdout] 
[INFO] [stdout] error[E0599]: no method named `get` found for enum `Result<T, E>` in the current scope
[INFO] [stdout]    --> src/route.rs:189:27
[INFO] [stdout]     |
[INFO] [stdout] 189 |         assert_eq!(parsed.get(ACTION), Some(&"GET".to_string()));
[INFO] [stdout]     |                           ^^^ method not found in `Result<model::Request, anyhow::Error>`
[INFO] [stdout] 
[INFO] [stdout] 
[INFO] [stdout] error[E0599]: no method named `get` found for enum `Result<T, E>` in the current scope
[INFO] [stdout]    --> src/route.rs:190:27
[INFO] [stdout]     |
[INFO] [stdout] 190 |         assert_eq!(parsed.get(PATH), Some(&"/hello".to_string()));
[INFO] [stdout]     |                           ^^^ method not found in `Result<model::Request, anyhow::Error>`
[INFO] [stdout] 
[INFO] [stdout] 
[INFO] [stdout] error[E0599]: no method named `get` found for enum `Result<T, E>` in the current scope
[INFO] [stdout]    --> src/route.rs:191:27
[INFO] [stdout]     |
[INFO] [stdout] 191 |         assert_eq!(parsed.get(VERSION), Some(&"HTTP/1.1".to_string()));
[INFO] [stdout]     |                           ^^^ method not found in `Result<model::Request, anyhow::Error>`
[INFO] [stdout] 
[INFO] [stdout] 
[INFO] [stdout] error[E0599]: no method named `get` found for enum `Result<T, E>` in the current scope
[INFO] [stdout]    --> src/route.rs:202:27
[INFO] [stdout]     |
[INFO] [stdout] 202 |         assert_eq!(parsed.get(ACTION), Some(&"POST".to_string()));
[INFO] [stdout]     |                           ^^^ method not found in `Result<model::Request, anyhow::Error>`
[INFO] [stdout] 
[INFO] [stdout] 
[INFO] [stdout] error[E0599]: no method named `get` found for enum `Result<T, E>` in the current scope
[INFO] [stdout]    --> src/route.rs:203:27
[INFO] [stdout]     |
[INFO] [stdout] 203 |         assert_eq!(parsed.get(PATH), Some(&"/users/123".to_string()));
[INFO] [stdout]     |                           ^^^ method not found in `Result<model::Request, anyhow::Error>`
[INFO] [stdout] 
[INFO] [stdout] 
[INFO] [stdout] warning: unused variable: `key_val_str`
[INFO] [stdout]    --> src/route.rs:114:35
[INFO] [stdout]     |
[INFO] [stdout] 114 | pub fn construct_query_params_map(key_val_str: &str, map: &mut HashMap<String, String>)->anyhow::Result<()>{
[INFO] [stdout]     |                                   ^^^^^^^^^^^ help: if this is intentional, prefix it with an underscore: `_key_val_str`
[INFO] [stdout]     |
[INFO] [stdout]     = note: `#[warn(unused_variables)]` (part of `#[warn(unused)]`) on by default
[INFO] [stdout] 
[INFO] [stdout] 
[INFO] [stdout] warning: unused variable: `map`
[INFO] [stdout]    --> src/route.rs:114:54
[INFO] [stdout]     |
[INFO] [stdout] 114 | pub fn construct_query_params_map(key_val_str: &str, map: &mut HashMap<String, String>)->anyhow::Result<()>{
[INFO] [stdout]     |                                                      ^^^ help: if this is intentional, prefix it with an underscore: `_map`
[INFO] [stdout] 
[INFO] [stdout] 
[INFO] [stdout] warning: unused variable: `parsed_request`
[INFO] [stdout]    --> src/route.rs:119:19
[INFO] [stdout]     |
[INFO] [stdout] 119 | pub fn route_post(parsed_request: &HashMap<String, String>, stream: &mut TcpStream)->anyhow::Result<()>{
[INFO] [stdout]     |                   ^^^^^^^^^^^^^^ help: if this is intentional, prefix it with an underscore: `_parsed_request`
[INFO] [stdout] 
[INFO] [stdout] 
[INFO] [stdout] warning: unused variable: `stream`
[INFO] [stdout]    --> src/route.rs:119:61
[INFO] [stdout]     |
[INFO] [stdout] 119 | pub fn route_post(parsed_request: &HashMap<String, String>, stream: &mut TcpStream)->anyhow::Result<()>{
[INFO] [stdout]     |                                                             ^^^^^^ help: if this is intentional, prefix it with an underscore: `_stream`
[INFO] [stdout] 
[INFO] [stdout] 
[INFO] [stdout] error[E0599]: no method named `get` found for enum `Result<T, E>` in the current scope
[INFO] [stdout]    --> src/route.rs:204:27
[INFO] [stdout]     |
[INFO] [stdout] 204 |         assert_eq!(parsed.get(VERSION), Some(&"HTTP/1.1".to_string()));
[INFO] [stdout]     |                           ^^^ method not found in `Result<model::Request, anyhow::Error>`
[INFO] [stdout] 
[INFO] [stdout] 
[INFO] [stdout] error[E0599]: no method named `get` found for enum `Result<T, E>` in the current scope
[INFO] [stdout]    --> src/route.rs:213:27
[INFO] [stdout]     |
[INFO] [stdout] 213 |         assert_eq!(parsed.get(ACTION), Some(&"GET".to_string()));
[INFO] [stdout]     |                           ^^^ method not found in `Result<model::Request, anyhow::Error>`
[INFO] [stdout] 
[INFO] [stdout] 
[INFO] [stdout] error[E0599]: no method named `get` found for enum `Result<T, E>` in the current scope
[INFO] [stdout]    --> src/route.rs:214:27
[INFO] [stdout]     |
[INFO] [stdout] 214 |         assert_eq!(parsed.get(PATH), Some(&"/hello".to_string()));
[INFO] [stdout]     |                           ^^^ method not found in `Result<model::Request, anyhow::Error>`
[INFO] [stdout] 
[INFO] [stdout] 
[INFO] [stdout] Some errors have detailed explanations: E0308, E0425.
[INFO] [stdout] 
[INFO] [stdout] For more information about an error, try `rustc --explain E0308`.
[INFO] [stdout] 
[INFO] [stdout] error[E0599]: no method named `is_empty` found for enum `Result<T, E>` in the current scope
[INFO] [stdout]    --> src/route.rs:225:24
[INFO] [stdout]     |
[INFO] [stdout] 225 |         assert!(parsed.is_empty());
[INFO] [stdout]     |                        ^^^^^^^^ method not found in `Result<model::Request, anyhow::Error>`
[INFO] [stdout] 
[INFO] [stdout] 
[INFO] [stderr] error: could not compile `tiny_htttp` (bin "tiny_htttp") due to 5 previous errors; 7 warnings emitted
[INFO] [stdout] warning: unused variable: `key_val_str`
[INFO] [stdout]    --> src/route.rs:114:35
[INFO] [stdout]     |
[INFO] [stdout] 114 | pub fn construct_query_params_map(key_val_str: &str, map: &mut HashMap<String, String>)->anyhow::Result<()>{
[INFO] [stdout]     |                                   ^^^^^^^^^^^ help: if this is intentional, prefix it with an underscore: `_key_val_str`
[INFO] [stdout]     |
[INFO] [stdout]     = note: `#[warn(unused_variables)]` (part of `#[warn(unused)]`) on by default
[INFO] [stdout] 
[INFO] [stdout] 
[INFO] [stderr] warning: build failed, waiting for other jobs to finish...
[INFO] [stdout] warning: unused variable: `map`
[INFO] [stdout]    --> src/route.rs:114:54
[INFO] [stdout]     |
[INFO] [stdout] 114 | pub fn construct_query_params_map(key_val_str: &str, map: &mut HashMap<String, String>)->anyhow::Result<()>{
[INFO] [stdout]     |                                                      ^^^ help: if this is intentional, prefix it with an underscore: `_map`
[INFO] [stdout] 
[INFO] [stdout] 
[INFO] [stdout] warning: unused variable: `parsed_request`
[INFO] [stdout]    --> src/route.rs:119:19
[INFO] [stdout]     |
[INFO] [stdout] 119 | pub fn route_post(parsed_request: &HashMap<String, String>, stream: &mut TcpStream)->anyhow::Result<()>{
[INFO] [stdout]     |                   ^^^^^^^^^^^^^^ help: if this is intentional, prefix it with an underscore: `_parsed_request`
[INFO] [stdout] 
[INFO] [stdout] 
[INFO] [stdout] warning: unused variable: `stream`
[INFO] [stdout]    --> src/route.rs:119:61
[INFO] [stdout]     |
[INFO] [stdout] 119 | pub fn route_post(parsed_request: &HashMap<String, String>, stream: &mut TcpStream)->anyhow::Result<()>{
[INFO] [stdout]     |                                                             ^^^^^^ help: if this is intentional, prefix it with an underscore: `_stream`
[INFO] [stdout] 
[INFO] [stdout] 
[INFO] [stdout] Some errors have detailed explanations: E0308, E0425, E0599.
[INFO] [stdout] 
[INFO] [stdout] For more information about an error, try `rustc --explain E0308`.
[INFO] [stdout] 
[INFO] [stderr] error: could not compile `tiny_htttp` (bin "tiny_htttp" test) due to 15 previous errors; 7 warnings emitted
[INFO] running `Command { std: "docker" "inspect" "f70337b0a5da817325b8da725f5b953fa71e801ddf7b5e71d81deb7d590302a1", kill_on_drop: false }`
[INFO] running `Command { std: "docker" "rm" "-f" "f70337b0a5da817325b8da725f5b953fa71e801ddf7b5e71d81deb7d590302a1", kill_on_drop: false }`
[INFO] [stdout] f70337b0a5da817325b8da725f5b953fa71e801ddf7b5e71d81deb7d590302a1
