[INFO] cloning repository https://github.com/LinkHere/git-viewer-and-issue-tracker
[INFO] running `Command { std: "git" "-c" "credential.helper=" "-c" "credential.helper=/workspace/cargo-home/bin/git-credential-null" "clone" "--bare" "https://github.com/LinkHere/git-viewer-and-issue-tracker" "/workspace/cache/git-repos/https%3A%2F%2Fgithub.com%2FLinkHere%2Fgit-viewer-and-issue-tracker", kill_on_drop: false }`
[INFO] [stderr] Cloning into bare repository '/workspace/cache/git-repos/https%3A%2F%2Fgithub.com%2FLinkHere%2Fgit-viewer-and-issue-tracker'...
[INFO] running `Command { std: "git" "rev-parse" "HEAD", kill_on_drop: false }`
[INFO] [stdout] 59e33500fa00fa28f83e32efd5b1b50c6b9ab5af
[INFO] checking LinkHere/git-viewer-and-issue-tracker against 3154cc1a3e6424e44f438a95007d043ed5ceaaf6 for pr-133502-30
[INFO] running `Command { std: "git" "clone" "/workspace/cache/git-repos/https%3A%2F%2Fgithub.com%2FLinkHere%2Fgit-viewer-and-issue-tracker" "/workspace/builds/worker-3-tc2/source", kill_on_drop: false }`
[INFO] [stderr] Cloning into '/workspace/builds/worker-3-tc2/source'...
[INFO] [stderr] done.
[INFO] removed /workspace/builds/worker-3-tc2/source/.cargo/config.toml
[INFO] started tweaking git repo https://github.com/LinkHere/git-viewer-and-issue-tracker
[INFO] finished tweaking git repo https://github.com/LinkHere/git-viewer-and-issue-tracker
[INFO] tweaked toml for git repo https://github.com/LinkHere/git-viewer-and-issue-tracker written to /workspace/builds/worker-3-tc2/source/Cargo.toml
[INFO] validating manifest of git repo https://github.com/LinkHere/git-viewer-and-issue-tracker on toolchain 3154cc1a3e6424e44f438a95007d043ed5ceaaf6
[INFO] running `Command { std: CARGO_HOME="/workspace/cargo-home" RUSTUP_HOME="/workspace/rustup-home" "/workspace/cargo-home/bin/cargo" "+3154cc1a3e6424e44f438a95007d043ed5ceaaf6" "metadata" "--manifest-path" "Cargo.toml" "--no-deps", kill_on_drop: false }`
[INFO] crate git repo https://github.com/LinkHere/git-viewer-and-issue-tracker already has a lockfile, it will not be regenerated
[INFO] running `Command { std: CARGO_HOME="/workspace/cargo-home" RUSTUP_HOME="/workspace/rustup-home" "/workspace/cargo-home/bin/cargo" "+3154cc1a3e6424e44f438a95007d043ed5ceaaf6" "fetch" "--manifest-path" "Cargo.toml", kill_on_drop: false }`
[INFO] running `Command { std: "docker" "create" "-v" "/var/lib/crater-agent-workspace/builds/worker-3-tc2/source:/opt/rustwide/workdir:ro,Z" "-v" "/var/lib/crater-agent-workspace/builds/worker-3-tc2/target:/opt/rustwide/target:rw,Z" "-v" "/var/lib/crater-agent-workspace/cargo-home:/opt/rustwide/cargo-home:ro,Z" "-v" "/var/lib/crater-agent-workspace/rustup-home:/opt/rustwide/rustup-home:ro,Z" "-m" "1610612736" "--network" "none" "ghcr.io/rust-lang/crates-build-env/linux@sha256:77db811e55d90add9212f6832c23229e3de5f1c1f9905e8cb07319ea15df73ac" "sleep" "infinity", kill_on_drop: false }`
[INFO] [stdout] c26c669455a9face85a8cbc2ae83360412c2f1e86e7f054e6726e1810a80fc02
[INFO] running `Command { std: "docker" "start" "c26c669455a9face85a8cbc2ae83360412c2f1e86e7f054e6726e1810a80fc02", kill_on_drop: false }`
[INFO] running `Command { std: "docker" "inspect" "c26c669455a9face85a8cbc2ae83360412c2f1e86e7f054e6726e1810a80fc02", kill_on_drop: false }`
[INFO] running `Command { std: "docker" "exec" "-e" "SOURCE_DIR=/opt/rustwide/workdir" "-e" "CARGO_HOME=/opt/rustwide/cargo-home" "-e" "RUSTUP_HOME=/opt/rustwide/rustup-home" "-e" "CARGO_TARGET_DIR=/opt/rustwide/target" "-w" "/opt/rustwide/workdir" "--user" "0:0" "c26c669455a9face85a8cbc2ae83360412c2f1e86e7f054e6726e1810a80fc02" "/opt/rustwide/cargo-home/bin/cargo" "+3154cc1a3e6424e44f438a95007d043ed5ceaaf6" "metadata" "--no-deps" "--format-version=1", kill_on_drop: false }`
[INFO] running `Command { std: "docker" "inspect" "c26c669455a9face85a8cbc2ae83360412c2f1e86e7f054e6726e1810a80fc02", kill_on_drop: false }`
[INFO] running `Command { std: "docker" "exec" "-e" "SOURCE_DIR=/opt/rustwide/workdir" "-e" "CARGO_HOME=/opt/rustwide/cargo-home" "-e" "RUSTUP_HOME=/opt/rustwide/rustup-home" "-e" "CARGO_TARGET_DIR=/opt/rustwide/target" "-e" "CARGO_INCREMENTAL=0" "-e" "RUST_BACKTRACE=full" "-e" "RUSTFLAGS=--cap-lints=forbid" "-e" "RUSTDOCFLAGS=--cap-lints=forbid" "-w" "/opt/rustwide/workdir" "--user" "0:0" "c26c669455a9face85a8cbc2ae83360412c2f1e86e7f054e6726e1810a80fc02" "/opt/rustwide/cargo-home/bin/cargo" "+3154cc1a3e6424e44f438a95007d043ed5ceaaf6" "check" "--frozen" "--all" "--all-targets" "--message-format=json", kill_on_drop: false }`
[INFO] [stderr]     Checking smallvec v1.16.0
[INFO] [stderr]     Checking regex-automata v0.4.18
[INFO] [stderr]    Compiling syn v3.0.4
[INFO] [stderr]    Compiling thiserror v2.0.21
[INFO] [stderr]    Compiling generic-array v0.14.9
[INFO] [stderr]     Checking tinyvec v1.13.2
[INFO] [stderr]     Checking gix-trace v0.1.21
[INFO] [stderr]    Compiling crc32fast v1.5.2
[INFO] [stderr]     Checking bytesize v2.7.0
[INFO] [stderr]     Checking parking_lot_core v0.9.12
[INFO] [stderr]     Checking human_format v1.2.1
[INFO] [stderr]     Checking crossbeam-channel v0.5.17
[INFO] [stderr]    Compiling rustix v1.1.5
[INFO] [stderr]     Checking faster-hex v0.10.0
[INFO] [stderr]     Checking parking_lot v0.12.5
[INFO] [stderr]     Checking unicode-normalization v0.1.25
[INFO] [stderr]     Checking hashbrown v0.17.1
[INFO] [stderr]     Checking prodash v31.0.0
[INFO] [stderr]     Checking jiff-core v0.1.1
[INFO] [stderr]     Checking block-buffer v0.10.4
[INFO] [stderr]     Checking crypto-common v0.1.6
[INFO] [stderr]     Checking digest v0.10.7
[INFO] [stderr]    Compiling signal-hook v0.4.4
[INFO] [stderr]     Checking dashmap v6.2.1
[INFO] [stderr]     Checking sha1 v0.10.7
[INFO] [stderr]     Checking nonempty v0.12.0
[INFO] [stderr]     Checking sha1-checked v0.10.0
[INFO] [stderr]     Checking unicode-bom v2.0.3
[INFO] [stderr]    Compiling num-traits v0.2.19
[INFO] [stderr]    Compiling encoding_rs v0.8.41
[INFO] [stderr]     Checking mio v1.2.3
[INFO] [stderr]    Compiling serde_core v1.0.229
[INFO] [stderr]     Checking simdutf8 v0.1.5
[INFO] [stderr]    Compiling multiversion_no_op v1.0.0
[INFO] [stderr]     Checking jiff v0.2.37
[INFO] [stderr]     Checking core_detect v1.0.0
[INFO] [stderr]     Checking gix-sec v0.14.2
[INFO] [stderr]     Checking slab v0.4.12
[INFO] [stderr]     Checking futures-util v0.3.34
[INFO] [stderr]     Checking bstr v1.13.1
[INFO] [stderr]     Checking tracing v0.1.44
[INFO] [stderr]     Checking gix-validate v0.11.4
[INFO] [stderr]     Checking gix-utils v0.3.6
[INFO] [stderr]     Checking gix-error v0.3.2
[INFO] [stderr]     Checking tempfile v3.27.0
[INFO] [stderr]     Checking gix-quote v0.8.0
[INFO] [stderr]     Checking gix-chunk v0.8.0
[INFO] [stderr]     Checking gix-bitmap v0.4.0
[INFO] [stderr]    Compiling hashbrown v0.16.1
[INFO] [stderr]    Compiling tokio v1.53.1
[INFO] [stderr]    Compiling form_urlencoded v1.2.2
[INFO] [stderr]     Checking gix-date v0.16.0
[INFO] [stderr]    Compiling libsqlite3-sys v0.37.0
[INFO] [stderr]    Compiling log v0.4.34
[INFO] [stderr]     Checking gix-actor v0.42.0
[INFO] [stderr]    Compiling sha2 v0.10.9
[INFO] [stderr]    Compiling indexmap v2.14.1
[INFO] [stderr]    Compiling futures-intrusive v0.5.0
[INFO] [stderr]    Compiling hashlink v0.11.1
[INFO] [stderr]    Compiling serde_json v1.0.151
[INFO] [stderr]     Checking gix-imara-diff v0.2.5
[INFO] [stderr]    Compiling spin v0.9.9
[INFO] [stderr]    Compiling base64 v0.22.1
[INFO] [stderr]    Compiling flume v0.12.0
[INFO] [stderr]     Checking crossbeam-epoch v0.9.21
[INFO] [stderr]    Compiling futures-executor v0.3.34
[INFO] [stderr]    Compiling proc-macro2-diagnostics v0.10.1
[INFO] [stderr]     Checking zlib-rs v0.6.8
[INFO] [stderr]    Compiling unicase v2.9.0
[INFO] [stderr]    Compiling atoi v2.0.0
[INFO] [stderr]     Checking uluru v3.1.0
[INFO] [stderr]    Compiling mime_guess v2.0.5
[INFO] [stderr]    Compiling thiserror-impl v2.0.21
[INFO] [stderr]    Compiling zerovec-derive v0.11.6
[INFO] [stderr]    Compiling displaydoc v0.2.7
[INFO] [stderr]    Compiling serde_derive v1.0.229
[INFO] [stderr]    Compiling zerotrie v0.2.5
[INFO] [stderr]    Compiling tokio-macros v2.7.2
[INFO] [stderr]    Compiling zerovec v0.11.8
[INFO] [stderr]     Checking gix-path v0.12.6
[INFO] [stderr]     Checking gix-packetline v0.22.2
[INFO] [stderr]     Checking gix-features v0.49.1
[INFO] [stderr]     Checking gix-command v0.10.1
[INFO] [stderr]     Checking gix-config-value v0.19.1
[INFO] [stderr]    Compiling multiversion-macros v0.9.0
[INFO] [stderr]     Checking gix-hash v0.26.2
[INFO] [stderr]     Checking gix-fs v0.22.1
[INFO] [stderr]     Checking gix-hashtable v0.16.0
[INFO] [stderr]     Checking gix-glob v0.27.1
[INFO] [stderr]     Checking gix-commitgraph v0.39.0
[INFO] [stderr]     Checking gix-tempfile v24.0.0
[INFO] [stderr]     Checking gix-object v0.64.1
[INFO] [stderr]     Checking gix-lock v24.0.0
[INFO] [stderr]     Checking gix-attributes v0.35.0
[INFO] [stderr]    Compiling tinystr v0.8.4
[INFO] [stderr]    Compiling icu_locale_core v2.3.0
[INFO] [stderr]    Compiling potential_utf v0.1.6
[INFO] [stderr]    Compiling icu_collections v2.3.0
[INFO] [stderr]     Checking multiversion v0.9.0
[INFO] [stderr]     Checking gix-revwalk v0.35.0
[INFO] [stderr]     Checking gix-traverse v0.61.0
[INFO] [stderr]    Compiling icu_provider v2.3.1
[INFO] [stderr]     Checking gix-index v0.55.0
[INFO] [stderr]    Compiling icu_properties v2.3.0
[INFO] [stderr]    Compiling icu_normalizer v2.3.0
[INFO] [stderr]     Checking gix-ignore v0.22.1
[INFO] [stderr]     Checking gix-ref v0.67.1
[INFO] [stderr]     Checking gix-worktree v0.56.0
[INFO] [stderr]     Checking gix-filter v0.34.0
[INFO] [stderr]     Checking gix-pathspec v0.20.0
[INFO] [stderr]     Checking serde v1.0.229
[INFO] [stderr]    Compiling tokio-stream v0.1.19
[INFO] [stderr]    Compiling idna_adapter v1.2.2
[INFO] [stderr]     Checking gix-url v0.38.0
[INFO] [stderr]    Compiling idna v1.1.0
[INFO] [stderr]    Compiling either v1.18.0
[INFO] [stderr]     Checking gix-diff v0.67.1
[INFO] [stderr]     Checking gix-discover v0.55.0
[INFO] [stderr]    Compiling url v2.5.8
[INFO] [stderr]     Checking gix-zlib v0.1.0
[INFO] [stderr]     Checking crossbeam-deque v0.8.8
[INFO] [stderr]     Checking clru v0.6.3
[INFO] [stderr]    Compiling sqlx-core v0.9.0
[INFO] [stderr]     Checking hyper v1.11.1
[INFO] [stderr]     Checking gix-pack v0.74.2
[INFO] [stderr]     Checking gix-dir v0.29.1
[INFO] [stderr]     Checking gix-transport v0.59.2
[INFO] [stderr]     Checking gix-config v0.60.0
[INFO] [stderr]     Checking gix-worktree-stream v0.36.1
[INFO] [stderr]     Checking gix-revision v0.49.1
[INFO] [stderr]     Checking gix-shallow v0.13.0
[INFO] [stderr]     Checking gix-prompt v0.17.0
[INFO] [stderr]     Checking gix-refspec v0.45.1
[INFO] [stderr]     Checking axum-core v0.5.6
[INFO] [stderr]     Checking arc-swap v1.9.2
[INFO] [stderr]     Checking io-close v0.3.7
[INFO] [stderr]    Compiling gix-macros v0.1.6
[INFO] [stderr]     Checking chrono v0.4.45
[INFO] [stderr]     Checking gix-odb v0.84.0
[INFO] [stderr]     Checking gix-protocol v0.65.1
[INFO] [stderr]     Checking gix-submodule v0.34.0
[INFO] [stderr]     Checking serde_urlencoded v0.7.1
[INFO] [stderr]     Checking gix-worktree-state v0.34.1
[INFO] [stderr]    Compiling maud_macros v0.27.0
[INFO] [stderr]     Checking gix-merge v0.20.1
[INFO] [stderr]     Checking gix-credentials v0.40.0
[INFO] [stderr]     Checking hyper-util v0.1.20
[INFO] [stderr]     Checking gix-archive v0.36.1
[INFO] [stderr]     Checking gix-status v0.34.1
[INFO] [stderr]     Checking tower v0.5.3
[INFO] [stderr]     Checking tokio-util v0.7.19
[INFO] [stderr]     Checking gix-blame v0.17.1
[INFO] [stderr]     Checking gix-negotiate v0.35.1
[INFO] [stderr]     Checking gix-note v0.1.1
[INFO] [stderr]     Checking serde_path_to_error v0.1.20
[INFO] [stderr]     Checking gix-mailmap v0.34.1
[INFO] [stderr]     Checking regex v1.13.1
[INFO] [stderr]    Compiling axum-macros v0.5.1
[INFO] [stderr]     Checking gix-error v0.5.0
[INFO] [stderr]     Checking maud v0.27.0
[INFO] [stderr]     Checking tower-http v0.7.1
[INFO] [stderr]     Checking chrono-humanize v0.2.3
[INFO] [stderr]     Checking gix v0.87.1
[INFO] [stderr]     Checking gix-date v0.18.0
[INFO] [stderr]     Checking sqlx-sqlite v0.9.0
[INFO] [stderr]     Checking axum v0.8.9
[INFO] [stderr]    Compiling sqlx-macros-core v0.9.0
[INFO] [stderr]    Compiling sqlx-macros v0.9.0
[INFO] [stderr]     Checking sqlx v0.9.0
[INFO] [stderr]     Checking issue-tracker v0.1.0 (/opt/rustwide/workdir)
[INFO] [stdout] error: error returned from database: (code: 14) unable to open database file
[INFO] [stdout]   --> src/issue/service.rs:11:22
[INFO] [stdout]    |
[INFO] [stdout] 11 |       let repo_query = sqlx::query_scalar!(
[INFO] [stdout]    |  ______________________^
[INFO] [stdout] 12 | |         "SELECT
[INFO] [stdout] 13 | |             repo_name
[INFO] [stdout] 14 | |         FROM
[INFO] [stdout] ...  |
[INFO] [stdout] 19 | |         repo_valid_id
[INFO] [stdout] 20 | |     )
[INFO] [stdout]    | |_____^
[INFO] [stdout]    |
[INFO] [stdout]    = note: this error originates in the macro `$crate::sqlx_macros::expand_query` which comes from the expansion of the macro `sqlx::query_scalar` (in Nightly builds, run with -Z macro-backtrace for more info)
[INFO] [stdout] 
[INFO] [stdout] 
[INFO] [stdout] error: error returned from database: (code: 14) unable to open database file
[INFO] [stdout]   --> src/issue/service.rs:23:23
[INFO] [stdout]    |
[INFO] [stdout] 23 |       let issue_query = sqlx::query_as!(
[INFO] [stdout]    |  _______________________^
[INFO] [stdout] 24 | |         ListIssue,
[INFO] [stdout] 25 | |         r#"
[INFO] [stdout] 26 | |         SELECT
[INFO] [stdout] ...  |
[INFO] [stdout] 41 | |         repo_valid_id
[INFO] [stdout] 42 | |     )
[INFO] [stdout]    | |_____^
[INFO] [stdout]    |
[INFO] [stdout]    = note: this error originates in the macro `$crate::sqlx_macros::expand_query` which comes from the expansion of the macro `sqlx::query_as` (in Nightly builds, run with -Z macro-backtrace for more info)
[INFO] [stdout] 
[INFO] [stdout] 
[INFO] [stdout] error: error returned from database: (code: 14) unable to open database file
[INFO] [stdout]   --> src/issue/service.rs:60:24
[INFO] [stdout]    |
[INFO] [stdout] 60 |       let issues_query = sqlx::query_as!(
[INFO] [stdout]    |  ________________________^
[INFO] [stdout] 61 | |         RepoIssues,
[INFO] [stdout] 62 | |         r#"
[INFO] [stdout] 63 | |         SELECT
[INFO] [stdout] ...  |
[INFO] [stdout] 75 | |         valid_id
[INFO] [stdout] 76 | |     )
[INFO] [stdout]    | |_____^
[INFO] [stdout]    |
[INFO] [stdout]    = note: this error originates in the macro `$crate::sqlx_macros::expand_query` which comes from the expansion of the macro `sqlx::query_as` (in Nightly builds, run with -Z macro-backtrace for more info)
[INFO] [stdout] 
[INFO] [stdout] 
[INFO] [stdout] error: error returned from database: (code: 14) unable to open database file
[INFO] [stdout]   --> src/issue/service.rs:86:5
[INFO] [stdout]    |
[INFO] [stdout] 86 | /     sqlx::query!(
[INFO] [stdout] 87 | |         r#"
[INFO] [stdout] 88 | |         INSERT INTO issues (repo_id, title, body)
[INFO] [stdout] 89 | |         VALUES (?, ?, ?)
[INFO] [stdout] ...  |
[INFO] [stdout] 93 | |         payload.body
[INFO] [stdout] 94 | |     )
[INFO] [stdout]    | |_____^
[INFO] [stdout]    |
[INFO] [stdout]    = note: this error originates in the macro `$crate::sqlx_macros::expand_query` which comes from the expansion of the macro `sqlx::query` (in Nightly builds, run with -Z macro-backtrace for more info)
[INFO] [stdout] 
[INFO] [stdout] 
[INFO] [stdout] error: error returned from database: (code: 14) unable to open database file
[INFO] [stdout]    --> src/issue/service.rs:102:8
[INFO] [stdout]     |
[INFO] [stdout] 102 |       Ok(sqlx::query_scalar!(
[INFO] [stdout]     |  ________^
[INFO] [stdout] 103 | |         r#"
[INFO] [stdout] 104 | |         SELECT id FROM repositories
[INFO] [stdout] 105 | |         WHERE id = ?
[INFO] [stdout] 106 | |         "#,
[INFO] [stdout] 107 | |         valid_id
[INFO] [stdout] 108 | |     )
[INFO] [stdout]     | |_____^
[INFO] [stdout]     |
[INFO] [stdout]     = note: this error originates in the macro `$crate::sqlx_macros::expand_query` which comes from the expansion of the macro `sqlx::query_scalar` (in Nightly builds, run with -Z macro-backtrace for more info)
[INFO] [stdout] 
[INFO] [stdout] 
[INFO] [stdout] error: error returned from database: (code: 14) unable to open database file
[INFO] [stdout]   --> src/issue/service.rs:11:22
[INFO] [stdout]    |
[INFO] [stdout] 11 |       let repo_query = sqlx::query_scalar!(
[INFO] [stdout]    |  ______________________^
[INFO] [stdout] 12 | |         "SELECT
[INFO] [stdout] 13 | |             repo_name
[INFO] [stdout] 14 | |         FROM
[INFO] [stdout] ...  |
[INFO] [stdout] 19 | |         repo_valid_id
[INFO] [stdout] 20 | |     )
[INFO] [stdout]    | |_____^
[INFO] [stdout]    |
[INFO] [stdout]    = note: this error originates in the macro `$crate::sqlx_macros::expand_query` which comes from the expansion of the macro `sqlx::query_scalar` (in Nightly builds, run with -Z macro-backtrace for more info)
[INFO] [stdout] 
[INFO] [stdout] 
[INFO] [stdout] error: error returned from database: (code: 14) unable to open database file
[INFO] [stdout]   --> src/issue/service.rs:23:23
[INFO] [stdout]    |
[INFO] [stdout] 23 |       let issue_query = sqlx::query_as!(
[INFO] [stdout]    |  _______________________^
[INFO] [stdout] 24 | |         ListIssue,
[INFO] [stdout] 25 | |         r#"
[INFO] [stdout] 26 | |         SELECT
[INFO] [stdout] ...  |
[INFO] [stdout] 41 | |         repo_valid_id
[INFO] [stdout] 42 | |     )
[INFO] [stdout]    | |_____^
[INFO] [stdout]    |
[INFO] [stdout]    = note: this error originates in the macro `$crate::sqlx_macros::expand_query` which comes from the expansion of the macro `sqlx::query_as` (in Nightly builds, run with -Z macro-backtrace for more info)
[INFO] [stdout] 
[INFO] [stdout] 
[INFO] [stdout] error: error returned from database: (code: 14) unable to open database file
[INFO] [stdout]   --> src/issue/service.rs:60:24
[INFO] [stdout]    |
[INFO] [stdout] 60 |       let issues_query = sqlx::query_as!(
[INFO] [stdout]    |  ________________________^
[INFO] [stdout] 61 | |         RepoIssues,
[INFO] [stdout] 62 | |         r#"
[INFO] [stdout] 63 | |         SELECT
[INFO] [stdout] ...  |
[INFO] [stdout] 75 | |         valid_id
[INFO] [stdout] 76 | |     )
[INFO] [stdout]    | |_____^
[INFO] [stdout]    |
[INFO] [stdout]    = note: this error originates in the macro `$crate::sqlx_macros::expand_query` which comes from the expansion of the macro `sqlx::query_as` (in Nightly builds, run with -Z macro-backtrace for more info)
[INFO] [stdout] 
[INFO] [stdout] 
[INFO] [stdout] error: error returned from database: (code: 14) unable to open database file
[INFO] [stdout]   --> src/issue/service.rs:86:5
[INFO] [stdout]    |
[INFO] [stdout] 86 | /     sqlx::query!(
[INFO] [stdout] 87 | |         r#"
[INFO] [stdout] 88 | |         INSERT INTO issues (repo_id, title, body)
[INFO] [stdout] 89 | |         VALUES (?, ?, ?)
[INFO] [stdout] ...  |
[INFO] [stdout] 93 | |         payload.body
[INFO] [stdout] 94 | |     )
[INFO] [stdout]    | |_____^
[INFO] [stdout]    |
[INFO] [stdout]    = note: this error originates in the macro `$crate::sqlx_macros::expand_query` which comes from the expansion of the macro `sqlx::query` (in Nightly builds, run with -Z macro-backtrace for more info)
[INFO] [stdout] 
[INFO] [stdout] 
[INFO] [stdout] error: error returned from database: (code: 14) unable to open database file
[INFO] [stdout]    --> src/issue/service.rs:102:8
[INFO] [stdout]     |
[INFO] [stdout] 102 |       Ok(sqlx::query_scalar!(
[INFO] [stdout]     |  ________^
[INFO] [stdout] 103 | |         r#"
[INFO] [stdout] 104 | |         SELECT id FROM repositories
[INFO] [stdout] 105 | |         WHERE id = ?
[INFO] [stdout] 106 | |         "#,
[INFO] [stdout] 107 | |         valid_id
[INFO] [stdout] 108 | |     )
[INFO] [stdout]     | |_____^
[INFO] [stdout]     |
[INFO] [stdout]     = note: this error originates in the macro `$crate::sqlx_macros::expand_query` which comes from the expansion of the macro `sqlx::query_scalar` (in Nightly builds, run with -Z macro-backtrace for more info)
[INFO] [stdout] 
[INFO] [stdout] 
[INFO] [stdout] error: error returned from database: (code: 14) unable to open database file
[INFO] [stdout]   --> src/repositories/service.rs:11:8
[INFO] [stdout]    |
[INFO] [stdout] 11 |       Ok(sqlx::query_as!(
[INFO] [stdout]    |  ________^
[INFO] [stdout] 12 | |         types::RepoIdName,
[INFO] [stdout] 13 | |         "SELECT id, repo_name FROM repositories WHERE id = ?",
[INFO] [stdout] 14 | |         valid_id
[INFO] [stdout] 15 | |     )
[INFO] [stdout]    | |_____^
[INFO] [stdout]    |
[INFO] [stdout]    = note: this error originates in the macro `$crate::sqlx_macros::expand_query` which comes from the expansion of the macro `sqlx::query_as` (in Nightly builds, run with -Z macro-backtrace for more info)
[INFO] [stdout] 
[INFO] [stdout] 
[INFO] [stdout] error: error returned from database: (code: 14) unable to open database file
[INFO] [stdout]   --> src/repositories/service.rs:21:8
[INFO] [stdout]    |
[INFO] [stdout] 21 |       Ok(sqlx::query_as!(
[INFO] [stdout]    |  ________^
[INFO] [stdout] 22 | |         FetchRepos,
[INFO] [stdout] 23 | |         "SELECT id, repo_name, repo_description, created_at FROM repositories"
[INFO] [stdout] 24 | |     )
[INFO] [stdout]    | |_____^
[INFO] [stdout]    |
[INFO] [stdout]    = note: this error originates in the macro `$crate::sqlx_macros::expand_query` which comes from the expansion of the macro `sqlx::query_as` (in Nightly builds, run with -Z macro-backtrace for more info)
[INFO] [stdout] 
[INFO] [stdout] 
[INFO] [stdout] error: error returned from database: (code: 14) unable to open database file
[INFO] [stdout]   --> src/repositories/service.rs:30:5
[INFO] [stdout]    |
[INFO] [stdout] 30 | /     sqlx::query!(
[INFO] [stdout] 31 | |         r#"
[INFO] [stdout] 32 | |         INSERT INTO
[INFO] [stdout] 33 | |             repositories
[INFO] [stdout] ...  |
[INFO] [stdout] 40 | |         payload.repo_description,
[INFO] [stdout] 41 | |     )
[INFO] [stdout]    | |_____^
[INFO] [stdout]    |
[INFO] [stdout]    = note: this error originates in the macro `$crate::sqlx_macros::expand_query` which comes from the expansion of the macro `sqlx::query` (in Nightly builds, run with -Z macro-backtrace for more info)
[INFO] [stdout] 
[INFO] [stdout] 
[INFO] [stdout] error: error returned from database: (code: 14) unable to open database file
[INFO] [stdout]   --> src/repositories/service.rs:48:23
[INFO] [stdout]    |
[INFO] [stdout] 48 |       let exists: i64 = sqlx::query_scalar!(
[INFO] [stdout]    |  _______________________^
[INFO] [stdout] 49 | |         "SELECT COUNT(*) FROM repositories WHERE repo_name = ?1",
[INFO] [stdout] 50 | |         repo_name
[INFO] [stdout] 51 | |     )
[INFO] [stdout]    | |_____^
[INFO] [stdout]    |
[INFO] [stdout]    = note: this error originates in the macro `$crate::sqlx_macros::expand_query` which comes from the expansion of the macro `sqlx::query_scalar` (in Nightly builds, run with -Z macro-backtrace for more info)
[INFO] [stdout] 
[INFO] [stdout] 
[INFO] [stdout] error: error returned from database: (code: 14) unable to open database file
[INFO] [stdout]   --> src/repositories/service.rs:59:21
[INFO] [stdout]    |
[INFO] [stdout] 59 |     let repo_name = sqlx::query_scalar!("SELECT repo_name FROM repositories WHERE id = ?", id)
[INFO] [stdout]    |                     ^^^^^^^^^^^^^^^^^^^^^^^^^^^^^^^^^^^^^^^^^^^^^^^^^^^^^^^^^^^^^^^^^^^^^^^^^^
[INFO] [stdout]    |
[INFO] [stdout]    = note: this error originates in the macro `$crate::sqlx_macros::expand_query` which comes from the expansion of the macro `sqlx::query_scalar` (in Nightly builds, run with -Z macro-backtrace for more info)
[INFO] [stdout] 
[INFO] [stdout] 
[INFO] [stdout] error: error returned from database: (code: 14) unable to open database file
[INFO] [stdout]   --> src/repositories/service.rs:11:8
[INFO] [stdout]    |
[INFO] [stdout] 11 |       Ok(sqlx::query_as!(
[INFO] [stdout]    |  ________^
[INFO] [stdout] 12 | |         types::RepoIdName,
[INFO] [stdout] 13 | |         "SELECT id, repo_name FROM repositories WHERE id = ?",
[INFO] [stdout] 14 | |         valid_id
[INFO] [stdout] 15 | |     )
[INFO] [stdout]    | |_____^
[INFO] [stdout]    |
[INFO] [stdout]    = note: this error originates in the macro `$crate::sqlx_macros::expand_query` which comes from the expansion of the macro `sqlx::query_as` (in Nightly builds, run with -Z macro-backtrace for more info)
[INFO] [stdout] 
[INFO] [stdout] 
[INFO] [stdout] error: error returned from database: (code: 14) unable to open database file
[INFO] [stdout]   --> src/repositories/service.rs:21:8
[INFO] [stdout]    |
[INFO] [stdout] 21 |       Ok(sqlx::query_as!(
[INFO] [stdout]    |  ________^
[INFO] [stdout] 22 | |         FetchRepos,
[INFO] [stdout] 23 | |         "SELECT id, repo_name, repo_description, created_at FROM repositories"
[INFO] [stdout] 24 | |     )
[INFO] [stdout]    | |_____^
[INFO] [stdout]    |
[INFO] [stdout]    = note: this error originates in the macro `$crate::sqlx_macros::expand_query` which comes from the expansion of the macro `sqlx::query_as` (in Nightly builds, run with -Z macro-backtrace for more info)
[INFO] [stdout] 
[INFO] [stdout] 
[INFO] [stdout] error: error returned from database: (code: 14) unable to open database file
[INFO] [stdout]   --> src/repositories/service.rs:30:5
[INFO] [stdout]    |
[INFO] [stdout] 30 | /     sqlx::query!(
[INFO] [stdout] 31 | |         r#"
[INFO] [stdout] 32 | |         INSERT INTO
[INFO] [stdout] 33 | |             repositories
[INFO] [stdout] ...  |
[INFO] [stdout] 40 | |         payload.repo_description,
[INFO] [stdout] 41 | |     )
[INFO] [stdout]    | |_____^
[INFO] [stdout]    |
[INFO] [stdout]    = note: this error originates in the macro `$crate::sqlx_macros::expand_query` which comes from the expansion of the macro `sqlx::query` (in Nightly builds, run with -Z macro-backtrace for more info)
[INFO] [stdout] 
[INFO] [stdout] 
[INFO] [stdout] error: error returned from database: (code: 14) unable to open database file
[INFO] [stdout]   --> src/repositories/service.rs:48:23
[INFO] [stdout]    |
[INFO] [stdout] 48 |       let exists: i64 = sqlx::query_scalar!(
[INFO] [stdout]    |  _______________________^
[INFO] [stdout] 49 | |         "SELECT COUNT(*) FROM repositories WHERE repo_name = ?1",
[INFO] [stdout] 50 | |         repo_name
[INFO] [stdout] 51 | |     )
[INFO] [stdout]    | |_____^
[INFO] [stdout]    |
[INFO] [stdout]    = note: this error originates in the macro `$crate::sqlx_macros::expand_query` which comes from the expansion of the macro `sqlx::query_scalar` (in Nightly builds, run with -Z macro-backtrace for more info)
[INFO] [stdout] 
[INFO] [stdout] 
[INFO] [stdout] error: error returned from database: (code: 14) unable to open database file
[INFO] [stdout]   --> src/repositories/service.rs:59:21
[INFO] [stdout]    |
[INFO] [stdout] 59 |     let repo_name = sqlx::query_scalar!("SELECT repo_name FROM repositories WHERE id = ?", id)
[INFO] [stdout]    |                     ^^^^^^^^^^^^^^^^^^^^^^^^^^^^^^^^^^^^^^^^^^^^^^^^^^^^^^^^^^^^^^^^^^^^^^^^^^
[INFO] [stdout]    |
[INFO] [stdout]    = note: this error originates in the macro `$crate::sqlx_macros::expand_query` which comes from the expansion of the macro `sqlx::query_scalar` (in Nightly builds, run with -Z macro-backtrace for more info)
[INFO] [stdout] 
[INFO] [stdout] 
[INFO] [stdout] warning: method call on a diverging inference variable
[INFO] [stdout]    --> src/issue/service.rs:111:6
[INFO] [stdout]     |
[INFO] [stdout] 111 |     .ok_or(AppError::NotFound)?)
[INFO] [stdout]     |      ^^^^^
[INFO] [stdout]     |
[INFO] [stdout]     = help: consider providing a type annotation
[INFO] [stdout]     = warning: this was previously accepted by the compiler but is being phased out; it will become a hard error in a future release!
[INFO] [stdout]     = note: for more information, see issue #156047 <https://github.com/rust-lang/rust/issues/156047>
[INFO] [stdout]     = note: `#[warn(method_call_on_diverging_infer_var)]` (part of `#[warn(future_incompatible)]`) on by default
[INFO] [stdout] 
[INFO] [stdout] 
[INFO] [stdout] warning: method call on a diverging inference variable
[INFO] [stdout]    --> src/issue/service.rs:111:6
[INFO] [stdout]     |
[INFO] [stdout] 111 |     .ok_or(AppError::NotFound)?)
[INFO] [stdout]     |      ^^^^^
[INFO] [stdout]     |
[INFO] [stdout]     = help: consider providing a type annotation
[INFO] [stdout]     = warning: this was previously accepted by the compiler but is being phased out; it will become a hard error in a future release!
[INFO] [stdout]     = note: for more information, see issue #156047 <https://github.com/rust-lang/rust/issues/156047>
[INFO] [stdout]     = note: `#[warn(method_call_on_diverging_infer_var)]` (part of `#[warn(future_incompatible)]`) on by default
[INFO] [stdout] 
[INFO] [stdout] 
[INFO] [stdout] error[E0599]: no method named `ok_or` found for type `!` in the current scope
[INFO] [stdout]    --> src/issue/service.rs:111:6
[INFO] [stdout]     |
[INFO] [stdout] 102 |     Ok(sqlx::query_scalar!(
[INFO] [stdout] 103 |         r#"
[INFO] [stdout] 104 |         SELECT id FROM repositories
[INFO] [stdout] 105 |         WHERE id = ?
[INFO] [stdout] 106 |         "#,
[INFO] [stdout] 107 |         valid_id
[INFO] [stdout] 108 |     )
[INFO] [stdout] 109 |     .fetch_optional(pool)
[INFO] [stdout] 110 |     .await?
[INFO] [stdout] 111 |     .ok_or(AppError::NotFound)?)
[INFO] [stdout]     |      ^^^^^ method not found in `!`
[INFO] [stdout] 
[INFO] [stdout] 
[INFO] [stdout] error[E0599]: no method named `ok_or` found for type `!` in the current scope
[INFO] [stdout]    --> src/issue/service.rs:111:6
[INFO] [stdout]     |
[INFO] [stdout] 102 |     Ok(sqlx::query_scalar!(
[INFO] [stdout] 103 |         r#"
[INFO] [stdout] 104 |         SELECT id FROM repositories
[INFO] [stdout] 105 |         WHERE id = ?
[INFO] [stdout] 106 |         "#,
[INFO] [stdout] 107 |         valid_id
[INFO] [stdout] 108 |     )
[INFO] [stdout] 109 |     .fetch_optional(pool)
[INFO] [stdout] 110 |     .await?
[INFO] [stdout] 111 |     .ok_or(AppError::NotFound)?)
[INFO] [stdout]     |      ^^^^^ method not found in `!`
[INFO] [stdout] 
[INFO] [stdout] 
[INFO] [stdout] warning: method call on a diverging inference variable
[INFO] [stdout]   --> src/repositories/service.rs:62:10
[INFO] [stdout]    |
[INFO] [stdout] 62 |         .ok_or(AppError::NotFound)?;
[INFO] [stdout]    |          ^^^^^
[INFO] [stdout]    |
[INFO] [stdout]    = help: consider providing a type annotation
[INFO] [stdout]    = warning: this was previously accepted by the compiler but is being phased out; it will become a hard error in a future release!
[INFO] [stdout]    = note: for more information, see issue #156047 <https://github.com/rust-lang/rust/issues/156047>
[INFO] [stdout] 
[INFO] [stdout] 
[INFO] [stdout] error[E0599]: no method named `ok_or` found for type `!` in the current scope
[INFO] [stdout]   --> src/repositories/service.rs:62:10
[INFO] [stdout]    |
[INFO] [stdout] 59 |     let repo_name = sqlx::query_scalar!("SELECT repo_name FROM repositories WHERE id = ?", id)
[INFO] [stdout] 60 |         .fetch_optional(pool)
[INFO] [stdout] 61 |         .await?
[INFO] [stdout] 62 |         .ok_or(AppError::NotFound)?;
[INFO] [stdout]    |          ^^^^^ method not found in `!`
[INFO] [stdout] 
[INFO] [stdout] 
[INFO] [stdout] warning: method call on a diverging inference variable
[INFO] [stdout]   --> src/repositories/service.rs:62:10
[INFO] [stdout]    |
[INFO] [stdout] 62 |         .ok_or(AppError::NotFound)?;
[INFO] [stdout]    |          ^^^^^
[INFO] [stdout]    |
[INFO] [stdout]    = help: consider providing a type annotation
[INFO] [stdout]    = warning: this was previously accepted by the compiler but is being phased out; it will become a hard error in a future release!
[INFO] [stdout]    = note: for more information, see issue #156047 <https://github.com/rust-lang/rust/issues/156047>
[INFO] [stdout] 
[INFO] [stdout] 
[INFO] [stdout] error[E0599]: no method named `ok_or` found for type `!` in the current scope
[INFO] [stdout]   --> src/repositories/service.rs:62:10
[INFO] [stdout]    |
[INFO] [stdout] 59 |     let repo_name = sqlx::query_scalar!("SELECT repo_name FROM repositories WHERE id = ?", id)
[INFO] [stdout] 60 |         .fetch_optional(pool)
[INFO] [stdout] 61 |         .await?
[INFO] [stdout] 62 |         .ok_or(AppError::NotFound)?;
[INFO] [stdout]    |          ^^^^^ method not found in `!`
[INFO] [stdout] 
[INFO] [stdout] 
[INFO] [stdout] For more information about this error, try `rustc --explain E0599`.
[INFO] [stdout] 
[INFO] [stderr] error: could not compile `issue-tracker` (bin "issue-tracker" test) due to 12 previous errors; 4 warnings emitted
[INFO] [stderr] warning: build failed, waiting for other jobs to finish...
[INFO] [stdout] For more information about this error, try `rustc --explain E0599`.
[INFO] [stdout] 
[INFO] [stderr] error: could not compile `issue-tracker` (bin "issue-tracker") due to 12 previous errors; 4 warnings emitted
[INFO] [stderr] warning: unused dependency `gix-date`
[INFO] [stderr]  --> Cargo.toml:8:1
[INFO] [stderr]   |
[INFO] [stderr] 8 | gix-date = "0.18.0"
[INFO] [stderr]   | ^^^^^^^^^^^^^^^^^^^
[INFO] [stderr]   |
[INFO] [stderr]   = note: `cargo::unused_dependencies` is set to `warn` by default
[INFO] [stderr] help: consider removing the dependency on `gix-date`
[INFO] [stderr] warning: `issue-tracker` (manifest) generated 1 warning
[INFO] running `Command { std: "docker" "inspect" "c26c669455a9face85a8cbc2ae83360412c2f1e86e7f054e6726e1810a80fc02", kill_on_drop: false }`
[INFO] running `Command { std: "docker" "rm" "-f" "c26c669455a9face85a8cbc2ae83360412c2f1e86e7f054e6726e1810a80fc02", kill_on_drop: false }`
[INFO] [stdout] c26c669455a9face85a8cbc2ae83360412c2f1e86e7f054e6726e1810a80fc02
