[INFO] cloning repository https://github.com/LightningCreations/emu-lib
[INFO] running `Command { std: "git" "-c" "credential.helper=" "-c" "credential.helper=/workspace/cargo-home/bin/git-credential-null" "clone" "--bare" "https://github.com/LightningCreations/emu-lib" "/workspace/cache/git-repos/https%3A%2F%2Fgithub.com%2FLightningCreations%2Femu-lib", kill_on_drop: false }`
[INFO] [stderr] Cloning into bare repository '/workspace/cache/git-repos/https%3A%2F%2Fgithub.com%2FLightningCreations%2Femu-lib'...
[INFO] running `Command { std: "git" "rev-parse" "HEAD", kill_on_drop: false }`
[INFO] [stdout] 7c19491f417ab875d553c265fcf19f35b5693a2e
[INFO] checking LightningCreations/emu-lib against 3154cc1a3e6424e44f438a95007d043ed5ceaaf6 for pr-133502-30
[INFO] running `Command { std: "git" "clone" "/workspace/cache/git-repos/https%3A%2F%2Fgithub.com%2FLightningCreations%2Femu-lib" "/workspace/builds/worker-2-tc2/source", kill_on_drop: false }`
[INFO] [stderr] Cloning into '/workspace/builds/worker-2-tc2/source'...
[INFO] [stderr] done.
[INFO] started tweaking git repo https://github.com/LightningCreations/emu-lib
[INFO] finished tweaking git repo https://github.com/LightningCreations/emu-lib
[INFO] tweaked toml for git repo https://github.com/LightningCreations/emu-lib written to /workspace/builds/worker-2-tc2/source/Cargo.toml
[INFO] validating manifest of git repo https://github.com/LightningCreations/emu-lib on toolchain 3154cc1a3e6424e44f438a95007d043ed5ceaaf6
[INFO] running `Command { std: CARGO_HOME="/workspace/cargo-home" RUSTUP_HOME="/workspace/rustup-home" "/workspace/cargo-home/bin/cargo" "+3154cc1a3e6424e44f438a95007d043ed5ceaaf6" "metadata" "--manifest-path" "Cargo.toml" "--no-deps", kill_on_drop: false }`
[INFO] crate git repo https://github.com/LightningCreations/emu-lib already has a lockfile, it will not be regenerated
[INFO] running `Command { std: CARGO_HOME="/workspace/cargo-home" RUSTUP_HOME="/workspace/rustup-home" "/workspace/cargo-home/bin/cargo" "+3154cc1a3e6424e44f438a95007d043ed5ceaaf6" "fetch" "--manifest-path" "Cargo.toml", kill_on_drop: false }`
[INFO] [stderr]     Blocking waiting for file lock on package cache
[INFO] [stderr]     Blocking waiting for file lock on package cache
[INFO] running `Command { std: "docker" "create" "-v" "/var/lib/crater-agent-workspace/builds/worker-2-tc2/source:/opt/rustwide/workdir:ro,Z" "-v" "/var/lib/crater-agent-workspace/builds/worker-2-tc2/target:/opt/rustwide/target:rw,Z" "-v" "/var/lib/crater-agent-workspace/cargo-home:/opt/rustwide/cargo-home:ro,Z" "-v" "/var/lib/crater-agent-workspace/rustup-home:/opt/rustwide/rustup-home:ro,Z" "-m" "1610612736" "--network" "none" "ghcr.io/rust-lang/crates-build-env/linux@sha256:77db811e55d90add9212f6832c23229e3de5f1c1f9905e8cb07319ea15df73ac" "sleep" "infinity", kill_on_drop: false }`
[INFO] [stdout] 7c40db76ca10eabc3f10225a4f002acb03c77ce78a362d861c86a1e021ea4214
[INFO] running `Command { std: "docker" "start" "7c40db76ca10eabc3f10225a4f002acb03c77ce78a362d861c86a1e021ea4214", kill_on_drop: false }`
[INFO] running `Command { std: "docker" "inspect" "7c40db76ca10eabc3f10225a4f002acb03c77ce78a362d861c86a1e021ea4214", kill_on_drop: false }`
[INFO] running `Command { std: "docker" "exec" "-e" "SOURCE_DIR=/opt/rustwide/workdir" "-e" "CARGO_HOME=/opt/rustwide/cargo-home" "-e" "RUSTUP_HOME=/opt/rustwide/rustup-home" "-e" "CARGO_TARGET_DIR=/opt/rustwide/target" "-w" "/opt/rustwide/workdir" "--user" "0:0" "7c40db76ca10eabc3f10225a4f002acb03c77ce78a362d861c86a1e021ea4214" "/opt/rustwide/cargo-home/bin/cargo" "+3154cc1a3e6424e44f438a95007d043ed5ceaaf6" "metadata" "--no-deps" "--format-version=1", kill_on_drop: false }`
[INFO] running `Command { std: "docker" "inspect" "7c40db76ca10eabc3f10225a4f002acb03c77ce78a362d861c86a1e021ea4214", kill_on_drop: false }`
[INFO] running `Command { std: "docker" "exec" "-e" "SOURCE_DIR=/opt/rustwide/workdir" "-e" "CARGO_HOME=/opt/rustwide/cargo-home" "-e" "RUSTUP_HOME=/opt/rustwide/rustup-home" "-e" "CARGO_TARGET_DIR=/opt/rustwide/target" "-e" "CARGO_INCREMENTAL=0" "-e" "RUST_BACKTRACE=full" "-e" "RUSTFLAGS=--cap-lints=forbid" "-e" "RUSTDOCFLAGS=--cap-lints=forbid" "-w" "/opt/rustwide/workdir" "--user" "0:0" "7c40db76ca10eabc3f10225a4f002acb03c77ce78a362d861c86a1e021ea4214" "/opt/rustwide/cargo-home/bin/cargo" "+3154cc1a3e6424e44f438a95007d043ed5ceaaf6" "check" "--frozen" "--all" "--all-targets" "--message-format=json", kill_on_drop: false }`
[INFO] [stderr]    Compiling proc-macro2 v1.0.106
[INFO] [stderr]    Compiling quote v1.0.46
[INFO] [stderr]    Compiling unicode-ident v1.0.24
[INFO] [stderr]    Compiling syn v2.0.118
[INFO] [stderr]    Compiling bytemuck_derive v1.10.2
[INFO] [stderr]     Checking bytemuck v1.25.0
[INFO] [stderr]     Checking emu-lib v0.1.0 (/opt/rustwide/workdir)
[INFO] [stdout] error[E0557]: feature has been removed
[INFO] [stdout]  --> src/lib.rs:3:12
[INFO] [stdout]   |
[INFO] [stdout] 3 | #![feature(generic_const_args, min_generic_const_args, generic_const_items, macroless_generic_const_args, const_destruct, option_get_...
[INFO] [stdout]   |            ^^^^^^^^^^^^^^^^^^ feature has been removed
[INFO] [stdout]   |
[INFO] [stdout]   = note: removed in 1.100.0
[INFO] [stdout]   = note: renamed to `gca_const_items`
[INFO] [stdout] 
[INFO] [stdout] 
[INFO] [stdout] error[E0557]: feature has been removed
[INFO] [stdout]  --> src/lib.rs:3:32
[INFO] [stdout]   |
[INFO] [stdout] 3 | #![feature(generic_const_args, min_generic_const_args, generic_const_items, macroless_generic_const_args, const_destruct, option_get_...
[INFO] [stdout]   |                                ^^^^^^^^^^^^^^^^^^^^^^ feature has been removed
[INFO] [stdout]   |
[INFO] [stdout]   = note: removed in 1.100.0
[INFO] [stdout]   = note: renamed to `gca_min_const_items`
[INFO] [stdout] 
[INFO] [stdout] 
[INFO] [stdout] error[E0557]: feature has been removed
[INFO] [stdout]  --> src/lib.rs:3:77
[INFO] [stdout]   |
[INFO] [stdout] 3 | #![feature(generic_const_args, min_generic_const_args, generic_const_items, macroless_generic_const_args, const_destruct, option_get_...
[INFO] [stdout]   |                                                                             ^^^^^^^^^^^^^^^^^^^^^^^^^^^^ feature has been removed
[INFO] [stdout]   |
[INFO] [stdout]   = note: removed in 1.100.0
[INFO] [stdout]   = note: renamed to `gca_macroless_args`
[INFO] [stdout] 
[INFO] [stdout] 
[INFO] [stdout] error[E0557]: feature has been removed
[INFO] [stdout]  --> src/lib.rs:3:12
[INFO] [stdout]   |
[INFO] [stdout] 3 | #![feature(generic_const_args, min_generic_const_args, generic_const_items, macroless_generic_const_args, const_destruct, option_get_...
[INFO] [stdout]   |            ^^^^^^^^^^^^^^^^^^ feature has been removed
[INFO] [stdout]   |
[INFO] [stdout]   = note: removed in 1.100.0
[INFO] [stdout]   = note: renamed to `gca_const_items`
[INFO] [stdout] 
[INFO] [stdout] 
[INFO] [stdout] error[E0557]: feature has been removed
[INFO] [stdout]  --> src/lib.rs:3:32
[INFO] [stdout]   |
[INFO] [stdout] 3 | #![feature(generic_const_args, min_generic_const_args, generic_const_items, macroless_generic_const_args, const_destruct, option_get_...
[INFO] [stdout]   |                                ^^^^^^^^^^^^^^^^^^^^^^ feature has been removed
[INFO] [stdout]   |
[INFO] [stdout]   = note: removed in 1.100.0
[INFO] [stdout]   = note: renamed to `gca_min_const_items`
[INFO] [stdout] 
[INFO] [stdout] 
[INFO] [stdout] error[E0557]: feature has been removed
[INFO] [stdout]  --> src/lib.rs:3:77
[INFO] [stdout]   |
[INFO] [stdout] 3 | #![feature(generic_const_args, min_generic_const_args, generic_const_items, macroless_generic_const_args, const_destruct, option_get_...
[INFO] [stdout]   |                                                                             ^^^^^^^^^^^^^^^^^^^^^^^^^^^^ feature has been removed
[INFO] [stdout]   |
[INFO] [stdout]   = note: removed in 1.100.0
[INFO] [stdout]   = note: renamed to `gca_macroless_args`
[INFO] [stdout] 
[INFO] [stdout] 
[INFO] [stdout] error: expected identifier, found keyword `const`
[INFO] [stdout]   --> src/regs.rs:30:6
[INFO] [stdout]    |
[INFO] [stdout] 30 | type const RLEN<D: RegfileDesc>: usize = D::LEN;
[INFO] [stdout]    |      ^^^^^ expected identifier, found keyword
[INFO] [stdout] 
[INFO] [stdout] 
[INFO] [stdout] error: expected one of `:`, `;`, `<`, `=`, or `where`, found `RLEN`
[INFO] [stdout]   --> src/regs.rs:30:12
[INFO] [stdout]    |
[INFO] [stdout] 30 | type const RLEN<D: RegfileDesc>: usize = D::LEN;
[INFO] [stdout]    |            ^^^^ expected one of `:`, `;`, `<`, `=`, or `where`
[INFO] [stdout] 
[INFO] [stdout] 
[INFO] [stdout] error: expected identifier, found keyword `const`
[INFO] [stdout]   --> src/regs.rs:30:6
[INFO] [stdout]    |
[INFO] [stdout] 30 | type const RLEN<D: RegfileDesc>: usize = D::LEN;
[INFO] [stdout]    |      ^^^^^ expected identifier, found keyword
[INFO] [stdout] 
[INFO] [stdout] 
[INFO] [stdout] error: expected one of `:`, `;`, `<`, `=`, or `where`, found `RLEN`
[INFO] [stdout]   --> src/regs.rs:30:12
[INFO] [stdout]    |
[INFO] [stdout] 30 | type const RLEN<D: RegfileDesc>: usize = D::LEN;
[INFO] [stdout]    |            ^^^^ expected one of `:`, `;`, `<`, `=`, or `where`
[INFO] [stdout] 
[INFO] [stdout] 
[INFO] [stdout] error[E0432]: unresolved import `shake`
[INFO] [stdout]  --> src/cpu.rs:4:5
[INFO] [stdout]   |
[INFO] [stdout] 4 | use shake::Shake256Reader;
[INFO] [stdout]   |     ^^^^^ use of unresolved module or unlinked crate `shake`
[INFO] [stdout]   |
[INFO] [stdout]   = help: if you wanted to use a crate named `shake`, use `cargo add shake` to add it to your `Cargo.toml`
[INFO] [stdout] 
[INFO] [stdout] 
[INFO] [stdout] error[E0432]: unresolved import `shake`
[INFO] [stdout]  --> src/cpu.rs:4:5
[INFO] [stdout]   |
[INFO] [stdout] 4 | use shake::Shake256Reader;
[INFO] [stdout]   |     ^^^^^ use of unresolved module or unlinked crate `shake`
[INFO] [stdout]   |
[INFO] [stdout]   = help: if you wanted to use a crate named `shake`, use `cargo add shake` to add it to your `Cargo.toml`
[INFO] [stdout] 
[INFO] [stdout] 
[INFO] [stdout] warning: the feature `generic_const_items` is incomplete and may not be safe to use and/or cause compiler crashes
[INFO] [stdout]  --> src/lib.rs:3:56
[INFO] [stdout]   |
[INFO] [stdout] 3 | #![feature(generic_const_args, min_generic_const_args, generic_const_items, macroless_generic_const_args, const_destruct, option_get_...
[INFO] [stdout]   |                                                        ^^^^^^^^^^^^^^^^^^^
[INFO] [stdout]   |
[INFO] [stdout]   = note: see issue #113521 <https://github.com/rust-lang/rust/issues/113521> for more information
[INFO] [stdout]   = note: `#[warn(incomplete_features)]` on by default
[INFO] [stdout] 
[INFO] [stdout] 
[INFO] [stdout] warning: unused import: `ops::Add`
[INFO] [stdout]  --> src/cpu.rs:1:44
[INFO] [stdout]   |
[INFO] [stdout] 1 | use std::{cell::Cell, marker::PhantomData, ops::Add, rc::Rc, sync::Arc};
[INFO] [stdout]   |                                            ^^^^^^^^
[INFO] [stdout]   |
[INFO] [stdout]   = note: `#[warn(unused_imports)]` (part of `#[warn(unused)]`) on by default
[INFO] [stdout] 
[INFO] [stdout] 
[INFO] [stdout] warning: unused import: `crate::memory::Address`
[INFO] [stdout]  --> src/graphics.rs:3:5
[INFO] [stdout]   |
[INFO] [stdout] 3 | use crate::memory::Address;
[INFO] [stdout]   |     ^^^^^^^^^^^^^^^^^^^^^^
[INFO] [stdout] 
[INFO] [stdout] 
[INFO] [stdout] warning: the feature `generic_const_items` is incomplete and may not be safe to use and/or cause compiler crashes
[INFO] [stdout]  --> src/lib.rs:3:56
[INFO] [stdout]   |
[INFO] [stdout] 3 | #![feature(generic_const_args, min_generic_const_args, generic_const_items, macroless_generic_const_args, const_destruct, option_get_...
[INFO] [stdout]   |                                                        ^^^^^^^^^^^^^^^^^^^
[INFO] [stdout]   |
[INFO] [stdout]   = note: see issue #113521 <https://github.com/rust-lang/rust/issues/113521> for more information
[INFO] [stdout]   = note: `#[warn(incomplete_features)]` on by default
[INFO] [stdout] 
[INFO] [stdout] 
[INFO] [stdout] warning: unused import: `ops::Add`
[INFO] [stdout]  --> src/cpu.rs:1:44
[INFO] [stdout]   |
[INFO] [stdout] 1 | use std::{cell::Cell, marker::PhantomData, ops::Add, rc::Rc, sync::Arc};
[INFO] [stdout]   |                                            ^^^^^^^^
[INFO] [stdout]   |
[INFO] [stdout]   = note: `#[warn(unused_imports)]` (part of `#[warn(unused)]`) on by default
[INFO] [stdout] 
[INFO] [stdout] 
[INFO] [stdout] warning: unused import: `crate::memory::Address`
[INFO] [stdout]  --> src/graphics.rs:3:5
[INFO] [stdout]   |
[INFO] [stdout] 3 | use crate::memory::Address;
[INFO] [stdout]   |     ^^^^^^^^^^^^^^^^^^^^^^
[INFO] [stdout] 
[INFO] [stdout] 
[INFO] [stdout] Some errors have detailed explanations: E0432, E0557.
[INFO] [stdout] 
[INFO] [stdout] For more information about an error, try `rustc --explain E0432`.
[INFO] [stdout] 
[INFO] [stderr] error: could not compile `emu-lib` (lib) due to 6 previous errors; 3 warnings emitted
[INFO] [stderr] warning: build failed, waiting for other jobs to finish...
[INFO] [stdout] Some errors have detailed explanations: E0432, E0557.
[INFO] [stdout] 
[INFO] [stdout] For more information about an error, try `rustc --explain E0432`.
[INFO] [stdout] 
[INFO] [stderr] error: could not compile `emu-lib` (lib test) due to 6 previous errors; 3 warnings emitted
[INFO] running `Command { std: "docker" "inspect" "7c40db76ca10eabc3f10225a4f002acb03c77ce78a362d861c86a1e021ea4214", kill_on_drop: false }`
[INFO] running `Command { std: "docker" "rm" "-f" "7c40db76ca10eabc3f10225a4f002acb03c77ce78a362d861c86a1e021ea4214", kill_on_drop: false }`
[INFO] [stdout] 7c40db76ca10eabc3f10225a4f002acb03c77ce78a362d861c86a1e021ea4214
