[INFO] cloning repository https://github.com/LiamNoceda/profile_service
[INFO] running `Command { std: "git" "-c" "credential.helper=" "-c" "credential.helper=/workspace/cargo-home/bin/git-credential-null" "clone" "--bare" "https://github.com/LiamNoceda/profile_service" "/workspace/cache/git-repos/https%3A%2F%2Fgithub.com%2FLiamNoceda%2Fprofile_service", kill_on_drop: false }`
[INFO] [stderr] Cloning into bare repository '/workspace/cache/git-repos/https%3A%2F%2Fgithub.com%2FLiamNoceda%2Fprofile_service'...
[INFO] running `Command { std: "git" "rev-parse" "HEAD", kill_on_drop: false }`
[INFO] [stdout] 7caed225c328c54df6b66284c94c9f9fcd708ade
[INFO] checking LiamNoceda/profile_service against 3154cc1a3e6424e44f438a95007d043ed5ceaaf6 for pr-133502-30
[INFO] running `Command { std: "git" "clone" "/workspace/cache/git-repos/https%3A%2F%2Fgithub.com%2FLiamNoceda%2Fprofile_service" "/workspace/builds/worker-7-tc2/source", kill_on_drop: false }`
[INFO] [stderr] Cloning into '/workspace/builds/worker-7-tc2/source'...
[INFO] [stderr] done.
[INFO] started tweaking git repo https://github.com/LiamNoceda/profile_service
[INFO] finished tweaking git repo https://github.com/LiamNoceda/profile_service
[INFO] tweaked toml for git repo https://github.com/LiamNoceda/profile_service written to /workspace/builds/worker-7-tc2/source/Cargo.toml
[INFO] validating manifest of git repo https://github.com/LiamNoceda/profile_service on toolchain 3154cc1a3e6424e44f438a95007d043ed5ceaaf6
[INFO] running `Command { std: CARGO_HOME="/workspace/cargo-home" RUSTUP_HOME="/workspace/rustup-home" "/workspace/cargo-home/bin/cargo" "+3154cc1a3e6424e44f438a95007d043ed5ceaaf6" "metadata" "--manifest-path" "Cargo.toml" "--no-deps", kill_on_drop: false }`
[INFO] crate git repo https://github.com/LiamNoceda/profile_service already has a lockfile, it will not be regenerated
[INFO] running `Command { std: CARGO_HOME="/workspace/cargo-home" RUSTUP_HOME="/workspace/rustup-home" "/workspace/cargo-home/bin/cargo" "+3154cc1a3e6424e44f438a95007d043ed5ceaaf6" "fetch" "--manifest-path" "Cargo.toml", kill_on_drop: false }`
[INFO] running `Command { std: "docker" "create" "-v" "/var/lib/crater-agent-workspace/builds/worker-7-tc2/source:/opt/rustwide/workdir:ro,Z" "-v" "/var/lib/crater-agent-workspace/builds/worker-7-tc2/target:/opt/rustwide/target:rw,Z" "-v" "/var/lib/crater-agent-workspace/cargo-home:/opt/rustwide/cargo-home:ro,Z" "-v" "/var/lib/crater-agent-workspace/rustup-home:/opt/rustwide/rustup-home:ro,Z" "-m" "1610612736" "--network" "none" "ghcr.io/rust-lang/crates-build-env/linux@sha256:77db811e55d90add9212f6832c23229e3de5f1c1f9905e8cb07319ea15df73ac" "sleep" "infinity", kill_on_drop: false }`
[INFO] [stdout] 7f30af363d7259d65014f9211f64298ec42cc6e31cadfac7f246ba443ece2ffa
[INFO] running `Command { std: "docker" "start" "7f30af363d7259d65014f9211f64298ec42cc6e31cadfac7f246ba443ece2ffa", kill_on_drop: false }`
[INFO] running `Command { std: "docker" "inspect" "7f30af363d7259d65014f9211f64298ec42cc6e31cadfac7f246ba443ece2ffa", kill_on_drop: false }`
[INFO] running `Command { std: "docker" "exec" "-e" "SOURCE_DIR=/opt/rustwide/workdir" "-e" "CARGO_HOME=/opt/rustwide/cargo-home" "-e" "RUSTUP_HOME=/opt/rustwide/rustup-home" "-e" "CARGO_TARGET_DIR=/opt/rustwide/target" "-w" "/opt/rustwide/workdir" "--user" "0:0" "7f30af363d7259d65014f9211f64298ec42cc6e31cadfac7f246ba443ece2ffa" "/opt/rustwide/cargo-home/bin/cargo" "+3154cc1a3e6424e44f438a95007d043ed5ceaaf6" "metadata" "--no-deps" "--format-version=1", kill_on_drop: false }`
[INFO] running `Command { std: "docker" "inspect" "7f30af363d7259d65014f9211f64298ec42cc6e31cadfac7f246ba443ece2ffa", kill_on_drop: false }`
[INFO] running `Command { std: "docker" "exec" "-e" "SOURCE_DIR=/opt/rustwide/workdir" "-e" "CARGO_HOME=/opt/rustwide/cargo-home" "-e" "RUSTUP_HOME=/opt/rustwide/rustup-home" "-e" "CARGO_TARGET_DIR=/opt/rustwide/target" "-e" "CARGO_INCREMENTAL=0" "-e" "RUST_BACKTRACE=full" "-e" "RUSTFLAGS=--cap-lints=forbid" "-e" "RUSTDOCFLAGS=--cap-lints=forbid" "-w" "/opt/rustwide/workdir" "--user" "0:0" "7f30af363d7259d65014f9211f64298ec42cc6e31cadfac7f246ba443ece2ffa" "/opt/rustwide/cargo-home/bin/cargo" "+3154cc1a3e6424e44f438a95007d043ed5ceaaf6" "check" "--frozen" "--all" "--all-targets" "--message-format=json", kill_on_drop: false }`
[INFO] [stderr]    Compiling serde_core v1.0.229
[INFO] [stderr]    Compiling thiserror v2.0.20
[INFO] [stderr]    Compiling syn v3.0.3
[INFO] [stderr]    Compiling generic-array v0.14.9
[INFO] [stderr]    Compiling synstructure v0.13.2
[INFO] [stderr]    Compiling zerovec-derive v0.11.3
[INFO] [stderr]    Compiling tracing-attributes v0.1.31
[INFO] [stderr]    Compiling futures-core v0.3.34
[INFO] [stderr]    Compiling hashbrown v0.16.1
[INFO] [stderr]    Compiling futures-io v0.3.34
[INFO] [stderr]    Compiling futures-sink v0.3.34
[INFO] [stderr]    Compiling futures-task v0.3.34
[INFO] [stderr]    Compiling base64 v0.22.1
[INFO] [stderr]     Checking futures-util v0.3.34
[INFO] [stderr]     Checking futures-intrusive v0.5.0
[INFO] [stderr]     Checking http-body-util v0.1.4
[INFO] [stderr]     Checking matchit v0.8.4
[INFO] [stderr]    Compiling block-buffer v0.10.4
[INFO] [stderr]    Compiling crypto-common v0.1.6
[INFO] [stderr]    Compiling zerofrom-derive v0.1.7
[INFO] [stderr]    Compiling yoke-derive v0.8.2
[INFO] [stderr]    Compiling digest v0.10.7
[INFO] [stderr]    Compiling sha2 v0.10.9
[INFO] [stderr]    Compiling hashlink v0.11.1
[INFO] [stderr]     Checking tracing v0.1.44
[INFO] [stderr]    Compiling zerofrom v0.1.8
[INFO] [stderr]     Checking yoke v0.8.3
[INFO] [stderr]     Checking axum-core v0.5.6
[INFO] [stderr]     Checking zerovec v0.11.6
[INFO] [stderr]     Checking potential_utf v0.1.5
[INFO] [stderr]    Compiling displaydoc v0.2.7
[INFO] [stderr]    Compiling serde_derive v1.0.229
[INFO] [stderr]    Compiling thiserror-impl v2.0.20
[INFO] [stderr]    Compiling tokio-macros v2.7.2
[INFO] [stderr]     Checking serde_json v1.0.151
[INFO] [stderr]     Checking serde_path_to_error v0.1.20
[INFO] [stderr]    Compiling tinystr v0.8.3
[INFO] [stderr]    Compiling zerotrie v0.2.4
[INFO] [stderr]    Compiling icu_collections v2.2.0
[INFO] [stderr]    Compiling icu_locale_core v2.2.0
[INFO] [stderr]     Checking tokio v1.53.1
[INFO] [stderr]     Checking icu_provider v2.2.0
[INFO] [stderr]     Checking icu_properties v2.2.0
[INFO] [stderr]     Checking icu_normalizer v2.2.0
[INFO] [stderr]     Checking idna_adapter v1.2.2
[INFO] [stderr]     Checking idna v1.1.0
[INFO] [stderr]    Compiling serde v1.0.229
[INFO] [stderr]     Checking url v2.5.8
[INFO] [stderr]     Checking either v1.17.0
[INFO] [stderr]     Checking serde_urlencoded v0.7.1
[INFO] [stderr]     Checking hyper v1.11.0
[INFO] [stderr]     Checking tower v0.5.3
[INFO] [stderr]     Checking sqlx-core v0.9.0
[INFO] [stderr]     Checking hyper-util v0.1.20
[INFO] [stderr]     Checking axum v0.8.9
[INFO] [stderr]    Compiling sqlx-macros-core v0.9.0
[INFO] [stderr]    Compiling sqlx-macros v0.9.0
[INFO] [stderr]     Checking sqlx v0.9.0
[INFO] [stderr]     Checking spatial v0.1.0 (/opt/rustwide/workdir)
[INFO] [stdout] error: expected expression, found `)`
[INFO] [stdout]   --> src/main.rs:16:19
[INFO] [stdout]    |
[INFO] [stdout] 16 |         .connect(&)
[INFO] [stdout]    |                   ^ expected expression
[INFO] [stdout] 
[INFO] [stdout] 
[INFO] [stdout] error: expected expression, found `)`
[INFO] [stdout]   --> src/main.rs:16:19
[INFO] [stdout]    |
[INFO] [stdout] 16 |         .connect(&)
[INFO] [stdout]    |                   ^ expected expression
[INFO] [stdout] 
[INFO] [stdout] 
[INFO] [stdout] error: set `DATABASE_URL` to use query macros online, or run `cargo sqlx prepare` to update the query cache
[INFO] [stdout]   --> src/spatial.rs:24:18
[INFO] [stdout]    |
[INFO] [stdout] 24 |       let result = query_as!(
[INFO] [stdout]    |  __________________^
[INFO] [stdout] 25 | |         UnitSpatinal,
[INFO] [stdout] 26 | |         r#"
[INFO] [stdout] 27 | |         INSERT INTO users (user_id, username, object_count)
[INFO] [stdout] ...  |
[INFO] [stdout] 34 | |         claim.username
[INFO] [stdout] 35 | |     )
[INFO] [stdout]    | |_____^
[INFO] [stdout]    |
[INFO] [stdout]    = note: this error originates in the macro `$crate::sqlx_macros::expand_query` which comes from the expansion of the macro `query_as` (in Nightly builds, run with -Z macro-backtrace for more info)
[INFO] [stdout] 
[INFO] [stdout] 
[INFO] [stdout] error[E0432]: unresolved import `sqlx::postgres`
[INFO] [stdout]   --> src/main.rs:5:11
[INFO] [stdout]    |
[INFO] [stdout]  5 | use sqlx::postgres::PgPoolOptions;
[INFO] [stdout]    |           ^^^^^^^^ could not find `postgres` in `sqlx`
[INFO] [stdout]    |
[INFO] [stdout] note: found an item that was configured out
[INFO] [stdout]   --> /opt/rustwide/cargo-home/registry/src/index.crates.io-1949cf8c6b5b557f/sqlx-0.9.0/src/lib.rs:58:13
[INFO] [stdout]    |
[INFO] [stdout] 54 | #[cfg(feature = "postgres")]
[INFO] [stdout]    |       -------------------- the item is gated behind the `postgres` feature
[INFO] [stdout] ...
[INFO] [stdout] 58 |     self as postgres, PgConnection, PgExecutor, PgPool, PgTransaction, Postgres,
[INFO] [stdout]    |             ^^^^^^^^
[INFO] [stdout] 
[INFO] [stdout] 
[INFO] [stdout] error[E0432]: unresolved import `serde`
[INFO] [stdout]  --> src/spatial.rs:8:5
[INFO] [stdout]   |
[INFO] [stdout] 8 | use serde::Serialize;
[INFO] [stdout]   |     ^^^^^ use of unresolved module or unlinked crate `serde`
[INFO] [stdout]   |
[INFO] [stdout]   = help: if you wanted to use a crate named `serde`, use `cargo add serde` to add it to your `Cargo.toml`
[INFO] [stdout] 
[INFO] [stdout] 
[INFO] [stdout] error[E0432]: unresolved import `validator`
[INFO] [stdout]  --> src/spatial.rs:9:5
[INFO] [stdout]   |
[INFO] [stdout] 9 | use validator::Validate;
[INFO] [stdout]   |     ^^^^^^^^^ use of unresolved module or unlinked crate `validator`
[INFO] [stdout]   |
[INFO] [stdout]   = help: if you wanted to use a crate named `validator`, use `cargo add validator` to add it to your `Cargo.toml`
[INFO] [stdout] 
[INFO] [stdout] 
[INFO] [stdout] error[E0433]: cannot find module or crate `tokio` in this scope
[INFO] [stdout]   --> src/main.rs:10:3
[INFO] [stdout]    |
[INFO] [stdout] 10 | #[tokio::main]
[INFO] [stdout]    |   ^^^^^ use of unresolved module or unlinked crate `tokio`
[INFO] [stdout] 
[INFO] [stdout] 
[INFO] [stdout] error: set `DATABASE_URL` to use query macros online, or run `cargo sqlx prepare` to update the query cache
[INFO] [stdout]   --> src/spatial.rs:24:18
[INFO] [stdout]    |
[INFO] [stdout] 24 |       let result = query_as!(
[INFO] [stdout]    |  __________________^
[INFO] [stdout] 25 | |         UnitSpatinal,
[INFO] [stdout] 26 | |         r#"
[INFO] [stdout] 27 | |         INSERT INTO users (user_id, username, object_count)
[INFO] [stdout] ...  |
[INFO] [stdout] 34 | |         claim.username
[INFO] [stdout] 35 | |     )
[INFO] [stdout]    | |_____^
[INFO] [stdout]    |
[INFO] [stdout]    = note: this error originates in the macro `$crate::sqlx_macros::expand_query` which comes from the expansion of the macro `query_as` (in Nightly builds, run with -Z macro-backtrace for more info)
[INFO] [stdout] 
[INFO] [stdout] 
[INFO] [stdout] error[E0432]: unresolved import `sqlx::postgres`
[INFO] [stdout]   --> src/main.rs:5:11
[INFO] [stdout]    |
[INFO] [stdout]  5 | use sqlx::postgres::PgPoolOptions;
[INFO] [stdout]    |           ^^^^^^^^ could not find `postgres` in `sqlx`
[INFO] [stdout]    |
[INFO] [stdout] note: found an item that was configured out
[INFO] [stdout]   --> /opt/rustwide/cargo-home/registry/src/index.crates.io-1949cf8c6b5b557f/sqlx-0.9.0/src/lib.rs:58:13
[INFO] [stdout]    |
[INFO] [stdout] 54 | #[cfg(feature = "postgres")]
[INFO] [stdout]    |       -------------------- the item is gated behind the `postgres` feature
[INFO] [stdout] ...
[INFO] [stdout] 58 |     self as postgres, PgConnection, PgExecutor, PgPool, PgTransaction, Postgres,
[INFO] [stdout]    |             ^^^^^^^^
[INFO] [stdout] 
[INFO] [stdout] 
[INFO] [stdout] error[E0432]: unresolved import `serde`
[INFO] [stdout]  --> src/spatial.rs:8:5
[INFO] [stdout]   |
[INFO] [stdout] 8 | use serde::Serialize;
[INFO] [stdout]   |     ^^^^^ use of unresolved module or unlinked crate `serde`
[INFO] [stdout]   |
[INFO] [stdout]   = help: if you wanted to use a crate named `serde`, use `cargo add serde` to add it to your `Cargo.toml`
[INFO] [stdout] 
[INFO] [stdout] 
[INFO] [stdout] error[E0432]: unresolved import `validator`
[INFO] [stdout]  --> src/spatial.rs:9:5
[INFO] [stdout]   |
[INFO] [stdout] 9 | use validator::Validate;
[INFO] [stdout]   |     ^^^^^^^^^ use of unresolved module or unlinked crate `validator`
[INFO] [stdout]   |
[INFO] [stdout]   = help: if you wanted to use a crate named `validator`, use `cargo add validator` to add it to your `Cargo.toml`
[INFO] [stdout] 
[INFO] [stdout] 
[INFO] [stdout] error[E0433]: cannot find module or crate `tokio` in this scope
[INFO] [stdout]   --> src/main.rs:10:3
[INFO] [stdout]    |
[INFO] [stdout] 10 | #[tokio::main]
[INFO] [stdout]    |   ^^^^^ use of unresolved module or unlinked crate `tokio`
[INFO] [stdout] 
[INFO] [stdout] 
[INFO] [stdout] error[E0425]: cannot find type `AppConfig` in this scope
[INFO] [stdout]   --> src/spatial.rs:19:56
[INFO] [stdout]    |
[INFO] [stdout] 19 | pub async fn get_spatial_handler(State(ctx): State<Arc<AppConfig>>, claim: Claim,) -> Result<impl IntoResponse, AppError> {
[INFO] [stdout]    |                                                        ^^^^^^^^^ not found in this scope
[INFO] [stdout]    |
[INFO] [stdout] help: you might be missing a type parameter
[INFO] [stdout]    |
[INFO] [stdout] 19 | pub async fn get_spatial_handler<AppConfig>(State(ctx): State<Arc<AppConfig>>, claim: Claim,) -> Result<impl IntoResponse, AppError> {
[INFO] [stdout]    |                                 +++++++++++
[INFO] [stdout] 
[INFO] [stdout] 
[INFO] [stdout] error[E0425]: cannot find type `Claim` in this scope
[INFO] [stdout]   --> src/spatial.rs:19:76
[INFO] [stdout]    |
[INFO] [stdout] 19 | pub async fn get_spatial_handler(State(ctx): State<Arc<AppConfig>>, claim: Claim,) -> Result<impl IntoResponse, AppError> {
[INFO] [stdout]    |                                                                            ^^^^^ not found in this scope
[INFO] [stdout] 
[INFO] [stdout] 
[INFO] [stdout] error[E0425]: cannot find type `AppError` in this scope
[INFO] [stdout]   --> src/spatial.rs:19:113
[INFO] [stdout]    |
[INFO] [stdout] 19 | pub async fn get_spatial_handler(State(ctx): State<Arc<AppConfig>>, claim: Claim,) -> Result<impl IntoResponse, AppError> {
[INFO] [stdout]    |                                                                                                                 ^^^^^^^^ not found in this scope
[INFO] [stdout]    |
[INFO] [stdout] help: you might be missing a type parameter
[INFO] [stdout]    |
[INFO] [stdout] 19 | pub async fn get_spatial_handler<AppError>(State(ctx): State<Arc<AppConfig>>, claim: Claim,) -> Result<impl IntoResponse, AppError> {
[INFO] [stdout]    |                                 ++++++++++
[INFO] [stdout] 
[INFO] [stdout] 
[INFO] [stdout] warning: unused imports: `Router` and `routing::post`
[INFO] [stdout]  --> src/main.rs:2:5
[INFO] [stdout]   |
[INFO] [stdout] 2 |     routing::post,
[INFO] [stdout]   |     ^^^^^^^^^^^^^
[INFO] [stdout] 3 |     Router,
[INFO] [stdout]   |     ^^^^^^
[INFO] [stdout]   |
[INFO] [stdout]   = note: `#[warn(unused_imports)]` (part of `#[warn(unused)]`) on by default
[INFO] [stdout] 
[INFO] [stdout] 
[INFO] [stdout] warning: unused import: `Response`
[INFO] [stdout]  --> src/spatial.rs:2:30
[INFO] [stdout]   |
[INFO] [stdout] 2 |     response::{IntoResponse, Response},
[INFO] [stdout]   |                              ^^^^^^^^
[INFO] [stdout] 
[INFO] [stdout] 
[INFO] [stdout] warning: unused import: `spatial::get_spatial_handler`
[INFO] [stdout]  --> src/main.rs:8:5
[INFO] [stdout]   |
[INFO] [stdout] 8 | use spatial::get_spatial_handler;
[INFO] [stdout]   |     ^^^^^^^^^^^^^^^^^^^^^^^^^^^^
[INFO] [stdout] 
[INFO] [stdout] 
[INFO] [stdout] error[E0752]: `main` function is not allowed to be `async`
[INFO] [stdout]   --> src/main.rs:11:1
[INFO] [stdout]    |
[INFO] [stdout] 11 | async fn main() {
[INFO] [stdout]    | ^^^^^^^^^^^^^^^ `main` function is not allowed to be `async`
[INFO] [stdout] 
[INFO] [stdout] 
[INFO] [stdout] error[E0425]: cannot find type `AppConfig` in this scope
[INFO] [stdout]   --> src/spatial.rs:19:56
[INFO] [stdout]    |
[INFO] [stdout] 19 | pub async fn get_spatial_handler(State(ctx): State<Arc<AppConfig>>, claim: Claim,) -> Result<impl IntoResponse, AppError> {
[INFO] [stdout]    |                                                        ^^^^^^^^^ not found in this scope
[INFO] [stdout]    |
[INFO] [stdout] help: you might be missing a type parameter
[INFO] [stdout]    |
[INFO] [stdout] 19 | pub async fn get_spatial_handler<AppConfig>(State(ctx): State<Arc<AppConfig>>, claim: Claim,) -> Result<impl IntoResponse, AppError> {
[INFO] [stdout]    |                                 +++++++++++
[INFO] [stdout] 
[INFO] [stdout] 
[INFO] [stdout] error[E0425]: cannot find type `Claim` in this scope
[INFO] [stdout]   --> src/spatial.rs:19:76
[INFO] [stdout]    |
[INFO] [stdout] 19 | pub async fn get_spatial_handler(State(ctx): State<Arc<AppConfig>>, claim: Claim,) -> Result<impl IntoResponse, AppError> {
[INFO] [stdout]    |                                                                            ^^^^^ not found in this scope
[INFO] [stdout] 
[INFO] [stdout] 
[INFO] [stdout] error[E0425]: cannot find type `AppError` in this scope
[INFO] [stdout]   --> src/spatial.rs:19:113
[INFO] [stdout]    |
[INFO] [stdout] 19 | pub async fn get_spatial_handler(State(ctx): State<Arc<AppConfig>>, claim: Claim,) -> Result<impl IntoResponse, AppError> {
[INFO] [stdout]    |                                                                                                                 ^^^^^^^^ not found in this scope
[INFO] [stdout]    |
[INFO] [stdout] help: you might be missing a type parameter
[INFO] [stdout]    |
[INFO] [stdout] 19 | pub async fn get_spatial_handler<AppError>(State(ctx): State<Arc<AppConfig>>, claim: Claim,) -> Result<impl IntoResponse, AppError> {
[INFO] [stdout]    |                                 ++++++++++
[INFO] [stdout] 
[INFO] [stdout] 
[INFO] [stdout] Some errors have detailed explanations: E0425, E0432, E0433, E0752.
[INFO] [stdout] 
[INFO] [stdout] For more information about an error, try `rustc --explain E0425`.
[INFO] [stdout] 
[INFO] [stdout] warning: unused imports: `Router` and `routing::post`
[INFO] [stdout]  --> src/main.rs:2:5
[INFO] [stdout]   |
[INFO] [stdout] 2 |     routing::post,
[INFO] [stdout]   |     ^^^^^^^^^^^^^
[INFO] [stdout] 3 |     Router,
[INFO] [stdout]   |     ^^^^^^
[INFO] [stdout]   |
[INFO] [stdout]   = note: `#[warn(unused_imports)]` (part of `#[warn(unused)]`) on by default
[INFO] [stdout] 
[INFO] [stdout] 
[INFO] [stdout] warning: unused import: `Response`
[INFO] [stdout]  --> src/spatial.rs:2:30
[INFO] [stdout]   |
[INFO] [stdout] 2 |     response::{IntoResponse, Response},
[INFO] [stdout]   |                              ^^^^^^^^
[INFO] [stdout] 
[INFO] [stdout] 
[INFO] [stdout] warning: unused import: `spatial::get_spatial_handler`
[INFO] [stdout]  --> src/main.rs:8:5
[INFO] [stdout]   |
[INFO] [stdout] 8 | use spatial::get_spatial_handler;
[INFO] [stdout]   |     ^^^^^^^^^^^^^^^^^^^^^^^^^^^^
[INFO] [stdout] 
[INFO] [stdout] 
[INFO] [stderr] error: could not compile `spatial` (bin "spatial") due to 10 previous errors; 3 warnings emitted
[INFO] [stderr] warning: build failed, waiting for other jobs to finish...
[INFO] [stdout] Some errors have detailed explanations: E0425, E0432, E0433.
[INFO] [stdout] 
[INFO] [stdout] For more information about an error, try `rustc --explain E0425`.
[INFO] [stdout] 
[INFO] [stderr] error: could not compile `spatial` (bin "spatial" test) due to 9 previous errors; 3 warnings emitted
[INFO] running `Command { std: "docker" "inspect" "7f30af363d7259d65014f9211f64298ec42cc6e31cadfac7f246ba443ece2ffa", kill_on_drop: false }`
[INFO] running `Command { std: "docker" "rm" "-f" "7f30af363d7259d65014f9211f64298ec42cc6e31cadfac7f246ba443ece2ffa", kill_on_drop: false }`
[INFO] [stdout] 7f30af363d7259d65014f9211f64298ec42cc6e31cadfac7f246ba443ece2ffa
