[INFO] cloning repository https://github.com/Li-Mingshuang/livephoto-browser
[INFO] running `Command { std: "git" "-c" "credential.helper=" "-c" "credential.helper=/workspace/cargo-home/bin/git-credential-null" "clone" "--bare" "https://github.com/Li-Mingshuang/livephoto-browser" "/workspace/cache/git-repos/https%3A%2F%2Fgithub.com%2FLi-Mingshuang%2Flivephoto-browser", kill_on_drop: false }`
[INFO] [stderr] Cloning into bare repository '/workspace/cache/git-repos/https%3A%2F%2Fgithub.com%2FLi-Mingshuang%2Flivephoto-browser'...
[INFO] running `Command { std: "git" "rev-parse" "HEAD", kill_on_drop: false }`
[INFO] [stdout] 7a368c3cc9f8ac50f311d74905a610dd5cebf975
[INFO] checking Li-Mingshuang/livephoto-browser against 3154cc1a3e6424e44f438a95007d043ed5ceaaf6 for pr-133502-30
[INFO] running `Command { std: "git" "clone" "/workspace/cache/git-repos/https%3A%2F%2Fgithub.com%2FLi-Mingshuang%2Flivephoto-browser" "/workspace/builds/worker-7-tc2/source", kill_on_drop: false }`
[INFO] [stderr] Cloning into '/workspace/builds/worker-7-tc2/source'...
[INFO] [stderr] done.
[INFO] started tweaking git repo https://github.com/Li-Mingshuang/livephoto-browser
[INFO] finished tweaking git repo https://github.com/Li-Mingshuang/livephoto-browser
[INFO] tweaked toml for git repo https://github.com/Li-Mingshuang/livephoto-browser written to /workspace/builds/worker-7-tc2/source/Cargo.toml
[INFO] validating manifest of git repo https://github.com/Li-Mingshuang/livephoto-browser on toolchain 3154cc1a3e6424e44f438a95007d043ed5ceaaf6
[INFO] running `Command { std: CARGO_HOME="/workspace/cargo-home" RUSTUP_HOME="/workspace/rustup-home" "/workspace/cargo-home/bin/cargo" "+3154cc1a3e6424e44f438a95007d043ed5ceaaf6" "metadata" "--manifest-path" "Cargo.toml" "--no-deps", kill_on_drop: false }`
[INFO] crate git repo https://github.com/Li-Mingshuang/livephoto-browser already has a lockfile, it will not be regenerated
[INFO] running `Command { std: CARGO_HOME="/workspace/cargo-home" RUSTUP_HOME="/workspace/rustup-home" "/workspace/cargo-home/bin/cargo" "+3154cc1a3e6424e44f438a95007d043ed5ceaaf6" "fetch" "--manifest-path" "Cargo.toml", kill_on_drop: false }`
[INFO] running `Command { std: "docker" "create" "-v" "/var/lib/crater-agent-workspace/builds/worker-7-tc2/source:/opt/rustwide/workdir:ro,Z" "-v" "/var/lib/crater-agent-workspace/builds/worker-7-tc2/target:/opt/rustwide/target:rw,Z" "-v" "/var/lib/crater-agent-workspace/cargo-home:/opt/rustwide/cargo-home:ro,Z" "-v" "/var/lib/crater-agent-workspace/rustup-home:/opt/rustwide/rustup-home:ro,Z" "-m" "1610612736" "--network" "none" "ghcr.io/rust-lang/crates-build-env/linux@sha256:77db811e55d90add9212f6832c23229e3de5f1c1f9905e8cb07319ea15df73ac" "sleep" "infinity", kill_on_drop: false }`
[INFO] [stdout] fa8a51a2a55f8367c1eeaaf3c40d8a424ac6d2a73483277f55f19bb25f47599d
[INFO] running `Command { std: "docker" "start" "fa8a51a2a55f8367c1eeaaf3c40d8a424ac6d2a73483277f55f19bb25f47599d", kill_on_drop: false }`
[INFO] running `Command { std: "docker" "inspect" "fa8a51a2a55f8367c1eeaaf3c40d8a424ac6d2a73483277f55f19bb25f47599d", kill_on_drop: false }`
[INFO] running `Command { std: "docker" "exec" "-e" "SOURCE_DIR=/opt/rustwide/workdir" "-e" "CARGO_HOME=/opt/rustwide/cargo-home" "-e" "RUSTUP_HOME=/opt/rustwide/rustup-home" "-e" "CARGO_TARGET_DIR=/opt/rustwide/target" "-w" "/opt/rustwide/workdir" "--user" "0:0" "fa8a51a2a55f8367c1eeaaf3c40d8a424ac6d2a73483277f55f19bb25f47599d" "/opt/rustwide/cargo-home/bin/cargo" "+3154cc1a3e6424e44f438a95007d043ed5ceaaf6" "metadata" "--no-deps" "--format-version=1", kill_on_drop: false }`
[INFO] running `Command { std: "docker" "inspect" "fa8a51a2a55f8367c1eeaaf3c40d8a424ac6d2a73483277f55f19bb25f47599d", kill_on_drop: false }`
[INFO] running `Command { std: "docker" "exec" "-e" "SOURCE_DIR=/opt/rustwide/workdir" "-e" "CARGO_HOME=/opt/rustwide/cargo-home" "-e" "RUSTUP_HOME=/opt/rustwide/rustup-home" "-e" "CARGO_TARGET_DIR=/opt/rustwide/target" "-e" "CARGO_INCREMENTAL=0" "-e" "RUST_BACKTRACE=full" "-e" "RUSTFLAGS=--cap-lints=forbid" "-e" "RUSTDOCFLAGS=--cap-lints=forbid" "-w" "/opt/rustwide/workdir" "--user" "0:0" "fa8a51a2a55f8367c1eeaaf3c40d8a424ac6d2a73483277f55f19bb25f47599d" "/opt/rustwide/cargo-home/bin/cargo" "+3154cc1a3e6424e44f438a95007d043ed5ceaaf6" "check" "--frozen" "--all" "--all-targets" "--message-format=json", kill_on_drop: false }`
[INFO] [stderr]    Compiling smallvec v1.16.1
[INFO] [stderr]    Compiling crossbeam-utils v0.8.23
[INFO] [stderr]     Checking bitflags v2.13.2
[INFO] [stderr]    Compiling serde_derive v1.0.229
[INFO] [stderr]    Compiling synstructure v0.13.2
[INFO] [stderr]    Compiling zerovec-derive v0.11.6
[INFO] [stderr]    Compiling displaydoc v0.2.7
[INFO] [stderr]    Compiling thiserror-impl v2.0.20
[INFO] [stderr]    Compiling thiserror-impl v1.0.69
[INFO] [stderr]    Compiling semver v1.0.28
[INFO] [stderr]     Checking serde_json v1.0.151
[INFO] [stderr]    Compiling toml_datetime v1.1.1+spec-1.1.0
[INFO] [stderr]    Compiling phf_macros v0.13.1
[INFO] [stderr]    Compiling crossbeam-epoch v0.9.21
[INFO] [stderr]    Compiling crossbeam-deque v0.8.8
[INFO] [stderr]    Compiling darling_core v0.24.1
[INFO] [stderr]    Compiling futures-macro v0.3.34
[INFO] [stderr]    Compiling cfg-expr v0.15.8
[INFO] [stderr]     Checking flate2 v1.1.10
[INFO] [stderr]    Compiling rustc_version v0.4.1
[INFO] [stderr]    Compiling blake3 v1.8.7
[INFO] [stderr]     Checking zune-core v0.5.3
[INFO] [stderr]    Compiling parking_lot_core v0.9.12
[INFO] [stderr]     Checking png v0.18.1
[INFO] [stderr]     Checking zune-jpeg v0.5.15
[INFO] [stderr]    Compiling zerofrom-derive v0.1.7
[INFO] [stderr]    Compiling yoke-derive v0.8.2
[INFO] [stderr]     Checking futures-channel v0.3.34
[INFO] [stderr]     Checking futures-util v0.3.34
[INFO] [stderr]    Compiling phf v0.13.1
[INFO] [stderr]     Checking bytemuck v1.25.2
[INFO] [stderr]    Compiling parking_lot v0.12.5
[INFO] [stderr]    Compiling serde_spanned v1.1.1
[INFO] [stderr]     Checking thiserror v1.0.69
[INFO] [stderr]    Compiling string_cache v0.9.0
[INFO] [stderr]    Compiling uuid v1.26.1
[INFO] [stderr]     Checking rayon-core v1.13.0
[INFO] [stderr]    Compiling cssparser-macros v0.6.1
[INFO] [stderr]    Compiling derive_more-impl v2.1.1
[INFO] [stderr]    Compiling web_atoms v0.2.6
[INFO] [stderr]    Compiling regex-automata v0.4.18
[INFO] [stderr]    Compiling toml v1.1.6+spec-1.1.0
[INFO] [stderr]     Checking image v0.25.10
[INFO] [stderr]    Compiling serde_derive_internals v0.29.1
[INFO] [stderr]    Compiling cssparser v0.36.0
[INFO] [stderr]     Checking rayon v1.12.0
[INFO] [stderr]     Checking thiserror v2.0.20
[INFO] [stderr]     Checking fast_image_resize v6.1.0
[INFO] [stderr]    Compiling time v0.3.55
[INFO] [stderr]    Compiling zerofrom v0.1.8
[INFO] [stderr]    Compiling cfb v0.7.3
[INFO] [stderr]    Compiling yoke v0.8.3
[INFO] [stderr]    Compiling zerovec v0.11.8
[INFO] [stderr]    Compiling zerotrie v0.2.5
[INFO] [stderr]    Compiling derive_more v2.1.1
[INFO] [stderr]    Compiling markup5ever v0.38.0
[INFO] [stderr]    Compiling selectors v0.36.1
[INFO] [stderr]    Compiling schemars_derive v0.8.22
[INFO] [stderr]    Compiling html5ever v0.38.0
[INFO] [stderr]    Compiling erased-serde v0.4.10
[INFO] [stderr]    Compiling camino v1.2.5
[INFO] [stderr]    Compiling tinystr v0.8.4
[INFO] [stderr]    Compiling potential_utf v0.1.6
[INFO] [stderr]    Compiling icu_locale_core v2.3.0
[INFO] [stderr]    Compiling icu_collections v2.3.0
[INFO] [stderr]    Compiling serde v1.0.229
[INFO] [stderr]    Compiling http v1.5.0
[INFO] [stderr]     Checking futures-executor v0.3.34
[INFO] [stderr]    Compiling serde-untagged v0.1.9
[INFO] [stderr]    Compiling brotli v8.0.4
[INFO] [stderr]    Compiling infer v0.19.0
[INFO] [stderr]    Compiling ctor v0.8.0
[INFO] [stderr]    Compiling dom_query v0.27.0
[INFO] [stderr]    Compiling anyhow v1.0.104
[INFO] [stderr]    Compiling toml_datetime v0.6.3
[INFO] [stderr]    Compiling serde_spanned v0.6.9
[INFO] [stderr]    Compiling jsonptr v0.6.3
[INFO] [stderr]    Compiling toml_edit v0.20.2
[INFO] [stderr]    Compiling indexmap v1.9.3
[INFO] [stderr]    Compiling cargo-platform v0.1.9
[INFO] [stderr]    Compiling toml_edit v0.19.15
[INFO] [stderr]    Compiling darling_macro v0.24.1
[INFO] [stderr]    Compiling regex v1.13.1
[INFO] [stderr]    Compiling cargo_metadata v0.19.2
[INFO] [stderr]     Checking livephoto-core v0.1.0 (/opt/rustwide/workdir/core)
[INFO] [stderr]     Checking icu_provider v2.3.1
[INFO] [stdout] error[E0433]: cannot find module or crate `windows` in this scope
[INFO] [stdout]   --> core/src/media/mf.rs:13:5
[INFO] [stdout]    |
[INFO] [stdout] 13 | use windows::core::{GUID, Interface, PCWSTR};
[INFO] [stdout]    |     ^^^^^^^ use of unresolved module or unlinked crate `windows`
[INFO] [stdout]    |
[INFO] [stdout]    = help: if you wanted to use a crate named `windows`, use `cargo add windows` to add it to your `Cargo.toml`
[INFO] [stdout] 
[INFO] [stdout] 
[INFO] [stdout] error[E0433]: cannot find module or crate `windows` in this scope
[INFO] [stdout]   --> core/src/media/mf.rs:14:5
[INFO] [stdout]    |
[INFO] [stdout] 14 | use windows::Win32::Media::MediaFoundation::{
[INFO] [stdout]    |     ^^^^^^^ use of unresolved module or unlinked crate `windows`
[INFO] [stdout]    |
[INFO] [stdout]    = help: if you wanted to use a crate named `windows`, use `cargo add windows` to add it to your `Cargo.toml`
[INFO] [stdout] 
[INFO] [stdout] 
[INFO] [stdout] error[E0433]: cannot find module or crate `windows` in this scope
[INFO] [stdout]   --> core/src/media/mf.rs:20:5
[INFO] [stdout]    |
[INFO] [stdout] 20 | use windows::Win32::System::Com::StructuredStorage::PROPVARIANT;
[INFO] [stdout]    |     ^^^^^^^ use of unresolved module or unlinked crate `windows`
[INFO] [stdout]    |
[INFO] [stdout]    = help: if you wanted to use a crate named `windows`, use `cargo add windows` to add it to your `Cargo.toml`
[INFO] [stdout] 
[INFO] [stdout] 
[INFO] [stdout] error[E0433]: cannot find module or crate `windows` in this scope
[INFO] [stdout]   --> core/src/media/mf.rs:21:5
[INFO] [stdout]    |
[INFO] [stdout] 21 | use windows::Win32::System::Variant::VT_I8;
[INFO] [stdout]    |     ^^^^^^^ use of unresolved module or unlinked crate `windows`
[INFO] [stdout]    |
[INFO] [stdout]    = help: if you wanted to use a crate named `windows`, use `cargo add windows` to add it to your `Cargo.toml`
[INFO] [stdout] 
[INFO] [stdout] 
[INFO] [stdout] error[E0433]: cannot find module or crate `windows` in this scope
[INFO] [stdout]   --> core/src/media/wic.rs:27:5
[INFO] [stdout]    |
[INFO] [stdout] 27 | use windows::core::{Interface, IUnknown, PCWSTR};
[INFO] [stdout]    |     ^^^^^^^ use of unresolved module or unlinked crate `windows`
[INFO] [stdout]    |
[INFO] [stdout]    = help: if you wanted to use a crate named `windows`, use `cargo add windows` to add it to your `Cargo.toml`
[INFO] [stdout] 
[INFO] [stdout] 
[INFO] [stdout] error[E0433]: cannot find module or crate `windows` in this scope
[INFO] [stdout]   --> core/src/media/wic.rs:28:5
[INFO] [stdout]    |
[INFO] [stdout] 28 | use windows::Win32::Foundation::GENERIC_READ;
[INFO] [stdout]    |     ^^^^^^^ use of unresolved module or unlinked crate `windows`
[INFO] [stdout]    |
[INFO] [stdout]    = help: if you wanted to use a crate named `windows`, use `cargo add windows` to add it to your `Cargo.toml`
[INFO] [stdout] 
[INFO] [stdout] 
[INFO] [stdout] error[E0433]: cannot find module or crate `windows` in this scope
[INFO] [stdout]   --> core/src/media/wic.rs:29:5
[INFO] [stdout]    |
[INFO] [stdout] 29 | use windows::Win32::Graphics::Imaging::{
[INFO] [stdout]    |     ^^^^^^^ use of unresolved module or unlinked crate `windows`
[INFO] [stdout]    |
[INFO] [stdout]    = help: if you wanted to use a crate named `windows`, use `cargo add windows` to add it to your `Cargo.toml`
[INFO] [stdout] 
[INFO] [stdout] 
[INFO] [stdout] error[E0433]: cannot find module or crate `windows` in this scope
[INFO] [stdout]   --> core/src/media/wic.rs:35:5
[INFO] [stdout]    |
[INFO] [stdout] 35 | use windows::Win32::System::Com::{CoCreateInstance, CLSCTX_INPROC_SERVER};
[INFO] [stdout]    |     ^^^^^^^ use of unresolved module or unlinked crate `windows`
[INFO] [stdout]    |
[INFO] [stdout]    = help: if you wanted to use a crate named `windows`, use `cargo add windows` to add it to your `Cargo.toml`
[INFO] [stdout] 
[INFO] [stdout] 
[INFO] [stderr]    Compiling darling v0.24.1
[INFO] [stdout] error[E0433]: cannot find module or crate `windows` in this scope
[INFO] [stdout]    --> core/src/media/mf.rs:298:32
[INFO] [stdout]     |
[INFO] [stdout] 298 |             OutFormat::Nv12 => windows::Win32::Media::MediaFoundation::MFVideoFormat_NV12,
[INFO] [stdout]     |                                ^^^^^^^ use of unresolved module or unlinked crate `windows`
[INFO] [stdout]     |
[INFO] [stdout]     = help: if you wanted to use a crate named `windows`, use `cargo add windows` to add it to your `Cargo.toml`
[INFO] [stdout] 
[INFO] [stdout] 
[INFO] [stdout] error[E0433]: cannot find module or crate `windows` in this scope
[INFO] [stdout]   --> core/src/media/wic.rs:54:26
[INFO] [stdout]    |
[INFO] [stdout] 54 |     fn wic_guid(self) -> windows::core::GUID {
[INFO] [stdout]    |                          ^^^^^^^ use of unresolved module or unlinked crate `windows`
[INFO] [stdout]    |
[INFO] [stdout]    = help: if you wanted to use a crate named `windows`, use `cargo add windows` to add it to your `Cargo.toml`
[INFO] [stdout] 
[INFO] [stdout] 
[INFO] [stdout] error[E0433]: cannot find `windows` in `os`
[INFO] [stdout]    --> core/src/media/mf.rs:272:36
[INFO] [stdout]     |
[INFO] [stdout] 272 |     let mut w: Vec<u16> = std::os::windows::ffi::OsStrExt::encode_wide(path.as_os_str()).collect();
[INFO] [stdout]     |                                    ^^^^^^^ could not find `windows` in `os`
[INFO] [stdout]     |
[INFO] [stdout] note: found an item that was configured out
[INFO] [stdout]    --> /rustc/3154cc1a3e6424e44f438a95007d043ed5ceaaf6/library/std/src/os/mod.rs:62:4
[INFO] [stdout]     |
[INFO] [stdout]     = note: the item is gated behind the `windows` feature
[INFO] [stdout] help: consider importing this trait
[INFO] [stdout]     |
[INFO] [stdout]  10 + use std::os::unix::prelude::OsStrExt;
[INFO] [stdout]     |
[INFO] [stdout] help: if you import `OsStrExt`, refer to it directly
[INFO] [stdout]     |
[INFO] [stdout] 272 -     let mut w: Vec<u16> = std::os::windows::ffi::OsStrExt::encode_wide(path.as_os_str()).collect();
[INFO] [stdout] 272 +     let mut w: Vec<u16> = OsStrExt::encode_wide(path.as_os_str()).collect();
[INFO] [stdout]     |
[INFO] [stdout] 
[INFO] [stdout] 
[INFO] [stdout] error[E0433]: cannot find `windows` in `os`
[INFO] [stdout]    --> core/src/media/wic.rs:254:18
[INFO] [stdout]     |
[INFO] [stdout] 254 |         std::os::windows::ffi::OsStrExt::encode_wide(path.as_os_str()).collect();
[INFO] [stdout]     |                  ^^^^^^^ could not find `windows` in `os`
[INFO] [stdout]     |
[INFO] [stdout] note: found an item that was configured out
[INFO] [stdout]    --> /rustc/3154cc1a3e6424e44f438a95007d043ed5ceaaf6/library/std/src/os/mod.rs:62:4
[INFO] [stdout]     |
[INFO] [stdout]     = note: the item is gated behind the `windows` feature
[INFO] [stdout] help: consider importing this trait
[INFO] [stdout]     |
[INFO] [stdout]  23 + use std::os::unix::prelude::OsStrExt;
[INFO] [stdout]     |
[INFO] [stdout] help: if you import `OsStrExt`, refer to it directly
[INFO] [stdout]     |
[INFO] [stdout] 254 -         std::os::windows::ffi::OsStrExt::encode_wide(path.as_os_str()).collect();
[INFO] [stdout] 254 +         OsStrExt::encode_wide(path.as_os_str()).collect();
[INFO] [stdout]     |
[INFO] [stdout] 
[INFO] [stdout] 
[INFO] [stderr]    Compiling json-patch v3.0.1
[INFO] [stderr]    Compiling serde_with_macros v3.23.0
[INFO] [stderr]    Compiling field-offset v0.3.6
[INFO] [stderr]    Compiling toml_datetime v0.7.5+spec-1.1.0
[INFO] [stderr]     Checking icu_properties v2.3.0
[INFO] [stderr]     Checking icu_normalizer v2.3.0
[INFO] [stderr]    Compiling plist v1.10.1
[INFO] [stdout] For more information about this error, try `rustc --explain E0433`.
[INFO] [stdout] 
[INFO] [stderr] error: could not compile `livephoto-core` (lib) due to 12 previous errors
[INFO] [stderr] warning: build failed, waiting for other jobs to finish...
[INFO] running `Command { std: "docker" "inspect" "fa8a51a2a55f8367c1eeaaf3c40d8a424ac6d2a73483277f55f19bb25f47599d", kill_on_drop: false }`
[INFO] running `Command { std: "docker" "rm" "-f" "fa8a51a2a55f8367c1eeaaf3c40d8a424ac6d2a73483277f55f19bb25f47599d", kill_on_drop: false }`
[INFO] [stdout] fa8a51a2a55f8367c1eeaaf3c40d8a424ac6d2a73483277f55f19bb25f47599d
