[INFO] cloning repository https://github.com/Leoyzen/immich-ml-silicon-rs
[INFO] running `Command { std: "git" "-c" "credential.helper=" "-c" "credential.helper=/workspace/cargo-home/bin/git-credential-null" "clone" "--bare" "https://github.com/Leoyzen/immich-ml-silicon-rs" "/workspace/cache/git-repos/https%3A%2F%2Fgithub.com%2FLeoyzen%2Fimmich-ml-silicon-rs", kill_on_drop: false }`
[INFO] [stderr] Cloning into bare repository '/workspace/cache/git-repos/https%3A%2F%2Fgithub.com%2FLeoyzen%2Fimmich-ml-silicon-rs'...
[INFO] running `Command { std: "git" "rev-parse" "HEAD", kill_on_drop: false }`
[INFO] [stdout] afc982b875000e9bf490acdb8fd9fdde6cce4ea3
[INFO] checking Leoyzen/immich-ml-silicon-rs against 3154cc1a3e6424e44f438a95007d043ed5ceaaf6+rustflags=-Znext-solver=coherence for pr-133502-30
[INFO] running `Command { std: "git" "clone" "/workspace/cache/git-repos/https%3A%2F%2Fgithub.com%2FLeoyzen%2Fimmich-ml-silicon-rs" "/workspace/builds/worker-6-tc1/source", kill_on_drop: false }`
[INFO] [stderr] Cloning into '/workspace/builds/worker-6-tc1/source'...
[INFO] [stderr] done.
[INFO] started tweaking git repo https://github.com/Leoyzen/immich-ml-silicon-rs
[INFO] finished tweaking git repo https://github.com/Leoyzen/immich-ml-silicon-rs
[INFO] tweaked toml for git repo https://github.com/Leoyzen/immich-ml-silicon-rs written to /workspace/builds/worker-6-tc1/source/Cargo.toml
[INFO] validating manifest of git repo https://github.com/Leoyzen/immich-ml-silicon-rs on toolchain 3154cc1a3e6424e44f438a95007d043ed5ceaaf6
[INFO] running `Command { std: CARGO_HOME="/workspace/cargo-home" RUSTUP_HOME="/workspace/rustup-home" "/workspace/cargo-home/bin/cargo" "+3154cc1a3e6424e44f438a95007d043ed5ceaaf6" "metadata" "--manifest-path" "Cargo.toml" "--no-deps", kill_on_drop: false }`
[INFO] crate git repo https://github.com/Leoyzen/immich-ml-silicon-rs already has a lockfile, it will not be regenerated
[INFO] running `Command { std: CARGO_HOME="/workspace/cargo-home" RUSTUP_HOME="/workspace/rustup-home" "/workspace/cargo-home/bin/cargo" "+3154cc1a3e6424e44f438a95007d043ed5ceaaf6" "fetch" "--manifest-path" "Cargo.toml", kill_on_drop: false }`
[INFO] [stderr]     Updating crates.io index
[INFO] [stderr]  Downloading crates ...
[INFO] [stderr]   Downloaded hmac-sha256 v1.1.14
[INFO] [stderr]   Downloaded objc2-vision v0.3.2
[INFO] [stderr]   Downloaded objc2-core-audio v0.3.2
[INFO] [stderr]   Downloaded objc2-core-audio-types v0.3.2
[INFO] [stderr]   Downloaded objc2-image-io v0.3.2
[INFO] [stderr]   Downloaded objc2-core-ml v0.3.2
[INFO] [stderr]   Downloaded ureq v3.4.0
[INFO] [stderr]   Downloaded ureq-proto v0.6.1
[INFO] [stderr]   Downloaded objc2-core-media v0.3.2
[INFO] [stderr]   Downloaded der v0.8.1
[INFO] [stderr]   Downloaded objc2-av-foundation v0.3.2
[INFO] running `Command { std: "docker" "create" "-v" "/var/lib/crater-agent-workspace/builds/worker-6-tc1/source:/opt/rustwide/workdir:ro,Z" "-v" "/var/lib/crater-agent-workspace/builds/worker-6-tc1/target:/opt/rustwide/target:rw,Z" "-v" "/var/lib/crater-agent-workspace/cargo-home:/opt/rustwide/cargo-home:ro,Z" "-v" "/var/lib/crater-agent-workspace/rustup-home:/opt/rustwide/rustup-home:ro,Z" "-m" "1610612736" "--network" "none" "ghcr.io/rust-lang/crates-build-env/linux@sha256:77db811e55d90add9212f6832c23229e3de5f1c1f9905e8cb07319ea15df73ac" "sleep" "infinity", kill_on_drop: false }`
[INFO] [stdout] 638682aeb92085ad873254a49a0d354f4d912cd601fdc8c758bd55f15520d8bf
[INFO] running `Command { std: "docker" "start" "638682aeb92085ad873254a49a0d354f4d912cd601fdc8c758bd55f15520d8bf", kill_on_drop: false }`
[INFO] running `Command { std: "docker" "inspect" "638682aeb92085ad873254a49a0d354f4d912cd601fdc8c758bd55f15520d8bf", kill_on_drop: false }`
[INFO] running `Command { std: "docker" "exec" "-e" "SOURCE_DIR=/opt/rustwide/workdir" "-e" "CARGO_HOME=/opt/rustwide/cargo-home" "-e" "RUSTUP_HOME=/opt/rustwide/rustup-home" "-e" "CARGO_TARGET_DIR=/opt/rustwide/target" "-w" "/opt/rustwide/workdir" "--user" "0:0" "638682aeb92085ad873254a49a0d354f4d912cd601fdc8c758bd55f15520d8bf" "/opt/rustwide/cargo-home/bin/cargo" "+3154cc1a3e6424e44f438a95007d043ed5ceaaf6" "metadata" "--no-deps" "--format-version=1", kill_on_drop: false }`
[INFO] running `Command { std: "docker" "inspect" "638682aeb92085ad873254a49a0d354f4d912cd601fdc8c758bd55f15520d8bf", kill_on_drop: false }`
[INFO] running `Command { std: "docker" "exec" "-e" "SOURCE_DIR=/opt/rustwide/workdir" "-e" "CARGO_HOME=/opt/rustwide/cargo-home" "-e" "RUSTUP_HOME=/opt/rustwide/rustup-home" "-e" "CARGO_TARGET_DIR=/opt/rustwide/target" "-e" "CARGO_INCREMENTAL=0" "-e" "RUST_BACKTRACE=full" "-e" "RUSTFLAGS=--cap-lints=forbid -Znext-solver=coherence" "-e" "RUSTDOCFLAGS=--cap-lints=forbid" "-w" "/opt/rustwide/workdir" "--user" "0:0" "638682aeb92085ad873254a49a0d354f4d912cd601fdc8c758bd55f15520d8bf" "/opt/rustwide/cargo-home/bin/cargo" "+3154cc1a3e6424e44f438a95007d043ed5ceaaf6" "check" "--frozen" "--all" "--all-targets" "--message-format=json", kill_on_drop: false }`
[INFO] [stderr]     Checking smallvec v1.15.2
[INFO] [stderr]     Checking log v0.4.34
[INFO] [stderr]    Compiling cc v1.4.4
[INFO] [stderr]    Compiling crossbeam-utils v0.8.22
[INFO] [stderr]    Compiling crossbeam-epoch v0.9.20
[INFO] [stderr]    Compiling crossbeam-deque v0.8.7
[INFO] [stderr]    Compiling zerocopy v0.8.56
[INFO] [stderr]    Compiling syn v3.0.3
[INFO] [stderr]     Checking socket2 v0.6.5
[INFO] [stderr]     Checking mio v1.2.2
[INFO] [stderr]     Checking bytemuck v1.25.2
[INFO] [stderr]     Checking num-integer v0.1.47
[INFO] [stderr]    Compiling zerocopy-derive v0.8.56
[INFO] [stderr]    Compiling equator-macro v0.4.2
[INFO] [stderr]     Checking tracing v0.1.44
[INFO] [stderr]     Checking arrayvec v0.7.8
[INFO] [stderr]     Checking getrandom v0.2.17
[INFO] [stderr]     Checking as-slice v0.2.1
[INFO] [stderr]     Checking futures-task v0.3.34
[INFO] [stderr]     Checking slab v0.4.12
[INFO] [stderr]     Checking aligned v0.4.3
[INFO] [stderr]    Compiling av-scenechange v0.14.1
[INFO] [stderr]    Compiling profiling-procmacros v1.0.18
[INFO] [stderr]     Checking parking_lot_core v0.9.12
[INFO] [stderr]    Compiling arg_enum_proc_macro v0.3.4
[INFO] [stderr]     Checking nom v8.0.0
[INFO] [stderr]     Checking futures-util v0.3.34
[INFO] [stderr]     Checking num-complex v0.4.6
[INFO] [stderr]     Checking no_std_io2 v0.9.4
[INFO] [stderr]     Checking y4m v0.8.0
[INFO] [stderr]    Compiling pastey v0.1.1
[INFO] [stderr]     Checking profiling v1.0.18
[INFO] [stderr]     Checking num-bigint v0.4.8
[INFO] [stderr]     Checking bitstream-io v4.10.0
[INFO] [stderr]     Checking parking_lot v0.12.5
[INFO] [stderr]    Compiling rav1e v0.8.1
[INFO] [stderr]     Checking itertools v0.14.0
[INFO] [stderr]    Compiling num-derive v0.4.2
[INFO] [stderr]     Checking raw-cpuid v11.6.0
[INFO] [stderr]     Checking equator v0.4.2
[INFO] [stderr]    Compiling simd_helpers v0.1.0
[INFO] [stderr]     Checking imgref v1.12.2
[INFO] [stderr]    Compiling noop_proc_macro v0.3.0
[INFO] [stderr]     Checking loop9 v0.1.5
[INFO] [stderr]     Checking avif-serialize v0.8.9
[INFO] [stderr]     Checking aligned-vec v0.6.4
[INFO] [stderr]    Compiling openssl v0.10.81
[INFO] [stderr]     Checking rgb v0.8.53
[INFO] [stderr]    Compiling serde_json v1.0.151
[INFO] [stderr]     Checking v_frame v0.3.9
[INFO] [stderr]    Compiling zeroize v1.9.0
[INFO] [stderr]     Checking rayon-core v1.13.0
[INFO] [stderr]    Compiling httparse v1.10.1
[INFO] [stderr]     Checking moxcms v0.8.1
[INFO] [stderr]     Checking png v0.18.1
[INFO] [stderr]     Checking qoi v0.4.1
[INFO] [stderr]    Compiling openssl-macros v0.1.1
[INFO] [stderr]     Checking futures-channel v0.3.34
[INFO] [stderr]    Compiling native-tls v0.2.18
[INFO] [stderr]    Compiling bytes v1.12.1
[INFO] [stderr]     Checking rayon v1.12.0
[INFO] [stderr]    Compiling base64ct v1.8.3
[INFO] [stderr]    Compiling rustls-pki-types v1.15.1
[INFO] [stderr]    Compiling pem-rfc7468 v1.0.0
[INFO] [stderr]    Compiling openssl-probe v0.2.1
[INFO] [stderr]    Compiling openssl-sys v0.9.117
[INFO] [stderr]    Compiling ring v0.17.14
[INFO] [stderr]     Checking num-rational v0.4.2
[INFO] [stderr]    Compiling base64 v0.23.1
[INFO] [stderr]    Compiling socks v0.3.4
[INFO] [stderr]    Compiling webpki-root-certs v1.0.9
[INFO] [stderr]    Compiling der v0.8.1
[INFO] [stderr]    Compiling utf8-zero v0.8.1
[INFO] [stderr]    Compiling matrixmultiply v0.3.11
[INFO] [stderr]    Compiling lzma-rust2 v0.15.8
[INFO] [stderr]    Compiling hmac-sha256 v1.1.14
[INFO] [stderr]    Compiling http v1.5.0
[INFO] [stderr]     Checking regex-syntax v0.8.11
[INFO] [stderr]     Checking rawpointer v0.2.1
[INFO] [stderr]     Checking tracing-log v0.2.0
[INFO] [stderr]    Compiling multer v3.1.0
[INFO] [stderr]     Checking rand_core v0.6.4
[INFO] [stderr]     Checking spin v0.9.9
[INFO] [stderr]     Checking serde_path_to_error v0.1.20
[INFO] [stderr]     Checking matchit v0.7.3
[INFO] [stderr]     Checking ndarray v0.17.2
[INFO] [stderr]     Checking pulp v0.22.3
[INFO] [stderr]     Checking immich-ml-vision v0.1.0 (/opt/rustwide/workdir/crates/vision)
[INFO] [stdout] error[E0432]: unresolved import `immich_ml_backends`
[INFO] [stdout]  --> crates/vision/src/lib.rs:7:5
[INFO] [stdout]   |
[INFO] [stdout] 7 | use immich_ml_backends::{BackendError, FaceDetectionBackend, FaceDetectionOutput, ImageInput, OcrBackend, OcrResult};
[INFO] [stdout]   |     ^^^^^^^^^^^^^^^^^^ use of unresolved module or unlinked crate `immich_ml_backends`
[INFO] [stdout]   |
[INFO] [stdout]   = help: if you wanted to use a crate named `immich_ml_backends`, use `cargo add immich_ml_backends` to add it to your `Cargo.toml`
[INFO] [stdout] 
[INFO] [stdout] 
[INFO] [stdout] error[E0433]: cannot find module or crate `async_trait` in this scope
[INFO] [stdout]    --> crates/vision/src/lib.rs:258:3
[INFO] [stdout]     |
[INFO] [stdout] 258 | #[async_trait::async_trait]
[INFO] [stdout]     |   ^^^^^^^^^^^ use of unresolved module or unlinked crate `async_trait`
[INFO] [stdout] 
[INFO] [stdout] 
[INFO] [stdout] error[E0433]: cannot find module or crate `async_trait` in this scope
[INFO] [stdout]    --> crates/vision/src/lib.rs:223:3
[INFO] [stdout]     |
[INFO] [stdout] 223 | #[async_trait::async_trait]
[INFO] [stdout]     |   ^^^^^^^^^^^ use of unresolved module or unlinked crate `async_trait`
[INFO] [stdout] 
[INFO] [stdout] 
[INFO] [stdout] Some errors have detailed explanations: E0432, E0433.
[INFO] [stdout] 
[INFO] [stdout] For more information about an error, try `rustc --explain E0432`.
[INFO] [stdout] 
[INFO] [stdout] error[E0432]: unresolved import `immich_ml_backends`
[INFO] [stdout]  --> crates/vision/src/lib.rs:7:5
[INFO] [stdout]   |
[INFO] [stdout] 7 | use immich_ml_backends::{BackendError, FaceDetectionBackend, FaceDetectionOutput, ImageInput, OcrBackend, OcrResult};
[INFO] [stdout]   |     ^^^^^^^^^^^^^^^^^^ use of unresolved module or unlinked crate `immich_ml_backends`
[INFO] [stdout]   |
[INFO] [stdout]   = help: if you wanted to use a crate named `immich_ml_backends`, use `cargo add immich_ml_backends` to add it to your `Cargo.toml`
[INFO] [stdout] 
[INFO] [stdout] 
[INFO] [stderr] error: could not compile `immich-ml-vision` (lib) due to 3 previous errors
[INFO] [stdout] error[E0433]: cannot find module or crate `async_trait` in this scope
[INFO] [stdout]    --> crates/vision/src/lib.rs:258:3
[INFO] [stdout]     |
[INFO] [stdout] 258 | #[async_trait::async_trait]
[INFO] [stdout]     |   ^^^^^^^^^^^ use of unresolved module or unlinked crate `async_trait`
[INFO] [stdout] 
[INFO] [stdout] 
[INFO] [stderr] warning: build failed, waiting for other jobs to finish...
[INFO] [stdout] error[E0433]: cannot find module or crate `async_trait` in this scope
[INFO] [stdout]    --> crates/vision/src/lib.rs:223:3
[INFO] [stdout]     |
[INFO] [stdout] 223 | #[async_trait::async_trait]
[INFO] [stdout]     |   ^^^^^^^^^^^ use of unresolved module or unlinked crate `async_trait`
[INFO] [stdout] 
[INFO] [stdout] 
[INFO] [stdout] Some errors have detailed explanations: E0432, E0433.
[INFO] [stdout] 
[INFO] [stdout] For more information about an error, try `rustc --explain E0432`.
[INFO] [stdout] 
[INFO] [stderr] error: could not compile `immich-ml-vision` (lib test) due to 3 previous errors
[INFO] running `Command { std: "docker" "inspect" "638682aeb92085ad873254a49a0d354f4d912cd601fdc8c758bd55f15520d8bf", kill_on_drop: false }`
[INFO] running `Command { std: "docker" "rm" "-f" "638682aeb92085ad873254a49a0d354f4d912cd601fdc8c758bd55f15520d8bf", kill_on_drop: false }`
[INFO] [stdout] 638682aeb92085ad873254a49a0d354f4d912cd601fdc8c758bd55f15520d8bf
