[INFO] cloning repository https://github.com/LeonisComputer/leonis-os
[INFO] running `Command { std: "git" "-c" "credential.helper=" "-c" "credential.helper=/workspace/cargo-home/bin/git-credential-null" "clone" "--bare" "https://github.com/LeonisComputer/leonis-os" "/workspace/cache/git-repos/https%3A%2F%2Fgithub.com%2FLeonisComputer%2Fleonis-os", kill_on_drop: false }`
[INFO] [stderr] Cloning into bare repository '/workspace/cache/git-repos/https%3A%2F%2Fgithub.com%2FLeonisComputer%2Fleonis-os'...
[INFO] running `Command { std: "git" "rev-parse" "HEAD", kill_on_drop: false }`
[INFO] [stdout] d2b1d189e16319b6065644da689f1e3e0a099d5a
[INFO] checking LeonisComputer/leonis-os against 3154cc1a3e6424e44f438a95007d043ed5ceaaf6 for pr-133502-30
[INFO] running `Command { std: "git" "clone" "/workspace/cache/git-repos/https%3A%2F%2Fgithub.com%2FLeonisComputer%2Fleonis-os" "/workspace/builds/worker-0-tc2/source", kill_on_drop: false }`
[INFO] [stderr] Cloning into '/workspace/builds/worker-0-tc2/source'...
[INFO] [stderr] done.
[INFO] removed /workspace/builds/worker-0-tc2/source/.cargo/config.toml
[INFO] started tweaking git repo https://github.com/LeonisComputer/leonis-os
[INFO] finished tweaking git repo https://github.com/LeonisComputer/leonis-os
[INFO] tweaked toml for git repo https://github.com/LeonisComputer/leonis-os written to /workspace/builds/worker-0-tc2/source/Cargo.toml
[INFO] validating manifest of git repo https://github.com/LeonisComputer/leonis-os on toolchain 3154cc1a3e6424e44f438a95007d043ed5ceaaf6
[INFO] running `Command { std: CARGO_HOME="/workspace/cargo-home" RUSTUP_HOME="/workspace/rustup-home" "/workspace/cargo-home/bin/cargo" "+3154cc1a3e6424e44f438a95007d043ed5ceaaf6" "metadata" "--manifest-path" "Cargo.toml" "--no-deps", kill_on_drop: false }`
[INFO] crate git repo https://github.com/LeonisComputer/leonis-os already has a lockfile, it will not be regenerated
[INFO] running `Command { std: CARGO_HOME="/workspace/cargo-home" RUSTUP_HOME="/workspace/rustup-home" "/workspace/cargo-home/bin/cargo" "+3154cc1a3e6424e44f438a95007d043ed5ceaaf6" "fetch" "--manifest-path" "Cargo.toml", kill_on_drop: false }`
[INFO] running `Command { std: "docker" "create" "-v" "/var/lib/crater-agent-workspace/builds/worker-0-tc2/source:/opt/rustwide/workdir:ro,Z" "-v" "/var/lib/crater-agent-workspace/builds/worker-0-tc2/target:/opt/rustwide/target:rw,Z" "-v" "/var/lib/crater-agent-workspace/cargo-home:/opt/rustwide/cargo-home:ro,Z" "-v" "/var/lib/crater-agent-workspace/rustup-home:/opt/rustwide/rustup-home:ro,Z" "-m" "1610612736" "--network" "none" "ghcr.io/rust-lang/crates-build-env/linux@sha256:77db811e55d90add9212f6832c23229e3de5f1c1f9905e8cb07319ea15df73ac" "sleep" "infinity", kill_on_drop: false }`
[INFO] [stdout] f3f114e8c4f4c3b32e7de6103522eab23289605fe0a6dc9a571239e9030482d7
[INFO] running `Command { std: "docker" "start" "f3f114e8c4f4c3b32e7de6103522eab23289605fe0a6dc9a571239e9030482d7", kill_on_drop: false }`
[INFO] running `Command { std: "docker" "inspect" "f3f114e8c4f4c3b32e7de6103522eab23289605fe0a6dc9a571239e9030482d7", kill_on_drop: false }`
[INFO] running `Command { std: "docker" "exec" "-e" "SOURCE_DIR=/opt/rustwide/workdir" "-e" "CARGO_HOME=/opt/rustwide/cargo-home" "-e" "RUSTUP_HOME=/opt/rustwide/rustup-home" "-e" "CARGO_TARGET_DIR=/opt/rustwide/target" "-w" "/opt/rustwide/workdir" "--user" "0:0" "f3f114e8c4f4c3b32e7de6103522eab23289605fe0a6dc9a571239e9030482d7" "/opt/rustwide/cargo-home/bin/cargo" "+3154cc1a3e6424e44f438a95007d043ed5ceaaf6" "metadata" "--no-deps" "--format-version=1", kill_on_drop: false }`
[INFO] running `Command { std: "docker" "inspect" "f3f114e8c4f4c3b32e7de6103522eab23289605fe0a6dc9a571239e9030482d7", kill_on_drop: false }`
[INFO] running `Command { std: "docker" "exec" "-e" "SOURCE_DIR=/opt/rustwide/workdir" "-e" "CARGO_HOME=/opt/rustwide/cargo-home" "-e" "RUSTUP_HOME=/opt/rustwide/rustup-home" "-e" "CARGO_TARGET_DIR=/opt/rustwide/target" "-e" "CARGO_INCREMENTAL=0" "-e" "RUST_BACKTRACE=full" "-e" "RUSTFLAGS=--cap-lints=forbid" "-e" "RUSTDOCFLAGS=--cap-lints=forbid" "-w" "/opt/rustwide/workdir" "--user" "0:0" "f3f114e8c4f4c3b32e7de6103522eab23289605fe0a6dc9a571239e9030482d7" "/opt/rustwide/cargo-home/bin/cargo" "+3154cc1a3e6424e44f438a95007d043ed5ceaaf6" "check" "--frozen" "--all" "--all-targets" "--message-format=json", kill_on_drop: false }`
[INFO] [stderr]    Compiling defmt v1.1.1
[INFO] [stderr]    Compiling defmt-macros v1.1.1
[INFO] [stderr]    Compiling libc v0.2.184
[INFO] [stderr]    Compiling cortex-m v0.7.7
[INFO] [stderr]     Checking nb v1.1.0
[INFO] [stderr]    Compiling quote v1.0.45
[INFO] [stderr]    Compiling thiserror v2.0.18
[INFO] [stderr]    Compiling serde_core v1.0.228
[INFO] [stderr]    Compiling semver-parser v0.7.0
[INFO] [stderr]     Checking critical-section v1.2.0
[INFO] [stderr]     Checking void v1.0.2
[INFO] [stderr]     Checking byteorder v1.5.0
[INFO] [stderr]    Compiling once_cell v1.21.4
[INFO] [stderr]    Compiling indexmap v2.13.1
[INFO] [stderr]    Compiling serde v1.0.228
[INFO] [stderr]    Compiling heapless v0.9.3
[INFO] [stderr]     Checking vcell v0.1.3
[INFO] [stderr]     Checking bitfield v0.13.2
[INFO] [stderr]    Compiling utf8parse v0.2.2
[INFO] [stderr]     Checking nb v0.1.3
[INFO] [stderr]     Checking volatile-register v0.2.2
[INFO] [stderr]    Compiling anstyle v1.0.14
[INFO] [stderr]     Checking embedded-hal v0.2.7
[INFO] [stderr]    Compiling anstyle-parse v1.0.0
[INFO] [stderr]     Checking embedded-io v0.7.1
[INFO] [stderr]    Compiling anstyle-query v1.1.5
[INFO] [stderr]    Compiling is_terminal_polyfill v1.70.2
[INFO] [stderr]     Checking hash32 v0.3.1
[INFO] [stderr]    Compiling getrandom v0.4.2
[INFO] [stderr]    Compiling syn v2.0.117
[INFO] [stderr]    Compiling semver v0.9.0
[INFO] [stderr]    Compiling colorchoice v1.0.5
[INFO] [stderr]    Compiling zmij v1.0.21
[INFO] [stderr]    Compiling rustix v1.1.4
[INFO] [stderr]    Compiling clap_lex v1.1.0
[INFO] [stderr]    Compiling winnow v1.0.1
[INFO] [stderr]    Compiling linux-raw-sys v0.12.1
[INFO] [stderr]     Checking embedded-io-async v0.7.0
[INFO] [stderr]    Compiling embassy-sync v0.8.0 (https://github.com/embassy-rs/embassy.git?rev=18944b6#18944b6e)
[INFO] [stderr]     Checking futures-core v0.3.32
[INFO] [stderr]    Compiling anstream v1.0.0
[INFO] [stderr]    Compiling portable-atomic v1.14.0
[INFO] [stderr]    Compiling serde_json v1.0.149
[INFO] [stderr]    Compiling cbindgen v0.29.2
[INFO] [stderr]    Compiling parking_lot_core v0.9.12
[INFO] [stderr]    Compiling aho-corasick v1.1.4
[INFO] [stderr]    Compiling rp-pac v7.0.0
[INFO] [stderr]    Compiling rustc_version v0.2.3
[INFO] [stderr]    Compiling regex-syntax v0.8.10
[INFO] [stderr]    Compiling smallvec v1.15.1
[INFO] [stderr]    Compiling crypto-common v0.1.7
[INFO] [stderr]    Compiling siphasher v1.0.2
[INFO] [stderr]    Compiling bare-metal v0.2.5
[INFO] [stderr]    Compiling clap_builder v4.6.0
[INFO] [stderr]    Compiling digest v0.10.7
[INFO] [stderr]    Compiling fixedbitset v0.5.7
[INFO] [stderr]    Compiling term v1.2.1
[INFO] [stderr]    Compiling phf_shared v0.11.3
[INFO] [stderr]    Compiling bit-vec v0.8.0
[INFO] [stderr]    Compiling either v1.15.0
[INFO] [stdout] error[E0425]: cannot find function `__basepri_r` in module `crate::asm::inline`
[INFO] [stdout]   --> /opt/rustwide/cargo-home/registry/src/index.crates.io-1949cf8c6b5b557f/cortex-m-0.7.7/src/register/basepri.rs:6:15
[INFO] [stdout]    |
[INFO] [stdout]  6 |     call_asm!(__basepri_r() -> u8)
[INFO] [stdout]    |               ^^^^^^^^^^^ not found in `crate::asm::inline`
[INFO] [stdout]    |
[INFO] [stdout]   ::: /opt/rustwide/cargo-home/registry/src/index.crates.io-1949cf8c6b5b557f/cortex-m-0.7.7/src/call_asm.rs:11:43
[INFO] [stdout]    |
[INFO] [stdout] 11 |                 () => crate::asm::inline::$func($($args),*),
[INFO] [stdout]    |                                           ----- due to this macro variable
[INFO] [stdout] 
[INFO] [stdout] 
[INFO] [stdout] error[E0425]: cannot find function `__basepri_w` in module `crate::asm::inline`
[INFO] [stdout]   --> /opt/rustwide/cargo-home/registry/src/index.crates.io-1949cf8c6b5b557f/cortex-m-0.7.7/src/register/basepri.rs:22:19
[INFO] [stdout]    |
[INFO] [stdout] 22 |         call_asm!(__basepri_w(basepri: u8));
[INFO] [stdout]    |                   ^^^^^^^^^^^ not found in `crate::asm::inline`
[INFO] [stdout]    |
[INFO] [stdout]   ::: /opt/rustwide/cargo-home/registry/src/index.crates.io-1949cf8c6b5b557f/cortex-m-0.7.7/src/call_asm.rs:11:43
[INFO] [stdout]    |
[INFO] [stdout] 11 |                 () => crate::asm::inline::$func($($args),*),
[INFO] [stdout]    |                                           ----- due to this macro variable
[INFO] [stdout] 
[INFO] [stdout] 
[INFO] [stdout] error[E0425]: cannot find function `__basepri_max` in module `crate::asm::inline`
[INFO] [stdout]   --> /opt/rustwide/cargo-home/registry/src/index.crates.io-1949cf8c6b5b557f/cortex-m-0.7.7/src/register/basepri_max.rs:19:19
[INFO] [stdout]    |
[INFO] [stdout] 19 |         call_asm!(__basepri_max(basepri: u8));
[INFO] [stdout]    |                   ^^^^^^^^^^^^^ not found in `crate::asm::inline`
[INFO] [stdout]    |
[INFO] [stdout]   ::: /opt/rustwide/cargo-home/registry/src/index.crates.io-1949cf8c6b5b557f/cortex-m-0.7.7/src/call_asm.rs:11:43
[INFO] [stdout]    |
[INFO] [stdout] 11 |                 () => crate::asm::inline::$func($($args),*),
[INFO] [stdout]    |                                           ----- due to this macro variable
[INFO] [stdout] 
[INFO] [stdout] 
[INFO] [stdout] error[E0425]: cannot find function `__faultmask_r` in module `crate::asm::inline`
[INFO] [stdout]   --> /opt/rustwide/cargo-home/registry/src/index.crates.io-1949cf8c6b5b557f/cortex-m-0.7.7/src/register/faultmask.rs:29:28
[INFO] [stdout]    |
[INFO] [stdout] 29 |     let r: u32 = call_asm!(__faultmask_r() -> u32);
[INFO] [stdout]    |                            ^^^^^^^^^^^^^ not found in `crate::asm::inline`
[INFO] [stdout]    |
[INFO] [stdout]   ::: /opt/rustwide/cargo-home/registry/src/index.crates.io-1949cf8c6b5b557f/cortex-m-0.7.7/src/call_asm.rs:11:43
[INFO] [stdout]    |
[INFO] [stdout] 11 |                 () => crate::asm::inline::$func($($args),*),
[INFO] [stdout]    |                                           ----- due to this macro variable
[INFO] [stdout] 
[INFO] [stdout] 
[INFO] [stdout] error: invalid register `r0`: unknown register
[INFO] [stdout]    --> /opt/rustwide/cargo-home/registry/src/index.crates.io-1949cf8c6b5b557f/cortex-m-0.7.7/src/../asm/inline.rs:197:24
[INFO] [stdout]     |
[INFO] [stdout] 197 |     asm!("bkpt #0xab", inout("r0") nr, in("r1") arg, options(nomem, nostack, preserves_flags));
[INFO] [stdout]     |                        ^^^^^^^^^^^^^^
[INFO] [stdout] 
[INFO] [stdout] 
[INFO] [stdout] error: invalid register `r1`: unknown register
[INFO] [stdout]    --> /opt/rustwide/cargo-home/registry/src/index.crates.io-1949cf8c6b5b557f/cortex-m-0.7.7/src/../asm/inline.rs:197:40
[INFO] [stdout]     |
[INFO] [stdout] 197 |     asm!("bkpt #0xab", inout("r0") nr, in("r1") arg, options(nomem, nostack, preserves_flags));
[INFO] [stdout]     |                                        ^^^^^^^^^^^^
[INFO] [stdout] 
[INFO] [stdout] 
[INFO] [stdout] error: `portable_atomic_unsafe_assume_single_core` cfg (`unsafe-assume-single-core` feature) is not supported yet on this architecture;
[INFO] [stdout]        if you need unsafe-assume-{single-core,privileged} support for this target,
[INFO] [stdout]        please submit an issue at <https://github.com/taiki-e/portable-atomic/issues/new>
[INFO] [stdout]    --> /opt/rustwide/cargo-home/registry/src/index.crates.io-1949cf8c6b5b557f/portable-atomic-1.14.0/src/lib.rs:469:1
[INFO] [stdout]     |
[INFO] [stdout] 469 | / compile_error!(
[INFO] [stdout] 470 | |     "`portable_atomic_unsafe_assume_single_core` cfg (`unsafe-assume-single-core` feature) \
[INFO] [stdout] 471 | |      is not supported yet on this architecture;\n\
[INFO] [stdout] 472 | |      if you need unsafe-assume-{single-core,privileged} support for this target,\n\
[INFO] [stdout] 473 | |      please submit an issue at <https://github.com/taiki-e/portable-atomic/issues/new>"
[INFO] [stdout] 474 | | );
[INFO] [stdout]     | |_^
[INFO] [stdout] 
[INFO] [stdout] 
[INFO] [stdout] error: you may not enable `critical-section` feature and `portable_atomic_unsafe_assume_{single_core,privileged}` cfg (`unsafe-assume-{single-core,privileged}` feature) at the same time
[INFO] [stdout]    --> /opt/rustwide/cargo-home/registry/src/index.crates.io-1949cf8c6b5b557f/portable-atomic-1.14.0/src/lib.rs:581:1
[INFO] [stdout]     |
[INFO] [stdout] 581 | / compile_error!(
[INFO] [stdout] 582 | |     "you may not enable `critical-section` feature and `portable_atomic_unsafe_assume_{single_core,privileged}` cfg (`unsafe-assu...
[INFO] [stdout] 583 | | );
[INFO] [stdout]     | |_^
[INFO] [stdout] 
[INFO] [stdout] 
[INFO] [stderr]    Compiling toml_parser v1.1.2+spec-1.1.0
[INFO] [stderr]    Compiling keccak v0.1.6
[INFO] [stderr]    Compiling zerocopy v0.8.48
[INFO] [stderr]    Compiling bit-set v0.8.0
[INFO] [stderr]    Compiling itertools v0.14.0
[INFO] [stdout] error[E0433]: cannot find `fallback` in `super`
[INFO] [stdout]    --> /opt/rustwide/cargo-home/registry/src/index.crates.io-1949cf8c6b5b557f/portable-atomic-1.14.0/src/imp/atomic128/../fallback/outline_atomics.rs:18:50
[INFO] [stdout]     |
[INFO] [stdout]  18 | pub(crate) type AtomicUdw = super::super::super::fallback::AtomicU128;
[INFO] [stdout]     |                                                  ^^^^^^^^ could not find `fallback` in `super`
[INFO] [stdout]     |
[INFO] [stdout] note: found an item that was configured out
[INFO] [stdout]    --> /opt/rustwide/cargo-home/registry/src/index.crates.io-1949cf8c6b5b557f/portable-atomic-1.14.0/src/imp/mod.rs:158:5
[INFO] [stdout]     |
[INFO] [stdout] 101 |       cfg(not(any(
[INFO] [stdout]     |  ____________-
[INFO] [stdout] 102 | |         // ---------------
[INFO] [stdout] 103 | |         // Use other ways.
[INFO] [stdout] 104 | |         target_arch = "avr",
[INFO] [stdout] ...   |
[INFO] [stdout] 155 | |         ),
[INFO] [stdout] 156 | |     ))
[INFO] [stdout]     | |______- the item is gated here
[INFO] [stdout] 157 |   ))]
[INFO] [stdout] 158 |   mod fallback;
[INFO] [stdout]     |       ^^^^^^^^
[INFO] [stdout] 
[INFO] [stdout] 
[INFO] [stdout] error[E0433]: cannot find `fallback` in `super`
[INFO] [stdout]    --> /opt/rustwide/cargo-home/registry/src/index.crates.io-1949cf8c6b5b557f/portable-atomic-1.14.0/src/imp/atomic128/../fallback/outline_atomics.rs:20:50
[INFO] [stdout]     |
[INFO] [stdout]  20 | pub(crate) type AtomicIdw = super::super::super::fallback::AtomicI128;
[INFO] [stdout]     |                                                  ^^^^^^^^ could not find `fallback` in `super`
[INFO] [stdout]     |
[INFO] [stdout] note: found an item that was configured out
[INFO] [stdout]    --> /opt/rustwide/cargo-home/registry/src/index.crates.io-1949cf8c6b5b557f/portable-atomic-1.14.0/src/imp/mod.rs:158:5
[INFO] [stdout]     |
[INFO] [stdout] 101 |       cfg(not(any(
[INFO] [stdout]     |  ____________-
[INFO] [stdout] 102 | |         // ---------------
[INFO] [stdout] 103 | |         // Use other ways.
[INFO] [stdout] 104 | |         target_arch = "avr",
[INFO] [stdout] ...   |
[INFO] [stdout] 155 | |         ),
[INFO] [stdout] 156 | |     ))
[INFO] [stdout]     | |______- the item is gated here
[INFO] [stdout] 157 |   ))]
[INFO] [stdout] 158 |   mod fallback;
[INFO] [stdout]     |       ^^^^^^^^
[INFO] [stdout] 
[INFO] [stdout] 
[INFO] [stdout] For more information about this error, try `rustc --explain E0425`.
[INFO] [stdout] 
[INFO] [stderr] error: could not compile `cortex-m` (lib) due to 6 previous errors
[INFO] [stderr] warning: build failed, waiting for other jobs to finish...
[INFO] [stdout] For more information about this error, try `rustc --explain E0433`.
[INFO] [stdout] 
[INFO] [stderr] error: could not compile `portable-atomic` (lib) due to 4 previous errors
[INFO] running `Command { std: "docker" "inspect" "f3f114e8c4f4c3b32e7de6103522eab23289605fe0a6dc9a571239e9030482d7", kill_on_drop: false }`
[INFO] running `Command { std: "docker" "rm" "-f" "f3f114e8c4f4c3b32e7de6103522eab23289605fe0a6dc9a571239e9030482d7", kill_on_drop: false }`
[INFO] [stdout] f3f114e8c4f4c3b32e7de6103522eab23289605fe0a6dc9a571239e9030482d7
