[INFO] cloning repository https://github.com/LeonarddeR/rumpus
[INFO] running `Command { std: "git" "-c" "credential.helper=" "-c" "credential.helper=/workspace/cargo-home/bin/git-credential-null" "clone" "--bare" "https://github.com/LeonarddeR/rumpus" "/workspace/cache/git-repos/https%3A%2F%2Fgithub.com%2FLeonarddeR%2Frumpus", kill_on_drop: false }`
[INFO] [stderr] Cloning into bare repository '/workspace/cache/git-repos/https%3A%2F%2Fgithub.com%2FLeonarddeR%2Frumpus'...
[INFO] running `Command { std: "git" "rev-parse" "HEAD", kill_on_drop: false }`
[INFO] [stdout] 5646a4f33e7a485312503e43c19225d69260b81d
[INFO] checking LeonarddeR/rumpus against 3154cc1a3e6424e44f438a95007d043ed5ceaaf6 for pr-133502-30
[INFO] running `Command { std: "git" "clone" "/workspace/cache/git-repos/https%3A%2F%2Fgithub.com%2FLeonarddeR%2Frumpus" "/workspace/builds/worker-6-tc2/source", kill_on_drop: false }`
[INFO] [stderr] Cloning into '/workspace/builds/worker-6-tc2/source'...
[INFO] [stderr] done.
[INFO] removed /workspace/builds/worker-6-tc2/source/.cargo/config.toml
[INFO] started tweaking git repo https://github.com/LeonarddeR/rumpus
[INFO] finished tweaking git repo https://github.com/LeonarddeR/rumpus
[INFO] tweaked toml for git repo https://github.com/LeonarddeR/rumpus written to /workspace/builds/worker-6-tc2/source/Cargo.toml
[INFO] validating manifest of git repo https://github.com/LeonarddeR/rumpus on toolchain 3154cc1a3e6424e44f438a95007d043ed5ceaaf6
[INFO] running `Command { std: CARGO_HOME="/workspace/cargo-home" RUSTUP_HOME="/workspace/rustup-home" "/workspace/cargo-home/bin/cargo" "+3154cc1a3e6424e44f438a95007d043ed5ceaaf6" "metadata" "--manifest-path" "Cargo.toml" "--no-deps", kill_on_drop: false }`
[INFO] crate git repo https://github.com/LeonarddeR/rumpus already has a lockfile, it will not be regenerated
[INFO] running `Command { std: CARGO_HOME="/workspace/cargo-home" RUSTUP_HOME="/workspace/rustup-home" "/workspace/cargo-home/bin/cargo" "+3154cc1a3e6424e44f438a95007d043ed5ceaaf6" "fetch" "--manifest-path" "Cargo.toml", kill_on_drop: false }`
[INFO] running `Command { std: "docker" "create" "-v" "/var/lib/crater-agent-workspace/builds/worker-6-tc2/source:/opt/rustwide/workdir:ro,Z" "-v" "/var/lib/crater-agent-workspace/builds/worker-6-tc2/target:/opt/rustwide/target:rw,Z" "-v" "/var/lib/crater-agent-workspace/cargo-home:/opt/rustwide/cargo-home:ro,Z" "-v" "/var/lib/crater-agent-workspace/rustup-home:/opt/rustwide/rustup-home:ro,Z" "-m" "1610612736" "--network" "none" "ghcr.io/rust-lang/crates-build-env/linux@sha256:77db811e55d90add9212f6832c23229e3de5f1c1f9905e8cb07319ea15df73ac" "sleep" "infinity", kill_on_drop: false }`
[INFO] [stdout] 9987371189c8011bf70425fe119a4af8cb0647aa6c84c3afcda6d47edc1cf722
[INFO] running `Command { std: "docker" "start" "9987371189c8011bf70425fe119a4af8cb0647aa6c84c3afcda6d47edc1cf722", kill_on_drop: false }`
[INFO] running `Command { std: "docker" "inspect" "9987371189c8011bf70425fe119a4af8cb0647aa6c84c3afcda6d47edc1cf722", kill_on_drop: false }`
[INFO] running `Command { std: "docker" "exec" "-e" "SOURCE_DIR=/opt/rustwide/workdir" "-e" "CARGO_HOME=/opt/rustwide/cargo-home" "-e" "RUSTUP_HOME=/opt/rustwide/rustup-home" "-e" "CARGO_TARGET_DIR=/opt/rustwide/target" "-w" "/opt/rustwide/workdir" "--user" "0:0" "9987371189c8011bf70425fe119a4af8cb0647aa6c84c3afcda6d47edc1cf722" "/opt/rustwide/cargo-home/bin/cargo" "+3154cc1a3e6424e44f438a95007d043ed5ceaaf6" "metadata" "--no-deps" "--format-version=1", kill_on_drop: false }`
[INFO] running `Command { std: "docker" "inspect" "9987371189c8011bf70425fe119a4af8cb0647aa6c84c3afcda6d47edc1cf722", kill_on_drop: false }`
[INFO] running `Command { std: "docker" "exec" "-e" "SOURCE_DIR=/opt/rustwide/workdir" "-e" "CARGO_HOME=/opt/rustwide/cargo-home" "-e" "RUSTUP_HOME=/opt/rustwide/rustup-home" "-e" "CARGO_TARGET_DIR=/opt/rustwide/target" "-e" "CARGO_INCREMENTAL=0" "-e" "RUST_BACKTRACE=full" "-e" "RUSTFLAGS=--cap-lints=forbid" "-e" "RUSTDOCFLAGS=--cap-lints=forbid" "-w" "/opt/rustwide/workdir" "--user" "0:0" "9987371189c8011bf70425fe119a4af8cb0647aa6c84c3afcda6d47edc1cf722" "/opt/rustwide/cargo-home/bin/cargo" "+3154cc1a3e6424e44f438a95007d043ed5ceaaf6" "check" "--frozen" "--all" "--all-targets" "--message-format=json", kill_on_drop: false }`
[INFO] [stderr]    Compiling cc v1.4.6
[INFO] [stderr]    Compiling smallvec v1.16.1
[INFO] [stderr]    Compiling syn v3.0.5
[INFO] [stderr]    Compiling mio v1.2.3
[INFO] [stderr]    Compiling icu_normalizer_data v2.3.0
[INFO] [stderr]    Compiling http v1.5.0
[INFO] [stderr]    Compiling icu_properties_data v2.3.0
[INFO] [stderr]    Compiling bitflags v2.13.2
[INFO] [stderr]    Compiling futures-io v0.3.34
[INFO] [stderr]    Compiling foreign-types-shared v0.1.1
[INFO] [stderr]    Compiling foreign-types v0.3.2
[INFO] [stderr]    Compiling httparse v1.10.1
[INFO] [stderr]    Compiling openssl-macros v0.1.1
[INFO] [stderr]    Compiling futures-util v0.3.34
[INFO] [stderr]    Compiling tower-service v0.3.3
[INFO] [stderr]    Compiling native-tls v0.2.18
[INFO] [stderr]    Compiling try-lock v0.2.5
[INFO] [stderr]    Compiling want v0.3.1
[INFO] [stderr]    Compiling futures-channel v0.3.34
[INFO] [stderr]    Compiling tokio v1.53.1
[INFO] [stderr]    Compiling atomic-waker v1.1.2
[INFO] [stderr]    Compiling openssl-probe v0.2.1
[INFO] [stderr]    Compiling tracing v0.1.44
[INFO] [stderr]    Compiling sync_wrapper v1.0.2
[INFO] [stderr]    Compiling tower-layer v0.3.3
[INFO] [stderr]    Compiling regex-syntax v0.8.11
[INFO] [stderr]    Compiling ipnet v2.12.2
[INFO] [stderr]    Compiling base64 v0.22.1
[INFO] [stderr]    Compiling http-body v1.1.0
[INFO] [stderr]    Compiling crc32fast v1.5.2
[INFO] [stderr]    Compiling nom v7.1.3
[INFO] [stderr]    Compiling serde_core v1.0.229
[INFO] [stderr]    Compiling http-body-util v0.1.5
[INFO] [stderr]     Checking windows-link v0.2.1
[INFO] [stderr]    Compiling rustls-pki-types v1.15.1
[INFO] [stderr]    Compiling prettyplease v0.2.37
[INFO] [stderr]    Compiling openssl-sys v0.9.117
[INFO] [stderr]    Compiling base64 v0.23.1
[INFO] [stderr]    Compiling openssl v0.10.81
[INFO] [stderr]    Compiling regex-automata v0.4.18
[INFO] [stderr]    Compiling flate2 v1.1.10
[INFO] [stderr]    Compiling cmake v0.1.58
[INFO] [stderr]    Compiling cexpr v0.6.0
[INFO] [stderr]    Compiling zerocopy-derive v0.8.57
[INFO] [stderr]     Checking windows-link v0.100.0
[INFO] [stderr]    Compiling rawzip v0.4.4
[INFO] [stderr]    Compiling regex v1.13.1
[INFO] [stderr]     Checking windows-strings v0.5.1
[INFO] [stderr]     Checking windows-result v0.4.1
[INFO] [stderr]    Compiling windows-interface v0.59.3
[INFO] [stderr]    Compiling windows-implement v0.60.2
[INFO] [stderr]    Compiling bindgen v0.72.1
[INFO] [stderr]    Compiling hyper v1.11.1
[INFO] [stderr]    Compiling tower v0.5.3
[INFO] [stderr]     Checking zerocopy v0.8.57
[INFO] [stderr]    Compiling zerovec-derive v0.11.6
[INFO] [stderr]    Compiling displaydoc v0.2.7
[INFO] [stderr]    Compiling fixed v1.31.0
[INFO] [stderr]    Compiling winnow v1.0.4
[INFO] [stderr]    Compiling tokio-native-tls v0.3.1
[INFO] [stderr]    Compiling hyper-util v0.1.20
[INFO] [stderr]    Compiling zerotrie v0.2.5
[INFO] [stderr]    Compiling toml_parser v1.1.3+spec-1.1.0
[INFO] [stderr]    Compiling serde_spanned v1.1.1
[INFO] [stderr]    Compiling toml_datetime v1.1.1+spec-1.1.0
[INFO] [stderr]    Compiling zerovec v0.11.8
[INFO] [stderr]     Checking windows-core v0.62.2
[INFO] [stderr]     Checking rayon-core v1.13.0
[INFO] [stderr]    Compiling derive_more-impl v2.1.1
[INFO] [stderr]    Compiling quick-xml v0.38.4
[INFO] [stderr]     Checking bytemuck v1.25.2
[INFO] [stderr]     Checking rayon v1.12.0
[INFO] [stderr]    Compiling toml v1.1.6+spec-1.1.0
[INFO] [stderr]    Compiling tinystr v0.8.4
[INFO] [stderr]    Compiling icu_locale_core v2.3.0
[INFO] [stderr]    Compiling potential_utf v0.1.6
[INFO] [stderr]    Compiling icu_collections v2.3.0
[INFO] [stderr]    Compiling hyper-tls v0.6.0
[INFO] [stderr]    Compiling wxdragon-macros v0.9.21
[INFO] [stderr]     Checking derive_more v2.1.1
[INFO] [stderr]    Compiling serde_derive v1.0.229
[INFO] [stderr]    Compiling thiserror-impl v2.0.20
[INFO] [stderr]     Checking windows-strings v0.100.0
[INFO] [stderr]     Checking windows-result v0.100.0
[INFO] [stderr]    Compiling windows-implement v0.100.0
[INFO] [stderr]    Compiling windows-interface v0.100.0
[INFO] [stderr]    Compiling icu_provider v2.3.1
[INFO] [stderr]    Compiling icu_normalizer v2.3.0
[INFO] [stderr]    Compiling icu_properties v2.3.0
[INFO] [stderr]    Compiling midi2_proc v0.11.1
[INFO] [stderr]     Checking ux v0.1.6
[INFO] [stderr]     Checking midly v0.5.3
[INFO] [stderr]    Compiling winresource v0.1.31
[INFO] [stderr]     Checking thiserror v2.0.20
[INFO] [stderr]     Checking windows-core v0.100.0
[INFO] [stderr]     Checking dirs v7.0.0
[INFO] [stderr]    Compiling patois-macros v0.2.0
[INFO] [stderr]     Checking windows-threading v0.2.1
[INFO] [stderr]    Compiling idna_adapter v1.2.2
[INFO] [stderr]     Checking half v2.7.1
[INFO] [stderr]    Compiling idna v1.1.0
[INFO] [stderr]    Compiling live-region v0.3.0
[INFO] [stderr]    Compiling embed-manifest v1.5.0
[INFO] [stderr]     Checking inventory v0.3.24
[INFO] [stderr]     Checking patois v0.2.1
[INFO] [stderr]     Checking rustix v1.1.4
[INFO] [stderr]     Checking windows-future v0.3.2
[INFO] [stderr]    Compiling url v2.5.8
[INFO] [stdout] error[E0425]: cannot find type `IMarshal` in module `windows_core::imp`
[INFO] [stdout]   --> /opt/rustwide/cargo-home/registry/src/index.crates.io-1949cf8c6b5b557f/windows-future-0.3.2/src/bindings.rs:87:51
[INFO] [stdout]    |
[INFO] [stdout] 87 |             } else if *iid == <windows_core::imp::IMarshal as windows_core::Interface>::IID {
[INFO] [stdout]    |                                                   ^^^^^^^^ not found in `windows_core::imp`
[INFO] [stdout] 
[INFO] [stdout] 
[INFO] [stdout] error[E0425]: cannot find function `marshaler` in module `windows_core::imp`
[INFO] [stdout]   --> /opt/rustwide/cargo-home/registry/src/index.crates.io-1949cf8c6b5b557f/windows-future-0.3.2/src/bindings.rs:89:43
[INFO] [stdout]    |
[INFO] [stdout] 89 |                 return windows_core::imp::marshaler(
[INFO] [stdout]    |                                           ^^^^^^^^^ not found in `windows_core::imp`
[INFO] [stdout] 
[INFO] [stdout] 
[INFO] [stdout] error[E0425]: cannot find type `IMarshal` in module `windows_core::imp`
[INFO] [stdout]    --> /opt/rustwide/cargo-home/registry/src/index.crates.io-1949cf8c6b5b557f/windows-future-0.3.2/src/bindings.rs:255:51
[INFO] [stdout]     |
[INFO] [stdout] 255 |             } else if *iid == <windows_core::imp::IMarshal as windows_core::Interface>::IID {
[INFO] [stdout]     |                                                   ^^^^^^^^ not found in `windows_core::imp`
[INFO] [stdout] 
[INFO] [stdout] 
[INFO] [stdout] error[E0425]: cannot find function `marshaler` in module `windows_core::imp`
[INFO] [stdout]    --> /opt/rustwide/cargo-home/registry/src/index.crates.io-1949cf8c6b5b557f/windows-future-0.3.2/src/bindings.rs:257:43
[INFO] [stdout]     |
[INFO] [stdout] 257 |                 return windows_core::imp::marshaler(
[INFO] [stdout]     |                                           ^^^^^^^^^ not found in `windows_core::imp`
[INFO] [stdout] 
[INFO] [stdout] 
[INFO] [stdout] error[E0425]: cannot find type `IMarshal` in module `windows_core::imp`
[INFO] [stdout]    --> /opt/rustwide/cargo-home/registry/src/index.crates.io-1949cf8c6b5b557f/windows-future-0.3.2/src/bindings.rs:422:364
[INFO] [stdout]     |
[INFO] [stdout] 422 | ... _ } else if * iid == < windows_core::imp::IMarshal as windows_core::Interface >::IID { ( * this ) . count . add_ref ( ) ; retur...
[INFO] [stdout]     |                                               ^^^^^^^^ not found in `windows_core::imp`
[INFO] [stdout] 
[INFO] [stdout] 
[INFO] [stdout] error[E0425]: cannot find function `marshaler` in module `windows_core::imp`
[INFO] [stdout]    --> /opt/rustwide/cargo-home/registry/src/index.crates.io-1949cf8c6b5b557f/windows-future-0.3.2/src/bindings.rs:422:470
[INFO] [stdout]     |
[INFO] [stdout] 422 | ... . add_ref ( ) ; return windows_core::imp::marshaler ( core::mem::transmute ( & mut ( * this ) . vtable as * mut _ as * mut core...
[INFO] [stdout]     |                                               ^^^^^^^^^ not found in `windows_core::imp`
[INFO] [stdout] 
[INFO] [stdout] 
[INFO] [stdout] error[E0425]: cannot find type `IMarshal` in module `windows_core::imp`
[INFO] [stdout]    --> /opt/rustwide/cargo-home/registry/src/index.crates.io-1949cf8c6b5b557f/windows-future-0.3.2/src/bindings.rs:572:51
[INFO] [stdout]     |
[INFO] [stdout] 572 |             } else if *iid == <windows_core::imp::IMarshal as windows_core::Interface>::IID {
[INFO] [stdout]     |                                                   ^^^^^^^^ not found in `windows_core::imp`
[INFO] [stdout] 
[INFO] [stdout] 
[INFO] [stdout] error[E0425]: cannot find function `marshaler` in module `windows_core::imp`
[INFO] [stdout]    --> /opt/rustwide/cargo-home/registry/src/index.crates.io-1949cf8c6b5b557f/windows-future-0.3.2/src/bindings.rs:574:43
[INFO] [stdout]     |
[INFO] [stdout] 574 |                 return windows_core::imp::marshaler(
[INFO] [stdout]     |                                           ^^^^^^^^^ not found in `windows_core::imp`
[INFO] [stdout] 
[INFO] [stdout] 
[INFO] [stdout] error[E0425]: cannot find type `IMarshal` in module `windows_core::imp`
[INFO] [stdout]    --> /opt/rustwide/cargo-home/registry/src/index.crates.io-1949cf8c6b5b557f/windows-future-0.3.2/src/bindings.rs:752:364
[INFO] [stdout]     |
[INFO] [stdout] 752 | ... _ } else if * iid == < windows_core::imp::IMarshal as windows_core::Interface >::IID { ( * this ) . count . add_ref ( ) ; retur...
[INFO] [stdout]     |                                               ^^^^^^^^ not found in `windows_core::imp`
[INFO] [stdout] 
[INFO] [stdout] 
[INFO] [stdout] error[E0425]: cannot find function `marshaler` in module `windows_core::imp`
[INFO] [stdout]    --> /opt/rustwide/cargo-home/registry/src/index.crates.io-1949cf8c6b5b557f/windows-future-0.3.2/src/bindings.rs:752:470
[INFO] [stdout]     |
[INFO] [stdout] 752 | ... . add_ref ( ) ; return windows_core::imp::marshaler ( core::mem::transmute ( & mut ( * this ) . vtable as * mut _ as * mut core...
[INFO] [stdout]     |                                               ^^^^^^^^^ not found in `windows_core::imp`
[INFO] [stdout] 
[INFO] [stdout] 
[INFO] [stdout] error[E0425]: cannot find type `IMarshal` in module `windows_core::imp`
[INFO] [stdout]    --> /opt/rustwide/cargo-home/registry/src/index.crates.io-1949cf8c6b5b557f/windows-future-0.3.2/src/bindings.rs:927:377
[INFO] [stdout]     |
[INFO] [stdout] 927 | ... _ } else if * iid == < windows_core::imp::IMarshal as windows_core::Interface >::IID { ( * this ) . count . add_ref ( ) ; retur...
[INFO] [stdout]     |                                               ^^^^^^^^ not found in `windows_core::imp`
[INFO] [stdout] 
[INFO] [stdout] 
[INFO] [stdout] error[E0425]: cannot find function `marshaler` in module `windows_core::imp`
[INFO] [stdout]    --> /opt/rustwide/cargo-home/registry/src/index.crates.io-1949cf8c6b5b557f/windows-future-0.3.2/src/bindings.rs:927:483
[INFO] [stdout]     |
[INFO] [stdout] 927 | ... . add_ref ( ) ; return windows_core::imp::marshaler ( core::mem::transmute ( & mut ( * this ) . vtable as * mut _ as * mut core...
[INFO] [stdout]     |                                               ^^^^^^^^^ not found in `windows_core::imp`
[INFO] [stdout] 
[INFO] [stdout] 
[INFO] [stdout] error[E0425]: cannot find function `submit` in crate `windows_threading`
[INFO] [stdout]    --> /opt/rustwide/cargo-home/registry/src/index.crates.io-1949cf8c6b5b557f/windows-future-0.3.2/src/async_spawn.rs:264:28
[INFO] [stdout]     |
[INFO] [stdout] 264 |         windows_threading::submit(move || {
[INFO] [stdout]     |                            ^^^^^^ not found in `windows_threading`
[INFO] [stdout] 
[INFO] [stdout] 
[INFO] [stdout] error[E0425]: cannot find function `submit` in crate `windows_threading`
[INFO] [stdout]    --> /opt/rustwide/cargo-home/registry/src/index.crates.io-1949cf8c6b5b557f/windows-future-0.3.2/src/async_spawn.rs:281:28
[INFO] [stdout]     |
[INFO] [stdout] 281 |         windows_threading::submit(move || {
[INFO] [stdout]     |                            ^^^^^^ not found in `windows_threading`
[INFO] [stdout] 
[INFO] [stdout] 
[INFO] [stdout] error[E0425]: cannot find function `submit` in crate `windows_threading`
[INFO] [stdout]    --> /opt/rustwide/cargo-home/registry/src/index.crates.io-1949cf8c6b5b557f/windows-future-0.3.2/src/async_spawn.rs:298:28
[INFO] [stdout]     |
[INFO] [stdout] 298 |         windows_threading::submit(move || {
[INFO] [stdout]     |                            ^^^^^^ not found in `windows_threading`
[INFO] [stdout] 
[INFO] [stdout] 
[INFO] [stdout] error[E0425]: cannot find function `submit` in crate `windows_threading`
[INFO] [stdout]    --> /opt/rustwide/cargo-home/registry/src/index.crates.io-1949cf8c6b5b557f/windows-future-0.3.2/src/async_spawn.rs:315:28
[INFO] [stdout]     |
[INFO] [stdout] 315 |         windows_threading::submit(move || {
[INFO] [stdout]     |                            ^^^^^^ not found in `windows_threading`
[INFO] [stdout] 
[INFO] [stdout] 
[INFO] [stderr]     Checking serde v1.0.229
[INFO] [stderr]    Compiling rumpus v0.1.0 (/opt/rustwide/workdir/crates/rumpus)
[INFO] [stderr]     Checking windows-collections v0.3.2
[INFO] [stdout] For more information about this error, try `rustc --explain E0425`.
[INFO] [stdout] 
[INFO] [stderr] error: could not compile `windows-future` (lib) due to 16 previous errors
[INFO] [stderr] warning: build failed, waiting for other jobs to finish...
[INFO] running `Command { std: "docker" "inspect" "9987371189c8011bf70425fe119a4af8cb0647aa6c84c3afcda6d47edc1cf722", kill_on_drop: false }`
[INFO] running `Command { std: "docker" "rm" "-f" "9987371189c8011bf70425fe119a4af8cb0647aa6c84c3afcda6d47edc1cf722", kill_on_drop: false }`
[INFO] [stdout] 9987371189c8011bf70425fe119a4af8cb0647aa6c84c3afcda6d47edc1cf722
