[INFO] cloning repository https://github.com/Leo-Y-Zhang/Osmium
[INFO] running `Command { std: "git" "-c" "credential.helper=" "-c" "credential.helper=/workspace/cargo-home/bin/git-credential-null" "clone" "--bare" "https://github.com/Leo-Y-Zhang/Osmium" "/workspace/cache/git-repos/https%3A%2F%2Fgithub.com%2FLeo-Y-Zhang%2FOsmium", kill_on_drop: false }`
[INFO] [stderr] Cloning into bare repository '/workspace/cache/git-repos/https%3A%2F%2Fgithub.com%2FLeo-Y-Zhang%2FOsmium'...
[INFO] running `Command { std: "git" "rev-parse" "HEAD", kill_on_drop: false }`
[INFO] [stdout] e3b590a1b446f6ef7ca89e0a9b80f26a96431457
[INFO] checking Leo-Y-Zhang/Osmium against 3154cc1a3e6424e44f438a95007d043ed5ceaaf6+rustflags=-Znext-solver=coherence for pr-133502-30
[INFO] running `Command { std: "git" "clone" "/workspace/cache/git-repos/https%3A%2F%2Fgithub.com%2FLeo-Y-Zhang%2FOsmium" "/workspace/builds/worker-4-tc1/source", kill_on_drop: false }`
[INFO] [stderr] Cloning into '/workspace/builds/worker-4-tc1/source'...
[INFO] [stderr] done.
[INFO] removed /workspace/builds/worker-4-tc1/source/.cargo/config.toml
[INFO] removed /workspace/builds/worker-4-tc1/source/rust-toolchain.toml
[INFO] started tweaking git repo https://github.com/Leo-Y-Zhang/Osmium
[INFO] finished tweaking git repo https://github.com/Leo-Y-Zhang/Osmium
[INFO] tweaked toml for git repo https://github.com/Leo-Y-Zhang/Osmium written to /workspace/builds/worker-4-tc1/source/Cargo.toml
[INFO] validating manifest of git repo https://github.com/Leo-Y-Zhang/Osmium on toolchain 3154cc1a3e6424e44f438a95007d043ed5ceaaf6
[INFO] running `Command { std: CARGO_HOME="/workspace/cargo-home" RUSTUP_HOME="/workspace/rustup-home" "/workspace/cargo-home/bin/cargo" "+3154cc1a3e6424e44f438a95007d043ed5ceaaf6" "metadata" "--manifest-path" "Cargo.toml" "--no-deps", kill_on_drop: false }`
[INFO] crate git repo https://github.com/Leo-Y-Zhang/Osmium already has a lockfile, it will not be regenerated
[INFO] running `Command { std: CARGO_HOME="/workspace/cargo-home" RUSTUP_HOME="/workspace/rustup-home" "/workspace/cargo-home/bin/cargo" "+3154cc1a3e6424e44f438a95007d043ed5ceaaf6" "fetch" "--manifest-path" "Cargo.toml", kill_on_drop: false }`
[INFO] [stderr]     Updating crates.io index
[INFO] [stderr]  Downloading crates ...
[INFO] [stderr]   Downloaded mbrman v0.5.4
[INFO] [stderr]   Downloaded llvm-tools v0.1.1
[INFO] [stderr]   Downloaded bootloader v0.11.17
[INFO] [stderr]   Downloaded gpt v3.1.0
[INFO] [stderr]   Downloaded fatfs v0.3.6
[INFO] [stderr]   Downloaded bootloader_api v0.11.17
[INFO] [stderr]   Downloaded uart_16550 v0.3.2
[INFO] [stderr]   Downloaded pic8259 v0.11.0
[INFO] [stderr]   Downloaded bootloader-boot-config v0.11.17
[INFO] [stderr]   Downloaded linked_list_allocator v0.10.6
[INFO] [stderr]   Downloaded spinning_top v0.2.5
[INFO] [stderr]   Downloaded spin v0.12.2
[INFO] [stderr]   Downloaded pc-keyboard v0.9.0
[INFO] [stderr]   Downloaded noto-sans-mono-bitmap v0.3.2
[INFO] [stderr]   Downloaded x86 v0.52.0
[INFO] running `Command { std: "docker" "create" "-v" "/var/lib/crater-agent-workspace/builds/worker-4-tc1/source:/opt/rustwide/workdir:ro,Z" "-v" "/var/lib/crater-agent-workspace/builds/worker-4-tc1/target:/opt/rustwide/target:rw,Z" "-v" "/var/lib/crater-agent-workspace/cargo-home:/opt/rustwide/cargo-home:ro,Z" "-v" "/var/lib/crater-agent-workspace/rustup-home:/opt/rustwide/rustup-home:ro,Z" "-m" "1610612736" "--network" "none" "ghcr.io/rust-lang/crates-build-env/linux@sha256:77db811e55d90add9212f6832c23229e3de5f1c1f9905e8cb07319ea15df73ac" "sleep" "infinity", kill_on_drop: false }`
[INFO] [stdout] 6740c5848b9558c44032b2bc0f0aab56e1c4de32e21de46a4ba4308d9cebeff2
[INFO] running `Command { std: "docker" "start" "6740c5848b9558c44032b2bc0f0aab56e1c4de32e21de46a4ba4308d9cebeff2", kill_on_drop: false }`
[INFO] running `Command { std: "docker" "inspect" "6740c5848b9558c44032b2bc0f0aab56e1c4de32e21de46a4ba4308d9cebeff2", kill_on_drop: false }`
[INFO] running `Command { std: "docker" "exec" "-e" "SOURCE_DIR=/opt/rustwide/workdir" "-e" "CARGO_HOME=/opt/rustwide/cargo-home" "-e" "RUSTUP_HOME=/opt/rustwide/rustup-home" "-e" "CARGO_TARGET_DIR=/opt/rustwide/target" "-w" "/opt/rustwide/workdir" "--user" "0:0" "6740c5848b9558c44032b2bc0f0aab56e1c4de32e21de46a4ba4308d9cebeff2" "/opt/rustwide/cargo-home/bin/cargo" "+3154cc1a3e6424e44f438a95007d043ed5ceaaf6" "metadata" "--no-deps" "--format-version=1", kill_on_drop: false }`
[INFO] running `Command { std: "docker" "inspect" "6740c5848b9558c44032b2bc0f0aab56e1c4de32e21de46a4ba4308d9cebeff2", kill_on_drop: false }`
[INFO] running `Command { std: "docker" "exec" "-e" "SOURCE_DIR=/opt/rustwide/workdir" "-e" "CARGO_HOME=/opt/rustwide/cargo-home" "-e" "RUSTUP_HOME=/opt/rustwide/rustup-home" "-e" "CARGO_TARGET_DIR=/opt/rustwide/target" "-e" "CARGO_INCREMENTAL=0" "-e" "RUST_BACKTRACE=full" "-e" "RUSTFLAGS=--cap-lints=forbid -Znext-solver=coherence" "-e" "RUSTDOCFLAGS=--cap-lints=forbid" "-w" "/opt/rustwide/workdir" "--user" "0:0" "6740c5848b9558c44032b2bc0f0aab56e1c4de32e21de46a4ba4308d9cebeff2" "/opt/rustwide/cargo-home/bin/cargo" "+3154cc1a3e6424e44f438a95007d043ed5ceaaf6" "check" "--frozen" "--all" "--all-targets" "--message-format=json", kill_on_drop: false }`
[INFO] [stderr]    Compiling libc v0.2.189
[INFO] [stderr]    Compiling radium v0.7.0
[INFO] [stderr]    Compiling syn v3.0.3
[INFO] [stderr]    Compiling syn v2.0.119
[INFO] [stderr]    Compiling const_fn v0.4.12
[INFO] [stderr]     Checking tap v1.0.1
[INFO] [stderr]    Compiling x86 v0.52.0
[INFO] [stderr]    Compiling llvm-tools v0.1.1
[INFO] [stderr]     Checking wyz v0.5.1
[INFO] [stderr]    Compiling crossbeam-utils v0.8.22
[INFO] [stderr]     Checking funty v2.0.0
[INFO] [stderr]    Compiling bootloader v0.11.17
[INFO] [stderr]     Checking rustix v1.1.4
[INFO] [stderr]     Checking raw-cpuid v10.7.0
[INFO] [stderr]    Compiling bootloader_api v0.11.17
[INFO] [stderr]     Checking volatile v0.4.6
[INFO] [stderr]     Checking serde_json v1.0.151
[INFO] [stderr]     Checking x86_64 v0.15.5
[INFO] [stderr]     Checking bitvec v1.1.1
[INFO] [stderr]     Checking fatfs v0.3.6
[INFO] [stderr]     Checking getrandom v0.4.3
[INFO] [stderr]     Checking uuid v1.24.1
[INFO] [stderr]     Checking gpt v3.1.0
[INFO] [stderr]     Checking tempfile v3.27.0
[INFO] [stderr]     Checking spinning_top v0.2.5
[INFO] [stderr]     Checking futures-core v0.3.34
[INFO] [stderr]    Compiling kernel v0.6.0 (/opt/rustwide/workdir/kernel)
[INFO] [stderr]     Checking slab v0.4.12
[INFO] [stderr]     Checking futures-task v0.3.34
[INFO] [stderr]     Checking crossbeam-queue v0.3.13
[INFO] [stderr]     Checking uart_16550 v0.3.2
[INFO] [stderr]     Checking futures-util v0.3.34
[INFO] [stderr]     Checking sha2 v0.10.9
[INFO] [stderr] error: failed to run custom build command for `kernel v0.6.0 (/opt/rustwide/workdir/kernel)`
[INFO] [stderr] note: To improve backtraces for build dependencies, set the CARGO_PROFILE_DEV_BUILD_OVERRIDE_DEBUG=true environment variable to enable debug information generation.
[INFO] [stderr] 
[INFO] [stderr] Caused by:
[INFO] [stderr]   process didn't exit successfully: `/opt/rustwide/target/debug/build/kernel/03aa95d6fe2181a2/out/build_script_build` (exit status: 101)
[INFO] [stderr]   --- stdout
[INFO] [stderr]   cargo:rerun-if-changed=/opt/rustwide/workdir/user/hello/src/main.rs
[INFO] [stderr]   cargo:rerun-if-changed=/opt/rustwide/workdir/user/hello/Cargo.toml
[INFO] [stderr]   cargo:rerun-if-changed=/opt/rustwide/workdir/user/hello/link.ld
[INFO] [stderr] 
[INFO] [stderr]   --- stderr
[INFO] [stderr]      Compiling hello v0.1.0 (/opt/rustwide/workdir/user/hello)
[INFO] [stderr]   error[E0463]: can't find crate for `core`
[INFO] [stderr]     |
[INFO] [stderr]     = note: the `x86_64-unknown-none` target may not be installed
[INFO] [stderr]     = help: consider downloading the target with `rustup target add x86_64-unknown-none`
[INFO] [stderr]     = help: consider building the standard library from source with `cargo build -Zbuild-std`
[INFO] [stderr] 
[INFO] [stderr]   For more information about this error, try `rustc --explain E0463`.
[INFO] [stderr]   error: could not compile `hello` (bin "hello") due to 1 previous error
[INFO] [stderr] 
[INFO] [stderr]   thread 'main' (407) panicked at kernel/build.rs:69:5:
[INFO] [stderr]   building the hello user program failed
[INFO] [stderr]   stack backtrace:
[INFO] [stderr]      0:     0x61bb03a52d01 - std[3164a59e47d3bde]::backtrace_rs::backtrace::libunwind::trace
[INFO] [stderr]                                  at /rustc/3154cc1a3e6424e44f438a95007d043ed5ceaaf6/library/std/src/../../backtrace/src/backtrace/libunwind.rs:117:9
[INFO] [stderr]      1:     0x61bb03a52d01 - std[3164a59e47d3bde]::backtrace_rs::backtrace::trace_unsynchronized::<std[3164a59e47d3bde]::sys::backtrace::_print_fmt::{closure#1}>
[INFO] [stderr]                                  at /rustc/3154cc1a3e6424e44f438a95007d043ed5ceaaf6/library/std/src/../../backtrace/src/backtrace/mod.rs:66:14
[INFO] [stderr]      2:     0x61bb03a52d01 - std[3164a59e47d3bde]::sys::backtrace::_print_fmt
[INFO] [stderr]                                  at /rustc/3154cc1a3e6424e44f438a95007d043ed5ceaaf6/library/std/src/sys/backtrace.rs:74:9
[INFO] [stderr]      3:     0x61bb03a52d01 - <<std[3164a59e47d3bde]::sys::backtrace::BacktraceLock>::print::DisplayBacktrace as core[934024a1e6126fb4]::fmt::Display>::fmt
[INFO] [stderr]                                  at /rustc/3154cc1a3e6424e44f438a95007d043ed5ceaaf6/library/std/src/sys/backtrace.rs:44:26
[INFO] [stderr]      4:     0x61bb03a64b7a - <core[934024a1e6126fb4]::fmt::rt::Argument>::fmt
[INFO] [stderr]                                  at /rustc/3154cc1a3e6424e44f438a95007d043ed5ceaaf6/library/core/src/fmt/rt.rs:152:76
[INFO] [stderr]      5:     0x61bb03a64b7a - core[934024a1e6126fb4]::fmt::write
[INFO] [stderr]      6:     0x61bb03a568dc - core[934024a1e6126fb4]::io::write::default_write_fmt::<std[3164a59e47d3bde]::sys::stdio::unix::Stderr>
[INFO] [stderr]                                  at /rustc/3154cc1a3e6424e44f438a95007d043ed5ceaaf6/library/core/src/io/write.rs:402:11
[INFO] [stderr]      7:     0x61bb03a568dc - <std[3164a59e47d3bde]::sys::stdio::unix::Stderr as core[934024a1e6126fb4]::io::write::Write>::write_fmt
[INFO] [stderr]                                  at /rustc/3154cc1a3e6424e44f438a95007d043ed5ceaaf6/library/core/src/io/write.rs:335:13
[INFO] [stderr]      8:     0x61bb03a34f86 - <std[3164a59e47d3bde]::sys::backtrace::BacktraceLock>::print
[INFO] [stderr]                                  at /rustc/3154cc1a3e6424e44f438a95007d043ed5ceaaf6/library/std/src/sys/backtrace.rs:47:9
[INFO] [stderr]      9:     0x61bb03a34f86 - std[3164a59e47d3bde]::panicking::default_hook::{closure#0}
[INFO] [stderr]                                  at /rustc/3154cc1a3e6424e44f438a95007d043ed5ceaaf6/library/std/src/panicking.rs:289:27
[INFO] [stderr]     10:     0x61bb03a4ee61 - std[3164a59e47d3bde]::panicking::default_hook
[INFO] [stderr]                                  at /rustc/3154cc1a3e6424e44f438a95007d043ed5ceaaf6/library/std/src/panicking.rs:316:9
[INFO] [stderr]     11:     0x61bb03a4f01b - std[3164a59e47d3bde]::panicking::panic_with_hook
[INFO] [stderr]                                  at /rustc/3154cc1a3e6424e44f438a95007d043ed5ceaaf6/library/std/src/panicking.rs:811:13
[INFO] [stderr]     12:     0x61bb03a35032 - std[3164a59e47d3bde]::panicking::panic_handler::{closure#0}
[INFO] [stderr]                                  at /rustc/3154cc1a3e6424e44f438a95007d043ed5ceaaf6/library/std/src/panicking.rs:685:13
[INFO] [stderr]     13:     0x61bb03a2e0d9 - std[3164a59e47d3bde]::sys::backtrace::__rust_end_short_backtrace::<std[3164a59e47d3bde]::panicking::panic_handler::{closure#0}, !>
[INFO] [stderr]                                  at /rustc/3154cc1a3e6424e44f438a95007d043ed5ceaaf6/library/std/src/sys/backtrace.rs:182:18
[INFO] [stderr]     14:     0x61bb03a357fd - __rustc[2e7b49d4226056d3]::rust_begin_unwind
[INFO] [stderr]                                  at /rustc/3154cc1a3e6424e44f438a95007d043ed5ceaaf6/library/std/src/panicking.rs:676:5
[INFO] [stderr]     15:     0x61bb03a652ac - core[934024a1e6126fb4]::panicking::panic_fmt
[INFO] [stderr]                                  at /rustc/3154cc1a3e6424e44f438a95007d043ed5ceaaf6/library/core/src/panicking.rs:80:14
[INFO] [stderr]     16:     0x61bb03a1f5ff - build_script_build[12635608571e442]::build_user_program
[INFO] [stderr]     17:     0x61bb03a1faeb - build_script_build[12635608571e442]::main
[INFO] [stderr]     18:     0x61bb03a22313 - <fn() as core[934024a1e6126fb4]::ops::function::FnOnce<()>>::call_once
[INFO] [stderr]     19:     0x61bb03a1e3fe - std[3164a59e47d3bde]::sys::backtrace::__rust_begin_short_backtrace::<fn(), ()>
[INFO] [stderr]     20:     0x61bb03a1e869 - std[3164a59e47d3bde]::rt::lang_start::<()>::{closure#0}
[INFO] [stderr]     21:     0x61bb03a4e2d8 - <&dyn core[934024a1e6126fb4]::ops::function::Fn<(), Output = i32> + core[934024a1e6126fb4]::marker::Sync + core[934024a1e6126fb4]::panic::unwind_safe::RefUnwindSafe as core[934024a1e6126fb4]::ops::function::FnOnce<()>>::call_once
[INFO] [stderr]                                  at /rustc/3154cc1a3e6424e44f438a95007d043ed5ceaaf6/library/core/src/ops/function.rs:287:21
[INFO] [stderr]     22:     0x61bb03a4e2d8 - std[3164a59e47d3bde]::panicking::catch_unwind::do_call::<&dyn core[934024a1e6126fb4]::ops::function::Fn<(), Output = i32> + core[934024a1e6126fb4]::marker::Sync + core[934024a1e6126fb4]::panic::unwind_safe::RefUnwindSafe, i32>
[INFO] [stderr]                                  at /rustc/3154cc1a3e6424e44f438a95007d043ed5ceaaf6/library/std/src/panicking.rs:573:43
[INFO] [stderr]     23:     0x61bb03a4e2d8 - std[3164a59e47d3bde]::panicking::catch_unwind::<i32, &dyn core[934024a1e6126fb4]::ops::function::Fn<(), Output = i32> + core[934024a1e6126fb4]::marker::Sync + core[934024a1e6126fb4]::panic::unwind_safe::RefUnwindSafe>
[INFO] [stderr]                                  at /rustc/3154cc1a3e6424e44f438a95007d043ed5ceaaf6/library/std/src/panicking.rs:541:19
[INFO] [stderr]     24:     0x61bb03a4e2d8 - std[3164a59e47d3bde]::panic::catch_unwind::<&dyn core[934024a1e6126fb4]::ops::function::Fn<(), Output = i32> + core[934024a1e6126fb4]::marker::Sync + core[934024a1e6126fb4]::panic::unwind_safe::RefUnwindSafe, i32>
[INFO] [stderr]                                  at /rustc/3154cc1a3e6424e44f438a95007d043ed5ceaaf6/library/std/src/panic.rs:359:14
[INFO] [stderr]     25:     0x61bb03a4e2d8 - std[3164a59e47d3bde]::rt::lang_start_internal::{closure#0}
[INFO] [stderr]                                  at /rustc/3154cc1a3e6424e44f438a95007d043ed5ceaaf6/library/std/src/rt.rs:175:24
[INFO] [stderr]     26:     0x61bb03a4e2d8 - std[3164a59e47d3bde]::panicking::catch_unwind::do_call::<std[3164a59e47d3bde]::rt::lang_start_internal::{closure#0}, isize>
[INFO] [stderr]                                  at /rustc/3154cc1a3e6424e44f438a95007d043ed5ceaaf6/library/std/src/panicking.rs:573:43
[INFO] [stderr]     27:     0x61bb03a4e2d8 - std[3164a59e47d3bde]::panicking::catch_unwind::<isize, std[3164a59e47d3bde]::rt::lang_start_internal::{closure#0}>
[INFO] [stderr]                                  at /rustc/3154cc1a3e6424e44f438a95007d043ed5ceaaf6/library/std/src/panicking.rs:541:19
[INFO] [stderr]     28:     0x61bb03a4e2d8 - std[3164a59e47d3bde]::panic::catch_unwind::<std[3164a59e47d3bde]::rt::lang_start_internal::{closure#0}, isize>
[INFO] [stderr]                                  at /rustc/3154cc1a3e6424e44f438a95007d043ed5ceaaf6/library/std/src/panic.rs:359:14
[INFO] [stderr]     29:     0x61bb03a4e2d8 - std[3164a59e47d3bde]::rt::lang_start_internal
[INFO] [stderr]                                  at /rustc/3154cc1a3e6424e44f438a95007d043ed5ceaaf6/library/std/src/rt.rs:171:5
[INFO] [stderr]     30:     0x61bb03a1e2b1 - std[3164a59e47d3bde]::rt::lang_start::<()>
[INFO] [stderr]     31:     0x61bb03a225c5 - main
[INFO] [stderr]     32:     0x7df40b7a8601 - <unknown>
[INFO] [stderr]     33:     0x7df40b7a8718 - __libc_start_main
[INFO] [stderr]     34:     0x61bb03a1ce45 - _start
[INFO] [stderr]     35:                0x0 - <unknown>
[INFO] [stderr] warning: build failed, waiting for other jobs to finish...
[INFO] [stderr] error: failed to run custom build command for `bootloader v0.11.17`
[INFO] [stderr] note: To improve backtraces for build dependencies, set the CARGO_PROFILE_DEV_BUILD_OVERRIDE_DEBUG=true environment variable to enable debug information generation.
[INFO] [stderr] 
[INFO] [stderr] Caused by:
[INFO] [stderr]   process didn't exit successfully: `/opt/rustwide/target/debug/build/bootloader/a069f89596b4bd74/out/build_script_build` (exit status: 101)
[INFO] [stderr]   --- stderr
[INFO] [stderr]       Updating crates.io index
[INFO] [stderr]   warning: spurious network error (3 tries remaining): [6] Could not resolve hostname (Could not resolve host: index.crates.io)
[INFO] [stderr]       Updating crates.io index
[INFO] [stderr]   warning: spurious network error (3 tries remaining): [6] Could not resolve hostname (Could not resolve host: index.crates.io)
[INFO] [stderr]       Updating crates.io index
[INFO] [stderr]   warning: spurious network error (3 tries remaining): [6] Could not resolve hostname (Could not resolve host: index.crates.io)
[INFO] [stderr]       Updating crates.io index
[INFO] [stderr]   warning: spurious network error (3 tries remaining): [6] Could not resolve hostname (Could not resolve host: index.crates.io)
[INFO] [stderr]       Updating crates.io index
[INFO] [stderr]   warning: spurious network error (3 tries remaining): [6] Could not resolve hostname (Could not resolve host: index.crates.io)
[INFO] [stderr]   warning: spurious network error (2 tries remaining): [6] Could not resolve hostname (Could not resolve host: index.crates.io)
[INFO] [stderr]   warning: spurious network error (2 tries remaining): [6] Could not resolve hostname (Could not resolve host: index.crates.io)
[INFO] [stderr]   warning: spurious network error (2 tries remaining): [6] Could not resolve hostname (Could not resolve host: index.crates.io)
[INFO] [stderr]   warning: spurious network error (2 tries remaining): [6] Could not resolve hostname (Could not resolve host: index.crates.io)
[INFO] [stderr]   warning: spurious network error (2 tries remaining): [6] Could not resolve hostname (Could not resolve host: index.crates.io)
[INFO] [stderr]   warning: spurious network error (1 try remaining): [6] Could not resolve hostname (Could not resolve host: index.crates.io)
[INFO] [stderr]   warning: spurious network error (1 try remaining): [6] Could not resolve hostname (Could not resolve host: index.crates.io)
[INFO] [stderr]   warning: spurious network error (1 try remaining): [6] Could not resolve hostname (Could not resolve host: index.crates.io)
[INFO] [stderr]   warning: spurious network error (1 try remaining): [6] Could not resolve hostname (Could not resolve host: index.crates.io)
[INFO] [stderr]   warning: spurious network error (1 try remaining): [6] Could not resolve hostname (Could not resolve host: index.crates.io)
[INFO] [stderr]   warning: spurious network error (3 tries remaining): [6] Could not resolve hostname (Could not resolve host: index.crates.io)
[INFO] [stderr]   warning: spurious network error (3 tries remaining): [6] Could not resolve hostname (Could not resolve host: index.crates.io)
[INFO] [stderr]   warning: spurious network error (3 tries remaining): [6] Could not resolve hostname (Could not resolve host: index.crates.io)
[INFO] [stderr]   warning: spurious network error (3 tries remaining): [6] Could not resolve hostname (Could not resolve host: index.crates.io)
[INFO] [stderr]   warning: spurious network error (3 tries remaining): [6] Could not resolve hostname (Could not resolve host: index.crates.io)
[INFO] [stderr]   warning: spurious network error (2 tries remaining): [6] Could not resolve hostname (Could not resolve host: index.crates.io)
[INFO] [stderr]   warning: spurious network error (2 tries remaining): [6] Could not resolve hostname (Could not resolve host: index.crates.io)
[INFO] [stderr]   warning: spurious network error (2 tries remaining): [6] Could not resolve hostname (Could not resolve host: index.crates.io)
[INFO] [stderr]   warning: spurious network error (2 tries remaining): [6] Could not resolve hostname (Could not resolve host: index.crates.io)
[INFO] [stderr]   warning: spurious network error (2 tries remaining): [6] Could not resolve hostname (Could not resolve host: index.crates.io)
[INFO] [stderr]   warning: spurious network error (1 try remaining): [6] Could not resolve hostname (Could not resolve host: index.crates.io)
[INFO] [stderr]   warning: spurious network error (1 try remaining): [6] Could not resolve hostname (Could not resolve host: index.crates.io)
[INFO] [stderr]   warning: spurious network error (1 try remaining): [6] Could not resolve hostname (Could not resolve host: index.crates.io)
[INFO] [stderr]   warning: spurious network error (1 try remaining): [6] Could not resolve hostname (Could not resolve host: index.crates.io)
[INFO] [stderr]   warning: spurious network error (1 try remaining): [6] Could not resolve hostname (Could not resolve host: index.crates.io)
[INFO] [stderr]   error: download of config.json failed
[INFO] [stderr] 
[INFO] [stderr]   Caused by:
[INFO] [stderr]     [6] Could not resolve hostname (Could not resolve host: index.crates.io)
[INFO] [stderr] 
[INFO] [stderr]   thread '<unnamed>' (319) panicked at /opt/rustwide/cargo-home/registry/src/index.crates.io-1949cf8c6b5b557f/bootloader-0.11.17/build.rs:300:9:
[INFO] [stderr]   failed to build bios stage-3
[INFO] [stderr]   stack backtrace:
[INFO] [stderr]      0:     0x63a5e051e6c1 - std[3164a59e47d3bde]::backtrace_rs::backtrace::libunwind::trace
[INFO] [stderr]                                  at /rustc/3154cc1a3e6424e44f438a95007d043ed5ceaaf6/library/std/src/../../backtrace/src/backtrace/libunwind.rs:117:9
[INFO] [stderr]      1:     0x63a5e051e6c1 - std[3164a59e47d3bde]::backtrace_rs::backtrace::trace_unsynchronized::<std[3164a59e47d3bde]::sys::backtrace::_print_fmt::{closure#1}>
[INFO] [stderr]                                  at /rustc/3154cc1a3e6424e44f438a95007d043ed5ceaaf6/library/std/src/../../backtrace/src/backtrace/mod.rs:66:14
[INFO] [stderr]      2:     0x63a5e051e6c1 - std[3164a59e47d3bde]::sys::backtrace::_print_fmt
[INFO] [stderr]                                  at /rustc/3154cc1a3e6424e44f438a95007d043ed5ceaaf6/library/std/src/sys/backtrace.rs:74:9
[INFO] [stderr]      3:     0x63a5e051e6c1 - <<std[3164a59e47d3bde]::sys::backtrace::BacktraceLock>::print::DisplayBacktrace as core[934024a1e6126fb4]::fmt::Display>::fmt
[INFO] [stderr]                                  at /rustc/3154cc1a3e6424e44f438a95007d043ed5ceaaf6/library/std/src/sys/backtrace.rs:44:26
[INFO] [stderr]      4:     0x63a5e0531bfa - <core[934024a1e6126fb4]::fmt::rt::Argument>::fmt
[INFO] [stderr]                                  at /rustc/3154cc1a3e6424e44f438a95007d043ed5ceaaf6/library/core/src/fmt/rt.rs:152:76
[INFO] [stderr]      5:     0x63a5e0531bfa - core[934024a1e6126fb4]::fmt::write
[INFO] [stderr]      6:     0x63a5e0523efc - core[934024a1e6126fb4]::io::write::default_write_fmt::<std[3164a59e47d3bde]::sys::stdio::unix::Stderr>
[INFO] [stderr]                                  at /rustc/3154cc1a3e6424e44f438a95007d043ed5ceaaf6/library/core/src/io/write.rs:402:11
[INFO] [stderr]      7:     0x63a5e0523efc - <std[3164a59e47d3bde]::sys::stdio::unix::Stderr as core[934024a1e6126fb4]::io::write::Write>::write_fmt
[INFO] [stderr]                                  at /rustc/3154cc1a3e6424e44f438a95007d043ed5ceaaf6/library/core/src/io/write.rs:335:13
[INFO] [stderr]      8:     0x63a5e04fe336 - <std[3164a59e47d3bde]::sys::backtrace::BacktraceLock>::print
[INFO] [stderr]                                  at /rustc/3154cc1a3e6424e44f438a95007d043ed5ceaaf6/library/std/src/sys/backtrace.rs:47:9
[INFO] [stderr]      9:     0x63a5e04fe336 - std[3164a59e47d3bde]::panicking::default_hook::{closure#0}
[INFO] [stderr]                                  at /rustc/3154cc1a3e6424e44f438a95007d043ed5ceaaf6/library/std/src/panicking.rs:289:27
[INFO] [stderr]     10:     0x63a5e0519a81 - std[3164a59e47d3bde]::panicking::default_hook
[INFO] [stderr]                                  at /rustc/3154cc1a3e6424e44f438a95007d043ed5ceaaf6/library/std/src/panicking.rs:316:9
[INFO] [stderr]     11:     0x63a5e0519c3b - std[3164a59e47d3bde]::panicking::panic_with_hook
[INFO] [stderr]                                  at /rustc/3154cc1a3e6424e44f438a95007d043ed5ceaaf6/library/std/src/panicking.rs:811:13
[INFO] [stderr]     12:     0x63a5e04fe414 - std[3164a59e47d3bde]::panicking::panic_handler::{closure#0}
[INFO] [stderr]                                  at /rustc/3154cc1a3e6424e44f438a95007d043ed5ceaaf6/library/std/src/panicking.rs:678:13
[INFO] [stderr]     13:     0x63a5e04f71a9 - std[3164a59e47d3bde]::sys::backtrace::__rust_end_short_backtrace::<std[3164a59e47d3bde]::panicking::panic_handler::{closure#0}, !>
[INFO] [stderr]                                  at /rustc/3154cc1a3e6424e44f438a95007d043ed5ceaaf6/library/std/src/sys/backtrace.rs:182:18
[INFO] [stderr]     14:     0x63a5e04febfd - __rustc[2e7b49d4226056d3]::rust_begin_unwind
[INFO] [stderr]                                  at /rustc/3154cc1a3e6424e44f438a95007d043ed5ceaaf6/library/std/src/panicking.rs:676:5
[INFO] [stderr]     15:     0x63a5e053236c - core[934024a1e6126fb4]::panicking::panic_fmt
[INFO] [stderr]                                  at /rustc/3154cc1a3e6424e44f438a95007d043ed5ceaaf6/library/core/src/panicking.rs:80:14
[INFO] [stderr]     16:     0x63a5e04de5a3 - build_script_build[447e58ccb7753ba5]::build_bios_stage_3
[INFO] [stderr]     17:     0x63a5e04e3981 - <build_script_build[447e58ccb7753ba5]::build_bios_stage_3 as core[934024a1e6126fb4]::ops::function::FnOnce<()>>::call_once
[INFO] [stderr]     18:     0x63a5e04d7a81 - std[3164a59e47d3bde]::sys::backtrace::__rust_begin_short_backtrace::<build_script_build[447e58ccb7753ba5]::build_bios_stage_3, std[3164a59e47d3bde]::path::PathBuf>
[INFO] [stderr]     19:     0x63a5e04dc92d - std[3164a59e47d3bde]::thread::lifecycle::spawn_unchecked::<build_script_build[447e58ccb7753ba5]::build_bios_stage_3, std[3164a59e47d3bde]::path::PathBuf>::{closure#1}::{closure#0}
[INFO] [stderr]     20:     0x63a5e04e35c9 - <core[934024a1e6126fb4]::panic::unwind_safe::AssertUnwindSafe<std[3164a59e47d3bde]::thread::lifecycle::spawn_unchecked<build_script_build[447e58ccb7753ba5]::build_bios_stage_3, std[3164a59e47d3bde]::path::PathBuf>::{closure#1}::{closure#0}> as core[934024a1e6126fb4]::ops::function::FnOnce<()>>::call_once
[INFO] [stderr]     21:     0x63a5e04dad7a - std[3164a59e47d3bde]::panicking::catch_unwind::do_call::<core[934024a1e6126fb4]::panic::unwind_safe::AssertUnwindSafe<std[3164a59e47d3bde]::thread::lifecycle::spawn_unchecked<build_script_build[447e58ccb7753ba5]::build_bios_stage_3, std[3164a59e47d3bde]::path::PathBuf>::{closure#1}::{closure#0}>, std[3164a59e47d3bde]::path::PathBuf>
[INFO] [stderr]     22:     0x63a5e04e39fb - __rust_try
[INFO] [stderr]     23:     0x63a5e04db77e - std[3164a59e47d3bde]::thread::lifecycle::spawn_unchecked::<build_script_build[447e58ccb7753ba5]::build_bios_stage_3, std[3164a59e47d3bde]::path::PathBuf>::{closure#1}
[INFO] [stderr]     24:     0x63a5e04dd3ee - <std[3164a59e47d3bde]::thread::lifecycle::spawn_unchecked<build_script_build[447e58ccb7753ba5]::build_bios_stage_3, std[3164a59e47d3bde]::path::PathBuf>::{closure#1} as core[934024a1e6126fb4]::ops::function::FnOnce<()>>::call_once::{shim:vtable#0}
[INFO] [stderr]     25:     0x63a5e051de9f - <alloc[b96ed41a801e996d]::boxed::Box<dyn core[934024a1e6126fb4]::ops::function::FnOnce<(), Output = ()> + core[934024a1e6126fb4]::marker::Send> as core[934024a1e6126fb4]::ops::function::FnOnce<()>>::call_once
[INFO] [stderr]                                  at /rustc/3154cc1a3e6424e44f438a95007d043ed5ceaaf6/library/alloc/src/boxed.rs:2314:9
[INFO] [stderr]     26:     0x63a5e051de9f - <std[3164a59e47d3bde]::sys::thread::unix::Thread>::new::thread_start
[INFO] [stderr]                                  at /rustc/3154cc1a3e6424e44f438a95007d043ed5ceaaf6/library/std/src/sys/thread/unix.rs:127:17
[INFO] [stderr]     27:     0x7e415389bdfa - <unknown>
[INFO] [stderr]     28:     0x7e415392f3d4 - clone
[INFO] [stderr]     29:                0x0 - <unknown>
[INFO] [stderr]   error: download of config.json failed
[INFO] [stderr] 
[INFO] [stderr]   Caused by:
[INFO] [stderr]     [6] Could not resolve hostname (Could not resolve host: index.crates.io)
[INFO] [stderr] 
[INFO] [stderr]   thread '<unnamed>' (320) panicked at /opt/rustwide/cargo-home/registry/src/index.crates.io-1949cf8c6b5b557f/bootloader-0.11.17/build.rs:365:9:
[INFO] [stderr]   failed to build bios stage-4
[INFO] [stderr]   stack backtrace:
[INFO] [stderr]      0:     0x63a5e051e6c1 - std[3164a59e47d3bde]::backtrace_rs::backtrace::libunwind::trace
[INFO] [stderr]                                  at /rustc/3154cc1a3e6424e44f438a95007d043ed5ceaaf6/library/std/src/../../backtrace/src/backtrace/libunwind.rs:117:9
[INFO] [stderr]      1:     0x63a5e051e6c1 - std[3164a59e47d3bde]::backtrace_rs::backtrace::trace_unsynchronized::<std[3164a59e47d3bde]::sys::backtrace::_print_fmt::{closure#1}>
[INFO] [stderr]                                  at /rustc/3154cc1a3e6424e44f438a95007d043ed5ceaaf6/library/std/src/../../backtrace/src/backtrace/mod.rs:66:14
[INFO] [stderr]      2:     0x63a5e051e6c1 - std[3164a59e47d3bde]::sys::backtrace::_print_fmt
[INFO] [stderr]                                  at /rustc/3154cc1a3e6424e44f438a95007d043ed5ceaaf6/library/std/src/sys/backtrace.rs:74:9
[INFO] [stderr]      3:     0x63a5e051e6c1 - <<std[3164a59e47d3bde]::sys::backtrace::BacktraceLock>::print::DisplayBacktrace as core[934024a1e6126fb4]::fmt::Display>::fmt
[INFO] [stderr]                                  at /rustc/3154cc1a3e6424e44f438a95007d043ed5ceaaf6/library/std/src/sys/backtrace.rs:44:26
[INFO] [stderr]      4:     0x63a5e0531bfa - <core[934024a1e6126fb4]::fmt::rt::Argument>::fmt
[INFO] [stderr]                                  at /rustc/3154cc1a3e6424e44f438a95007d043ed5ceaaf6/library/core/src/fmt/rt.rs:152:76
[INFO] [stderr]      5:     0x63a5e0531bfa - core[934024a1e6126fb4]::fmt::write
[INFO] [stderr]      6:     0x63a5e0523efc - core[934024a1e6126fb4]::io::write::default_write_fmt::<std[3164a59e47d3bde]::sys::stdio::unix::Stderr>
[INFO] [stderr]                                  at /rustc/3154cc1a3e6424e44f438a95007d043ed5ceaaf6/library/core/src/io/write.rs:402:11
[INFO] [stderr]      7:     0x63a5e0523efc - <std[3164a59e47d3bde]::sys::stdio::unix::Stderr as core[934024a1e6126fb4]::io::write::Write>::write_fmt
[INFO] [stderr]                                  at /rustc/3154cc1a3e6424e44f438a95007d043ed5ceaaf6/library/core/src/io/write.rs:335:13
[INFO] [stderr]      8:     0x63a5e04fe336 - <std[3164a59e47d3bde]::sys::backtrace::BacktraceLock>::print
[INFO] [stderr]                                  at /rustc/3154cc1a3e6424e44f438a95007d043ed5ceaaf6/library/std/src/sys/backtrace.rs:47:9
[INFO] [stderr]      9:     0x63a5e04fe336 - std[3164a59e47d3bde]::panicking::default_hook::{closure#0}
[INFO] [stderr]                                  at /rustc/3154cc1a3e6424e44f438a95007d043ed5ceaaf6/library/std/src/panicking.rs:289:27
[INFO] [stderr]     10:     0x63a5e0519a81 - std[3164a59e47d3bde]::panicking::default_hook
[INFO] [stderr]                                  at /rustc/3154cc1a3e6424e44f438a95007d043ed5ceaaf6/library/std/src/panicking.rs:316:9
[INFO] [stderr]     11:     0x63a5e0519c3b - std[3164a59e47d3bde]::panicking::panic_with_hook
[INFO] [stderr]                                  at /rustc/3154cc1a3e6424e44f438a95007d043ed5ceaaf6/library/std/src/panicking.rs:811:13
[INFO] [stderr]     12:     0x63a5e04fe414 - std[3164a59e47d3bde]::panicking::panic_handler::{closure#0}
[INFO] [stderr]                                  at /rustc/3154cc1a3e6424e44f438a95007d043ed5ceaaf6/library/std/src/panicking.rs:678:13
[INFO] [stderr]     13:     0x63a5e04f71a9 - std[3164a59e47d3bde]::sys::backtrace::__rust_end_short_backtrace::<std[3164a59e47d3bde]::panicking::panic_handler::{closure#0}, !>
[INFO] [stderr]                                  at /rustc/3154cc1a3e6424e44f438a95007d043ed5ceaaf6/library/std/src/sys/backtrace.rs:182:18
[INFO] [stderr]     14:     0x63a5e04febfd - __rustc[2e7b49d4226056d3]::rust_begin_unwind
[INFO] [stderr]                                  at /rustc/3154cc1a3e6424e44f438a95007d043ed5ceaaf6/library/std/src/panicking.rs:676:5
[INFO] [stderr]     15:     0x63a5e053236c - core[934024a1e6126fb4]::panicking::panic_fmt
[INFO] [stderr]                                  at /rustc/3154cc1a3e6424e44f438a95007d043ed5ceaaf6/library/core/src/panicking.rs:80:14
[INFO] [stderr]     16:     0x63a5e04deed3 - build_script_build[447e58ccb7753ba5]::build_bios_stage_4
[INFO] [stderr]     17:     0x63a5e04e39a1 - <build_script_build[447e58ccb7753ba5]::build_bios_stage_4 as core[934024a1e6126fb4]::ops::function::FnOnce<()>>::call_once
[INFO] [stderr]     18:     0x63a5e04d7aa1 - std[3164a59e47d3bde]::sys::backtrace::__rust_begin_short_backtrace::<build_script_build[447e58ccb7753ba5]::build_bios_stage_4, std[3164a59e47d3bde]::path::PathBuf>
[INFO] [stderr]     19:     0x63a5e04dcaad - std[3164a59e47d3bde]::thread::lifecycle::spawn_unchecked::<build_script_build[447e58ccb7753ba5]::build_bios_stage_4, std[3164a59e47d3bde]::path::PathBuf>::{closure#1}::{closure#0}
[INFO] [stderr]     20:     0x63a5e04e3619 - <core[934024a1e6126fb4]::panic::unwind_safe::AssertUnwindSafe<std[3164a59e47d3bde]::thread::lifecycle::spawn_unchecked<build_script_build[447e58ccb7753ba5]::build_bios_stage_4, std[3164a59e47d3bde]::path::PathBuf>::{closure#1}::{closure#0}> as core[934024a1e6126fb4]::ops::function::FnOnce<()>>::call_once
[INFO] [stderr]     21:     0x63a5e04dadfa - std[3164a59e47d3bde]::panicking::catch_unwind::do_call::<core[934024a1e6126fb4]::panic::unwind_safe::AssertUnwindSafe<std[3164a59e47d3bde]::thread::lifecycle::spawn_unchecked<build_script_build[447e58ccb7753ba5]::build_bios_stage_4, std[3164a59e47d3bde]::path::PathBuf>::{closure#1}::{closure#0}>, std[3164a59e47d3bde]::path::PathBuf>
[INFO] [stderr]     22:     0x63a5e04e39fb - __rust_try
[INFO] [stderr]     23:     0x63a5e04dbafe - std[3164a59e47d3bde]::thread::lifecycle::spawn_unchecked::<build_script_build[447e58ccb7753ba5]::build_bios_stage_4, std[3164a59e47d3bde]::path::PathBuf>::{closure#1}
[INFO] [stderr]     24:     0x63a5e04dd3f6 - <std[3164a59e47d3bde]::thread::lifecycle::spawn_unchecked<build_script_build[447e58ccb7753ba5]::build_bios_stage_4, std[3164a59e47d3bde]::path::PathBuf>::{closure#1} as core[934024a1e6126fb4]::ops::function::FnOnce<()>>::call_once::{shim:vtable#0}
[INFO] [stderr]     25:     0x63a5e051de9f - <alloc[b96ed41a801e996d]::boxed::Box<dyn core[934024a1e6126fb4]::ops::function::FnOnce<(), Output = ()> + core[934024a1e6126fb4]::marker::Send> as core[934024a1e6126fb4]::ops::function::FnOnce<()>>::call_once
[INFO] [stderr]                                  at /rustc/3154cc1a3e6424e44f438a95007d043ed5ceaaf6/library/alloc/src/boxed.rs:2314:9
[INFO] [stderr]     26:     0x63a5e051de9f - <std[3164a59e47d3bde]::sys::thread::unix::Thread>::new::thread_start
[INFO] [stderr]                                  at /rustc/3154cc1a3e6424e44f438a95007d043ed5ceaaf6/library/std/src/sys/thread/unix.rs:127:17
[INFO] [stderr]     27:     0x7e415389bdfa - <unknown>
[INFO] [stderr]     28:     0x7e415392f3d4 - clone
[INFO] [stderr]     29:                0x0 - <unknown>
[INFO] [stderr]   error: download of config.json failed
[INFO] [stderr] 
[INFO] [stderr]   Caused by:
[INFO] [stderr]     [6] Could not resolve hostname (Could not resolve host: index.crates.io)
[INFO] [stderr] 
[INFO] [stderr]   thread '<unnamed>' (314) panicked at /opt/rustwide/cargo-home/registry/src/index.crates.io-1949cf8c6b5b557f/bootloader-0.11.17/build.rs:100:9:
[INFO] [stderr]   failed to build uefi bootloader
[INFO] [stderr]   stack backtrace:
[INFO] [stderr]      0:     0x63a5e051e6c1 - std[3164a59e47d3bde]::backtrace_rs::backtrace::libunwind::trace
[INFO] [stderr]                                  at /rustc/3154cc1a3e6424e44f438a95007d043ed5ceaaf6/library/std/src/../../backtrace/src/backtrace/libunwind.rs:117:9
[INFO] [stderr]      1:     0x63a5e051e6c1 - std[3164a59e47d3bde]::backtrace_rs::backtrace::trace_unsynchronized::<std[3164a59e47d3bde]::sys::backtrace::_print_fmt::{closure#1}>
[INFO] [stderr]                                  at /rustc/3154cc1a3e6424e44f438a95007d043ed5ceaaf6/library/std/src/../../backtrace/src/backtrace/mod.rs:66:14
[INFO] [stderr]      2:     0x63a5e051e6c1 - std[3164a59e47d3bde]::sys::backtrace::_print_fmt
[INFO] [stderr]                                  at /rustc/3154cc1a3e6424e44f438a95007d043ed5ceaaf6/library/std/src/sys/backtrace.rs:74:9
[INFO] [stderr]      3:     0x63a5e051e6c1 - <<std[3164a59e47d3bde]::sys::backtrace::BacktraceLock>::print::DisplayBacktrace as core[934024a1e6126fb4]::fmt::Display>::fmt
[INFO] [stderr]                                  at /rustc/3154cc1a3e6424e44f438a95007d043ed5ceaaf6/library/std/src/sys/backtrace.rs:44:26
[INFO] [stderr]      4:     0x63a5e0531bfa - <core[934024a1e6126fb4]::fmt::rt::Argument>::fmt
[INFO] [stderr]                                  at /rustc/3154cc1a3e6424e44f438a95007d043ed5ceaaf6/library/core/src/fmt/rt.rs:152:76
[INFO] [stderr]      5:     0x63a5e0531bfa - core[934024a1e6126fb4]::fmt::write
[INFO] [stderr]      6:     0x63a5e0523efc - core[934024a1e6126fb4]::io::write::default_write_fmt::<std[3164a59e47d3bde]::sys::stdio::unix::Stderr>
[INFO] [stderr]                                  at /rustc/3154cc1a3e6424e44f438a95007d043ed5ceaaf6/library/core/src/io/write.rs:402:11
[INFO] [stderr]      7:     0x63a5e0523efc - <std[3164a59e47d3bde]::sys::stdio::unix::Stderr as core[934024a1e6126fb4]::io::write::Write>::write_fmt
[INFO] [stderr]                                  at /rustc/3154cc1a3e6424e44f438a95007d043ed5ceaaf6/library/core/src/io/write.rs:335:13
[INFO] [stderr]      8:     0x63a5e04fe336 - <std[3164a59e47d3bde]::sys::backtrace::BacktraceLock>::print
[INFO] [stderr]                                  at /rustc/3154cc1a3e6424e44f438a95007d043ed5ceaaf6/library/std/src/sys/backtrace.rs:47:9
[INFO] [stderr]      9:     0x63a5e04fe336 - std[3164a59e47d3bde]::panicking::default_hook::{closure#0}
[INFO] [stderr]                                  at /rustc/3154cc1a3e6424e44f438a95007d043ed5ceaaf6/library/std/src/panicking.rs:289:27
[INFO] [stderr]     10:     0x63a5e0519a81 - std[3164a59e47d3bde]::panicking::default_hook
[INFO] [stderr]                                  at /rustc/3154cc1a3e6424e44f438a95007d043ed5ceaaf6/library/std/src/panicking.rs:316:9
[INFO] [stderr]     11:     0x63a5e0519c3b - std[3164a59e47d3bde]::panicking::panic_with_hook
[INFO] [stderr]                                  at /rustc/3154cc1a3e6424e44f438a95007d043ed5ceaaf6/library/std/src/panicking.rs:811:13
[INFO] [stderr]     12:     0x63a5e04fe414 - std[3164a59e47d3bde]::panicking::panic_handler::{closure#0}
[INFO] [stderr]                                  at /rustc/3154cc1a3e6424e44f438a95007d043ed5ceaaf6/library/std/src/panicking.rs:678:13
[INFO] [stderr]     13:     0x63a5e04f71a9 - std[3164a59e47d3bde]::sys::backtrace::__rust_end_short_backtrace::<std[3164a59e47d3bde]::panicking::panic_handler::{closure#0}, !>
[INFO] [stderr]                                  at /rustc/3154cc1a3e6424e44f438a95007d043ed5ceaaf6/library/std/src/sys/backtrace.rs:182:18
[INFO] [stderr]     14:     0x63a5e04febfd - __rustc[2e7b49d4226056d3]::rust_begin_unwind
[INFO] [stderr]                                  at /rustc/3154cc1a3e6424e44f438a95007d043ed5ceaaf6/library/std/src/panicking.rs:676:5
[INFO] [stderr]     15:     0x63a5e053236c - core[934024a1e6126fb4]::panicking::panic_fmt
[INFO] [stderr]                                  at /rustc/3154cc1a3e6424e44f438a95007d043ed5ceaaf6/library/core/src/panicking.rs:80:14
[INFO] [stderr]     16:     0x63a5e04dfbd7 - build_script_build[447e58ccb7753ba5]::build_uefi_bootloader
[INFO] [stderr]     17:     0x63a5e04e1496 - build_script_build[447e58ccb7753ba5]::uefi_main
[INFO] [stderr]     18:     0x63a5e04e39de - <build_script_build[447e58ccb7753ba5]::uefi_main as core[934024a1e6126fb4]::ops::function::FnOnce<()>>::call_once
[INFO] [stderr]     19:     0x63a5e04d7ade - std[3164a59e47d3bde]::sys::backtrace::__rust_begin_short_backtrace::<build_script_build[447e58ccb7753ba5]::uefi_main, ()>
[INFO] [stderr]     20:     0x63a5e04dcf0d - std[3164a59e47d3bde]::thread::lifecycle::spawn_unchecked::<build_script_build[447e58ccb7753ba5]::uefi_main, ()>::{closure#1}::{closure#0}
[INFO] [stderr]     21:     0x63a5e04e36f1 - <core[934024a1e6126fb4]::panic::unwind_safe::AssertUnwindSafe<std[3164a59e47d3bde]::thread::lifecycle::spawn_unchecked<build_script_build[447e58ccb7753ba5]::uefi_main, ()>::{closure#1}::{closure#0}> as core[934024a1e6126fb4]::ops::function::FnOnce<()>>::call_once
[INFO] [stderr]     22:     0x63a5e04daf31 - std[3164a59e47d3bde]::panicking::catch_unwind::do_call::<core[934024a1e6126fb4]::panic::unwind_safe::AssertUnwindSafe<std[3164a59e47d3bde]::thread::lifecycle::spawn_unchecked<build_script_build[447e58ccb7753ba5]::uefi_main, ()>::{closure#1}::{closure#0}>, ()>
[INFO] [stderr]     23:     0x63a5e04e39fb - __rust_try
[INFO] [stderr]     24:     0x63a5e04dc51e - std[3164a59e47d3bde]::thread::lifecycle::spawn_unchecked::<build_script_build[447e58ccb7753ba5]::uefi_main, ()>::{closure#1}
[INFO] [stderr]     25:     0x63a5e04dd40e - <std[3164a59e47d3bde]::thread::lifecycle::spawn_unchecked<build_script_build[447e58ccb7753ba5]::uefi_main, ()>::{closure#1} as core[934024a1e6126fb4]::ops::function::FnOnce<()>>::call_once::{shim:vtable#0}
[INFO] [stderr]     26:     0x63a5e051de9f - <alloc[b96ed41a801e996d]::boxed::Box<dyn core[934024a1e6126fb4]::ops::function::FnOnce<(), Output = ()> + core[934024a1e6126fb4]::marker::Send> as core[934024a1e6126fb4]::ops::function::FnOnce<()>>::call_once
[INFO] [stderr]                                  at /rustc/3154cc1a3e6424e44f438a95007d043ed5ceaaf6/library/alloc/src/boxed.rs:2314:9
[INFO] [stderr]     27:     0x63a5e051de9f - <std[3164a59e47d3bde]::sys::thread::unix::Thread>::new::thread_start
[INFO] [stderr]                                  at /rustc/3154cc1a3e6424e44f438a95007d043ed5ceaaf6/library/std/src/sys/thread/unix.rs:127:17
[INFO] [stderr]     28:     0x7e415389bdfa - <unknown>
[INFO] [stderr]     29:     0x7e415392f3d4 - clone
[INFO] [stderr]     30:                0x0 - <unknown>
[INFO] [stderr] 
[INFO] [stderr]   thread 'main' (313) panicked at /opt/rustwide/cargo-home/registry/src/index.crates.io-1949cf8c6b5b557f/bootloader-0.11.17/build.rs:16:29:
[INFO] [stderr]   called `Result::unwrap()` on an `Err` value: Any { .. }
[INFO] [stderr]   stack backtrace:
[INFO] [stderr]      0:     0x63a5e051e6c1 - std[3164a59e47d3bde]::backtrace_rs::backtrace::libunwind::trace
[INFO] [stderr]                                  at /rustc/3154cc1a3e6424e44f438a95007d043ed5ceaaf6/library/std/src/../../backtrace/src/backtrace/libunwind.rs:117:9
[INFO] [stderr]      1:     0x63a5e051e6c1 - std[3164a59e47d3bde]::backtrace_rs::backtrace::trace_unsynchronized::<std[3164a59e47d3bde]::sys::backtrace::_print_fmt::{closure#1}>
[INFO] [stderr]                                  at /rustc/3154cc1a3e6424e44f438a95007d043ed5ceaaf6/library/std/src/../../backtrace/src/backtrace/mod.rs:66:14
[INFO] [stderr]      2:     0x63a5e051e6c1 - std[3164a59e47d3bde]::sys::backtrace::_print_fmt
[INFO] [stderr]                                  at /rustc/3154cc1a3e6424e44f438a95007d043ed5ceaaf6/library/std/src/sys/backtrace.rs:74:9
[INFO] [stderr]      3:     0x63a5e051e6c1 - <<std[3164a59e47d3bde]::sys::backtrace::BacktraceLock>::print::DisplayBacktrace as core[934024a1e6126fb4]::fmt::Display>::fmt
[INFO] [stderr]                                  at /rustc/3154cc1a3e6424e44f438a95007d043ed5ceaaf6/library/std/src/sys/backtrace.rs:44:26
[INFO] [stderr]      4:     0x63a5e0531bfa - <core[934024a1e6126fb4]::fmt::rt::Argument>::fmt
[INFO] [stderr]                                  at /rustc/3154cc1a3e6424e44f438a95007d043ed5ceaaf6/library/core/src/fmt/rt.rs:152:76
[INFO] [stderr]      5:     0x63a5e0531bfa - core[934024a1e6126fb4]::fmt::write
[INFO] [stderr]      6:     0x63a5e0523efc - core[934024a1e6126fb4]::io::write::default_write_fmt::<std[3164a59e47d3bde]::sys::stdio::unix::Stderr>
[INFO] [stderr]                                  at /rustc/3154cc1a3e6424e44f438a95007d043ed5ceaaf6/library/core/src/io/write.rs:402:11
[INFO] [stderr]      7:     0x63a5e0523efc - <std[3164a59e47d3bde]::sys::stdio::unix::Stderr as core[934024a1e6126fb4]::io::write::Write>::write_fmt
[INFO] [stderr]                                  at /rustc/3154cc1a3e6424e44f438a95007d043ed5ceaaf6/library/core/src/io/write.rs:335:13
[INFO] [stderr]      8:     0x63a5e04fe336 - <std[3164a59e47d3bde]::sys::backtrace::BacktraceLock>::print
[INFO] [stderr]                                  at /rustc/3154cc1a3e6424e44f438a95007d043ed5ceaaf6/library/std/src/sys/backtrace.rs:47:9
[INFO] [stderr]      9:     0x63a5e04fe336 - std[3164a59e47d3bde]::panicking::default_hook::{closure#0}
[INFO] [stderr]                                  at /rustc/3154cc1a3e6424e44f438a95007d043ed5ceaaf6/library/std/src/panicking.rs:289:27
[INFO] [stderr]     10:     0x63a5e0519a81 - std[3164a59e47d3bde]::panicking::default_hook
[INFO] [stderr]                                  at /rustc/3154cc1a3e6424e44f438a95007d043ed5ceaaf6/library/std/src/panicking.rs:316:9
[INFO] [stderr]     11:     0x63a5e0519c3b - std[3164a59e47d3bde]::panicking::panic_with_hook
[INFO] [stderr]                                  at /rustc/3154cc1a3e6424e44f438a95007d043ed5ceaaf6/library/std/src/panicking.rs:811:13
[INFO] [stderr]     12:     0x63a5e04fe3e2 - std[3164a59e47d3bde]::panicking::panic_handler::{closure#0}
[INFO] [stderr]                                  at /rustc/3154cc1a3e6424e44f438a95007d043ed5ceaaf6/library/std/src/panicking.rs:685:13
[INFO] [stderr]     13:     0x63a5e04f71a9 - std[3164a59e47d3bde]::sys::backtrace::__rust_end_short_backtrace::<std[3164a59e47d3bde]::panicking::panic_handler::{closure#0}, !>
[INFO] [stderr]                                  at /rustc/3154cc1a3e6424e44f438a95007d043ed5ceaaf6/library/std/src/sys/backtrace.rs:182:18
[INFO] [stderr]     14:     0x63a5e04febfd - __rustc[2e7b49d4226056d3]::rust_begin_unwind
[INFO] [stderr]                                  at /rustc/3154cc1a3e6424e44f438a95007d043ed5ceaaf6/library/std/src/panicking.rs:676:5
[INFO] [stderr]     15:     0x63a5e053236c - core[934024a1e6126fb4]::panicking::panic_fmt
[INFO] [stderr]                                  at /rustc/3154cc1a3e6424e44f438a95007d043ed5ceaaf6/library/core/src/panicking.rs:80:14
[INFO] [stderr]     16:     0x63a5e0532142 - core[934024a1e6126fb4]::result::unwrap_failed
[INFO] [stderr]                                  at /rustc/3154cc1a3e6424e44f438a95007d043ed5ceaaf6/library/core/src/result.rs:1866:5
[INFO] [stderr]     17:     0x63a5e04e0841 - build_script_build[447e58ccb7753ba5]::main
[INFO] [stderr]     18:     0x63a5e04e38e3 - <fn() as core[934024a1e6126fb4]::ops::function::FnOnce<()>>::call_once
[INFO] [stderr]     19:     0x63a5e04d7a1e - std[3164a59e47d3bde]::sys::backtrace::__rust_begin_short_backtrace::<fn(), ()>
[INFO] [stderr]     20:     0x63a5e04db1e9 - std[3164a59e47d3bde]::rt::lang_start::<()>::{closure#0}
[INFO] [stderr]     21:     0x63a5e0518ef8 - <&dyn core[934024a1e6126fb4]::ops::function::Fn<(), Output = i32> + core[934024a1e6126fb4]::marker::Sync + core[934024a1e6126fb4]::panic::unwind_safe::RefUnwindSafe as core[934024a1e6126fb4]::ops::function::FnOnce<()>>::call_once
[INFO] [stderr]                                  at /rustc/3154cc1a3e6424e44f438a95007d043ed5ceaaf6/library/core/src/ops/function.rs:287:21
[INFO] [stderr]     22:     0x63a5e0518ef8 - std[3164a59e47d3bde]::panicking::catch_unwind::do_call::<&dyn core[934024a1e6126fb4]::ops::function::Fn<(), Output = i32> + core[934024a1e6126fb4]::marker::Sync + core[934024a1e6126fb4]::panic::unwind_safe::RefUnwindSafe, i32>
[INFO] [stderr]                                  at /rustc/3154cc1a3e6424e44f438a95007d043ed5ceaaf6/library/std/src/panicking.rs:573:43
[INFO] [stderr]     23:     0x63a5e0518ef8 - std[3164a59e47d3bde]::panicking::catch_unwind::<i32, &dyn core[934024a1e6126fb4]::ops::function::Fn<(), Output = i32> + core[934024a1e6126fb4]::marker::Sync + core[934024a1e6126fb4]::panic::unwind_safe::RefUnwindSafe>
[INFO] [stderr]                                  at /rustc/3154cc1a3e6424e44f438a95007d043ed5ceaaf6/library/std/src/panicking.rs:541:19
[INFO] [stderr]     24:     0x63a5e0518ef8 - std[3164a59e47d3bde]::panic::catch_unwind::<&dyn core[934024a1e6126fb4]::ops::function::Fn<(), Output = i32> + core[934024a1e6126fb4]::marker::Sync + core[934024a1e6126fb4]::panic::unwind_safe::RefUnwindSafe, i32>
[INFO] [stderr]                                  at /rustc/3154cc1a3e6424e44f438a95007d043ed5ceaaf6/library/std/src/panic.rs:359:14
[INFO] [stderr]     25:     0x63a5e0518ef8 - std[3164a59e47d3bde]::rt::lang_start_internal::{closure#0}
[INFO] [stderr]                                  at /rustc/3154cc1a3e6424e44f438a95007d043ed5ceaaf6/library/std/src/rt.rs:175:24
[INFO] [stderr]     26:     0x63a5e0518ef8 - std[3164a59e47d3bde]::panicking::catch_unwind::do_call::<std[3164a59e47d3bde]::rt::lang_start_internal::{closure#0}, isize>
[INFO] [stderr]                                  at /rustc/3154cc1a3e6424e44f438a95007d043ed5ceaaf6/library/std/src/panicking.rs:573:43
[INFO] [stderr]     27:     0x63a5e0518ef8 - std[3164a59e47d3bde]::panicking::catch_unwind::<isize, std[3164a59e47d3bde]::rt::lang_start_internal::{closure#0}>
[INFO] [stderr]                                  at /rustc/3154cc1a3e6424e44f438a95007d043ed5ceaaf6/library/std/src/panicking.rs:541:19
[INFO] [stderr]     28:     0x63a5e0518ef8 - std[3164a59e47d3bde]::panic::catch_unwind::<std[3164a59e47d3bde]::rt::lang_start_internal::{closure#0}, isize>
[INFO] [stderr]                                  at /rustc/3154cc1a3e6424e44f438a95007d043ed5ceaaf6/library/std/src/panic.rs:359:14
[INFO] [stderr]     29:     0x63a5e0518ef8 - std[3164a59e47d3bde]::rt::lang_start_internal
[INFO] [stderr]                                  at /rustc/3154cc1a3e6424e44f438a95007d043ed5ceaaf6/library/std/src/rt.rs:171:5
[INFO] [stderr]     30:     0x63a5e04d73f1 - std[3164a59e47d3bde]::rt::lang_start::<()>
[INFO] [stderr]     31:     0x63a5e04e3a35 - main
[INFO] [stderr]     32:     0x7e4153822601 - <unknown>
[INFO] [stderr]     33:     0x7e4153822718 - __libc_start_main
[INFO] [stderr]     34:     0x63a5e04d59e5 - _start
[INFO] [stderr]     35:                0x0 - <unknown>
[INFO] [stderr]   error: download of config.json failed
[INFO] [stderr] 
[INFO] [stderr]   Caused by:
[INFO] [stderr]     [6] Could not resolve hostname (Could not resolve host: index.crates.io)
[INFO] [stderr]   error: download of config.json failed
[INFO] [stderr] 
[INFO] [stderr]   Caused by:
[INFO] [stderr]     [6] Could not resolve hostname (Could not resolve host: index.crates.io)
[INFO] running `Command { std: "docker" "inspect" "6740c5848b9558c44032b2bc0f0aab56e1c4de32e21de46a4ba4308d9cebeff2", kill_on_drop: false }`
[INFO] running `Command { std: "docker" "rm" "-f" "6740c5848b9558c44032b2bc0f0aab56e1c4de32e21de46a4ba4308d9cebeff2", kill_on_drop: false }`
[INFO] [stdout] 6740c5848b9558c44032b2bc0f0aab56e1c4de32e21de46a4ba4308d9cebeff2
