[INFO] cloning repository https://github.com/LendYanTing/ArkCursor
[INFO] running `Command { std: "git" "-c" "credential.helper=" "-c" "credential.helper=/workspace/cargo-home/bin/git-credential-null" "clone" "--bare" "https://github.com/LendYanTing/ArkCursor" "/workspace/cache/git-repos/https%3A%2F%2Fgithub.com%2FLendYanTing%2FArkCursor", kill_on_drop: false }`
[INFO] [stderr] Cloning into bare repository '/workspace/cache/git-repos/https%3A%2F%2Fgithub.com%2FLendYanTing%2FArkCursor'...
[INFO] running `Command { std: "git" "rev-parse" "HEAD", kill_on_drop: false }`
[INFO] [stdout] fdcecc9d9af1214a2c33687fb97cea1f03ae00f2
[INFO] checking LendYanTing/ArkCursor against 3154cc1a3e6424e44f438a95007d043ed5ceaaf6+rustflags=-Znext-solver=coherence for pr-133502-30
[INFO] running `Command { std: "git" "clone" "/workspace/cache/git-repos/https%3A%2F%2Fgithub.com%2FLendYanTing%2FArkCursor" "/workspace/builds/worker-3-tc1/source", kill_on_drop: false }`
[INFO] [stderr] Cloning into '/workspace/builds/worker-3-tc1/source'...
[INFO] [stderr] done.
[INFO] started tweaking git repo https://github.com/LendYanTing/ArkCursor
[INFO] finished tweaking git repo https://github.com/LendYanTing/ArkCursor
[INFO] tweaked toml for git repo https://github.com/LendYanTing/ArkCursor written to /workspace/builds/worker-3-tc1/source/Cargo.toml
[INFO] validating manifest of git repo https://github.com/LendYanTing/ArkCursor on toolchain 3154cc1a3e6424e44f438a95007d043ed5ceaaf6
[INFO] running `Command { std: CARGO_HOME="/workspace/cargo-home" RUSTUP_HOME="/workspace/rustup-home" "/workspace/cargo-home/bin/cargo" "+3154cc1a3e6424e44f438a95007d043ed5ceaaf6" "metadata" "--manifest-path" "Cargo.toml" "--no-deps", kill_on_drop: false }`
[INFO] crate git repo https://github.com/LendYanTing/ArkCursor already has a lockfile, it will not be regenerated
[INFO] running `Command { std: CARGO_HOME="/workspace/cargo-home" RUSTUP_HOME="/workspace/rustup-home" "/workspace/cargo-home/bin/cargo" "+3154cc1a3e6424e44f438a95007d043ed5ceaaf6" "fetch" "--manifest-path" "Cargo.toml", kill_on_drop: false }`
[INFO] [stderr]     Blocking waiting for file lock on package cache
[INFO] [stderr]     Blocking waiting for file lock on package cache
[INFO] [stderr]  Downloading crates ...
[INFO] [stderr]   Downloaded rfd v0.15.4
[INFO] [stderr]   Downloaded accesskit_winit v0.22.4
[INFO] [stderr]   Downloaded accesskit_windows v0.23.2
[INFO] [stderr]   Downloaded accesskit_unix v0.12.3
[INFO] [stderr]   Downloaded accesskit_consumer v0.24.3
[INFO] [stderr]   Downloaded zbus_xml v4.0.0
[INFO] [stderr]   Downloaded atspi v0.22.0
[INFO] [stderr]   Downloaded atspi-proxies v0.6.0
[INFO] [stderr]   Downloaded zbus-lockstep-macros v0.4.4
[INFO] [stderr]   Downloaded accesskit_macos v0.17.4
[INFO] [stderr]   Downloaded atspi-common v0.6.0
[INFO] [stderr]   Downloaded zbus-lockstep v0.4.4
[INFO] [stderr]   Downloaded atspi-connection v0.6.0
[INFO] [stderr]   Downloaded accesskit_atspi_common v0.9.3
[INFO] [stderr]   Downloaded egui-wgpu v0.29.1
[INFO] running `Command { std: "docker" "create" "-v" "/var/lib/crater-agent-workspace/builds/worker-3-tc1/source:/opt/rustwide/workdir:ro,Z" "-v" "/var/lib/crater-agent-workspace/builds/worker-3-tc1/target:/opt/rustwide/target:rw,Z" "-v" "/var/lib/crater-agent-workspace/cargo-home:/opt/rustwide/cargo-home:ro,Z" "-v" "/var/lib/crater-agent-workspace/rustup-home:/opt/rustwide/rustup-home:ro,Z" "-m" "1610612736" "--network" "none" "ghcr.io/rust-lang/crates-build-env/linux@sha256:77db811e55d90add9212f6832c23229e3de5f1c1f9905e8cb07319ea15df73ac" "sleep" "infinity", kill_on_drop: false }`
[INFO] [stdout] debf835dff1c47a2ab78198f2a075eb3ff1fb1cde4463c38fff0b4c7366fdd9a
[INFO] running `Command { std: "docker" "start" "debf835dff1c47a2ab78198f2a075eb3ff1fb1cde4463c38fff0b4c7366fdd9a", kill_on_drop: false }`
[INFO] running `Command { std: "docker" "inspect" "debf835dff1c47a2ab78198f2a075eb3ff1fb1cde4463c38fff0b4c7366fdd9a", kill_on_drop: false }`
[INFO] running `Command { std: "docker" "exec" "-e" "SOURCE_DIR=/opt/rustwide/workdir" "-e" "CARGO_HOME=/opt/rustwide/cargo-home" "-e" "RUSTUP_HOME=/opt/rustwide/rustup-home" "-e" "CARGO_TARGET_DIR=/opt/rustwide/target" "-w" "/opt/rustwide/workdir" "--user" "0:0" "debf835dff1c47a2ab78198f2a075eb3ff1fb1cde4463c38fff0b4c7366fdd9a" "/opt/rustwide/cargo-home/bin/cargo" "+3154cc1a3e6424e44f438a95007d043ed5ceaaf6" "metadata" "--no-deps" "--format-version=1", kill_on_drop: false }`
[INFO] running `Command { std: "docker" "inspect" "debf835dff1c47a2ab78198f2a075eb3ff1fb1cde4463c38fff0b4c7366fdd9a", kill_on_drop: false }`
[INFO] running `Command { std: "docker" "exec" "-e" "SOURCE_DIR=/opt/rustwide/workdir" "-e" "CARGO_HOME=/opt/rustwide/cargo-home" "-e" "RUSTUP_HOME=/opt/rustwide/rustup-home" "-e" "CARGO_TARGET_DIR=/opt/rustwide/target" "-e" "CARGO_INCREMENTAL=0" "-e" "RUST_BACKTRACE=full" "-e" "RUSTFLAGS=--cap-lints=forbid -Znext-solver=coherence" "-e" "RUSTDOCFLAGS=--cap-lints=forbid" "-w" "/opt/rustwide/workdir" "--user" "0:0" "debf835dff1c47a2ab78198f2a075eb3ff1fb1cde4463c38fff0b4c7366fdd9a" "/opt/rustwide/cargo-home/bin/cargo" "+3154cc1a3e6424e44f438a95007d043ed5ceaaf6" "check" "--frozen" "--all" "--all-targets" "--message-format=json", kill_on_drop: false }`
[INFO] [stderr]    Compiling syn v3.0.5
[INFO] [stderr]     Checking smallvec v1.16.1
[INFO] [stderr]    Compiling rustix v1.1.4
[INFO] [stderr]    Compiling toml_edit v0.25.15+spec-1.1.0
[INFO] [stderr]    Compiling wayland-sys v0.31.11
[INFO] [stderr]    Compiling crossbeam-utils v0.8.23
[INFO] [stderr]    Compiling cc v1.4.5
[INFO] [stderr]    Compiling zvariant_utils v2.1.0
[INFO] [stderr]     Checking tracing v0.1.44
[INFO] [stderr]     Checking ppv-lite86 v0.2.21
[INFO] [stderr]     Checking piper v0.2.5
[INFO] [stderr]     Checking getrandom v0.3.4
[INFO] [stderr]     Checking getrandom v0.2.17
[INFO] [stderr]    Compiling nix v0.29.0
[INFO] [stderr]    Compiling thiserror-impl v1.0.69
[INFO] [stderr]     Checking ttf-parser v0.25.1
[INFO] [stderr]     Checking rand_core v0.6.4
[INFO] [stderr]     Checking xdg-home v1.3.0
[INFO] [stderr]    Compiling xml-rs v0.8.29
[INFO] [stderr]     Checking rustix v0.38.44
[INFO] [stderr]     Checking memmap2 v0.9.11
[INFO] [stderr]     Checking ahash v0.8.12
[INFO] [stderr]     Checking accesskit v0.16.3
[INFO] [stderr]     Checking windows-link v0.1.3
[INFO] [stderr]     Checking x11-dl v2.21.0
[INFO] [stderr]     Checking parking_lot_core v0.9.12
[INFO] [stderr]     Checking rand_chacha v0.3.1
[INFO] [stderr]     Checking x11rb-protocol v0.13.2
[INFO] [stderr]     Checking parking_lot v0.12.5
[INFO] [stderr]     Checking rand v0.8.8
[INFO] [stderr]     Checking immutable-chunkmap v2.1.3
[INFO] [stderr]     Checking concurrent-queue v2.5.0
[INFO] [stderr]     Checking async-channel v2.5.0
[INFO] [stderr]     Checking async-executor v1.14.0
[INFO] [stderr]     Checking blocking v1.7.0
[INFO] [stderr]    Compiling proc-macro-crate v3.5.0
[INFO] [stderr]     Checking async-fs v2.2.0
[INFO] [stderr]    Compiling gl_generator v0.14.0
[INFO] [stderr]    Compiling winit v0.30.13
[INFO] [stderr]     Checking thiserror v1.0.69
[INFO] [stderr]    Compiling crc32fast v1.5.1
[INFO] [stderr]     Checking accesskit_consumer v0.24.3
[INFO] [stderr]     Checking windows-result v0.3.4
[INFO] [stderr]     Checking windows-strings v0.4.2
[INFO] [stderr]     Checking xkbcommon-dl v0.4.2
[INFO] [stderr]    Compiling windows-interface v0.59.3
[INFO] [stderr]    Compiling windows-implement v0.60.2
[INFO] [stderr]     Checking dpi v0.1.2
[INFO] [stderr]     Checking nohash-hasher v0.2.0
[INFO] [stderr]     Checking epaint_default_fonts v0.29.1
[INFO] [stderr]    Compiling zvariant_derive v4.2.0
[INFO] [stderr]    Compiling zbus_macros v4.4.0
[INFO] [stderr]     Checking rand_core v0.9.5
[INFO] [stderr]    Compiling glutin v0.32.3
[INFO] [stderr]     Checking flate2 v1.1.10
[INFO] [stderr]     Checking rand_chacha v0.9.0
[INFO] [stderr]    Compiling glutin_glx_sys v0.6.1
[INFO] [stderr]     Checking owned_ttf_parser v0.25.1
[INFO] [stderr]     Checking ab_glyph v0.2.32
[INFO] [stderr]    Compiling glutin_egl_sys v0.7.1
[INFO] [stderr]    Compiling glutin-winit v0.5.0
[INFO] [stderr]    Compiling wayland-backend v0.3.17
[INFO] [stderr]     Checking uuid v1.26.1
[INFO] [stderr]    Compiling async-recursion v1.1.1
[INFO] [stderr]     Checking windows-core v0.61.2
[INFO] [stderr]     Checking moxcms v0.8.1
[INFO] [stderr]     Checking png v0.18.1
[INFO] [stderr]     Checking rand v0.9.5
[INFO] [stderr]     Checking windows-threading v0.1.0
[INFO] [stderr]     Checking glow v0.14.2
[INFO] [stderr]    Compiling rfd v0.15.4
[INFO] [stderr]     Checking windows-collections v0.2.0
[INFO] [stderr]     Checking windows-numerics v0.2.0
[INFO] [stderr]     Checking windows-future v0.2.1
[INFO] [stderr]     Checking toml_datetime v0.7.5+spec-1.1.0
[INFO] [stderr]     Checking pollster v0.4.0
[INFO] [stdout] error[E0425]: cannot find type `IMarshal` in module `windows_core::imp`
[INFO] [stdout]   --> /opt/rustwide/cargo-home/registry/src/index.crates.io-1949cf8c6b5b557f/windows-future-0.2.1/src/bindings.rs:89:51
[INFO] [stdout]    |
[INFO] [stdout] 89 |             } else if *iid == <windows_core::imp::IMarshal as windows_core::Interface>::IID {
[INFO] [stdout]    |                                                   ^^^^^^^^ not found in `windows_core::imp`
[INFO] [stdout] 
[INFO] [stdout] 
[INFO] [stdout] error[E0425]: cannot find function `marshaler` in module `windows_core::imp`
[INFO] [stdout]   --> /opt/rustwide/cargo-home/registry/src/index.crates.io-1949cf8c6b5b557f/windows-future-0.2.1/src/bindings.rs:91:43
[INFO] [stdout]    |
[INFO] [stdout] 91 |                 return windows_core::imp::marshaler(
[INFO] [stdout]    |                                           ^^^^^^^^^ not found in `windows_core::imp`
[INFO] [stdout] 
[INFO] [stdout] 
[INFO] [stdout] error[E0425]: cannot find type `IMarshal` in module `windows_core::imp`
[INFO] [stdout]    --> /opt/rustwide/cargo-home/registry/src/index.crates.io-1949cf8c6b5b557f/windows-future-0.2.1/src/bindings.rs:257:51
[INFO] [stdout]     |
[INFO] [stdout] 257 |             } else if *iid == <windows_core::imp::IMarshal as windows_core::Interface>::IID {
[INFO] [stdout]     |                                                   ^^^^^^^^ not found in `windows_core::imp`
[INFO] [stdout] 
[INFO] [stdout] 
[INFO] [stdout] error[E0425]: cannot find function `marshaler` in module `windows_core::imp`
[INFO] [stdout]    --> /opt/rustwide/cargo-home/registry/src/index.crates.io-1949cf8c6b5b557f/windows-future-0.2.1/src/bindings.rs:259:43
[INFO] [stdout]     |
[INFO] [stdout] 259 |                 return windows_core::imp::marshaler(
[INFO] [stdout]     |                                           ^^^^^^^^^ not found in `windows_core::imp`
[INFO] [stdout] 
[INFO] [stdout] 
[INFO] [stdout] error[E0425]: cannot find type `IMarshal` in module `windows_core::imp`
[INFO] [stdout]    --> /opt/rustwide/cargo-home/registry/src/index.crates.io-1949cf8c6b5b557f/windows-future-0.2.1/src/bindings.rs:424:364
[INFO] [stdout]     |
[INFO] [stdout] 424 | ... _ } else if * iid == < windows_core::imp::IMarshal as windows_core::Interface >::IID { ( * this ) . count . add_ref ( ) ; retur...
[INFO] [stdout]     |                                               ^^^^^^^^ not found in `windows_core::imp`
[INFO] [stdout] 
[INFO] [stdout] 
[INFO] [stdout] error[E0425]: cannot find function `marshaler` in module `windows_core::imp`
[INFO] [stdout]    --> /opt/rustwide/cargo-home/registry/src/index.crates.io-1949cf8c6b5b557f/windows-future-0.2.1/src/bindings.rs:424:470
[INFO] [stdout]     |
[INFO] [stdout] 424 | ... . add_ref ( ) ; return windows_core::imp::marshaler ( core::mem::transmute ( & mut ( * this ) . vtable as * mut _ as * mut core...
[INFO] [stdout]     |                                               ^^^^^^^^^ not found in `windows_core::imp`
[INFO] [stdout] 
[INFO] [stdout] 
[INFO] [stdout] error[E0425]: cannot find type `IMarshal` in module `windows_core::imp`
[INFO] [stdout]    --> /opt/rustwide/cargo-home/registry/src/index.crates.io-1949cf8c6b5b557f/windows-future-0.2.1/src/bindings.rs:583:51
[INFO] [stdout]     |
[INFO] [stdout] 583 |             } else if *iid == <windows_core::imp::IMarshal as windows_core::Interface>::IID {
[INFO] [stdout]     |                                                   ^^^^^^^^ not found in `windows_core::imp`
[INFO] [stdout] 
[INFO] [stdout] 
[INFO] [stdout] error[E0425]: cannot find function `marshaler` in module `windows_core::imp`
[INFO] [stdout]    --> /opt/rustwide/cargo-home/registry/src/index.crates.io-1949cf8c6b5b557f/windows-future-0.2.1/src/bindings.rs:585:43
[INFO] [stdout]     |
[INFO] [stdout] 585 |                 return windows_core::imp::marshaler(
[INFO] [stdout]     |                                           ^^^^^^^^^ not found in `windows_core::imp`
[INFO] [stdout] 
[INFO] [stdout] 
[INFO] [stdout] error[E0425]: cannot find type `IMarshal` in module `windows_core::imp`
[INFO] [stdout]    --> /opt/rustwide/cargo-home/registry/src/index.crates.io-1949cf8c6b5b557f/windows-future-0.2.1/src/bindings.rs:763:364
[INFO] [stdout]     |
[INFO] [stdout] 763 | ... _ } else if * iid == < windows_core::imp::IMarshal as windows_core::Interface >::IID { ( * this ) . count . add_ref ( ) ; retur...
[INFO] [stdout]     |                                               ^^^^^^^^ not found in `windows_core::imp`
[INFO] [stdout] 
[INFO] [stdout] 
[INFO] [stdout] error[E0425]: cannot find function `marshaler` in module `windows_core::imp`
[INFO] [stdout]    --> /opt/rustwide/cargo-home/registry/src/index.crates.io-1949cf8c6b5b557f/windows-future-0.2.1/src/bindings.rs:763:470
[INFO] [stdout]     |
[INFO] [stdout] 763 | ... . add_ref ( ) ; return windows_core::imp::marshaler ( core::mem::transmute ( & mut ( * this ) . vtable as * mut _ as * mut core...
[INFO] [stdout]     |                                               ^^^^^^^^^ not found in `windows_core::imp`
[INFO] [stdout] 
[INFO] [stdout] 
[INFO] [stdout] error[E0425]: cannot find type `IMarshal` in module `windows_core::imp`
[INFO] [stdout]    --> /opt/rustwide/cargo-home/registry/src/index.crates.io-1949cf8c6b5b557f/windows-future-0.2.1/src/bindings.rs:938:377
[INFO] [stdout]     |
[INFO] [stdout] 938 | ... _ } else if * iid == < windows_core::imp::IMarshal as windows_core::Interface >::IID { ( * this ) . count . add_ref ( ) ; retur...
[INFO] [stdout]     |                                               ^^^^^^^^ not found in `windows_core::imp`
[INFO] [stdout] 
[INFO] [stdout] 
[INFO] [stdout] error[E0425]: cannot find function `marshaler` in module `windows_core::imp`
[INFO] [stdout]    --> /opt/rustwide/cargo-home/registry/src/index.crates.io-1949cf8c6b5b557f/windows-future-0.2.1/src/bindings.rs:938:483
[INFO] [stdout]     |
[INFO] [stdout] 938 | ... . add_ref ( ) ; return windows_core::imp::marshaler ( core::mem::transmute ( & mut ( * this ) . vtable as * mut _ as * mut core...
[INFO] [stdout]     |                                               ^^^^^^^^^ not found in `windows_core::imp`
[INFO] [stdout] 
[INFO] [stdout] 
[INFO] [stderr]     Checking toml v0.9.12+spec-1.1.0
[INFO] [stdout] For more information about this error, try `rustc --explain E0425`.
[INFO] [stdout] 
[INFO] [stderr] error: could not compile `windows-future` (lib) due to 12 previous errors
[INFO] [stderr] warning: build failed, waiting for other jobs to finish...
[INFO] running `Command { std: "docker" "inspect" "debf835dff1c47a2ab78198f2a075eb3ff1fb1cde4463c38fff0b4c7366fdd9a", kill_on_drop: false }`
[INFO] running `Command { std: "docker" "rm" "-f" "debf835dff1c47a2ab78198f2a075eb3ff1fb1cde4463c38fff0b4c7366fdd9a", kill_on_drop: false }`
[INFO] [stdout] debf835dff1c47a2ab78198f2a075eb3ff1fb1cde4463c38fff0b4c7366fdd9a
