[INFO] cloning repository https://github.com/Lehannn123/Helios-Fail
[INFO] running `Command { std: "git" "-c" "credential.helper=" "-c" "credential.helper=/workspace/cargo-home/bin/git-credential-null" "clone" "--bare" "https://github.com/Lehannn123/Helios-Fail" "/workspace/cache/git-repos/https%3A%2F%2Fgithub.com%2FLehannn123%2FHelios-Fail", kill_on_drop: false }`
[INFO] [stderr] Cloning into bare repository '/workspace/cache/git-repos/https%3A%2F%2Fgithub.com%2FLehannn123%2FHelios-Fail'...
[INFO] running `Command { std: "git" "rev-parse" "HEAD", kill_on_drop: false }`
[INFO] [stdout] ed4ac9e3a3e1515dba19e09cbc6ec93a8647a35f
[INFO] checking Lehannn123/Helios-Fail against 3154cc1a3e6424e44f438a95007d043ed5ceaaf6 for pr-133502-30
[INFO] running `Command { std: "git" "clone" "/workspace/cache/git-repos/https%3A%2F%2Fgithub.com%2FLehannn123%2FHelios-Fail" "/workspace/builds/worker-3-tc2/source", kill_on_drop: false }`
[INFO] [stderr] Cloning into '/workspace/builds/worker-3-tc2/source'...
[INFO] [stderr] done.
[INFO] started tweaking git repo https://github.com/Lehannn123/Helios-Fail
[INFO] finished tweaking git repo https://github.com/Lehannn123/Helios-Fail
[INFO] tweaked toml for git repo https://github.com/Lehannn123/Helios-Fail written to /workspace/builds/worker-3-tc2/source/Cargo.toml
[INFO] validating manifest of git repo https://github.com/Lehannn123/Helios-Fail on toolchain 3154cc1a3e6424e44f438a95007d043ed5ceaaf6
[INFO] running `Command { std: CARGO_HOME="/workspace/cargo-home" RUSTUP_HOME="/workspace/rustup-home" "/workspace/cargo-home/bin/cargo" "+3154cc1a3e6424e44f438a95007d043ed5ceaaf6" "metadata" "--manifest-path" "Cargo.toml" "--no-deps", kill_on_drop: false }`
[INFO] crate git repo https://github.com/Lehannn123/Helios-Fail already has a lockfile, it will not be regenerated
[INFO] running `Command { std: CARGO_HOME="/workspace/cargo-home" RUSTUP_HOME="/workspace/rustup-home" "/workspace/cargo-home/bin/cargo" "+3154cc1a3e6424e44f438a95007d043ed5ceaaf6" "fetch" "--manifest-path" "Cargo.toml", kill_on_drop: false }`
[INFO] [stderr]     Blocking waiting for file lock on package cache
[INFO] [stderr]     Blocking waiting for file lock on package cache
[INFO] running `Command { std: "docker" "create" "-v" "/var/lib/crater-agent-workspace/builds/worker-3-tc2/source:/opt/rustwide/workdir:ro,Z" "-v" "/var/lib/crater-agent-workspace/builds/worker-3-tc2/target:/opt/rustwide/target:rw,Z" "-v" "/var/lib/crater-agent-workspace/cargo-home:/opt/rustwide/cargo-home:ro,Z" "-v" "/var/lib/crater-agent-workspace/rustup-home:/opt/rustwide/rustup-home:ro,Z" "-m" "1610612736" "--network" "none" "ghcr.io/rust-lang/crates-build-env/linux@sha256:77db811e55d90add9212f6832c23229e3de5f1c1f9905e8cb07319ea15df73ac" "sleep" "infinity", kill_on_drop: false }`
[INFO] [stdout] 958f591ba933fe4496752ead4c8d6f79a0c969c055507281192eb153759b4a86
[INFO] running `Command { std: "docker" "start" "958f591ba933fe4496752ead4c8d6f79a0c969c055507281192eb153759b4a86", kill_on_drop: false }`
[INFO] running `Command { std: "docker" "inspect" "958f591ba933fe4496752ead4c8d6f79a0c969c055507281192eb153759b4a86", kill_on_drop: false }`
[INFO] running `Command { std: "docker" "exec" "-e" "SOURCE_DIR=/opt/rustwide/workdir" "-e" "CARGO_HOME=/opt/rustwide/cargo-home" "-e" "RUSTUP_HOME=/opt/rustwide/rustup-home" "-e" "CARGO_TARGET_DIR=/opt/rustwide/target" "-w" "/opt/rustwide/workdir" "--user" "0:0" "958f591ba933fe4496752ead4c8d6f79a0c969c055507281192eb153759b4a86" "/opt/rustwide/cargo-home/bin/cargo" "+3154cc1a3e6424e44f438a95007d043ed5ceaaf6" "metadata" "--no-deps" "--format-version=1", kill_on_drop: false }`
[INFO] running `Command { std: "docker" "inspect" "958f591ba933fe4496752ead4c8d6f79a0c969c055507281192eb153759b4a86", kill_on_drop: false }`
[INFO] running `Command { std: "docker" "exec" "-e" "SOURCE_DIR=/opt/rustwide/workdir" "-e" "CARGO_HOME=/opt/rustwide/cargo-home" "-e" "RUSTUP_HOME=/opt/rustwide/rustup-home" "-e" "CARGO_TARGET_DIR=/opt/rustwide/target" "-e" "CARGO_INCREMENTAL=0" "-e" "RUST_BACKTRACE=full" "-e" "RUSTFLAGS=--cap-lints=forbid" "-e" "RUSTDOCFLAGS=--cap-lints=forbid" "-w" "/opt/rustwide/workdir" "--user" "0:0" "958f591ba933fe4496752ead4c8d6f79a0c969c055507281192eb153759b4a86" "/opt/rustwide/cargo-home/bin/cargo" "+3154cc1a3e6424e44f438a95007d043ed5ceaaf6" "check" "--frozen" "--all" "--all-targets" "--message-format=json", kill_on_drop: false }`
[INFO] [stderr]    Compiling cpal v0.15.3
[INFO] [stderr]     Checking dasp_sample v0.11.0
[INFO] [stderr]     Checking claxon v0.4.3
[INFO] [stderr]     Checking hound v3.5.1
[INFO] [stderr]    Compiling alsa-sys v0.3.1
[INFO] [stderr]     Checking symphonia-core v0.5.5
[INFO] [stderr]     Checking ogg v0.8.0
[INFO] [stderr]     Checking lewton v0.10.2
[INFO] [stderr]     Checking alsa v0.9.1
[INFO] [stderr]     Checking symphonia-metadata v0.5.5
[INFO] [stderr]     Checking symphonia-bundle-mp3 v0.5.5
[INFO] [stderr]     Checking symphonia v0.5.5
[INFO] [stderr]     Checking rodio v0.17.3
[INFO] [stderr]     Checking hachimi_trainingfail v0.1.0 (/opt/rustwide/workdir)
[INFO] [stdout] error[E0433]: cannot find module or crate `windows` in this scope
[INFO] [stdout]  --> src/training_fail.rs:5:5
[INFO] [stdout]   |
[INFO] [stdout] 5 | use windows::core::PCSTR;
[INFO] [stdout]   |     ^^^^^^^ use of unresolved module or unlinked crate `windows`
[INFO] [stdout]   |
[INFO] [stdout]   = help: if you wanted to use a crate named `windows`, use `cargo add windows` to add it to your `Cargo.toml`
[INFO] [stdout] 
[INFO] [stdout] 
[INFO] [stdout] error[E0433]: cannot find module or crate `windows` in this scope
[INFO] [stdout]  --> src/training_fail.rs:6:5
[INFO] [stdout]   |
[INFO] [stdout] 6 | use windows::Win32::System::LibraryLoader::{GetModuleHandleW, GetProcAddress};
[INFO] [stdout]   |     ^^^^^^^ use of unresolved module or unlinked crate `windows`
[INFO] [stdout]   |
[INFO] [stdout]   = help: if you wanted to use a crate named `windows`, use `cargo add windows` to add it to your `Cargo.toml`
[INFO] [stdout] 
[INFO] [stdout] 
[INFO] [stdout] error[E0433]: cannot find module or crate `windows` in this scope
[INFO] [stdout]  --> src/training_fail.rs:5:5
[INFO] [stdout]   |
[INFO] [stdout] 5 | use windows::core::PCSTR;
[INFO] [stdout]   |     ^^^^^^^ use of unresolved module or unlinked crate `windows`
[INFO] [stdout]   |
[INFO] [stdout]   = help: if you wanted to use a crate named `windows`, use `cargo add windows` to add it to your `Cargo.toml`
[INFO] [stdout] 
[INFO] [stdout] 
[INFO] [stdout] error[E0433]: cannot find module or crate `windows` in this scope
[INFO] [stdout]  --> src/training_fail.rs:6:5
[INFO] [stdout]   |
[INFO] [stdout] 6 | use windows::Win32::System::LibraryLoader::{GetModuleHandleW, GetProcAddress};
[INFO] [stdout]   |     ^^^^^^^ use of unresolved module or unlinked crate `windows`
[INFO] [stdout]   |
[INFO] [stdout]   = help: if you wanted to use a crate named `windows`, use `cargo add windows` to add it to your `Cargo.toml`
[INFO] [stdout] 
[INFO] [stdout] 
[INFO] [stdout] error[E0433]: cannot find module or crate `windows` in this scope
[INFO] [stdout]   --> src/training_fail.rs:60:44
[INFO] [stdout]    |
[INFO] [stdout] 60 | unsafe fn get_il2cpp_export(game_assembly: windows::Win32::Foundation::HMODULE, name: &str) -> *mut c_void {
[INFO] [stdout]    |                                            ^^^^^^^ use of unresolved module or unlinked crate `windows`
[INFO] [stdout]    |
[INFO] [stdout]    = help: if you wanted to use a crate named `windows`, use `cargo add windows` to add it to your `Cargo.toml`
[INFO] [stdout] 
[INFO] [stdout] 
[INFO] [stdout] error[E0433]: cannot find module or crate `windows` in this scope
[INFO] [stdout]    --> src/training_fail.rs:132:50
[INFO] [stdout]     |
[INFO] [stdout] 132 |     let h_game_assembly = match GetModuleHandleW(windows::core::PCWSTR(module_name.as_ptr())) {
[INFO] [stdout]     |                                                  ^^^^^^^ use of unresolved module or unlinked crate `windows`
[INFO] [stdout]     |
[INFO] [stdout]     = help: if you wanted to use a crate named `windows`, use `cargo add windows` to add it to your `Cargo.toml`
[INFO] [stdout] 
[INFO] [stdout] 
[INFO] [stdout] error[E0433]: cannot find module or crate `windows` in this scope
[INFO] [stdout]   --> src/training_fail.rs:60:44
[INFO] [stdout]    |
[INFO] [stdout] 60 | unsafe fn get_il2cpp_export(game_assembly: windows::Win32::Foundation::HMODULE, name: &str) -> *mut c_void {
[INFO] [stdout]    |                                            ^^^^^^^ use of unresolved module or unlinked crate `windows`
[INFO] [stdout]    |
[INFO] [stdout]    = help: if you wanted to use a crate named `windows`, use `cargo add windows` to add it to your `Cargo.toml`
[INFO] [stdout] 
[INFO] [stdout] 
[INFO] [stdout] error[E0433]: cannot find module or crate `windows` in this scope
[INFO] [stdout]    --> src/training_fail.rs:132:50
[INFO] [stdout]     |
[INFO] [stdout] 132 |     let h_game_assembly = match GetModuleHandleW(windows::core::PCWSTR(module_name.as_ptr())) {
[INFO] [stdout]     |                                                  ^^^^^^^ use of unresolved module or unlinked crate `windows`
[INFO] [stdout]     |
[INFO] [stdout]     = help: if you wanted to use a crate named `windows`, use `cargo add windows` to add it to your `Cargo.toml`
[INFO] [stdout] 
[INFO] [stdout] 
[INFO] [stdout] For more information about this error, try `rustc --explain E0433`.
[INFO] [stdout] 
[INFO] [stderr] error: could not compile `hachimi_trainingfail` (lib) due to 4 previous errors
[INFO] [stderr] warning: build failed, waiting for other jobs to finish...
[INFO] [stdout] For more information about this error, try `rustc --explain E0433`.
[INFO] [stdout] 
[INFO] [stderr] error: could not compile `hachimi_trainingfail` (lib test) due to 4 previous errors
[INFO] running `Command { std: "docker" "inspect" "958f591ba933fe4496752ead4c8d6f79a0c969c055507281192eb153759b4a86", kill_on_drop: false }`
[INFO] running `Command { std: "docker" "rm" "-f" "958f591ba933fe4496752ead4c8d6f79a0c969c055507281192eb153759b4a86", kill_on_drop: false }`
[INFO] [stdout] 958f591ba933fe4496752ead4c8d6f79a0c969c055507281192eb153759b4a86
