[INFO] cloning repository https://github.com/LeastAuthority/anza-cryptography
[INFO] running `Command { std: "git" "-c" "credential.helper=" "-c" "credential.helper=/workspace/cargo-home/bin/git-credential-null" "clone" "--bare" "https://github.com/LeastAuthority/anza-cryptography" "/workspace/cache/git-repos/https%3A%2F%2Fgithub.com%2FLeastAuthority%2Fanza-cryptography", kill_on_drop: false }`
[INFO] [stderr] Cloning into bare repository '/workspace/cache/git-repos/https%3A%2F%2Fgithub.com%2FLeastAuthority%2Fanza-cryptography'...
[INFO] running `Command { std: "git" "rev-parse" "HEAD", kill_on_drop: false }`
[INFO] [stdout] ded5d9c0f47cfebf01834e1d4a28a0217eb9e05a
[INFO] checking LeastAuthority/anza-cryptography against 3154cc1a3e6424e44f438a95007d043ed5ceaaf6+rustflags=-Znext-solver=coherence for pr-133502-30
[INFO] running `Command { std: "git" "clone" "/workspace/cache/git-repos/https%3A%2F%2Fgithub.com%2FLeastAuthority%2Fanza-cryptography" "/workspace/builds/worker-2-tc1/source", kill_on_drop: false }`
[INFO] [stderr] Cloning into '/workspace/builds/worker-2-tc1/source'...
[INFO] [stderr] done.
[INFO] started tweaking git repo https://github.com/LeastAuthority/anza-cryptography
[INFO] finished tweaking git repo https://github.com/LeastAuthority/anza-cryptography
[INFO] tweaked toml for git repo https://github.com/LeastAuthority/anza-cryptography written to /workspace/builds/worker-2-tc1/source/Cargo.toml
[INFO] validating manifest of git repo https://github.com/LeastAuthority/anza-cryptography on toolchain 3154cc1a3e6424e44f438a95007d043ed5ceaaf6
[INFO] running `Command { std: CARGO_HOME="/workspace/cargo-home" RUSTUP_HOME="/workspace/rustup-home" "/workspace/cargo-home/bin/cargo" "+3154cc1a3e6424e44f438a95007d043ed5ceaaf6" "metadata" "--manifest-path" "Cargo.toml" "--no-deps", kill_on_drop: false }`
[INFO] crate git repo https://github.com/LeastAuthority/anza-cryptography already has a lockfile, it will not be regenerated
[INFO] running `Command { std: CARGO_HOME="/workspace/cargo-home" RUSTUP_HOME="/workspace/rustup-home" "/workspace/cargo-home/bin/cargo" "+3154cc1a3e6424e44f438a95007d043ed5ceaaf6" "fetch" "--manifest-path" "Cargo.toml", kill_on_drop: false }`
[INFO] [stderr] warning: unused workspace dependency `hmac`
[INFO] [stderr]   --> Cargo.toml:28:1
[INFO] [stderr]    |
[INFO] [stderr] 28 | hmac = "0.12"
[INFO] [stderr]    | ^^^^
[INFO] [stderr]    |
[INFO] [stderr]    = note: `cargo::unused_workspace_dependencies` is set to `warn` by default
[INFO] [stderr] help: consider removing the workspace dependency `hmac`
[INFO] [stderr] warning: unused field `rust-version` in `workspace.package`
[INFO] [stderr]   --> Cargo.toml:93:1
[INFO] [stderr]    |
[INFO] [stderr] 93 | rust-version = "1.89.0"
[INFO] [stderr]    | ^^^^^^^^^^^^
[INFO] [stderr]    |
[INFO] [stderr]    = note: `cargo::unused_workspace_package_fields` is set to `warn` by default
[INFO] [stderr] help: consider removing the field `workspace.package.rust-version`
[INFO] [stderr] warning: workspace (manifest) generated 2 warnings
[INFO] [stderr]     Updating crates.io index
[INFO] [stderr]  Downloading crates ...
[INFO] [stderr]   Downloaded ark-serialize-derive v0.6.0
[INFO] [stderr]   Downloaded ark-poly v0.6.0
[INFO] [stderr]   Downloaded ark-std v0.6.0
[INFO] [stderr]   Downloaded ff_derive v0.14.0
[INFO] [stderr]   Downloaded ark-serialize v0.6.0
[INFO] [stderr]   Downloaded ark-ff-macros v0.6.0
[INFO] [stderr]   Downloaded ark-ff-asm v0.6.0
[INFO] [stderr]   Downloaded addchain v0.3.0
[INFO] [stderr]   Downloaded group v0.14.0
[INFO] [stderr]   Downloaded ff v0.14.0
[INFO] [stderr]   Downloaded ark-ec v0.6.0
[INFO] [stderr]   Downloaded p3-maybe-rayon v0.6.1
[INFO] [stderr]   Downloaded p3-commit v0.6.1
[INFO] [stderr]   Downloaded ark-ff v0.6.0
[INFO] [stderr]   Downloaded p3-util v0.6.1
[INFO] [stderr]   Downloaded p3-dft v0.6.1
[INFO] [stderr]   Downloaded spin v0.12.1
[INFO] [stderr]   Downloaded p3-uni-stark v0.6.1
[INFO] [stderr]   Downloaded p3-fri v0.6.1
[INFO] [stderr]   Downloaded p3-multilinear-util v0.6.1
[INFO] [stderr]   Downloaded which v8.0.3
[INFO] [stderr]   Downloaded p3-matrix v0.6.1
[INFO] [stderr]   Downloaded p3-symmetric v0.6.1
[INFO] [stderr]   Downloaded p3-poseidon2 v0.6.1
[INFO] [stderr]   Downloaded p3-mds v0.6.1
[INFO] [stderr]   Downloaded p3-koala-bear v0.6.1
[INFO] [stderr]   Downloaded p3-keccak v0.6.1
[INFO] [stderr]   Downloaded p3-field v0.6.1
[INFO] [stderr]   Downloaded p3-challenger v0.6.1
[INFO] [stderr]   Downloaded p3-poseidon1 v0.6.1
[INFO] [stderr]   Downloaded p3-air v0.6.1
[INFO] [stderr]   Downloaded p3-merkle-tree v0.6.1
[INFO] [stderr]   Downloaded p3-monty-31 v0.6.1
[INFO] [stderr]   Downloaded web-sys v0.3.98
[INFO] running `Command { std: "docker" "create" "-v" "/var/lib/crater-agent-workspace/builds/worker-2-tc1/source:/opt/rustwide/workdir:ro,Z" "-v" "/var/lib/crater-agent-workspace/builds/worker-2-tc1/target:/opt/rustwide/target:rw,Z" "-v" "/var/lib/crater-agent-workspace/cargo-home:/opt/rustwide/cargo-home:ro,Z" "-v" "/var/lib/crater-agent-workspace/rustup-home:/opt/rustwide/rustup-home:ro,Z" "-m" "1610612736" "--network" "none" "ghcr.io/rust-lang/crates-build-env/linux@sha256:77db811e55d90add9212f6832c23229e3de5f1c1f9905e8cb07319ea15df73ac" "sleep" "infinity", kill_on_drop: false }`
[INFO] [stdout] 5ed867507c46b47b0eb6d1ed9fcf31ae05a39a3bdbc83fde653f5eb824d6a8a0
[INFO] running `Command { std: "docker" "start" "5ed867507c46b47b0eb6d1ed9fcf31ae05a39a3bdbc83fde653f5eb824d6a8a0", kill_on_drop: false }`
[INFO] running `Command { std: "docker" "inspect" "5ed867507c46b47b0eb6d1ed9fcf31ae05a39a3bdbc83fde653f5eb824d6a8a0", kill_on_drop: false }`
[INFO] running `Command { std: "docker" "exec" "-e" "SOURCE_DIR=/opt/rustwide/workdir" "-e" "CARGO_HOME=/opt/rustwide/cargo-home" "-e" "RUSTUP_HOME=/opt/rustwide/rustup-home" "-e" "CARGO_TARGET_DIR=/opt/rustwide/target" "-w" "/opt/rustwide/workdir" "--user" "0:0" "5ed867507c46b47b0eb6d1ed9fcf31ae05a39a3bdbc83fde653f5eb824d6a8a0" "/opt/rustwide/cargo-home/bin/cargo" "+3154cc1a3e6424e44f438a95007d043ed5ceaaf6" "metadata" "--no-deps" "--format-version=1", kill_on_drop: false }`
[INFO] running `Command { std: "docker" "inspect" "5ed867507c46b47b0eb6d1ed9fcf31ae05a39a3bdbc83fde653f5eb824d6a8a0", kill_on_drop: false }`
[INFO] running `Command { std: "docker" "exec" "-e" "SOURCE_DIR=/opt/rustwide/workdir" "-e" "CARGO_HOME=/opt/rustwide/cargo-home" "-e" "RUSTUP_HOME=/opt/rustwide/rustup-home" "-e" "CARGO_TARGET_DIR=/opt/rustwide/target" "-e" "CARGO_INCREMENTAL=0" "-e" "RUST_BACKTRACE=full" "-e" "RUSTFLAGS=--cap-lints=forbid -Znext-solver=coherence" "-e" "RUSTDOCFLAGS=--cap-lints=forbid" "-w" "/opt/rustwide/workdir" "--user" "0:0" "5ed867507c46b47b0eb6d1ed9fcf31ae05a39a3bdbc83fde653f5eb824d6a8a0" "/opt/rustwide/cargo-home/bin/cargo" "+3154cc1a3e6424e44f438a95007d043ed5ceaaf6" "check" "--frozen" "--all" "--all-targets" "--message-format=json", kill_on_drop: false }`
[INFO] [stderr] warning: unused workspace dependency `hmac`
[INFO] [stderr]   --> Cargo.toml:28:1
[INFO] [stderr]    |
[INFO] [stderr] 28 | hmac = "0.12"
[INFO] [stderr]    | ^^^^
[INFO] [stderr]    |
[INFO] [stderr]    = note: `cargo::unused_workspace_dependencies` is set to `warn` by default
[INFO] [stderr] help: consider removing the workspace dependency `hmac`
[INFO] [stderr] warning: unused field `rust-version` in `workspace.package`
[INFO] [stderr]   --> Cargo.toml:93:1
[INFO] [stderr]    |
[INFO] [stderr] 93 | rust-version = "1.89.0"
[INFO] [stderr]    | ^^^^^^^^^^^^
[INFO] [stderr]    |
[INFO] [stderr]    = note: `cargo::unused_workspace_package_fields` is set to `warn` by default
[INFO] [stderr] help: consider removing the field `workspace.package.rust-version`
[INFO] [stderr] warning: workspace (manifest) generated 2 warnings
[INFO] [stderr]    Compiling zerocopy v0.8.48
[INFO] [stderr]     Checking either v1.15.0
[INFO] [stderr]     Checking typenum v1.20.0
[INFO] [stderr]    Compiling serde v1.0.228
[INFO] [stderr]     Checking rand_core v0.10.1
[INFO] [stderr]    Compiling libc v0.2.186
[INFO] [stderr]    Compiling serde_core v1.0.228
[INFO] [stderr]    Compiling crossbeam-utils v0.8.21
[INFO] [stderr]    Compiling rayon-core v1.13.0
[INFO] [stderr]    Compiling getrandom v0.4.2
[INFO] [stderr]     Checking cpufeatures v0.3.0
[INFO] [stderr]    Compiling num-traits v0.2.19
[INFO] [stderr]    Compiling generic-array v0.14.7
[INFO] [stderr]    Compiling syn v2.0.117
[INFO] [stderr]    Compiling cc v1.2.66
[INFO] [stderr]     Checking subtle v2.6.1
[INFO] [stderr]     Checking strength_reduce v0.2.4
[INFO] [stderr]     Checking allocator-api2 v0.2.21
[INFO] [stderr]    Compiling radium v0.7.0
[INFO] [stderr]     Checking memchr v2.8.0
[INFO] [stderr]     Checking chacha20 v0.10.1
[INFO] [stderr]     Checking tap v1.0.1
[INFO] [stderr]     Checking wyz v0.5.1
[INFO] [stderr]     Checking itertools v0.14.0
[INFO] [stderr]     Checking itertools v0.13.0
[INFO] [stderr]     Checking funty v2.0.0
[INFO] [stderr]    Compiling zmij v1.0.21
[INFO] [stderr]     Checking equivalent v1.0.2
[INFO] [stderr]     Checking foldhash v0.1.5
[INFO] [stderr]     Checking regex-syntax v0.8.10
[INFO] [stderr]    Compiling serde_json v1.0.149
[INFO] [stderr]     Checking spin v0.12.1
[INFO] [stderr]     Checking plotters-backend v0.3.7
[INFO] [stderr]     Checking hashbrown v0.15.5
[INFO] [stderr]     Checking crossbeam-epoch v0.9.18
[INFO] [stderr]     Checking anstyle v1.0.14
[INFO] [stderr]     Checking clap_lex v1.1.0
[INFO] [stderr]     Checking ciborium-io v0.2.2
[INFO] [stderr]     Checking plotters-svg v0.3.7
[INFO] [stderr]     Checking same-file v1.0.6
[INFO] [stderr]     Checking clap_builder v4.6.0
[INFO] [stderr]     Checking bitvec v1.0.1
[INFO] [stderr]     Checking cast v0.3.0
[INFO] [stderr]     Checking walkdir v2.5.0
[INFO] [stderr]     Checking hybrid-array v0.4.12
[INFO] [stderr]     Checking crossbeam-deque v0.8.6
[INFO] [stderr]     Checking oorandom v11.1.5
[INFO] [stderr]     Checking anes v0.1.6
[INFO] [stderr]     Checking bitflags v2.11.1
[INFO] [stderr]     Checking num-integer v0.1.46
[INFO] [stderr]     Checking plotters v0.3.7
[INFO] [stderr]     Checking signature v2.2.0
[INFO] [stderr]     Checking ed25519 v2.2.3
[INFO] [stderr]    Compiling solana-ed25519 v0.2.2 (/opt/rustwide/workdir/curve25519/solana-ed25519)
[INFO] [stderr]     Checking num-bigint v0.4.6
[INFO] [stderr]     Checking transpose v0.2.3
[INFO] [stderr]     Checking const-oid v0.9.6
[INFO] [stderr]    Compiling ahash v0.8.12
[INFO] [stderr]     Checking getrandom v0.2.17
[INFO] [stderr]     Checking page_size v0.6.0
[INFO] [stderr]     Checking crypto-common v0.2.1
[INFO] [stderr]     Checking block-buffer v0.12.0
[INFO] [stderr]     Checking rand_core v0.6.4
[INFO] [stderr]     Checking rand v0.10.2
[INFO] [stderr]     Checking base16ct v0.2.0
[INFO] [stderr]     Checking rayon v1.12.0
[INFO] [stderr]     Checking rand_xorshift v0.3.0
[INFO] [stderr]     Checking lazy_static v1.5.0
[INFO] [stderr]    Compiling thiserror v2.0.18
[INFO] [stderr]    Compiling getrandom v0.3.4
[INFO] [stderr]     Checking num_cpus v1.17.0
[INFO] [stderr]    Compiling crunchy v0.2.4
[INFO] [stderr]     Checking arrayvec v0.7.6
[INFO] [stderr]    Compiling rustix v1.1.4
[INFO] [stderr]     Checking threadpool v1.8.1
[INFO] [stderr]     Checking criterion-plot v0.8.2
[INFO] [stderr]    Compiling alloca v0.4.0
[INFO] [stderr]    Compiling openssl-sys v0.9.116
[INFO] [stderr]    Compiling blst v0.3.16
[INFO] [stderr]     Checking sharded-slab v0.1.7
[INFO] [stderr]     Checking thread_local v1.1.9
[INFO] [stderr]    Compiling tiny-keccak v2.0.2
[INFO] [stderr]     Checking clap v4.6.1
[INFO] [stderr]     Checking foreign-types-shared v0.1.1
[INFO] [stderr]    Compiling openssl v0.10.80
[INFO] [stderr]    Compiling owo-colors v4.3.0
[INFO] [stderr]     Checking linux-raw-sys v0.12.1
[INFO] [stderr]    Compiling object v0.37.3
[INFO] [stderr]     Checking digest v0.11.3
[INFO] [stderr]     Checking foreign-types v0.3.2
[INFO] [stderr]    Compiling libm v0.2.16
[INFO] [stderr]     Checking rand_core v0.9.5
[INFO] [stderr]    Compiling which v8.0.3
[INFO] [stderr]     Checking sha2 v0.11.0
[INFO] [stderr]    Compiling curve25519-dalek v4.1.3
[INFO] [stderr]     Checking regex-automata v0.4.14
[INFO] [stderr]    Compiling eyre v0.6.12
[INFO] [stderr]     Checking byte-slice-cast v1.2.3
[INFO] [stderr]     Checking ff v0.13.1
[INFO] [stderr]     Checking cpufeatures v0.2.17
[INFO] [stderr]    Compiling color-spantrace v0.3.0
[INFO] [stderr]     Checking fastrand v2.4.1
[INFO] [stderr]     Checking gimli v0.32.3
[INFO] [stderr]     Checking miniz_oxide v0.8.9
[INFO] [stderr]     Checking tracing-subscriber v0.3.23
[INFO] [stderr]    Compiling solana-curve25519-cuda v0.2.0 (/opt/rustwide/workdir/curve25519/curve25519-cuda)
[INFO] [stderr]     Checking wait-timeout v0.2.1
[INFO] [stderr]     Checking hashbrown v0.17.1
[INFO] [stderr]     Checking fnv v1.0.7
[INFO] [stderr]     Checking quick-error v1.2.3
[INFO] [stderr]     Checking rustc-demangle v0.1.27
[INFO] [stderr]     Checking indenter v0.3.4
[INFO] [stderr]     Checking bit-vec v0.8.0
[INFO] [stderr]     Checking bit-set v0.8.0
[INFO] [stderr]     Checking hex-literal v1.1.0
[INFO] [stderr]     Checking unarray v0.1.4
[INFO] [stderr]     Checking solana-secp256r1 v0.1.0 (/opt/rustwide/workdir/secp256r1)
[INFO] [stderr]     Checking hex v0.4.3
[INFO] [stderr]     Checking p3-maybe-rayon v0.6.1
[INFO] [stderr]     Checking regex v1.12.3
[INFO] [stderr]    Compiling zerocopy-derive v0.8.48
[INFO] [stderr]    Compiling zeroize_derive v1.4.3
[INFO] [stderr]    Compiling serde_derive v1.0.228
[INFO] [stderr]    Compiling tracing-attributes v0.1.31
[INFO] [stderr]    Compiling enum-ordinalize-derive v4.3.2
[INFO] [stderr]    Compiling curve25519-dalek-derive v0.1.1
[INFO] [stderr]    Compiling thiserror-impl v2.0.18
[INFO] [stderr]    Compiling ark-serialize-derive v0.5.0
[INFO] [stderr]    Compiling bytemuck_derive v1.10.2
[INFO] [stderr]    Compiling ark-ff-asm v0.5.0
[INFO] [stderr]    Compiling ark-serialize-derive v0.6.0
[INFO] [stderr]    Compiling ark-ff-macros v0.5.0
[INFO] [stderr]    Compiling ark-ff-asm v0.6.0
[INFO] [stderr]    Compiling openssl-macros v0.1.1
[INFO] [stderr]    Compiling ark-ff-macros v0.6.0
[INFO] [stderr]     Checking tempfile v3.27.0
[INFO] [stderr]     Checking zeroize v1.8.2
[INFO] [stderr]    Compiling enum-ordinalize v4.3.2
[INFO] [stderr]    Compiling educe v0.6.0
[INFO] [stderr]     Checking der v0.7.10
[INFO] [stderr]     Checking rusty-fork v0.3.1
[INFO] [stderr]     Checking bytemuck v1.25.0
[INFO] [stderr]     Checking crypto-common v0.1.7
[INFO] [stderr]     Checking block-buffer v0.10.4
[INFO] [stderr]     Checking crypto-bigint v0.5.5
[INFO] [stderr]     Checking digest v0.10.7
[INFO] [stderr]     Checking tracing v0.1.44
[INFO] [stderr]     Checking addr2line v0.25.1
[INFO] [stderr]     Checking tracing-error v0.2.1
[INFO] [stderr]     Checking sec1 v0.7.3
[INFO] [stderr]     Checking sha2 v0.10.9
[INFO] [stdout] warning: use of deprecated associated function `core::num::<impl u8>::max_value`: replaced by the `MAX` associated constant on this type
[INFO] [stdout]   --> curve25519/solana-ed25519/src/backend.rs:56:9
[INFO] [stdout]    |
[INFO] [stdout] 56 |         cpufeatures::new!(cpuid_avx2, "avx2");
[INFO] [stdout]    |         ^^^^^^^^^^^^^^^^^^^^^^^^^^^^^^^^^^^^^
[INFO] [stdout]    |
[INFO] [stdout]    = note: `#[warn(deprecated)]` on by default
[INFO] [stdout]    = note: this warning originates in the macro `cpufeatures::new` (in Nightly builds, run with -Z macro-backtrace for more info)
[INFO] [stdout] 
[INFO] [stdout] 
[INFO] [stderr]     Checking backtrace v0.3.76
[INFO] [stderr]     Checking ed25519-dalek v2.2.0
[INFO] [stderr]     Checking color-eyre v0.6.5
[INFO] [stderr]     Checking p3-util v0.6.1
[INFO] [stderr]     Checking tinytemplate v1.2.1
[INFO] [stderr]     Checking bincode v1.3.3
[INFO] [stderr]     Checking p3-field v0.6.1
[INFO] [stderr]     Checking p3-matrix v0.6.1
[INFO] [stderr]     Checking p3-symmetric v0.6.1
[INFO] [stderr]     Checking p3-keccak v0.6.1
[INFO] [stderr]     Checking p3-dft v0.6.1
[INFO] [stderr]     Checking p3-multilinear-util v0.6.1
[INFO] [stderr]     Checking p3-air v0.6.1
[INFO] [stderr]     Checking ppv-lite86 v0.2.21
[INFO] [stderr]     Checking half v2.7.1
[INFO] [stderr]     Checking ciborium-ll v0.2.2
[INFO] [stderr]     Checking p3-mds v0.6.1
[INFO] [stderr]     Checking p3-poseidon1 v0.6.1
[INFO] [stderr]     Checking p3-poseidon2 v0.6.1
[INFO] [stderr]     Checking ciborium v0.2.2
[INFO] [stderr]     Checking rand_chacha v0.3.1
[INFO] [stderr]     Checking rand_chacha v0.9.0
[INFO] [stderr]     Checking p3-monty-31 v0.6.1
[INFO] [stderr]     Checking rand v0.8.6
[INFO] [stderr]     Checking rand v0.9.4
[INFO] [stderr]     Checking p3-challenger v0.6.1
[INFO] [stderr]     Checking criterion v0.8.2
[INFO] [stderr]     Checking p3-commit v0.6.1
[INFO] [stderr]     Checking p3-koala-bear v0.6.1
[INFO] [stderr]     Checking group v0.13.0
[INFO] [stderr]     Checking ark-std v0.5.0
[INFO] [stderr]     Checking ark-std v0.6.0
[INFO] [stderr]     Checking proptest v1.6.0
[INFO] [stderr]     Checking ark-serialize v0.6.0
[INFO] [stderr]     Checking ark-serialize v0.5.0
[INFO] [stderr]     Checking elliptic-curve v0.13.8
[INFO] [stderr]     Checking pairing v0.23.0
[INFO] [stderr]     Checking p3-fri v0.6.1
[INFO] [stderr]     Checking p3-merkle-tree v0.6.1
[INFO] [stderr]     Checking blstrs v0.7.1
[INFO] [stderr]     Checking ark-ff v0.6.0
[INFO] [stderr]     Checking ark-ff v0.5.0
[INFO] [stderr]     Checking primeorder v0.13.6
[INFO] [stderr]     Checking solana-bls12-381-syscall v0.1.0 (/opt/rustwide/workdir/syscall/bls12-381-syscall)
[INFO] [stderr]     Checking p3-uni-stark v0.6.1
[INFO] [stderr]     Checking p256 v0.13.2
[INFO] [stderr]     Checking ed25519-pokos v0.1.0 (/opt/rustwide/workdir/experimental/ed25519-pokos)
[INFO] [stdout] warning: use of deprecated associated function `core::num::<impl u8>::max_value`: replaced by the `MAX` associated constant on this type
[INFO] [stdout]   --> curve25519/solana-ed25519/src/backend.rs:56:9
[INFO] [stdout]    |
[INFO] [stdout] 56 |         cpufeatures::new!(cpuid_avx2, "avx2");
[INFO] [stdout]    |         ^^^^^^^^^^^^^^^^^^^^^^^^^^^^^^^^^^^^^
[INFO] [stdout]    |
[INFO] [stdout]    = note: `#[warn(deprecated)]` on by default
[INFO] [stdout]    = note: this warning originates in the macro `cpufeatures::new` (in Nightly builds, run with -Z macro-backtrace for more info)
[INFO] [stdout] 
[INFO] [stdout] 
[INFO] [stderr]     Checking ark-poly v0.6.0
[INFO] [stderr]     Checking ark-poly v0.5.0
[INFO] [stderr]     Checking ark-ec v0.6.0
[INFO] [stderr]     Checking ark-ec v0.5.0
[INFO] [stderr]     Checking ark-bn254 v0.5.0
[INFO] [stderr]     Checking solana-bn254-syscall v0.1.0 (/opt/rustwide/workdir/syscall/bn254-syscall)
[INFO] [stdout] error[E0599]: no method named `mul_bigint` found for struct `ark_ec::models::short_weierstrass::affine::Affine<P>` in the current scope
[INFO] [stdout]    --> syscall/bn254-syscall/src/multiplication.rs:83:37
[INFO] [stdout]     |
[INFO] [stdout]  83 |     let result_point_affine: G1 = p.mul_bigint(fr).into();
[INFO] [stdout]     |                                     ^^^^^^^^^^ method not found in `ark_ec::models::short_weierstrass::affine::Affine<ark_bn254::g1::Config>`
[INFO] [stdout]     |
[INFO] [stdout] note: there are multiple different versions of crate `ark_ec` in the dependency graph
[INFO] [stdout]    --> /opt/rustwide/cargo-home/registry/src/index.crates.io-1949cf8c6b5b557f/ark-ec-0.5.0/src/lib.rs:122:1
[INFO] [stdout]     |
[INFO] [stdout] 122 | / pub trait AffineRepr:
[INFO] [stdout] 123 | |     Eq
[INFO] [stdout] 124 | |     + 'static
[INFO] [stdout] 125 | |     + Sized
[INFO] [stdout] ...   |
[INFO] [stdout] 149 | |     + Mul<Self::ScalarField, Output = Self::Group>
[INFO] [stdout] 150 | |     + for<'a> Mul<&'a Self::ScalarField, Output = Self::Group>
[INFO] [stdout]     | |______________________________________________________________^ this is the expected trait
[INFO] [stdout]     |
[INFO] [stdout]    ::: /opt/rustwide/cargo-home/registry/src/index.crates.io-1949cf8c6b5b557f/ark-ec-0.6.0/src/lib.rs:116:1
[INFO] [stdout]     |
[INFO] [stdout] 116 | / pub trait AffineRepr:
[INFO] [stdout] 117 | |     Eq
[INFO] [stdout] 118 | |     + 'static
[INFO] [stdout] 119 | |     + Sized
[INFO] [stdout] ...   |
[INFO] [stdout] 143 | |     + Mul<Self::ScalarField, Output = Self::Group>
[INFO] [stdout] 144 | |     + for<'a> Mul<&'a Self::ScalarField, Output = Self::Group>
[INFO] [stdout]     | |______________________________________________________________- this is the trait that was imported
[INFO] [stdout]     = help: you can use `cargo tree` to explore your dependency tree
[INFO] [stdout] 
[INFO] [stdout] 
[INFO] [stdout] error[E0599]: no method named `mul_bigint` found for struct `ark_ec::models::short_weierstrass::affine::Affine<P>` in the current scope
[INFO] [stdout]    --> syscall/bn254-syscall/src/multiplication.rs:141:37
[INFO] [stdout]     |
[INFO] [stdout] 141 |     let result_point_affine: G2 = p.mul_bigint(fr).into();
[INFO] [stdout]     |                                     ^^^^^^^^^^ method not found in `ark_ec::models::short_weierstrass::affine::Affine<ark_bn254::g2::Config>`
[INFO] [stdout]     |
[INFO] [stdout] note: there are multiple different versions of crate `ark_ec` in the dependency graph
[INFO] [stdout]    --> /opt/rustwide/cargo-home/registry/src/index.crates.io-1949cf8c6b5b557f/ark-ec-0.5.0/src/lib.rs:122:1
[INFO] [stdout]     |
[INFO] [stdout] 122 | / pub trait AffineRepr:
[INFO] [stdout] 123 | |     Eq
[INFO] [stdout] 124 | |     + 'static
[INFO] [stdout] 125 | |     + Sized
[INFO] [stdout] ...   |
[INFO] [stdout] 149 | |     + Mul<Self::ScalarField, Output = Self::Group>
[INFO] [stdout] 150 | |     + for<'a> Mul<&'a Self::ScalarField, Output = Self::Group>
[INFO] [stdout]     | |______________________________________________________________^ this is the expected trait
[INFO] [stdout]     |
[INFO] [stdout]    ::: /opt/rustwide/cargo-home/registry/src/index.crates.io-1949cf8c6b5b557f/ark-ec-0.6.0/src/lib.rs:116:1
[INFO] [stdout]     |
[INFO] [stdout] 116 | / pub trait AffineRepr:
[INFO] [stdout] 117 | |     Eq
[INFO] [stdout] 118 | |     + 'static
[INFO] [stdout] 119 | |     + Sized
[INFO] [stdout] ...   |
[INFO] [stdout] 143 | |     + Mul<Self::ScalarField, Output = Self::Group>
[INFO] [stdout] 144 | |     + for<'a> Mul<&'a Self::ScalarField, Output = Self::Group>
[INFO] [stdout]     | |______________________________________________________________- this is the trait that was imported
[INFO] [stdout]     = help: you can use `cargo tree` to explore your dependency tree
[INFO] [stdout] 
[INFO] [stdout] 
[INFO] [stdout] error[E0277]: the trait bound `ark_bn254::Config: BnConfig` is not satisfied
[INFO] [stdout]    --> syscall/bn254-syscall/src/pairing.rs:69:15
[INFO] [stdout]     |
[INFO] [stdout]  69 |       let res = <Bn<Config> as Pairing>::multi_pairing(
[INFO] [stdout]     |  _______________^
[INFO] [stdout]  70 | |         vec_pairs.iter().map(|pair| pair.0),
[INFO] [stdout]  71 | |         vec_pairs.iter().map(|pair| pair.1),
[INFO] [stdout]  72 | |     );
[INFO] [stdout]     | |_____^ the trait `BnConfig` is not implemented for `ark_bn254::Config`
[INFO] [stdout]     |
[INFO] [stdout] note: there are multiple different versions of crate `ark_ec` in the dependency graph
[INFO] [stdout]    --> /opt/rustwide/cargo-home/registry/src/index.crates.io-1949cf8c6b5b557f/ark-ec-0.6.0/src/models/bn/mod.rs:27:1
[INFO] [stdout]     |
[INFO] [stdout]  27 | pub trait BnConfig: 'static + Sized {
[INFO] [stdout]     | ^^^^^^^^^^^^^^^^^^^^^^^^^^^^^^^^^^^ this is the expected trait
[INFO] [stdout]     |
[INFO] [stdout]    ::: /opt/rustwide/cargo-home/registry/src/index.crates.io-1949cf8c6b5b557f/ark-ec-0.5.0/src/models/bn/mod.rs:27:1
[INFO] [stdout]     |
[INFO] [stdout]  27 | pub trait BnConfig: 'static + Sized {
[INFO] [stdout]     | ----------------------------------- this is the found trait
[INFO] [stdout]     = help: you can use `cargo tree` to explore your dependency tree
[INFO] [stdout] help: the trait `Pairing` is conditionally implemented for `Bn<P>`
[INFO] [stdout]    --> /opt/rustwide/cargo-home/registry/src/index.crates.io-1949cf8c6b5b557f/ark-ec-0.6.0/src/models/bn/mod.rs:211:1
[INFO] [stdout]     |
[INFO] [stdout] 211 | impl<P: BnConfig> Pairing for Bn<P> {
[INFO] [stdout]     | ^^^^^^^^--------^^^^^^^^^^^^^^^^^^^
[INFO] [stdout]     |         |
[INFO] [stdout]     |         unsatisfied requirement introduced here: `ark_bn254::Config: BnConfig`
[INFO] [stdout]     = note: required for `Bn<ark_bn254::Config>` to implement `Pairing`
[INFO] [stdout] 
[INFO] [stdout] 
[INFO] [stdout] error[E0599]: no method named `mul_bigint` found for struct `ark_ec::models::short_weierstrass::affine::Affine<P>` in the current scope
[INFO] [stdout]    --> syscall/bn254-syscall/src/multiplication.rs:83:37
[INFO] [stdout]     |
[INFO] [stdout]  83 |     let result_point_affine: G1 = p.mul_bigint(fr).into();
[INFO] [stdout]     |                                     ^^^^^^^^^^ method not found in `ark_ec::models::short_weierstrass::affine::Affine<ark_bn254::g1::Config>`
[INFO] [stdout]     |
[INFO] [stdout] note: there are multiple different versions of crate `ark_ec` in the dependency graph
[INFO] [stdout]    --> /opt/rustwide/cargo-home/registry/src/index.crates.io-1949cf8c6b5b557f/ark-ec-0.5.0/src/lib.rs:122:1
[INFO] [stdout]     |
[INFO] [stdout] 122 | / pub trait AffineRepr:
[INFO] [stdout] 123 | |     Eq
[INFO] [stdout] 124 | |     + 'static
[INFO] [stdout] 125 | |     + Sized
[INFO] [stdout] ...   |
[INFO] [stdout] 149 | |     + Mul<Self::ScalarField, Output = Self::Group>
[INFO] [stdout] 150 | |     + for<'a> Mul<&'a Self::ScalarField, Output = Self::Group>
[INFO] [stdout]     | |______________________________________________________________^ this is the expected trait
[INFO] [stdout]     |
[INFO] [stdout]    ::: /opt/rustwide/cargo-home/registry/src/index.crates.io-1949cf8c6b5b557f/ark-ec-0.6.0/src/lib.rs:116:1
[INFO] [stdout]     |
[INFO] [stdout] 116 | / pub trait AffineRepr:
[INFO] [stdout] 117 | |     Eq
[INFO] [stdout] 118 | |     + 'static
[INFO] [stdout] 119 | |     + Sized
[INFO] [stdout] ...   |
[INFO] [stdout] 143 | |     + Mul<Self::ScalarField, Output = Self::Group>
[INFO] [stdout] 144 | |     + for<'a> Mul<&'a Self::ScalarField, Output = Self::Group>
[INFO] [stdout]     | |______________________________________________________________- this is the trait that was imported
[INFO] [stdout]     = help: you can use `cargo tree` to explore your dependency tree
[INFO] [stdout] 
[INFO] [stdout] 
[INFO] [stdout] error[E0277]: the trait bound `G1Prepared<Config>: From<Affine<Config>>` is not satisfied
[INFO] [stdout]    --> syscall/bn254-syscall/src/pairing.rs:69:16
[INFO] [stdout]     |
[INFO] [stdout]  69 |     let res = <Bn<Config> as Pairing>::multi_pairing(
[INFO] [stdout]     |                ^^^^^^^^^^ unsatisfied trait bound
[INFO] [stdout]     |
[INFO] [stdout]     = help: the trait `From<ark_ec::models::short_weierstrass::affine::Affine<ark_bn254::g1::Config>>` is not implemented for `ark_ec::bn::G1Prepared<ark_bn254::Config>`
[INFO] [stdout] help: `ark_ec::bn::G1Prepared<P>` implements trait `From<T>`
[INFO] [stdout]    --> /opt/rustwide/cargo-home/registry/src/index.crates.io-1949cf8c6b5b557f/ark-ec-0.6.0/src/models/bn/g1.rs:17:1
[INFO] [stdout]     |
[INFO] [stdout]  17 | impl<P: BnConfig> From<G1Affine<P>> for G1Prepared<P> {
[INFO] [stdout]     | ^^^^^^^^^^^^^^^^^^^^^^^^^^^^^^^^^^^^^^^^^^^^^^^^^^^^^ `From<ark_ec::short_weierstrass::Affine<<P as BnConfig>::G1Config>>`
[INFO] [stdout] ...
[INFO] [stdout]  23 | impl<P: BnConfig> From<G1Projective<P>> for G1Prepared<P> {
[INFO] [stdout]     | ^^^^^^^^^^^^^^^^^^^^^^^^^^^^^^^^^^^^^^^^^^^^^^^^^^^^^^^^^ `From<ark_ec::short_weierstrass::Projective<<P as BnConfig>::G1Config>>`
[INFO] [stdout] ...
[INFO] [stdout]  29 | impl<'a, P: BnConfig> From<&'a G1Affine<P>> for G1Prepared<P> {
[INFO] [stdout]     | ^^^^^^^^^^^^^^^^^^^^^^^^^^^^^^^^^^^^^^^^^^^^^^^^^^^^^^^^^^^^^ `From<&ark_ec::short_weierstrass::Affine<<P as BnConfig>::G1Config>>`
[INFO] [stdout] ...
[INFO] [stdout]  35 | impl<'a, P: BnConfig> From<&'a G1Projective<P>> for G1Prepared<P> {
[INFO] [stdout]     | ^^^^^^^^^^^^^^^^^^^^^^^^^^^^^^^^^^^^^^^^^^^^^^^^^^^^^^^^^^^^^^^^^ `From<&ark_ec::short_weierstrass::Projective<<P as BnConfig>::G1Config>>`
[INFO] [stdout]     = note: there are multiple different versions of crate `ark_ec` in the dependency graph
[INFO] [stdout]     = help: you can use `cargo tree` to explore your dependency tree
[INFO] [stdout]     = note: required for `ark_ec::models::short_weierstrass::affine::Affine<ark_bn254::g1::Config>` to implement `Into<ark_ec::bn::G1Prepared<ark_bn254::Config>>`
[INFO] [stdout] note: required by a bound in `multi_pairing`
[INFO] [stdout]    --> /opt/rustwide/cargo-home/registry/src/index.crates.io-1949cf8c6b5b557f/ark-ec-0.6.0/src/pairing.rs:110:42
[INFO] [stdout]     |
[INFO] [stdout]  24 | pub trait Pairing: Sized + 'static + Copy + Debug + Sync + Send + Eq {
[INFO] [stdout] ...
[INFO] [stdout] 109 |     fn multi_pairing(
[INFO] [stdout] 110 |         a: impl IntoIterator<Item = impl Into<Self::G1Prepared>>,
[INFO] [stdout]     |                                          ^^^^^^^^^^^^^^^^^^^^^^ required by this bound in `Pairing::multi_pairing`
[INFO] [stdout]     = note: the full name for the type has been written to '/opt/rustwide/target/debug/build/solana-bn254-syscall/679a04352dd40419/out/solana_bn254_syscall-679a04352dd40419.long-type-5474231447953365526.txt'
[INFO] [stdout]     = note: consider using `--verbose` to print the full type name to the console
[INFO] [stdout] 
[INFO] [stdout] 
[INFO] [stdout] error[E0277]: the trait bound `ark_bn254::Config: BnConfig` is not satisfied in `ark_ec::bn::G1Prepared<ark_bn254::Config>`
[INFO] [stdout]    --> syscall/bn254-syscall/src/pairing.rs:69:16
[INFO] [stdout]     |
[INFO] [stdout]  69 |     let res = <Bn<Config> as Pairing>::multi_pairing(
[INFO] [stdout]     |                ^^^^^^^^^^ within `ark_ec::bn::G1Prepared<ark_bn254::Config>`, the trait `BnConfig` is not implemented for `ark_bn254::Config`
[INFO] [stdout]     |
[INFO] [stdout] note: there are multiple different versions of crate `ark_ec` in the dependency graph
[INFO] [stdout]    --> /opt/rustwide/cargo-home/registry/src/index.crates.io-1949cf8c6b5b557f/ark-ec-0.6.0/src/models/bn/mod.rs:27:1
[INFO] [stdout]     |
[INFO] [stdout]  27 | pub trait BnConfig: 'static + Sized {
[INFO] [stdout]     | ^^^^^^^^^^^^^^^^^^^^^^^^^^^^^^^^^^^ this is the expected trait
[INFO] [stdout]     |
[INFO] [stdout]    ::: /opt/rustwide/cargo-home/registry/src/index.crates.io-1949cf8c6b5b557f/ark-ec-0.5.0/src/models/bn/mod.rs:27:1
[INFO] [stdout]     |
[INFO] [stdout]  27 | pub trait BnConfig: 'static + Sized {
[INFO] [stdout]     | ----------------------------------- this is the found trait
[INFO] [stdout]     = help: you can use `cargo tree` to explore your dependency tree
[INFO] [stdout] note: required because it appears within the type `ark_ec::bn::G1Prepared<ark_bn254::Config>`
[INFO] [stdout]    --> /opt/rustwide/cargo-home/registry/src/index.crates.io-1949cf8c6b5b557f/ark-ec-0.6.0/src/models/bn/g1.rs:15:12
[INFO] [stdout]     |
[INFO] [stdout]  15 | pub struct G1Prepared<P: BnConfig>(pub G1Affine<P>);
[INFO] [stdout]     |            ^^^^^^^^^^
[INFO] [stdout]     = note: required for `ark_ec::models::short_weierstrass::affine::Affine<ark_bn254::g1::Config>` to implement `Into<ark_ec::bn::G1Prepared<ark_bn254::Config>>`
[INFO] [stdout] note: required by a bound in `multi_pairing`
[INFO] [stdout]    --> /opt/rustwide/cargo-home/registry/src/index.crates.io-1949cf8c6b5b557f/ark-ec-0.6.0/src/pairing.rs:110:42
[INFO] [stdout]     |
[INFO] [stdout]  24 | pub trait Pairing: Sized + 'static + Copy + Debug + Sync + Send + Eq {
[INFO] [stdout] ...
[INFO] [stdout] 109 |     fn multi_pairing(
[INFO] [stdout] 110 |         a: impl IntoIterator<Item = impl Into<Self::G1Prepared>>,
[INFO] [stdout]     |                                          ^^^^^^^^^^^^^^^^^^^^^^ required by this bound in `Pairing::multi_pairing`
[INFO] [stdout] 
[INFO] [stdout] 
[INFO] [stdout] error[E0277]: the trait bound `G2Prepared<Config>: From<Affine<Config>>` is not satisfied
[INFO] [stdout]    --> syscall/bn254-syscall/src/pairing.rs:69:16
[INFO] [stdout]     |
[INFO] [stdout]  69 |     let res = <Bn<Config> as Pairing>::multi_pairing(
[INFO] [stdout]     |                ^^^^^^^^^^ unsatisfied trait bound
[INFO] [stdout]     |
[INFO] [stdout]     = help: the trait `From<ark_ec::models::short_weierstrass::affine::Affine<ark_bn254::g2::Config>>` is not implemented for `ark_ec::bn::G2Prepared<ark_bn254::Config>`
[INFO] [stdout] help: `ark_ec::bn::G2Prepared<P>` implements trait `From<T>`
[INFO] [stdout]    --> /opt/rustwide/cargo-home/registry/src/index.crates.io-1949cf8c6b5b557f/ark-ec-0.6.0/src/models/bn/g2.rs:99:1
[INFO] [stdout]     |
[INFO] [stdout]  99 | impl<P: BnConfig> From<G2Affine<P>> for G2Prepared<P> {
[INFO] [stdout]     | ^^^^^^^^^^^^^^^^^^^^^^^^^^^^^^^^^^^^^^^^^^^^^^^^^^^^^ `From<ark_ec::short_weierstrass::Affine<<P as BnConfig>::G2Config>>`
[INFO] [stdout] ...
[INFO] [stdout] 147 | impl<P: BnConfig> From<G2Projective<P>> for G2Prepared<P> {
[INFO] [stdout]     | ^^^^^^^^^^^^^^^^^^^^^^^^^^^^^^^^^^^^^^^^^^^^^^^^^^^^^^^^^ `From<ark_ec::short_weierstrass::Projective<<P as BnConfig>::G2Config>>`
[INFO] [stdout] ...
[INFO] [stdout] 153 | impl<'a, P: BnConfig> From<&'a G2Affine<P>> for G2Prepared<P> {
[INFO] [stdout]     | ^^^^^^^^^^^^^^^^^^^^^^^^^^^^^^^^^^^^^^^^^^^^^^^^^^^^^^^^^^^^^ `From<&ark_ec::short_weierstrass::Affine<<P as BnConfig>::G2Config>>`
[INFO] [stdout] ...
[INFO] [stdout] 159 | impl<'a, P: BnConfig> From<&'a G2Projective<P>> for G2Prepared<P> {
[INFO] [stdout]     | ^^^^^^^^^^^^^^^^^^^^^^^^^^^^^^^^^^^^^^^^^^^^^^^^^^^^^^^^^^^^^^^^^ `From<&ark_ec::short_weierstrass::Projective<<P as BnConfig>::G2Config>>`
[INFO] [stdout]     = note: there are multiple different versions of crate `ark_ec` in the dependency graph
[INFO] [stdout]     = help: you can use `cargo tree` to explore your dependency tree
[INFO] [stdout]     = note: required for `ark_ec::models::short_weierstrass::affine::Affine<ark_bn254::g2::Config>` to implement `Into<ark_ec::bn::G2Prepared<ark_bn254::Config>>`
[INFO] [stdout] note: required by a bound in `multi_pairing`
[INFO] [stdout]    --> /opt/rustwide/cargo-home/registry/src/index.crates.io-1949cf8c6b5b557f/ark-ec-0.6.0/src/pairing.rs:111:42
[INFO] [stdout]     |
[INFO] [stdout]  24 | pub trait Pairing: Sized + 'static + Copy + Debug + Sync + Send + Eq {
[INFO] [stdout] ...
[INFO] [stdout] 109 |     fn multi_pairing(
[INFO] [stdout] 110 |         a: impl IntoIterator<Item = impl Into<Self::G1Prepared>>,
[INFO] [stdout] 111 |         b: impl IntoIterator<Item = impl Into<Self::G2Prepared>>,
[INFO] [stdout]     |                                          ^^^^^^^^^^^^^^^^^^^^^^ required by this bound in `Pairing::multi_pairing`
[INFO] [stdout]     = note: the full name for the type has been written to '/opt/rustwide/target/debug/build/solana-bn254-syscall/679a04352dd40419/out/solana_bn254_syscall-679a04352dd40419.long-type-13667462861991070636.txt'
[INFO] [stdout]     = note: consider using `--verbose` to print the full type name to the console
[INFO] [stdout] 
[INFO] [stdout] 
[INFO] [stdout] error[E0277]: the trait bound `ark_bn254::Config: BnConfig` is not satisfied
[INFO] [stdout]    --> syscall/bn254-syscall/src/pairing.rs:74:21
[INFO] [stdout]     |
[INFO] [stdout]  74 |     let result = if res.0 == ark_bn254::Fq12::one() {
[INFO] [stdout]     |                     ^^^^^ the trait `BnConfig` is not implemented for `ark_bn254::Config`
[INFO] [stdout]     |
[INFO] [stdout] note: there are multiple different versions of crate `ark_ec` in the dependency graph
[INFO] [stdout]    --> /opt/rustwide/cargo-home/registry/src/index.crates.io-1949cf8c6b5b557f/ark-ec-0.6.0/src/models/bn/mod.rs:27:1
[INFO] [stdout]     |
[INFO] [stdout]  27 | pub trait BnConfig: 'static + Sized {
[INFO] [stdout]     | ^^^^^^^^^^^^^^^^^^^^^^^^^^^^^^^^^^^ this is the expected trait
[INFO] [stdout]     |
[INFO] [stdout]    ::: /opt/rustwide/cargo-home/registry/src/index.crates.io-1949cf8c6b5b557f/ark-ec-0.5.0/src/models/bn/mod.rs:27:1
[INFO] [stdout]     |
[INFO] [stdout]  27 | pub trait BnConfig: 'static + Sized {
[INFO] [stdout]     | ----------------------------------- this is the found trait
[INFO] [stdout]     = help: you can use `cargo tree` to explore your dependency tree
[INFO] [stdout] help: the trait `Pairing` is conditionally implemented for `Bn<P>`
[INFO] [stdout]    --> /opt/rustwide/cargo-home/registry/src/index.crates.io-1949cf8c6b5b557f/ark-ec-0.6.0/src/models/bn/mod.rs:211:1
[INFO] [stdout]     |
[INFO] [stdout] 211 | impl<P: BnConfig> Pairing for Bn<P> {
[INFO] [stdout]     | ^^^^^^^^--------^^^^^^^^^^^^^^^^^^^
[INFO] [stdout]     |         |
[INFO] [stdout]     |         unsatisfied requirement introduced here: `ark_bn254::Config: BnConfig`
[INFO] [stdout]     = note: required for `Bn<ark_bn254::Config>` to implement `Pairing`
[INFO] [stdout] 
[INFO] [stdout] 
[INFO] [stdout] error[E0599]: no method named `mul_bigint` found for struct `ark_ec::models::short_weierstrass::affine::Affine<P>` in the current scope
[INFO] [stdout]    --> syscall/bn254-syscall/src/multiplication.rs:141:37
[INFO] [stdout]     |
[INFO] [stdout] 141 |     let result_point_affine: G2 = p.mul_bigint(fr).into();
[INFO] [stdout]     |                                     ^^^^^^^^^^ method not found in `ark_ec::models::short_weierstrass::affine::Affine<ark_bn254::g2::Config>`
[INFO] [stdout]     |
[INFO] [stdout] note: there are multiple different versions of crate `ark_ec` in the dependency graph
[INFO] [stdout]    --> /opt/rustwide/cargo-home/registry/src/index.crates.io-1949cf8c6b5b557f/ark-ec-0.5.0/src/lib.rs:122:1
[INFO] [stdout]     |
[INFO] [stdout] 122 | / pub trait AffineRepr:
[INFO] [stdout] 123 | |     Eq
[INFO] [stdout] 124 | |     + 'static
[INFO] [stdout] 125 | |     + Sized
[INFO] [stdout] ...   |
[INFO] [stdout] 149 | |     + Mul<Self::ScalarField, Output = Self::Group>
[INFO] [stdout] 150 | |     + for<'a> Mul<&'a Self::ScalarField, Output = Self::Group>
[INFO] [stdout]     | |______________________________________________________________^ this is the expected trait
[INFO] [stdout]     |
[INFO] [stdout]    ::: /opt/rustwide/cargo-home/registry/src/index.crates.io-1949cf8c6b5b557f/ark-ec-0.6.0/src/lib.rs:116:1
[INFO] [stdout]     |
[INFO] [stdout] 116 | / pub trait AffineRepr:
[INFO] [stdout] 117 | |     Eq
[INFO] [stdout] 118 | |     + 'static
[INFO] [stdout] 119 | |     + Sized
[INFO] [stdout] ...   |
[INFO] [stdout] 143 | |     + Mul<Self::ScalarField, Output = Self::Group>
[INFO] [stdout] 144 | |     + for<'a> Mul<&'a Self::ScalarField, Output = Self::Group>
[INFO] [stdout]     | |______________________________________________________________- this is the trait that was imported
[INFO] [stdout]     = help: you can use `cargo tree` to explore your dependency tree
[INFO] [stdout] 
[INFO] [stdout] 
[INFO] [stdout] error[E0277]: the trait bound `ark_bn254::Config: BnConfig` is not satisfied
[INFO] [stdout]    --> syscall/bn254-syscall/src/pairing.rs:69:15
[INFO] [stdout]     |
[INFO] [stdout]  69 |       let res = <Bn<Config> as Pairing>::multi_pairing(
[INFO] [stdout]     |  _______________^
[INFO] [stdout]  70 | |         vec_pairs.iter().map(|pair| pair.0),
[INFO] [stdout]  71 | |         vec_pairs.iter().map(|pair| pair.1),
[INFO] [stdout]  72 | |     );
[INFO] [stdout]     | |_____^ the trait `BnConfig` is not implemented for `ark_bn254::Config`
[INFO] [stdout]     |
[INFO] [stdout] note: there are multiple different versions of crate `ark_ec` in the dependency graph
[INFO] [stdout]    --> /opt/rustwide/cargo-home/registry/src/index.crates.io-1949cf8c6b5b557f/ark-ec-0.6.0/src/models/bn/mod.rs:27:1
[INFO] [stdout]     |
[INFO] [stdout]  27 | pub trait BnConfig: 'static + Sized {
[INFO] [stdout]     | ^^^^^^^^^^^^^^^^^^^^^^^^^^^^^^^^^^^ this is the expected trait
[INFO] [stdout]     |
[INFO] [stdout]    ::: /opt/rustwide/cargo-home/registry/src/index.crates.io-1949cf8c6b5b557f/ark-ec-0.5.0/src/models/bn/mod.rs:27:1
[INFO] [stdout]     |
[INFO] [stdout]  27 | pub trait BnConfig: 'static + Sized {
[INFO] [stdout]     | ----------------------------------- this is the found trait
[INFO] [stdout]     = help: you can use `cargo tree` to explore your dependency tree
[INFO] [stdout] help: the trait `Pairing` is conditionally implemented for `Bn<P>`
[INFO] [stdout]    --> /opt/rustwide/cargo-home/registry/src/index.crates.io-1949cf8c6b5b557f/ark-ec-0.6.0/src/models/bn/mod.rs:211:1
[INFO] [stdout]     |
[INFO] [stdout] 211 | impl<P: BnConfig> Pairing for Bn<P> {
[INFO] [stdout]     | ^^^^^^^^--------^^^^^^^^^^^^^^^^^^^
[INFO] [stdout]     |         |
[INFO] [stdout]     |         unsatisfied requirement introduced here: `ark_bn254::Config: BnConfig`
[INFO] [stdout]     = note: required for `Bn<ark_bn254::Config>` to implement `Pairing`
[INFO] [stdout] 
[INFO] [stdout] 
[INFO] [stdout] error[E0308]: mismatched types
[INFO] [stdout]   --> syscall/bn254-syscall/src/pairing.rs:74:30
[INFO] [stdout]    |
[INFO] [stdout] 74 |     let result = if res.0 == ark_bn254::Fq12::one() {
[INFO] [stdout]    |                     -----    ^^^^^^^^^^^^^^^^^^^^^^ expected `QuadExtField<Fp12ConfigWrapper<_>>`, found a different `QuadExtField<Fp12ConfigWrapper<_>>`
[INFO] [stdout]    |                     |
[INFO] [stdout]    |                     expected because this is `ark_ff::fields::models::quadratic_extension::QuadExtField<ark_ff::fields::models::fp12_2over3over2::Fp12ConfigWrapper<_>>`
[INFO] [stdout]    |
[INFO] [stdout] note: there are multiple different versions of crate `ark_ff` in the dependency graph
[INFO] [stdout]   --> /opt/rustwide/cargo-home/registry/src/index.crates.io-1949cf8c6b5b557f/ark-ff-0.6.0/src/fields/models/quadratic_extension.rs:94:1
[INFO] [stdout]    |
[INFO] [stdout] 94 | pub struct QuadExtField<P: QuadExtConfig> {
[INFO] [stdout]    | ^^^^^^^^^^^^^^^^^^^^^^^^^^^^^^^^^^^^^^^^^ this is the expected type
[INFO] [stdout]    |
[INFO] [stdout]   ::: /opt/rustwide/cargo-home/registry/src/index.crates.io-1949cf8c6b5b557f/ark-ff-0.5.0/src/fields/models/quadratic_extension.rs:94:1
[INFO] [stdout]    |
[INFO] [stdout] 94 | pub struct QuadExtField<P: QuadExtConfig> {
[INFO] [stdout]    | ----------------------------------------- this is the found type
[INFO] [stdout]    = help: you can use `cargo tree` to explore your dependency tree
[INFO] [stdout] 
[INFO] [stdout] 
[INFO] [stdout] error[E0277]: the trait bound `G1Prepared<Config>: From<Affine<Config>>` is not satisfied
[INFO] [stdout]    --> syscall/bn254-syscall/src/pairing.rs:69:16
[INFO] [stdout]     |
[INFO] [stdout]  69 |     let res = <Bn<Config> as Pairing>::multi_pairing(
[INFO] [stdout]     |                ^^^^^^^^^^ unsatisfied trait bound
[INFO] [stdout]     |
[INFO] [stdout]     = help: the trait `From<ark_ec::models::short_weierstrass::affine::Affine<ark_bn254::g1::Config>>` is not implemented for `ark_ec::bn::G1Prepared<ark_bn254::Config>`
[INFO] [stdout] help: `ark_ec::bn::G1Prepared<P>` implements trait `From<T>`
[INFO] [stdout]    --> /opt/rustwide/cargo-home/registry/src/index.crates.io-1949cf8c6b5b557f/ark-ec-0.6.0/src/models/bn/g1.rs:17:1
[INFO] [stdout]     |
[INFO] [stdout]  17 | impl<P: BnConfig> From<G1Affine<P>> for G1Prepared<P> {
[INFO] [stdout]     | ^^^^^^^^^^^^^^^^^^^^^^^^^^^^^^^^^^^^^^^^^^^^^^^^^^^^^ `From<ark_ec::short_weierstrass::Affine<<P as BnConfig>::G1Config>>`
[INFO] [stdout] ...
[INFO] [stdout]  23 | impl<P: BnConfig> From<G1Projective<P>> for G1Prepared<P> {
[INFO] [stdout]     | ^^^^^^^^^^^^^^^^^^^^^^^^^^^^^^^^^^^^^^^^^^^^^^^^^^^^^^^^^ `From<ark_ec::short_weierstrass::Projective<<P as BnConfig>::G1Config>>`
[INFO] [stdout] ...
[INFO] [stdout]  29 | impl<'a, P: BnConfig> From<&'a G1Affine<P>> for G1Prepared<P> {
[INFO] [stdout]     | ^^^^^^^^^^^^^^^^^^^^^^^^^^^^^^^^^^^^^^^^^^^^^^^^^^^^^^^^^^^^^ `From<&ark_ec::short_weierstrass::Affine<<P as BnConfig>::G1Config>>`
[INFO] [stdout] ...
[INFO] [stdout]  35 | impl<'a, P: BnConfig> From<&'a G1Projective<P>> for G1Prepared<P> {
[INFO] [stdout]     | ^^^^^^^^^^^^^^^^^^^^^^^^^^^^^^^^^^^^^^^^^^^^^^^^^^^^^^^^^^^^^^^^^ `From<&ark_ec::short_weierstrass::Projective<<P as BnConfig>::G1Config>>`
[INFO] [stdout]     = note: there are multiple different versions of crate `ark_ec` in the dependency graph
[INFO] [stdout]     = help: you can use `cargo tree` to explore your dependency tree
[INFO] [stdout]     = note: required for `ark_ec::models::short_weierstrass::affine::Affine<ark_bn254::g1::Config>` to implement `Into<ark_ec::bn::G1Prepared<ark_bn254::Config>>`
[INFO] [stdout] note: required by a bound in `multi_pairing`
[INFO] [stdout]    --> /opt/rustwide/cargo-home/registry/src/index.crates.io-1949cf8c6b5b557f/ark-ec-0.6.0/src/pairing.rs:110:42
[INFO] [stdout]     |
[INFO] [stdout]  24 | pub trait Pairing: Sized + 'static + Copy + Debug + Sync + Send + Eq {
[INFO] [stdout] ...
[INFO] [stdout] 109 |     fn multi_pairing(
[INFO] [stdout] 110 |         a: impl IntoIterator<Item = impl Into<Self::G1Prepared>>,
[INFO] [stdout]     |                                          ^^^^^^^^^^^^^^^^^^^^^^ required by this bound in `Pairing::multi_pairing`
[INFO] [stdout]     = note: the full name for the type has been written to '/opt/rustwide/target/debug/build/solana-bn254-syscall/89e931c488220a0c/out/solana_bn254_syscall-89e931c488220a0c.long-type-7386486234328986565.txt'
[INFO] [stdout]     = note: consider using `--verbose` to print the full type name to the console
[INFO] [stdout] 
[INFO] [stdout] 
[INFO] [stdout] error[E0277]: the trait bound `ark_bn254::Config: BnConfig` is not satisfied in `ark_ec::bn::G1Prepared<ark_bn254::Config>`
[INFO] [stdout]    --> syscall/bn254-syscall/src/pairing.rs:69:16
[INFO] [stdout]     |
[INFO] [stdout]  69 |     let res = <Bn<Config> as Pairing>::multi_pairing(
[INFO] [stdout]     |                ^^^^^^^^^^ within `ark_ec::bn::G1Prepared<ark_bn254::Config>`, the trait `BnConfig` is not implemented for `ark_bn254::Config`
[INFO] [stdout]     |
[INFO] [stdout] note: there are multiple different versions of crate `ark_ec` in the dependency graph
[INFO] [stdout]    --> /opt/rustwide/cargo-home/registry/src/index.crates.io-1949cf8c6b5b557f/ark-ec-0.6.0/src/models/bn/mod.rs:27:1
[INFO] [stdout]     |
[INFO] [stdout]  27 | pub trait BnConfig: 'static + Sized {
[INFO] [stdout]     | ^^^^^^^^^^^^^^^^^^^^^^^^^^^^^^^^^^^ this is the expected trait
[INFO] [stdout]     |
[INFO] [stdout]    ::: /opt/rustwide/cargo-home/registry/src/index.crates.io-1949cf8c6b5b557f/ark-ec-0.5.0/src/models/bn/mod.rs:27:1
[INFO] [stdout]     |
[INFO] [stdout]  27 | pub trait BnConfig: 'static + Sized {
[INFO] [stdout]     | ----------------------------------- this is the found trait
[INFO] [stdout]     = help: you can use `cargo tree` to explore your dependency tree
[INFO] [stdout] note: required because it appears within the type `ark_ec::bn::G1Prepared<ark_bn254::Config>`
[INFO] [stdout]    --> /opt/rustwide/cargo-home/registry/src/index.crates.io-1949cf8c6b5b557f/ark-ec-0.6.0/src/models/bn/g1.rs:15:12
[INFO] [stdout]     |
[INFO] [stdout]  15 | pub struct G1Prepared<P: BnConfig>(pub G1Affine<P>);
[INFO] [stdout]     |            ^^^^^^^^^^
[INFO] [stdout]     = note: required for `ark_ec::models::short_weierstrass::affine::Affine<ark_bn254::g1::Config>` to implement `Into<ark_ec::bn::G1Prepared<ark_bn254::Config>>`
[INFO] [stdout] note: required by a bound in `multi_pairing`
[INFO] [stdout]    --> /opt/rustwide/cargo-home/registry/src/index.crates.io-1949cf8c6b5b557f/ark-ec-0.6.0/src/pairing.rs:110:42
[INFO] [stdout]     |
[INFO] [stdout]  24 | pub trait Pairing: Sized + 'static + Copy + Debug + Sync + Send + Eq {
[INFO] [stdout] ...
[INFO] [stdout] 109 |     fn multi_pairing(
[INFO] [stdout] 110 |         a: impl IntoIterator<Item = impl Into<Self::G1Prepared>>,
[INFO] [stdout]     |                                          ^^^^^^^^^^^^^^^^^^^^^^ required by this bound in `Pairing::multi_pairing`
[INFO] [stdout] 
[INFO] [stdout] 
[INFO] [stdout] error[E0277]: the trait bound `G2Prepared<Config>: From<Affine<Config>>` is not satisfied
[INFO] [stdout]    --> syscall/bn254-syscall/src/pairing.rs:69:16
[INFO] [stdout]     |
[INFO] [stdout]  69 |     let res = <Bn<Config> as Pairing>::multi_pairing(
[INFO] [stdout]     |                ^^^^^^^^^^ unsatisfied trait bound
[INFO] [stdout]     |
[INFO] [stdout]     = help: the trait `From<ark_ec::models::short_weierstrass::affine::Affine<ark_bn254::g2::Config>>` is not implemented for `ark_ec::bn::G2Prepared<ark_bn254::Config>`
[INFO] [stdout] help: `ark_ec::bn::G2Prepared<P>` implements trait `From<T>`
[INFO] [stdout]    --> /opt/rustwide/cargo-home/registry/src/index.crates.io-1949cf8c6b5b557f/ark-ec-0.6.0/src/models/bn/g2.rs:99:1
[INFO] [stdout]     |
[INFO] [stdout]  99 | impl<P: BnConfig> From<G2Affine<P>> for G2Prepared<P> {
[INFO] [stdout]     | ^^^^^^^^^^^^^^^^^^^^^^^^^^^^^^^^^^^^^^^^^^^^^^^^^^^^^ `From<ark_ec::short_weierstrass::Affine<<P as BnConfig>::G2Config>>`
[INFO] [stdout] ...
[INFO] [stdout] 147 | impl<P: BnConfig> From<G2Projective<P>> for G2Prepared<P> {
[INFO] [stdout]     | ^^^^^^^^^^^^^^^^^^^^^^^^^^^^^^^^^^^^^^^^^^^^^^^^^^^^^^^^^ `From<ark_ec::short_weierstrass::Projective<<P as BnConfig>::G2Config>>`
[INFO] [stdout] ...
[INFO] [stdout] 153 | impl<'a, P: BnConfig> From<&'a G2Affine<P>> for G2Prepared<P> {
[INFO] [stdout]     | ^^^^^^^^^^^^^^^^^^^^^^^^^^^^^^^^^^^^^^^^^^^^^^^^^^^^^^^^^^^^^ `From<&ark_ec::short_weierstrass::Affine<<P as BnConfig>::G2Config>>`
[INFO] [stdout] ...
[INFO] [stdout] 159 | impl<'a, P: BnConfig> From<&'a G2Projective<P>> for G2Prepared<P> {
[INFO] [stdout]     | ^^^^^^^^^^^^^^^^^^^^^^^^^^^^^^^^^^^^^^^^^^^^^^^^^^^^^^^^^^^^^^^^^ `From<&ark_ec::short_weierstrass::Projective<<P as BnConfig>::G2Config>>`
[INFO] [stdout]     = note: there are multiple different versions of crate `ark_ec` in the dependency graph
[INFO] [stdout]     = help: you can use `cargo tree` to explore your dependency tree
[INFO] [stdout]     = note: required for `ark_ec::models::short_weierstrass::affine::Affine<ark_bn254::g2::Config>` to implement `Into<ark_ec::bn::G2Prepared<ark_bn254::Config>>`
[INFO] [stdout] note: required by a bound in `multi_pairing`
[INFO] [stdout]    --> /opt/rustwide/cargo-home/registry/src/index.crates.io-1949cf8c6b5b557f/ark-ec-0.6.0/src/pairing.rs:111:42
[INFO] [stdout]     |
[INFO] [stdout]  24 | pub trait Pairing: Sized + 'static + Copy + Debug + Sync + Send + Eq {
[INFO] [stdout] ...
[INFO] [stdout] 109 |     fn multi_pairing(
[INFO] [stdout] 110 |         a: impl IntoIterator<Item = impl Into<Self::G1Prepared>>,
[INFO] [stdout] 111 |         b: impl IntoIterator<Item = impl Into<Self::G2Prepared>>,
[INFO] [stdout]     |                                          ^^^^^^^^^^^^^^^^^^^^^^ required by this bound in `Pairing::multi_pairing`
[INFO] [stdout]     = note: the full name for the type has been written to '/opt/rustwide/target/debug/build/solana-bn254-syscall/89e931c488220a0c/out/solana_bn254_syscall-89e931c488220a0c.long-type-7981836769669879417.txt'
[INFO] [stdout]     = note: consider using `--verbose` to print the full type name to the console
[INFO] [stdout] 
[INFO] [stdout] 
[INFO] [stdout] error[E0277]: the trait bound `ark_bn254::Config: BnConfig` is not satisfied
[INFO] [stdout]    --> syscall/bn254-syscall/src/pairing.rs:74:21
[INFO] [stdout]     |
[INFO] [stdout]  74 |     let result = if res.0 == ark_bn254::Fq12::one() {
[INFO] [stdout]     |                     ^^^^^ the trait `BnConfig` is not implemented for `ark_bn254::Config`
[INFO] [stdout]     |
[INFO] [stdout] note: there are multiple different versions of crate `ark_ec` in the dependency graph
[INFO] [stdout]    --> /opt/rustwide/cargo-home/registry/src/index.crates.io-1949cf8c6b5b557f/ark-ec-0.6.0/src/models/bn/mod.rs:27:1
[INFO] [stdout]     |
[INFO] [stdout]  27 | pub trait BnConfig: 'static + Sized {
[INFO] [stdout]     | ^^^^^^^^^^^^^^^^^^^^^^^^^^^^^^^^^^^ this is the expected trait
[INFO] [stdout]     |
[INFO] [stdout]    ::: /opt/rustwide/cargo-home/registry/src/index.crates.io-1949cf8c6b5b557f/ark-ec-0.5.0/src/models/bn/mod.rs:27:1
[INFO] [stdout]     |
[INFO] [stdout]  27 | pub trait BnConfig: 'static + Sized {
[INFO] [stdout]     | ----------------------------------- this is the found trait
[INFO] [stdout]     = help: you can use `cargo tree` to explore your dependency tree
[INFO] [stdout] help: the trait `Pairing` is conditionally implemented for `Bn<P>`
[INFO] [stdout]    --> /opt/rustwide/cargo-home/registry/src/index.crates.io-1949cf8c6b5b557f/ark-ec-0.6.0/src/models/bn/mod.rs:211:1
[INFO] [stdout]     |
[INFO] [stdout] 211 | impl<P: BnConfig> Pairing for Bn<P> {
[INFO] [stdout]     | ^^^^^^^^--------^^^^^^^^^^^^^^^^^^^
[INFO] [stdout]     |         |
[INFO] [stdout]     |         unsatisfied requirement introduced here: `ark_bn254::Config: BnConfig`
[INFO] [stdout]     = note: required for `Bn<ark_bn254::Config>` to implement `Pairing`
[INFO] [stdout] 
[INFO] [stdout] 
[INFO] [stdout] error[E0308]: mismatched types
[INFO] [stdout]   --> syscall/bn254-syscall/src/pairing.rs:74:30
[INFO] [stdout]    |
[INFO] [stdout] 74 |     let result = if res.0 == ark_bn254::Fq12::one() {
[INFO] [stdout]    |                     -----    ^^^^^^^^^^^^^^^^^^^^^^ expected `QuadExtField<Fp12ConfigWrapper<_>>`, found a different `QuadExtField<Fp12ConfigWrapper<_>>`
[INFO] [stdout]    |                     |
[INFO] [stdout]    |                     expected because this is `ark_ff::fields::models::quadratic_extension::QuadExtField<ark_ff::fields::models::fp12_2over3over2::Fp12ConfigWrapper<_>>`
[INFO] [stdout]    |
[INFO] [stdout] note: there are multiple different versions of crate `ark_ff` in the dependency graph
[INFO] [stdout]   --> /opt/rustwide/cargo-home/registry/src/index.crates.io-1949cf8c6b5b557f/ark-ff-0.6.0/src/fields/models/quadratic_extension.rs:94:1
[INFO] [stdout]    |
[INFO] [stdout] 94 | pub struct QuadExtField<P: QuadExtConfig> {
[INFO] [stdout]    | ^^^^^^^^^^^^^^^^^^^^^^^^^^^^^^^^^^^^^^^^^ this is the expected type
[INFO] [stdout]    |
[INFO] [stdout]   ::: /opt/rustwide/cargo-home/registry/src/index.crates.io-1949cf8c6b5b557f/ark-ff-0.5.0/src/fields/models/quadratic_extension.rs:94:1
[INFO] [stdout]    |
[INFO] [stdout] 94 | pub struct QuadExtField<P: QuadExtConfig> {
[INFO] [stdout]    | ----------------------------------------- this is the found type
[INFO] [stdout]    = help: you can use `cargo tree` to explore your dependency tree
[INFO] [stdout] 
[INFO] [stdout] 
[INFO] [stdout] error[E0599]: no associated function or constant named `zero` found for struct `ark_ec::models::short_weierstrass::affine::Affine<P>` in the current scope
[INFO] [stdout]    --> syscall/bn254-syscall/src/lib.rs:110:29
[INFO] [stdout]     |
[INFO] [stdout] 110 |             return Some(G1::zero());
[INFO] [stdout]     |                             ^^^^ associated function or constant not found in `ark_ec::models::short_weierstrass::affine::Affine<ark_bn254::g1::Config>`
[INFO] [stdout]     |
[INFO] [stdout] note: if you're trying to build a new `ark_ec::models::short_weierstrass::affine::Affine<ark_bn254::g1::Config>` consider using one of the following associated functions:
[INFO] [stdout]       ark_ec::models::short_weierstrass::affine::Affine::<P>::new
[INFO] [stdout]       ark_ec::models::short_weierstrass::affine::Affine::<P>::new_unchecked
[INFO] [stdout]       ark_ec::models::short_weierstrass::affine::Affine::<P>::identity
[INFO] [stdout]       ark_ec::models::short_weierstrass::affine::Affine::<P>::get_point_from_x_unchecked
[INFO] [stdout]    --> /opt/rustwide/cargo-home/registry/src/index.crates.io-1949cf8c6b5b557f/ark-ec-0.5.0/src/models/short_weierstrass/affine.rs:66:5
[INFO] [stdout]     |
[INFO] [stdout]  66 |     pub fn new(x: P::BaseField, y: P::BaseField) -> Self {
[INFO] [stdout]     |     ^^^^^^^^^^^^^^^^^^^^^^^^^^^^^^^^^^^^^^^^^^^^^^^^^^^^
[INFO] [stdout] ...
[INFO] [stdout]  83 |     pub const fn new_unchecked(x: P::BaseField, y: P::BaseField) -> Self {
[INFO] [stdout]     |     ^^^^^^^^^^^^^^^^^^^^^^^^^^^^^^^^^^^^^^^^^^^^^^^^^^^^^^^^^^^^^^^^^^^^
[INFO] [stdout] ...
[INFO] [stdout]  91 |     pub const fn identity() -> Self {
[INFO] [stdout]     |     ^^^^^^^^^^^^^^^^^^^^^^^^^^^^^^^
[INFO] [stdout] ...
[INFO] [stdout] 105 |     pub fn get_point_from_x_unchecked(x: P::BaseField, greatest: bool) -> Option<Self> {
[INFO] [stdout]     |     ^^^^^^^^^^^^^^^^^^^^^^^^^^^^^^^^^^^^^^^^^^^^^^^^^^^^^^^^^^^^^^^^^^^^^^^^^^^^^^^^^^
[INFO] [stdout] note: there are multiple different versions of crate `ark_ec` in the dependency graph
[INFO] [stdout]    --> /opt/rustwide/cargo-home/registry/src/index.crates.io-1949cf8c6b5b557f/ark-ec-0.5.0/src/lib.rs:122:1
[INFO] [stdout]     |
[INFO] [stdout] 122 | / pub trait AffineRepr:
[INFO] [stdout] 123 | |     Eq
[INFO] [stdout] 124 | |     + 'static
[INFO] [stdout] 125 | |     + Sized
[INFO] [stdout] ...   |
[INFO] [stdout] 149 | |     + Mul<Self::ScalarField, Output = Self::Group>
[INFO] [stdout] 150 | |     + for<'a> Mul<&'a Self::ScalarField, Output = Self::Group>
[INFO] [stdout]     | |______________________________________________________________^ this is the expected trait
[INFO] [stdout]     |
[INFO] [stdout]    ::: /opt/rustwide/cargo-home/registry/src/index.crates.io-1949cf8c6b5b557f/ark-ec-0.6.0/src/lib.rs:116:1
[INFO] [stdout]     |
[INFO] [stdout] 116 | / pub trait AffineRepr:
[INFO] [stdout] 117 | |     Eq
[INFO] [stdout] 118 | |     + 'static
[INFO] [stdout] 119 | |     + Sized
[INFO] [stdout] ...   |
[INFO] [stdout] 143 | |     + Mul<Self::ScalarField, Output = Self::Group>
[INFO] [stdout] 144 | |     + for<'a> Mul<&'a Self::ScalarField, Output = Self::Group>
[INFO] [stdout]     | |______________________________________________________________- this is the trait that was imported
[INFO] [stdout]     = help: you can use `cargo tree` to explore your dependency tree
[INFO] [stdout] help: there is a method `is_zero` with a similar name
[INFO] [stdout]     |
[INFO] [stdout] 110 |             return Some(G1::is_zero());
[INFO] [stdout]     |                             +++
[INFO] [stdout] 
[INFO] [stdout] 
[INFO] [stdout] error[E0599]: no associated function or constant named `zero` found for struct `ark_ec::models::short_weierstrass::affine::Affine<P>` in the current scope
[INFO] [stdout]    --> syscall/bn254-syscall/src/lib.rs:146:29
[INFO] [stdout]     |
[INFO] [stdout] 146 |             return Some(G2::zero());
[INFO] [stdout]     |                             ^^^^ associated function or constant not found in `ark_ec::models::short_weierstrass::affine::Affine<ark_bn254::g2::Config>`
[INFO] [stdout]     |
[INFO] [stdout] note: if you're trying to build a new `ark_ec::models::short_weierstrass::affine::Affine<ark_bn254::g2::Config>` consider using one of the following associated functions:
[INFO] [stdout]       ark_ec::models::short_weierstrass::affine::Affine::<P>::new
[INFO] [stdout]       ark_ec::models::short_weierstrass::affine::Affine::<P>::new_unchecked
[INFO] [stdout]       ark_ec::models::short_weierstrass::affine::Affine::<P>::identity
[INFO] [stdout]       ark_ec::models::short_weierstrass::affine::Affine::<P>::get_point_from_x_unchecked
[INFO] [stdout]    --> /opt/rustwide/cargo-home/registry/src/index.crates.io-1949cf8c6b5b557f/ark-ec-0.5.0/src/models/short_weierstrass/affine.rs:66:5
[INFO] [stdout]     |
[INFO] [stdout]  66 |     pub fn new(x: P::BaseField, y: P::BaseField) -> Self {
[INFO] [stdout]     |     ^^^^^^^^^^^^^^^^^^^^^^^^^^^^^^^^^^^^^^^^^^^^^^^^^^^^
[INFO] [stdout] ...
[INFO] [stdout]  83 |     pub const fn new_unchecked(x: P::BaseField, y: P::BaseField) -> Self {
[INFO] [stdout]     |     ^^^^^^^^^^^^^^^^^^^^^^^^^^^^^^^^^^^^^^^^^^^^^^^^^^^^^^^^^^^^^^^^^^^^
[INFO] [stdout] ...
[INFO] [stdout]  91 |     pub const fn identity() -> Self {
[INFO] [stdout]     |     ^^^^^^^^^^^^^^^^^^^^^^^^^^^^^^^
[INFO] [stdout] ...
[INFO] [stdout] 105 |     pub fn get_point_from_x_unchecked(x: P::BaseField, greatest: bool) -> Option<Self> {
[INFO] [stdout]     |     ^^^^^^^^^^^^^^^^^^^^^^^^^^^^^^^^^^^^^^^^^^^^^^^^^^^^^^^^^^^^^^^^^^^^^^^^^^^^^^^^^^
[INFO] [stdout] note: there are multiple different versions of crate `ark_ec` in the dependency graph
[INFO] [stdout]    --> /opt/rustwide/cargo-home/registry/src/index.crates.io-1949cf8c6b5b557f/ark-ec-0.5.0/src/lib.rs:122:1
[INFO] [stdout]     |
[INFO] [stdout] 122 | / pub trait AffineRepr:
[INFO] [stdout] 123 | |     Eq
[INFO] [stdout] 124 | |     + 'static
[INFO] [stdout] 125 | |     + Sized
[INFO] [stdout] ...   |
[INFO] [stdout] 149 | |     + Mul<Self::ScalarField, Output = Self::Group>
[INFO] [stdout] 150 | |     + for<'a> Mul<&'a Self::ScalarField, Output = Self::Group>
[INFO] [stdout]     | |______________________________________________________________^ this is the expected trait
[INFO] [stdout]     |
[INFO] [stdout]    ::: /opt/rustwide/cargo-home/registry/src/index.crates.io-1949cf8c6b5b557f/ark-ec-0.6.0/src/lib.rs:116:1
[INFO] [stdout]     |
[INFO] [stdout] 116 | / pub trait AffineRepr:
[INFO] [stdout] 117 | |     Eq
[INFO] [stdout] 118 | |     + 'static
[INFO] [stdout] 119 | |     + Sized
[INFO] [stdout] ...   |
[INFO] [stdout] 143 | |     + Mul<Self::ScalarField, Output = Self::Group>
[INFO] [stdout] 144 | |     + for<'a> Mul<&'a Self::ScalarField, Output = Self::Group>
[INFO] [stdout]     | |______________________________________________________________- this is the trait that was imported
[INFO] [stdout]     = help: you can use `cargo tree` to explore your dependency tree
[INFO] [stdout] help: there is a method `is_zero` with a similar name
[INFO] [stdout]     |
[INFO] [stdout] 146 |             return Some(G2::is_zero());
[INFO] [stdout]     |                             +++
[INFO] [stdout] 
[INFO] [stdout] 
[INFO] [stdout] error[E0599]: no associated function or constant named `zero` found for struct `ark_ec::models::short_weierstrass::affine::Affine<P>` in the current scope
[INFO] [stdout]    --> syscall/bn254-syscall/src/lib.rs:110:29
[INFO] [stdout]     |
[INFO] [stdout] 110 |             return Some(G1::zero());
[INFO] [stdout]     |                             ^^^^ associated function or constant not found in `ark_ec::models::short_weierstrass::affine::Affine<ark_bn254::g1::Config>`
[INFO] [stdout]     |
[INFO] [stdout] note: if you're trying to build a new `ark_ec::models::short_weierstrass::affine::Affine<ark_bn254::g1::Config>` consider using one of the following associated functions:
[INFO] [stdout]       ark_ec::models::short_weierstrass::affine::Affine::<P>::new
[INFO] [stdout]       ark_ec::models::short_weierstrass::affine::Affine::<P>::new_unchecked
[INFO] [stdout]       ark_ec::models::short_weierstrass::affine::Affine::<P>::identity
[INFO] [stdout]       ark_ec::models::short_weierstrass::affine::Affine::<P>::get_point_from_x_unchecked
[INFO] [stdout]    --> /opt/rustwide/cargo-home/registry/src/index.crates.io-1949cf8c6b5b557f/ark-ec-0.5.0/src/models/short_weierstrass/affine.rs:66:5
[INFO] [stdout]     |
[INFO] [stdout]  66 |     pub fn new(x: P::BaseField, y: P::BaseField) -> Self {
[INFO] [stdout]     |     ^^^^^^^^^^^^^^^^^^^^^^^^^^^^^^^^^^^^^^^^^^^^^^^^^^^^
[INFO] [stdout] ...
[INFO] [stdout]  83 |     pub const fn new_unchecked(x: P::BaseField, y: P::BaseField) -> Self {
[INFO] [stdout]     |     ^^^^^^^^^^^^^^^^^^^^^^^^^^^^^^^^^^^^^^^^^^^^^^^^^^^^^^^^^^^^^^^^^^^^
[INFO] [stdout] ...
[INFO] [stdout]  91 |     pub const fn identity() -> Self {
[INFO] [stdout]     |     ^^^^^^^^^^^^^^^^^^^^^^^^^^^^^^^
[INFO] [stdout] ...
[INFO] [stdout] 105 |     pub fn get_point_from_x_unchecked(x: P::BaseField, greatest: bool) -> Option<Self> {
[INFO] [stdout]     |     ^^^^^^^^^^^^^^^^^^^^^^^^^^^^^^^^^^^^^^^^^^^^^^^^^^^^^^^^^^^^^^^^^^^^^^^^^^^^^^^^^^
[INFO] [stdout] note: there are multiple different versions of crate `ark_ec` in the dependency graph
[INFO] [stdout]    --> /opt/rustwide/cargo-home/registry/src/index.crates.io-1949cf8c6b5b557f/ark-ec-0.5.0/src/lib.rs:122:1
[INFO] [stdout]     |
[INFO] [stdout] 122 | / pub trait AffineRepr:
[INFO] [stdout] 123 | |     Eq
[INFO] [stdout] 124 | |     + 'static
[INFO] [stdout] 125 | |     + Sized
[INFO] [stdout] ...   |
[INFO] [stdout] 149 | |     + Mul<Self::ScalarField, Output = Self::Group>
[INFO] [stdout] 150 | |     + for<'a> Mul<&'a Self::ScalarField, Output = Self::Group>
[INFO] [stdout]     | |______________________________________________________________^ this is the expected trait
[INFO] [stdout]     |
[INFO] [stdout]    ::: /opt/rustwide/cargo-home/registry/src/index.crates.io-1949cf8c6b5b557f/ark-ec-0.6.0/src/lib.rs:116:1
[INFO] [stdout]     |
[INFO] [stdout] 116 | / pub trait AffineRepr:
[INFO] [stdout] 117 | |     Eq
[INFO] [stdout] 118 | |     + 'static
[INFO] [stdout] 119 | |     + Sized
[INFO] [stdout] ...   |
[INFO] [stdout] 143 | |     + Mul<Self::ScalarField, Output = Self::Group>
[INFO] [stdout] 144 | |     + for<'a> Mul<&'a Self::ScalarField, Output = Self::Group>
[INFO] [stdout]     | |______________________________________________________________- this is the trait that was imported
[INFO] [stdout]     = help: you can use `cargo tree` to explore your dependency tree
[INFO] [stdout] help: there is a method `is_zero` with a similar name
[INFO] [stdout]     |
[INFO] [stdout] 110 |             return Some(G1::is_zero());
[INFO] [stdout]     |                             +++
[INFO] [stdout] 
[INFO] [stdout] 
[INFO] [stdout] error[E0599]: no associated function or constant named `zero` found for struct `ark_ec::models::short_weierstrass::affine::Affine<P>` in the current scope
[INFO] [stdout]    --> syscall/bn254-syscall/src/lib.rs:163:29
[INFO] [stdout]     |
[INFO] [stdout] 163 |             return Some(G2::zero());
[INFO] [stdout]     |                             ^^^^ associated function or constant not found in `ark_ec::models::short_weierstrass::affine::Affine<ark_bn254::g2::Config>`
[INFO] [stdout]     |
[INFO] [stdout] note: if you're trying to build a new `ark_ec::models::short_weierstrass::affine::Affine<ark_bn254::g2::Config>` consider using one of the following associated functions:
[INFO] [stdout]       ark_ec::models::short_weierstrass::affine::Affine::<P>::new
[INFO] [stdout]       ark_ec::models::short_weierstrass::affine::Affine::<P>::new_unchecked
[INFO] [stdout]       ark_ec::models::short_weierstrass::affine::Affine::<P>::identity
[INFO] [stdout]       ark_ec::models::short_weierstrass::affine::Affine::<P>::get_point_from_x_unchecked
[INFO] [stdout]    --> /opt/rustwide/cargo-home/registry/src/index.crates.io-1949cf8c6b5b557f/ark-ec-0.5.0/src/models/short_weierstrass/affine.rs:66:5
[INFO] [stdout]     |
[INFO] [stdout]  66 |     pub fn new(x: P::BaseField, y: P::BaseField) -> Self {
[INFO] [stdout]     |     ^^^^^^^^^^^^^^^^^^^^^^^^^^^^^^^^^^^^^^^^^^^^^^^^^^^^
[INFO] [stdout] ...
[INFO] [stdout]  83 |     pub const fn new_unchecked(x: P::BaseField, y: P::BaseField) -> Self {
[INFO] [stdout]     |     ^^^^^^^^^^^^^^^^^^^^^^^^^^^^^^^^^^^^^^^^^^^^^^^^^^^^^^^^^^^^^^^^^^^^
[INFO] [stdout] ...
[INFO] [stdout]  91 |     pub const fn identity() -> Self {
[INFO] [stdout]     |     ^^^^^^^^^^^^^^^^^^^^^^^^^^^^^^^
[INFO] [stdout] ...
[INFO] [stdout] 105 |     pub fn get_point_from_x_unchecked(x: P::BaseField, greatest: bool) -> Option<Self> {
[INFO] [stdout]     |     ^^^^^^^^^^^^^^^^^^^^^^^^^^^^^^^^^^^^^^^^^^^^^^^^^^^^^^^^^^^^^^^^^^^^^^^^^^^^^^^^^^
[INFO] [stdout] note: there are multiple different versions of crate `ark_ec` in the dependency graph
[INFO] [stdout]    --> /opt/rustwide/cargo-home/registry/src/index.crates.io-1949cf8c6b5b557f/ark-ec-0.5.0/src/lib.rs:122:1
[INFO] [stdout]     |
[INFO] [stdout] 122 | / pub trait AffineRepr:
[INFO] [stdout] 123 | |     Eq
[INFO] [stdout] 124 | |     + 'static
[INFO] [stdout] 125 | |     + Sized
[INFO] [stdout] ...   |
[INFO] [stdout] 149 | |     + Mul<Self::ScalarField, Output = Self::Group>
[INFO] [stdout] 150 | |     + for<'a> Mul<&'a Self::ScalarField, Output = Self::Group>
[INFO] [stdout]     | |______________________________________________________________^ this is the expected trait
[INFO] [stdout]     |
[INFO] [stdout]    ::: /opt/rustwide/cargo-home/registry/src/index.crates.io-1949cf8c6b5b557f/ark-ec-0.6.0/src/lib.rs:116:1
[INFO] [stdout]     |
[INFO] [stdout] 116 | / pub trait AffineRepr:
[INFO] [stdout] 117 | |     Eq
[INFO] [stdout] 118 | |     + 'static
[INFO] [stdout] 119 | |     + Sized
[INFO] [stdout] ...   |
[INFO] [stdout] 143 | |     + Mul<Self::ScalarField, Output = Self::Group>
[INFO] [stdout] 144 | |     + for<'a> Mul<&'a Self::ScalarField, Output = Self::Group>
[INFO] [stdout]     | |______________________________________________________________- this is the trait that was imported
[INFO] [stdout]     = help: you can use `cargo tree` to explore your dependency tree
[INFO] [stdout] help: there is a method `is_zero` with a similar name
[INFO] [stdout]     |
[INFO] [stdout] 163 |             return Some(G2::is_zero());
[INFO] [stdout]     |                             +++
[INFO] [stdout] 
[INFO] [stdout] 
[INFO] [stdout] error[E0599]: no associated function or constant named `zero` found for struct `ark_ec::models::short_weierstrass::affine::Affine<P>` in the current scope
[INFO] [stdout]    --> syscall/bn254-syscall/src/lib.rs:146:29
[INFO] [stdout]     |
[INFO] [stdout] 146 |             return Some(G2::zero());
[INFO] [stdout]     |                             ^^^^ associated function or constant not found in `ark_ec::models::short_weierstrass::affine::Affine<ark_bn254::g2::Config>`
[INFO] [stdout]     |
[INFO] [stdout] note: if you're trying to build a new `ark_ec::models::short_weierstrass::affine::Affine<ark_bn254::g2::Config>` consider using one of the following associated functions:
[INFO] [stdout]       ark_ec::models::short_weierstrass::affine::Affine::<P>::new
[INFO] [stdout]       ark_ec::models::short_weierstrass::affine::Affine::<P>::new_unchecked
[INFO] [stdout]       ark_ec::models::short_weierstrass::affine::Affine::<P>::identity
[INFO] [stdout]       ark_ec::models::short_weierstrass::affine::Affine::<P>::get_point_from_x_unchecked
[INFO] [stdout]    --> /opt/rustwide/cargo-home/registry/src/index.crates.io-1949cf8c6b5b557f/ark-ec-0.5.0/src/models/short_weierstrass/affine.rs:66:5
[INFO] [stdout]     |
[INFO] [stdout]  66 |     pub fn new(x: P::BaseField, y: P::BaseField) -> Self {
[INFO] [stdout]     |     ^^^^^^^^^^^^^^^^^^^^^^^^^^^^^^^^^^^^^^^^^^^^^^^^^^^^
[INFO] [stdout] ...
[INFO] [stdout]  83 |     pub const fn new_unchecked(x: P::BaseField, y: P::BaseField) -> Self {
[INFO] [stdout]     |     ^^^^^^^^^^^^^^^^^^^^^^^^^^^^^^^^^^^^^^^^^^^^^^^^^^^^^^^^^^^^^^^^^^^^
[INFO] [stdout] ...
[INFO] [stdout]  91 |     pub const fn identity() -> Self {
[INFO] [stdout]     |     ^^^^^^^^^^^^^^^^^^^^^^^^^^^^^^^
[INFO] [stdout] ...
[INFO] [stdout] 105 |     pub fn get_point_from_x_unchecked(x: P::BaseField, greatest: bool) -> Option<Self> {
[INFO] [stdout]     |     ^^^^^^^^^^^^^^^^^^^^^^^^^^^^^^^^^^^^^^^^^^^^^^^^^^^^^^^^^^^^^^^^^^^^^^^^^^^^^^^^^^
[INFO] [stdout] note: there are multiple different versions of crate `ark_ec` in the dependency graph
[INFO] [stdout]    --> /opt/rustwide/cargo-home/registry/src/index.crates.io-1949cf8c6b5b557f/ark-ec-0.5.0/src/lib.rs:122:1
[INFO] [stdout]     |
[INFO] [stdout] 122 | / pub trait AffineRepr:
[INFO] [stdout] 123 | |     Eq
[INFO] [stdout] 124 | |     + 'static
[INFO] [stdout] 125 | |     + Sized
[INFO] [stdout] ...   |
[INFO] [stdout] 149 | |     + Mul<Self::ScalarField, Output = Self::Group>
[INFO] [stdout] 150 | |     + for<'a> Mul<&'a Self::ScalarField, Output = Self::Group>
[INFO] [stdout]     | |______________________________________________________________^ this is the expected trait
[INFO] [stdout]     |
[INFO] [stdout]    ::: /opt/rustwide/cargo-home/registry/src/index.crates.io-1949cf8c6b5b557f/ark-ec-0.6.0/src/lib.rs:116:1
[INFO] [stdout]     |
[INFO] [stdout] 116 | / pub trait AffineRepr:
[INFO] [stdout] 117 | |     Eq
[INFO] [stdout] 118 | |     + 'static
[INFO] [stdout] 119 | |     + Sized
[INFO] [stdout] ...   |
[INFO] [stdout] 143 | |     + Mul<Self::ScalarField, Output = Self::Group>
[INFO] [stdout] 144 | |     + for<'a> Mul<&'a Self::ScalarField, Output = Self::Group>
[INFO] [stdout]     | |______________________________________________________________- this is the trait that was imported
[INFO] [stdout]     = help: you can use `cargo tree` to explore your dependency tree
[INFO] [stdout] help: there is a method `is_zero` with a similar name
[INFO] [stdout]     |
[INFO] [stdout] 146 |             return Some(G2::is_zero());
[INFO] [stdout]     |                             +++
[INFO] [stdout] 
[INFO] [stdout] 
[INFO] [stdout] error[E0599]: no associated function or constant named `zero` found for struct `ark_ec::models::short_weierstrass::affine::Affine<P>` in the current scope
[INFO] [stdout]    --> syscall/bn254-syscall/src/lib.rs:163:29
[INFO] [stdout]     |
[INFO] [stdout] 163 |             return Some(G2::zero());
[INFO] [stdout]     |                             ^^^^ associated function or constant not found in `ark_ec::models::short_weierstrass::affine::Affine<ark_bn254::g2::Config>`
[INFO] [stdout]     |
[INFO] [stdout] note: if you're trying to build a new `ark_ec::models::short_weierstrass::affine::Affine<ark_bn254::g2::Config>` consider using one of the following associated functions:
[INFO] [stdout]       ark_ec::models::short_weierstrass::affine::Affine::<P>::new
[INFO] [stdout]       ark_ec::models::short_weierstrass::affine::Affine::<P>::new_unchecked
[INFO] [stdout]       ark_ec::models::short_weierstrass::affine::Affine::<P>::identity
[INFO] [stdout]       ark_ec::models::short_weierstrass::affine::Affine::<P>::get_point_from_x_unchecked
[INFO] [stdout]    --> /opt/rustwide/cargo-home/registry/src/index.crates.io-1949cf8c6b5b557f/ark-ec-0.5.0/src/models/short_weierstrass/affine.rs:66:5
[INFO] [stdout]     |
[INFO] [stdout]  66 |     pub fn new(x: P::BaseField, y: P::BaseField) -> Self {
[INFO] [stdout]     |     ^^^^^^^^^^^^^^^^^^^^^^^^^^^^^^^^^^^^^^^^^^^^^^^^^^^^
[INFO] [stdout] ...
[INFO] [stdout]  83 |     pub const fn new_unchecked(x: P::BaseField, y: P::BaseField) -> Self {
[INFO] [stdout]     |     ^^^^^^^^^^^^^^^^^^^^^^^^^^^^^^^^^^^^^^^^^^^^^^^^^^^^^^^^^^^^^^^^^^^^
[INFO] [stdout] ...
[INFO] [stdout]  91 |     pub const fn identity() -> Self {
[INFO] [stdout]     |     ^^^^^^^^^^^^^^^^^^^^^^^^^^^^^^^
[INFO] [stdout] ...
[INFO] [stdout] 105 |     pub fn get_point_from_x_unchecked(x: P::BaseField, greatest: bool) -> Option<Self> {
[INFO] [stdout]     |     ^^^^^^^^^^^^^^^^^^^^^^^^^^^^^^^^^^^^^^^^^^^^^^^^^^^^^^^^^^^^^^^^^^^^^^^^^^^^^^^^^^
[INFO] [stdout] note: there are multiple different versions of crate `ark_ec` in the dependency graph
[INFO] [stdout]    --> /opt/rustwide/cargo-home/registry/src/index.crates.io-1949cf8c6b5b557f/ark-ec-0.5.0/src/lib.rs:122:1
[INFO] [stdout]     |
[INFO] [stdout] 122 | / pub trait AffineRepr:
[INFO] [stdout] 123 | |     Eq
[INFO] [stdout] 124 | |     + 'static
[INFO] [stdout] 125 | |     + Sized
[INFO] [stdout] ...   |
[INFO] [stdout] 149 | |     + Mul<Self::ScalarField, Output = Self::Group>
[INFO] [stdout] 150 | |     + for<'a> Mul<&'a Self::ScalarField, Output = Self::Group>
[INFO] [stdout]     | |______________________________________________________________^ this is the expected trait
[INFO] [stdout]     |
[INFO] [stdout]    ::: /opt/rustwide/cargo-home/registry/src/index.crates.io-1949cf8c6b5b557f/ark-ec-0.6.0/src/lib.rs:116:1
[INFO] [stdout]     |
[INFO] [stdout] 116 | / pub trait AffineRepr:
[INFO] [stdout] 117 | |     Eq
[INFO] [stdout] 118 | |     + 'static
[INFO] [stdout] 119 | |     + Sized
[INFO] [stdout] ...   |
[INFO] [stdout] 143 | |     + Mul<Self::ScalarField, Output = Self::Group>
[INFO] [stdout] 144 | |     + for<'a> Mul<&'a Self::ScalarField, Output = Self::Group>
[INFO] [stdout]     | |______________________________________________________________- this is the trait that was imported
[INFO] [stdout]     = help: you can use `cargo tree` to explore your dependency tree
[INFO] [stdout] help: there is a method `is_zero` with a similar name
[INFO] [stdout]     |
[INFO] [stdout] 163 |             return Some(G2::is_zero());
[INFO] [stdout]     |                             +++
[INFO] [stdout] 
[INFO] [stdout] 
[INFO] [stdout] error[E0599]: no associated function or constant named `zero` found for struct `ark_ec::models::short_weierstrass::affine::Affine<P>` in the current scope
[INFO] [stdout]    --> syscall/bn254-syscall/src/lib.rs:210:30
[INFO] [stdout]     |
[INFO] [stdout] 210 |         let zero = G1Affine::zero();
[INFO] [stdout]     |                              ^^^^ associated function or constant not found in `ark_ec::models::short_weierstrass::affine::Affine<ark_bn254::g1::Config>`
[INFO] [stdout]     |
[INFO] [stdout] note: if you're trying to build a new `ark_ec::models::short_weierstrass::affine::Affine<ark_bn254::g1::Config>` consider using one of the following associated functions:
[INFO] [stdout]       ark_ec::models::short_weierstrass::affine::Affine::<P>::new
[INFO] [stdout]       ark_ec::models::short_weierstrass::affine::Affine::<P>::new_unchecked
[INFO] [stdout]       ark_ec::models::short_weierstrass::affine::Affine::<P>::identity
[INFO] [stdout]       ark_ec::models::short_weierstrass::affine::Affine::<P>::get_point_from_x_unchecked
[INFO] [stdout]    --> /opt/rustwide/cargo-home/registry/src/index.crates.io-1949cf8c6b5b557f/ark-ec-0.5.0/src/models/short_weierstrass/affine.rs:66:5
[INFO] [stdout]     |
[INFO] [stdout]  66 |     pub fn new(x: P::BaseField, y: P::BaseField) -> Self {
[INFO] [stdout]     |     ^^^^^^^^^^^^^^^^^^^^^^^^^^^^^^^^^^^^^^^^^^^^^^^^^^^^
[INFO] [stdout] ...
[INFO] [stdout]  83 |     pub const fn new_unchecked(x: P::BaseField, y: P::BaseField) -> Self {
[INFO] [stdout]     |     ^^^^^^^^^^^^^^^^^^^^^^^^^^^^^^^^^^^^^^^^^^^^^^^^^^^^^^^^^^^^^^^^^^^^
[INFO] [stdout] ...
[INFO] [stdout]  91 |     pub const fn identity() -> Self {
[INFO] [stdout]     |     ^^^^^^^^^^^^^^^^^^^^^^^^^^^^^^^
[INFO] [stdout] ...
[INFO] [stdout] 105 |     pub fn get_point_from_x_unchecked(x: P::BaseField, greatest: bool) -> Option<Self> {
[INFO] [stdout]     |     ^^^^^^^^^^^^^^^^^^^^^^^^^^^^^^^^^^^^^^^^^^^^^^^^^^^^^^^^^^^^^^^^^^^^^^^^^^^^^^^^^^
[INFO] [stdout] note: there are multiple different versions of crate `ark_ec` in the dependency graph
[INFO] [stdout]    --> /opt/rustwide/cargo-home/registry/src/index.crates.io-1949cf8c6b5b557f/ark-ec-0.5.0/src/lib.rs:122:1
[INFO] [stdout]     |
[INFO] [stdout] 122 | / pub trait AffineRepr:
[INFO] [stdout] 123 | |     Eq
[INFO] [stdout] 124 | |     + 'static
[INFO] [stdout] 125 | |     + Sized
[INFO] [stdout] ...   |
[INFO] [stdout] 149 | |     + Mul<Self::ScalarField, Output = Self::Group>
[INFO] [stdout] 150 | |     + for<'a> Mul<&'a Self::ScalarField, Output = Self::Group>
[INFO] [stdout]     | |______________________________________________________________^ this is the expected trait
[INFO] [stdout]     |
[INFO] [stdout]    ::: /opt/rustwide/cargo-home/registry/src/index.crates.io-1949cf8c6b5b557f/ark-ec-0.6.0/src/lib.rs:116:1
[INFO] [stdout]     |
[INFO] [stdout] 116 | / pub trait AffineRepr:
[INFO] [stdout] 117 | |     Eq
[INFO] [stdout] 118 | |     + 'static
[INFO] [stdout] 119 | |     + Sized
[INFO] [stdout] ...   |
[INFO] [stdout] 143 | |     + Mul<Self::ScalarField, Output = Self::Group>
[INFO] [stdout] 144 | |     + for<'a> Mul<&'a Self::ScalarField, Output = Self::Group>
[INFO] [stdout]     | |______________________________________________________________- this is the trait that was imported
[INFO] [stdout]     = help: you can use `cargo tree` to explore your dependency tree
[INFO] [stdout] help: there is a method `is_zero` with a similar name
[INFO] [stdout]     |
[INFO] [stdout] 210 |         let zero = G1Affine::is_zero();
[INFO] [stdout]     |                              +++
[INFO] [stdout] 
[INFO] [stdout] 
[INFO] [stdout] Some errors have detailed explanations: E0277, E0308, E0599.
[INFO] [stdout] 
[INFO] [stdout] For more information about an error, try `rustc --explain E0277`.
[INFO] [stdout] 
[INFO] [stdout] Some errors have detailed explanations: E0277, E0308, E0599.
[INFO] [stdout] 
[INFO] [stdout] For more information about an error, try `rustc --explain E0277`.
[INFO] [stdout] 
[INFO] [stderr] error: could not compile `solana-bn254-syscall` (lib) due to 11 previous errors
[INFO] [stderr] warning: build failed, waiting for other jobs to finish...
[INFO] [stderr] error: could not compile `solana-bn254-syscall` (lib test) due to 12 previous errors
[INFO] [stderr] warning: unused dependency `rand`
[INFO] [stderr]   --> experimental/ed25519-pokos/Cargo.toml:25:1
[INFO] [stderr]    |
[INFO] [stderr] 25 | rand = { version = "0.9", features = ["small_rng"] }
[INFO] [stderr]    | ^^^^^^^^^^^^^^^^^^^^^^^^^^^^^^^^^^^^^^^^^^^^^^^^^^^^
[INFO] [stderr]    |
[INFO] [stderr]    = note: `cargo::unused_dependencies` is set to `warn` by default
[INFO] [stderr] help: consider removing the dependency on `rand`
[INFO] [stderr] warning: `ed25519-pokos` (manifest) generated 1 warning
[INFO] running `Command { std: "docker" "inspect" "5ed867507c46b47b0eb6d1ed9fcf31ae05a39a3bdbc83fde653f5eb824d6a8a0", kill_on_drop: false }`
[INFO] running `Command { std: "docker" "rm" "-f" "5ed867507c46b47b0eb6d1ed9fcf31ae05a39a3bdbc83fde653f5eb824d6a8a0", kill_on_drop: false }`
[INFO] [stdout] 5ed867507c46b47b0eb6d1ed9fcf31ae05a39a3bdbc83fde653f5eb824d6a8a0
