[INFO] cloning repository https://github.com/LeTrollologist/Hollow-Canvas
[INFO] running `Command { std: "git" "-c" "credential.helper=" "-c" "credential.helper=/workspace/cargo-home/bin/git-credential-null" "clone" "--bare" "https://github.com/LeTrollologist/Hollow-Canvas" "/workspace/cache/git-repos/https%3A%2F%2Fgithub.com%2FLeTrollologist%2FHollow-Canvas", kill_on_drop: false }`
[INFO] [stderr] Cloning into bare repository '/workspace/cache/git-repos/https%3A%2F%2Fgithub.com%2FLeTrollologist%2FHollow-Canvas'...
[INFO] running `Command { std: "git" "rev-parse" "HEAD", kill_on_drop: false }`
[INFO] [stdout] fb6d775473bfeb99f1faddf73f19009ba1a7016f
[INFO] checking LeTrollologist/Hollow-Canvas against 3154cc1a3e6424e44f438a95007d043ed5ceaaf6 for pr-133502-30
[INFO] running `Command { std: "git" "clone" "/workspace/cache/git-repos/https%3A%2F%2Fgithub.com%2FLeTrollologist%2FHollow-Canvas" "/workspace/builds/worker-4-tc2/source", kill_on_drop: false }`
[INFO] [stderr] Cloning into '/workspace/builds/worker-4-tc2/source'...
[INFO] [stderr] done.
[INFO] removed /workspace/builds/worker-4-tc2/source/.cargo/config.toml
[INFO] started tweaking git repo https://github.com/LeTrollologist/Hollow-Canvas
[INFO] finished tweaking git repo https://github.com/LeTrollologist/Hollow-Canvas
[INFO] tweaked toml for git repo https://github.com/LeTrollologist/Hollow-Canvas written to /workspace/builds/worker-4-tc2/source/Cargo.toml
[INFO] validating manifest of git repo https://github.com/LeTrollologist/Hollow-Canvas on toolchain 3154cc1a3e6424e44f438a95007d043ed5ceaaf6
[INFO] running `Command { std: CARGO_HOME="/workspace/cargo-home" RUSTUP_HOME="/workspace/rustup-home" "/workspace/cargo-home/bin/cargo" "+3154cc1a3e6424e44f438a95007d043ed5ceaaf6" "metadata" "--manifest-path" "Cargo.toml" "--no-deps", kill_on_drop: false }`
[INFO] crate git repo https://github.com/LeTrollologist/Hollow-Canvas already has a lockfile, it will not be regenerated
[INFO] running `Command { std: CARGO_HOME="/workspace/cargo-home" RUSTUP_HOME="/workspace/rustup-home" "/workspace/cargo-home/bin/cargo" "+3154cc1a3e6424e44f438a95007d043ed5ceaaf6" "fetch" "--manifest-path" "Cargo.toml", kill_on_drop: false }`
[INFO] [stderr] warning: unused workspace dependency `bytemuck`
[INFO] [stderr]   --> Cargo.toml:25:25
[INFO] [stderr]    |
[INFO] [stderr] 25 | [workspace.dependencies.bytemuck]
[INFO] [stderr]    |                         ^^^^^^^^
[INFO] [stderr]    |
[INFO] [stderr]    = note: `cargo::unused_workspace_dependencies` is set to `warn` by default
[INFO] [stderr] help: consider removing the workspace dependency `bytemuck`
[INFO] [stderr] warning: workspace (manifest) generated 1 warning
[INFO] [stderr]     Blocking waiting for file lock on package cache
[INFO] [stderr]     Blocking waiting for file lock on package cache
[INFO] running `Command { std: "docker" "create" "-v" "/var/lib/crater-agent-workspace/builds/worker-4-tc2/source:/opt/rustwide/workdir:ro,Z" "-v" "/var/lib/crater-agent-workspace/builds/worker-4-tc2/target:/opt/rustwide/target:rw,Z" "-v" "/var/lib/crater-agent-workspace/cargo-home:/opt/rustwide/cargo-home:ro,Z" "-v" "/var/lib/crater-agent-workspace/rustup-home:/opt/rustwide/rustup-home:ro,Z" "-m" "1610612736" "--network" "none" "ghcr.io/rust-lang/crates-build-env/linux@sha256:77db811e55d90add9212f6832c23229e3de5f1c1f9905e8cb07319ea15df73ac" "sleep" "infinity", kill_on_drop: false }`
[INFO] [stdout] 8762689a610e412488f7050d34d6a5a3549cb0f9e1a3579ee622ffcb702483ba
[INFO] running `Command { std: "docker" "start" "8762689a610e412488f7050d34d6a5a3549cb0f9e1a3579ee622ffcb702483ba", kill_on_drop: false }`
[INFO] running `Command { std: "docker" "inspect" "8762689a610e412488f7050d34d6a5a3549cb0f9e1a3579ee622ffcb702483ba", kill_on_drop: false }`
[INFO] running `Command { std: "docker" "exec" "-e" "SOURCE_DIR=/opt/rustwide/workdir" "-e" "CARGO_HOME=/opt/rustwide/cargo-home" "-e" "RUSTUP_HOME=/opt/rustwide/rustup-home" "-e" "CARGO_TARGET_DIR=/opt/rustwide/target" "-w" "/opt/rustwide/workdir" "--user" "0:0" "8762689a610e412488f7050d34d6a5a3549cb0f9e1a3579ee622ffcb702483ba" "/opt/rustwide/cargo-home/bin/cargo" "+3154cc1a3e6424e44f438a95007d043ed5ceaaf6" "metadata" "--no-deps" "--format-version=1", kill_on_drop: false }`
[INFO] running `Command { std: "docker" "inspect" "8762689a610e412488f7050d34d6a5a3549cb0f9e1a3579ee622ffcb702483ba", kill_on_drop: false }`
[INFO] running `Command { std: "docker" "exec" "-e" "SOURCE_DIR=/opt/rustwide/workdir" "-e" "CARGO_HOME=/opt/rustwide/cargo-home" "-e" "RUSTUP_HOME=/opt/rustwide/rustup-home" "-e" "CARGO_TARGET_DIR=/opt/rustwide/target" "-e" "CARGO_INCREMENTAL=0" "-e" "RUST_BACKTRACE=full" "-e" "RUSTFLAGS=--cap-lints=forbid" "-e" "RUSTDOCFLAGS=--cap-lints=forbid" "-w" "/opt/rustwide/workdir" "--user" "0:0" "8762689a610e412488f7050d34d6a5a3549cb0f9e1a3579ee622ffcb702483ba" "/opt/rustwide/cargo-home/bin/cargo" "+3154cc1a3e6424e44f438a95007d043ed5ceaaf6" "check" "--frozen" "--all" "--all-targets" "--message-format=json", kill_on_drop: false }`
[INFO] [stderr] warning: unused workspace dependency `bytemuck`
[INFO] [stderr]   --> Cargo.toml:25:25
[INFO] [stderr]    |
[INFO] [stderr] 25 | [workspace.dependencies.bytemuck]
[INFO] [stderr]    |                         ^^^^^^^^
[INFO] [stderr]    |
[INFO] [stderr]    = note: `cargo::unused_workspace_dependencies` is set to `warn` by default
[INFO] [stderr] help: consider removing the workspace dependency `bytemuck`
[INFO] [stderr] warning: workspace (manifest) generated 1 warning
[INFO] [stderr]    Compiling proc-macro2 v1.0.107
[INFO] [stderr]    Compiling quote v1.0.47
[INFO] [stderr]    Compiling unicode-ident v1.0.24
[INFO] [stderr]     Checking cfg-if v1.0.4
[INFO] [stderr]    Compiling crossbeam-utils v0.8.22
[INFO] [stderr]    Compiling autocfg v1.5.1
[INFO] [stderr]     Checking stable_deref_trait v1.2.1
[INFO] [stderr]     Checking pin-project-lite v0.2.17
[INFO] [stderr]    Compiling serde_core v1.0.229
[INFO] [stderr]    Compiling libc v0.2.189
[INFO] [stderr]    Compiling version_check v0.9.5
[INFO] [stderr]    Compiling serde v1.0.229
[INFO] [stderr]     Checking bitflags v2.13.1
[INFO] [stderr]     Checking smallvec v1.15.2
[INFO] [stderr]     Checking parking v2.2.1
[INFO] [stderr]     Checking futures-core v0.3.34
[INFO] [stderr]    Compiling zerocopy v0.8.56
[INFO] [stderr]     Checking litemap v0.8.3
[INFO] [stderr]     Checking writeable v0.6.4
[INFO] [stderr]     Checking simd-adler32 v0.3.10
[INFO] [stderr]     Checking futures-io v0.3.34
[INFO] [stderr]     Checking adler2 v2.0.1
[INFO] [stderr]    Compiling crossbeam-epoch v0.9.20
[INFO] [stderr]    Compiling icu_properties_data v2.3.0
[INFO] [stderr]    Compiling icu_normalizer_data v2.3.0
[INFO] [stderr]     Checking utf8_iter v1.0.4
[INFO] [stderr]    Compiling crc32fast v1.5.1
[INFO] [stderr]     Checking event-listener v5.4.2
[INFO] [stderr]    Compiling equivalent v1.0.2
[INFO] [stderr]    Compiling crossbeam-deque v0.8.7
[INFO] [stderr]     Checking fastrand v2.5.0
[INFO] [stderr]     Checking ttf-parser v0.25.1
[INFO] [stderr]    Compiling hashbrown v0.17.1
[INFO] [stderr]    Compiling winnow v1.0.4
[INFO] [stderr]     Checking once_cell v1.21.4
[INFO] [stderr]     Checking miniz_oxide v0.9.1
[INFO] [stderr]     Checking event-listener-strategy v0.5.4
[INFO] [stderr]     Checking ab_glyph_rasterizer v0.1.10
[INFO] [stderr]    Compiling toml_datetime v1.1.1+spec-1.1.0
[INFO] [stderr]     Checking memchr v2.8.3
[INFO] [stderr]    Compiling rayon-core v1.13.0
[INFO] [stderr]     Checking futures-lite v2.6.1
[INFO] [stderr]     Checking miniz_oxide v0.8.9
[INFO] [stderr]     Checking fdeflate v0.3.7
[INFO] [stderr]     Checking concurrent-queue v2.5.0
[INFO] [stderr]     Checking flate2 v1.1.10
[INFO] [stderr]     Checking weezl v0.1.12
[INFO] [stderr]    Compiling indexmap v2.14.1
[INFO] [stderr]     Checking byteorder-lite v0.1.0
[INFO] [stderr]     Checking quick-error v2.0.1
[INFO] [stderr]     Checking pxfm v0.1.30
[INFO] [stderr]    Compiling syn v2.0.119
[INFO] [stderr]    Compiling syn v3.0.4
[INFO] [stderr]    Compiling rustix v1.1.4
[INFO] [stderr]    Compiling generic-array v0.14.7
[INFO] [stderr]     Checking color_quant v1.1.0
[INFO] [stderr]    Compiling thiserror v1.0.69
[INFO] [stderr]     Checking zune-core v0.5.3
[INFO] [stderr]     Checking typenum v1.20.1
[INFO] [stderr]     Checking zune-jpeg v0.5.15
[INFO] [stderr]    Compiling num-traits v0.2.19
[INFO] [stderr]     Checking gif v0.14.1
[INFO] [stderr]     Checking image-webp v0.2.4
[INFO] [stderr]     Checking png v0.18.1
[INFO] [stderr]     Checking atomic-waker v1.1.2
[INFO] [stderr]     Checking linux-raw-sys v0.12.1
[INFO] [stderr]     Checking bytemuck v1.25.2
[INFO] [stderr]     Checking either v1.18.0
[INFO] [stderr]    Compiling parking_lot_core v0.9.12
[INFO] [stderr]     Checking async-task v4.7.1
[INFO] [stderr]     Checking slab v0.4.12
[INFO] [stderr]     Checking percent-encoding v2.3.2
[INFO] [stderr]    Compiling toml_parser v1.1.3+spec-1.1.0
[INFO] [stderr]     Checking rayon v1.12.0
[INFO] [stderr]     Checking piper v0.2.5
[INFO] [stderr]     Checking form_urlencoded v1.2.2
[INFO] [stderr]     Checking getrandom v0.2.17
[INFO] [stderr]     Checking owned_ttf_parser v0.25.1
[INFO] [stderr]     Checking ab_glyph v0.2.32
[INFO] [stderr]    Compiling memoffset v0.9.1
[INFO] [stderr]    Compiling async-io v2.6.0
[INFO] [stderr]    Compiling ahash v0.8.12
[INFO] [stderr]     Checking async-channel v2.5.0
[INFO] [stderr]    Compiling cfg_aliases v0.2.2
[INFO] [stderr]     Checking scopeguard v1.2.0
[INFO] [stderr]    Compiling nix v0.29.0
[INFO] [stderr]     Checking lock_api v0.4.14
[INFO] [stderr]     Checking blocking v1.7.0
[INFO] [stderr]     Checking rand_core v0.6.4
[INFO] [stderr]     Checking endi v1.1.1
[INFO] [stderr]     Checking static_assertions v1.1.0
[INFO] [stderr]     Checking log v0.4.34
[INFO] [stderr]     Checking emath v0.28.1
[INFO] [stderr]     Checking parking_lot v0.12.5
[INFO] [stderr]     Checking async-lock v3.4.2
[INFO] [stderr]    Compiling toml_edit v0.25.13+spec-1.1.0
[INFO] [stderr]     Checking tracing-core v0.1.36
[INFO] [stderr]     Checking nohash-hasher v0.2.0
[INFO] [stderr]     Checking cpufeatures v0.2.17
[INFO] [stderr]     Checking futures-sink v0.3.34
[INFO] [stderr]     Checking futures-task v0.3.34
[INFO] [stderr]     Checking async-executor v1.14.0
[INFO] [stderr]     Checking ecolor v0.28.1
[INFO] [stderr]     Checking xdg-home v1.3.0
[INFO] [stderr]     Checking async-broadcast v0.7.2
[INFO] [stderr]     Checking ordered-stream v0.2.0
[INFO] [stderr]     Checking hex v0.4.3
[INFO] [stderr]     Checking aho-corasick v1.1.5
[INFO] [stderr]     Checking block-buffer v0.10.4
[INFO] [stderr]     Checking crypto-common v0.1.7
[INFO] [stderr]     Checking futures-channel v0.3.34
[INFO] [stderr]    Compiling rfd v0.14.1
[INFO] [stderr]     Checking digest v0.10.7
[INFO] [stderr]     Checking async-fs v2.2.0
[INFO] [stderr]     Checking regex-syntax v0.8.11
[INFO] [stderr]     Checking urlencoding v2.1.3
[INFO] [stderr]     Checking pollster v0.3.0
[INFO] [stderr]     Checking sha1 v0.10.7
[INFO] [stderr]     Checking raw-window-handle v0.6.2
[INFO] [stderr]     Checking utf8parse v0.2.2
[INFO] [stderr]     Checking is_terminal_polyfill v1.70.2
[INFO] [stderr]     Checking anstyle-parse v1.0.0
[INFO] [stderr]     Checking jiff-core v0.1.0
[INFO] [stderr]     Checking anstyle-query v1.1.5
[INFO] [stderr]     Checking colorchoice v1.0.5
[INFO] [stderr]     Checking anstyle v1.0.14
[INFO] [stderr]    Compiling hollow-app v1.0.3-alpha (/opt/rustwide/workdir/crates/hollow-app)
[INFO] [stderr]     Checking moxcms v0.8.1
[INFO] [stderr]     Checking anstream v1.0.0
[INFO] [stderr]    Compiling proc-macro-crate v3.5.0
[INFO] [stderr]     Checking jiff v0.2.35
[INFO] [stderr]     Checking regex-automata v0.4.18
[INFO] [stderr]     Checking ppv-lite86 v0.2.21
[INFO] [stderr]    Compiling synstructure v0.13.2
[INFO] [stderr]    Compiling zvariant_utils v2.1.0
[INFO] [stderr]     Checking rand_chacha v0.3.1
[INFO] [stderr]     Checking epaint v0.28.1
[INFO] [stderr]     Checking rand v0.8.8
[INFO] [stderr]     Checking polling v3.11.0
[INFO] [stderr]     Checking regex v1.13.1
[INFO] [stderr]     Checking env_filter v2.0.0
[INFO] [stderr]     Checking image v0.25.10
[INFO] [stderr]     Checking async-net v2.0.0
[INFO] [stderr]     Checking env_logger v0.11.11
[INFO] [stderr]     Checking egui v0.28.1
[INFO] [stderr]    Compiling zerovec-derive v0.11.6
[INFO] [stderr]    Compiling serde_derive v1.0.229
[INFO] [stderr]    Compiling displaydoc v0.2.7
[INFO] [stderr]    Compiling futures-macro v0.3.34
[INFO] [stderr]    Compiling async-trait v0.1.92
[INFO] [stderr]    Compiling serde_repr v0.1.21
[INFO] [stderr]    Compiling zerofrom-derive v0.1.7
[INFO] [stderr]    Compiling yoke-derive v0.8.2
[INFO] [stderr]    Compiling thiserror-impl v1.0.69
[INFO] [stderr]    Compiling enumflags2_derive v0.7.12
[INFO] [stderr]    Compiling zvariant_derive v4.2.0
[INFO] [stderr]    Compiling tracing-attributes v0.1.31
[INFO] [stderr]    Compiling zbus_macros v4.4.0
[INFO] [stderr]     Checking futures-util v0.3.34
[INFO] [stderr]     Checking zerofrom v0.1.8
[INFO] [stderr]     Checking yoke v0.8.3
[INFO] [stderr]     Checking zerovec v0.11.8
[INFO] [stderr]     Checking zerotrie v0.2.5
[INFO] [stderr]     Checking tracing v0.1.44
[INFO] [stderr]     Checking tinystr v0.8.4
[INFO] [stderr]     Checking potential_utf v0.1.6
[INFO] [stderr]     Checking icu_collections v2.3.0
[INFO] [stderr]     Checking icu_locale_core v2.3.0
[INFO] [stderr]     Checking glam v0.28.0
[INFO] [stderr]     Checking enumflags2 v0.7.12
[INFO] [stderr]     Checking icu_provider v2.3.1
[INFO] [stderr]     Checking icu_normalizer v2.3.0
[INFO] [stderr]     Checking icu_properties v2.3.0
[INFO] [stderr]     Checking idna_adapter v1.2.2
[INFO] [stderr]     Checking idna v1.1.0
[INFO] [stderr]     Checking url v2.5.8
[INFO] [stderr]     Checking zvariant v4.2.0
[INFO] [stderr]     Checking hollow-core v1.0.3-alpha (/opt/rustwide/workdir/crates/hollow-core)
[INFO] [stderr]     Checking hollow-render v1.0.3-alpha (/opt/rustwide/workdir/crates/hollow-render)
[INFO] [stderr]     Checking hollow-io v1.0.3-alpha (/opt/rustwide/workdir/crates/hollow-io)
[INFO] [stderr]     Checking zbus_names v3.0.0
[INFO] [stderr]     Checking zbus v4.4.0
[INFO] [stderr]     Checking ashpd v0.8.2
[INFO] [stderr]     Checking hollow-ui v1.0.3-alpha (/opt/rustwide/workdir/crates/hollow-ui)
[INFO] [stdout] warning: unused import: `std::process::Command`
[INFO] [stdout]  --> crates/hollow-ui/src/shell.rs:3:5
[INFO] [stdout]   |
[INFO] [stdout] 3 | use std::process::Command;
[INFO] [stdout]   |     ^^^^^^^^^^^^^^^^^^^^^
[INFO] [stdout]   |
[INFO] [stdout]   = note: `#[warn(unused_imports)]` (part of `#[warn(unused)]`) on by default
[INFO] [stdout] 
[INFO] [stdout] 
[INFO] [stdout] warning: unused import: `std::process::Command`
[INFO] [stdout]  --> crates/hollow-ui/src/shell.rs:3:5
[INFO] [stdout]   |
[INFO] [stdout] 3 | use std::process::Command;
[INFO] [stdout]   |     ^^^^^^^^^^^^^^^^^^^^^
[INFO] [stdout]   |
[INFO] [stdout]   = note: `#[warn(unused_imports)]` (part of `#[warn(unused)]`) on by default
[INFO] [stdout] 
[INFO] [stdout] 
[INFO] [stdout] error[E0433]: cannot find `windows` in `os`
[INFO] [stdout]   --> crates/hollow-app/src/main.rs:13:14
[INFO] [stdout]    |
[INFO] [stdout] 13 | use std::os::windows::ffi::OsStrExt;
[INFO] [stdout]    |              ^^^^^^^ could not find `windows` in `os`
[INFO] [stdout]    |
[INFO] [stdout] note: found an item that was configured out
[INFO] [stdout]   --> /rustc/3154cc1a3e6424e44f438a95007d043ed5ceaaf6/library/std/src/os/mod.rs:62:4
[INFO] [stdout]    |
[INFO] [stdout]    = note: the item is gated behind the `windows` feature
[INFO] [stdout] 
[INFO] [stdout] 
[INFO] [stdout] error[E0433]: cannot find `windows` in `os`
[INFO] [stdout]   --> crates/hollow-app/src/main.rs:13:14
[INFO] [stdout]    |
[INFO] [stdout] 13 | use std::os::windows::ffi::OsStrExt;
[INFO] [stdout]    |              ^^^^^^^ could not find `windows` in `os`
[INFO] [stdout]    |
[INFO] [stdout] note: found an item that was configured out
[INFO] [stdout]   --> /rustc/3154cc1a3e6424e44f438a95007d043ed5ceaaf6/library/std/src/os/mod.rs:62:4
[INFO] [stdout]    |
[INFO] [stdout]    = note: the item is gated behind the `windows` feature
[INFO] [stdout] 
[INFO] [stdout] 
[INFO] [stdout] error[E0599]: no method named `encode_wide` found for reference `&OsStr` in the current scope
[INFO] [stdout]     --> crates/hollow-app/src/main.rs:2203:19
[INFO] [stdout]      |
[INFO] [stdout] 2203 |     OsStr::new(s).encode_wide().chain(Some(0)).collect()
[INFO] [stdout]      |                   ^^^^^^^^^^^ method not found in `&OsStr`
[INFO] [stdout] 
[INFO] [stdout] 
[INFO] [stdout] error[E0599]: no method named `encode_wide` found for reference `&OsStr` in the current scope
[INFO] [stdout]     --> crates/hollow-app/src/main.rs:2203:19
[INFO] [stdout]      |
[INFO] [stdout] 2203 |     OsStr::new(s).encode_wide().chain(Some(0)).collect()
[INFO] [stdout]      |                   ^^^^^^^^^^^ method not found in `&OsStr`
[INFO] [stdout] 
[INFO] [stdout] 
[INFO] [stdout] Some errors have detailed explanations: E0433, E0599.
[INFO] [stdout] 
[INFO] [stdout] For more information about an error, try `rustc --explain E0433`.
[INFO] [stdout] 
[INFO] [stderr] error: could not compile `hollow-app` (bin "hollow-app" test) due to 2 previous errors
[INFO] [stderr] warning: build failed, waiting for other jobs to finish...
[INFO] [stdout] Some errors have detailed explanations: E0433, E0599.
[INFO] [stdout] 
[INFO] [stdout] For more information about an error, try `rustc --explain E0433`.
[INFO] [stdout] 
[INFO] [stderr] error: could not compile `hollow-app` (bin "hollow-app") due to 2 previous errors
[INFO] [stderr] warning: unused dependency `env_logger`
[INFO] [stderr]   --> crates/hollow-app/Cargo.toml:20:1
[INFO] [stderr]    |
[INFO] [stderr] 20 | env_logger = { workspace = true }
[INFO] [stderr]    | ^^^^^^^^^^^^^^^^^^^^^^^^^^^^^^^^^
[INFO] [stderr]    |
[INFO] [stderr]    = note: `cargo::unused_dependencies` is set to `warn` by default
[INFO] [stderr] help: consider removing the dependency on `env_logger`
[INFO] [stderr] warning: `hollow-app` (manifest) generated 1 warning
[INFO] [stderr] warning: unused dependency `image`
[INFO] [stderr]  --> crates/hollow-core/Cargo.toml:9:1
[INFO] [stderr]   |
[INFO] [stderr] 9 | image = { workspace = true }
[INFO] [stderr]   | ^^^^^^^^^^^^^^^^^^^^^^^^^^^^
[INFO] [stderr]   |
[INFO] [stderr]   = note: `cargo::unused_dependencies` is set to `warn` by default
[INFO] [stderr] help: consider removing the dependency on `image`
[INFO] [stderr] warning: unused dependency `rayon`
[INFO] [stderr]   --> crates/hollow-core/Cargo.toml:10:1
[INFO] [stderr]    |
[INFO] [stderr] 10 | rayon = { workspace = true }
[INFO] [stderr]    | ^^^^^^^^^^^^^^^^^^^^^^^^^^^^
[INFO] [stderr]    |
[INFO] [stderr] help: consider removing the dependency on `rayon`
[INFO] [stderr] warning: unused dependency `thiserror`
[INFO] [stderr]   --> crates/hollow-core/Cargo.toml:12:1
[INFO] [stderr]    |
[INFO] [stderr] 12 | thiserror = { workspace = true }
[INFO] [stderr]    | ^^^^^^^^^^^^^^^^^^^^^^^^^^^^^^^^
[INFO] [stderr]    |
[INFO] [stderr] help: consider removing the dependency on `thiserror`
[INFO] [stderr] warning: `hollow-core` (manifest) generated 3 warnings
[INFO] [stderr] warning: unused dependency `log`
[INFO] [stderr]   --> crates/hollow-render/Cargo.toml:14:1
[INFO] [stderr]    |
[INFO] [stderr] 14 | log = { workspace = true }
[INFO] [stderr]    | ^^^^^^^^^^^^^^^^^^^^^^^^^^
[INFO] [stderr]    |
[INFO] [stderr]    = note: `cargo::unused_dependencies` is set to `warn` by default
[INFO] [stderr] help: consider removing the dependency on `log`
[INFO] [stderr] warning: `hollow-render` (manifest) generated 1 warning
[INFO] [stderr] warning: unused dependency `hollow-render`
[INFO] [stderr]   --> crates/hollow-ui/Cargo.toml:12:1
[INFO] [stderr]    |
[INFO] [stderr] 12 | hollow-render = { path = "../hollow-render", version = "1.0.3-alpha" }
[INFO] [stderr]    | ^^^^^^^^^^^^^^^^^^^^^^^^^^^^^^^^^^^^^^^^^^^^^^^^^^^^^^^^^^^^^^^^^^^^^^
[INFO] [stderr]    |
[INFO] [stderr]    = note: `cargo::unused_dependencies` is set to `warn` by default
[INFO] [stderr] help: consider removing the dependency on `hollow-render`
[INFO] [stderr] warning: `hollow-ui` (manifest) generated 1 warning
[INFO] running `Command { std: "docker" "inspect" "8762689a610e412488f7050d34d6a5a3549cb0f9e1a3579ee622ffcb702483ba", kill_on_drop: false }`
[INFO] running `Command { std: "docker" "rm" "-f" "8762689a610e412488f7050d34d6a5a3549cb0f9e1a3579ee622ffcb702483ba", kill_on_drop: false }`
[INFO] [stdout] 8762689a610e412488f7050d34d6a5a3549cb0f9e1a3579ee622ffcb702483ba
