[INFO] cloning repository https://github.com/Layr-Labs/flock-challenge
[INFO] running `Command { std: "git" "-c" "credential.helper=" "-c" "credential.helper=/workspace/cargo-home/bin/git-credential-null" "clone" "--bare" "https://github.com/Layr-Labs/flock-challenge" "/workspace/cache/git-repos/https%3A%2F%2Fgithub.com%2FLayr-Labs%2Fflock-challenge", kill_on_drop: false }`
[INFO] [stderr] Cloning into bare repository '/workspace/cache/git-repos/https%3A%2F%2Fgithub.com%2FLayr-Labs%2Fflock-challenge'...
[INFO] running `Command { std: "git" "rev-parse" "HEAD", kill_on_drop: false }`
[INFO] [stdout] c35c1c474650cd72ccbdc7280b0f4bb3ee1ab0dd
[INFO] checking Layr-Labs/flock-challenge against 3154cc1a3e6424e44f438a95007d043ed5ceaaf6 for pr-133502-30
[INFO] running `Command { std: "git" "clone" "/workspace/cache/git-repos/https%3A%2F%2Fgithub.com%2FLayr-Labs%2Fflock-challenge" "/workspace/builds/worker-3-tc2/source", kill_on_drop: false }`
[INFO] [stderr] Cloning into '/workspace/builds/worker-3-tc2/source'...
[INFO] [stderr] done.
[INFO] removed /workspace/builds/worker-3-tc2/source/.cargo/config.toml
[INFO] started tweaking git repo https://github.com/Layr-Labs/flock-challenge
[INFO] finished tweaking git repo https://github.com/Layr-Labs/flock-challenge
[INFO] tweaked toml for git repo https://github.com/Layr-Labs/flock-challenge written to /workspace/builds/worker-3-tc2/source/Cargo.toml
[INFO] validating manifest of git repo https://github.com/Layr-Labs/flock-challenge on toolchain 3154cc1a3e6424e44f438a95007d043ed5ceaaf6
[INFO] running `Command { std: CARGO_HOME="/workspace/cargo-home" RUSTUP_HOME="/workspace/rustup-home" "/workspace/cargo-home/bin/cargo" "+3154cc1a3e6424e44f438a95007d043ed5ceaaf6" "metadata" "--manifest-path" "Cargo.toml" "--no-deps", kill_on_drop: false }`
[INFO] crate git repo https://github.com/Layr-Labs/flock-challenge already has a lockfile, it will not be regenerated
[INFO] running `Command { std: CARGO_HOME="/workspace/cargo-home" RUSTUP_HOME="/workspace/rustup-home" "/workspace/cargo-home/bin/cargo" "+3154cc1a3e6424e44f438a95007d043ed5ceaaf6" "fetch" "--manifest-path" "Cargo.toml", kill_on_drop: false }`
[INFO] [stderr] warning: missing `[lints]` to inherit `[workspace.lints]`
[INFO] [stderr]   --> benchmark-tools/harness/Cargo.toml
[INFO] [stderr]    = note: `cargo::missing_lints_inheritance` is set to `warn` by default
[INFO] [stderr] help: to inherit `workspace.lints, add:
[INFO] [stderr]    |
[INFO] [stderr] 17 ~ serde_json = { workspace = true }
[INFO] [stderr] 18 + [lints]
[INFO] [stderr] 19 + workspace = true
[INFO] [stderr]    |
[INFO] [stderr] help: to clarify your intent to not inherit, add:
[INFO] [stderr]    |
[INFO] [stderr] 17 ~ serde_json = { workspace = true }
[INFO] [stderr] 18 + [lints]
[INFO] [stderr]    |
[INFO] [stderr] warning: `flock-benchmark-harness` (manifest) generated 1 warning
[INFO] [stderr] warning: missing `[lints]` to inherit `[workspace.lints]`
[INFO] [stderr]  --> benchmark-tools/common/Cargo.toml
[INFO] [stderr]   = note: `cargo::missing_lints_inheritance` is set to `warn` by default
[INFO] [stderr] help: to inherit `workspace.lints, add:
[INFO] [stderr]   |
[INFO] [stderr] 5 ~ publish = false
[INFO] [stderr] 6 + [lints]
[INFO] [stderr] 7 + workspace = true
[INFO] [stderr]   |
[INFO] [stderr] help: to clarify your intent to not inherit, add:
[INFO] [stderr]   |
[INFO] [stderr] 5 ~ publish = false
[INFO] [stderr] 6 + [lints]
[INFO] [stderr]   |
[INFO] [stderr] warning: `flock-benchmark-common` (manifest) generated 1 warning
[INFO] [stderr] warning: missing `[lints]` to inherit `[workspace.lints]`
[INFO] [stderr]   --> benchmark-tools/worker/Cargo.toml
[INFO] [stderr]    = note: `cargo::missing_lints_inheritance` is set to `warn` by default
[INFO] [stderr] help: to inherit `workspace.lints, add:
[INFO] [stderr]    |
[INFO] [stderr] 10 ~ 
[INFO] [stderr] 11 + [lints]
[INFO] [stderr] 12 + workspace = true
[INFO] [stderr]    |
[INFO] [stderr] help: to clarify your intent to not inherit, add:
[INFO] [stderr]    |
[INFO] [stderr] 10 ~ 
[INFO] [stderr] 11 + [lints]
[INFO] [stderr]    |
[INFO] [stderr] warning: `flock-benchmark-worker` (manifest) generated 1 warning
[INFO] running `Command { std: "docker" "create" "-v" "/var/lib/crater-agent-workspace/builds/worker-3-tc2/source:/opt/rustwide/workdir:ro,Z" "-v" "/var/lib/crater-agent-workspace/builds/worker-3-tc2/target:/opt/rustwide/target:rw,Z" "-v" "/var/lib/crater-agent-workspace/cargo-home:/opt/rustwide/cargo-home:ro,Z" "-v" "/var/lib/crater-agent-workspace/rustup-home:/opt/rustwide/rustup-home:ro,Z" "-m" "1610612736" "--network" "none" "ghcr.io/rust-lang/crates-build-env/linux@sha256:77db811e55d90add9212f6832c23229e3de5f1c1f9905e8cb07319ea15df73ac" "sleep" "infinity", kill_on_drop: false }`
[INFO] [stdout] 32067b14d26960c0ab54df1e1b642f27f3a2d71c7086c657ff558f1b390939e5
[INFO] running `Command { std: "docker" "start" "32067b14d26960c0ab54df1e1b642f27f3a2d71c7086c657ff558f1b390939e5", kill_on_drop: false }`
[INFO] running `Command { std: "docker" "inspect" "32067b14d26960c0ab54df1e1b642f27f3a2d71c7086c657ff558f1b390939e5", kill_on_drop: false }`
[INFO] running `Command { std: "docker" "exec" "-e" "SOURCE_DIR=/opt/rustwide/workdir" "-e" "CARGO_HOME=/opt/rustwide/cargo-home" "-e" "RUSTUP_HOME=/opt/rustwide/rustup-home" "-e" "CARGO_TARGET_DIR=/opt/rustwide/target" "-w" "/opt/rustwide/workdir" "--user" "0:0" "32067b14d26960c0ab54df1e1b642f27f3a2d71c7086c657ff558f1b390939e5" "/opt/rustwide/cargo-home/bin/cargo" "+3154cc1a3e6424e44f438a95007d043ed5ceaaf6" "metadata" "--no-deps" "--format-version=1", kill_on_drop: false }`
[INFO] running `Command { std: "docker" "inspect" "32067b14d26960c0ab54df1e1b642f27f3a2d71c7086c657ff558f1b390939e5", kill_on_drop: false }`
[INFO] running `Command { std: "docker" "exec" "-e" "SOURCE_DIR=/opt/rustwide/workdir" "-e" "CARGO_HOME=/opt/rustwide/cargo-home" "-e" "RUSTUP_HOME=/opt/rustwide/rustup-home" "-e" "CARGO_TARGET_DIR=/opt/rustwide/target" "-e" "CARGO_INCREMENTAL=0" "-e" "RUST_BACKTRACE=full" "-e" "RUSTFLAGS=--cap-lints=forbid" "-e" "RUSTDOCFLAGS=--cap-lints=forbid" "-w" "/opt/rustwide/workdir" "--user" "0:0" "32067b14d26960c0ab54df1e1b642f27f3a2d71c7086c657ff558f1b390939e5" "/opt/rustwide/cargo-home/bin/cargo" "+3154cc1a3e6424e44f438a95007d043ed5ceaaf6" "check" "--frozen" "--all" "--all-targets" "--message-format=json", kill_on_drop: false }`
[INFO] [stderr] warning: missing `[lints]` to inherit `[workspace.lints]`
[INFO] [stderr]  --> benchmark-tools/common/Cargo.toml
[INFO] [stderr]   = note: `cargo::missing_lints_inheritance` is set to `warn` by default
[INFO] [stderr] help: to inherit `workspace.lints, add:
[INFO] [stderr]   |
[INFO] [stderr] 5 ~ publish = false
[INFO] [stderr] 6 + [lints]
[INFO] [stderr] 7 + workspace = true
[INFO] [stderr]   |
[INFO] [stderr] help: to clarify your intent to not inherit, add:
[INFO] [stderr]   |
[INFO] [stderr] 5 ~ publish = false
[INFO] [stderr] 6 + [lints]
[INFO] [stderr]   |
[INFO] [stderr] warning: `flock-benchmark-common` (manifest) generated 1 warning
[INFO] [stderr] warning: missing `[lints]` to inherit `[workspace.lints]`
[INFO] [stderr]   --> benchmark-tools/harness/Cargo.toml
[INFO] [stderr]    = note: `cargo::missing_lints_inheritance` is set to `warn` by default
[INFO] [stderr] help: to inherit `workspace.lints, add:
[INFO] [stderr]    |
[INFO] [stderr] 17 ~ serde_json = { workspace = true }
[INFO] [stderr] 18 + [lints]
[INFO] [stderr] 19 + workspace = true
[INFO] [stderr]    |
[INFO] [stderr] help: to clarify your intent to not inherit, add:
[INFO] [stderr]    |
[INFO] [stderr] 17 ~ serde_json = { workspace = true }
[INFO] [stderr] 18 + [lints]
[INFO] [stderr]    |
[INFO] [stderr] warning: `flock-benchmark-harness` (manifest) generated 1 warning
[INFO] [stderr] warning: missing `[lints]` to inherit `[workspace.lints]`
[INFO] [stderr]   --> benchmark-tools/worker/Cargo.toml
[INFO] [stderr]    = note: `cargo::missing_lints_inheritance` is set to `warn` by default
[INFO] [stderr] help: to inherit `workspace.lints, add:
[INFO] [stderr]    |
[INFO] [stderr] 10 ~ 
[INFO] [stderr] 11 + [lints]
[INFO] [stderr] 12 + workspace = true
[INFO] [stderr]    |
[INFO] [stderr] help: to clarify your intent to not inherit, add:
[INFO] [stderr]    |
[INFO] [stderr] 10 ~ 
[INFO] [stderr] 11 + [lints]
[INFO] [stderr]    |
[INFO] [stderr] warning: `flock-benchmark-worker` (manifest) generated 1 warning
[INFO] [stderr]     Checking typenum v1.20.0
[INFO] [stderr]     Checking constant_time_eq v0.4.2
[INFO] [stderr]     Checking either v1.16.0
[INFO] [stderr]    Compiling sha2-asm v0.6.4
[INFO] [stderr]    Compiling blake3 v1.8.5
[INFO] [stderr]     Checking flock-benchmark-common v0.1.0 (/opt/rustwide/workdir/benchmark-tools/common)
[INFO] [stderr]     Checking serde_json v1.0.150
[INFO] [stderr]     Checking serde_spanned v0.6.9
[INFO] [stderr]     Checking toml_datetime v0.6.11
[INFO] [stderr]     Checking bincode v1.3.3
[INFO] [stderr]     Checking toml_edit v0.22.27
[INFO] [stderr]     Checking rayon v1.12.0
[INFO] [stderr]     Checking generic-array v0.14.7
[INFO] [stderr]     Checking block-buffer v0.10.4
[INFO] [stderr]     Checking crypto-common v0.1.7
[INFO] [stderr]     Checking digest v0.10.7
[INFO] [stderr]     Checking sha2 v0.10.9
[INFO] [stderr]     Checking sha3 v0.10.9
[INFO] [stderr]     Checking toml v0.8.23
[INFO] [stderr]     Checking flock-core v0.1.0 (/opt/rustwide/workdir/crates/flock-core)
[INFO] [stdout] error[E0433]: cannot find `ZcR2Result` in `imp`
[INFO] [stdout]      --> crates/flock-core/src/gpu_commit.rs:15890:36
[INFO] [stdout]       |
[INFO] [stdout] 15890 |         assert!(matches!(res, imp::ZcR2Result::Calibrated));
[INFO] [stdout]       |                                    ^^^^^^^^^^ could not find `ZcR2Result` in `imp`
[INFO] [stdout]       |
[INFO] [stdout] note: found an item that was configured out
[INFO] [stdout]      --> crates/flock-core/src/gpu_commit.rs:13603:31
[INFO] [stdout]       |
[INFO] [stdout] 13601 | #[cfg(all(target_os = "macos", target_arch = "aarch64"))]
[INFO] [stdout]       |           ------------------- the item is gated behind the `macos` feature
[INFO] [stdout] 13602 | #[cfg_attr(not(test), allow(unused_imports))]
[INFO] [stdout] 13603 | pub(crate) use imp::{ZcR2Job, ZcR2Result, launch_zc_r2_products, zc_r2_wait};
[INFO] [stdout]       |                               ^^^^^^^^^^
[INFO] [stdout] 
[INFO] [stdout] 
[INFO] [stdout] error[E0433]: cannot find `ZcR2Result` in `imp`
[INFO] [stdout]      --> crates/flock-core/src/gpu_commit.rs:15916:18
[INFO] [stdout]       |
[INFO] [stdout] 15916 |             imp::ZcR2Result::Prefix(vals) => {
[INFO] [stdout]       |                  ^^^^^^^^^^ could not find `ZcR2Result` in `imp`
[INFO] [stdout]       |
[INFO] [stdout] note: found an item that was configured out
[INFO] [stdout]      --> crates/flock-core/src/gpu_commit.rs:13603:31
[INFO] [stdout]       |
[INFO] [stdout] 13601 | #[cfg(all(target_os = "macos", target_arch = "aarch64"))]
[INFO] [stdout]       |           ------------------- the item is gated behind the `macos` feature
[INFO] [stdout] 13602 | #[cfg_attr(not(test), allow(unused_imports))]
[INFO] [stdout] 13603 | pub(crate) use imp::{ZcR2Job, ZcR2Result, launch_zc_r2_products, zc_r2_wait};
[INFO] [stdout]       |                               ^^^^^^^^^^
[INFO] [stdout] 
[INFO] [stdout] 
[INFO] [stdout] error[E0433]: cannot find `ZcT3Result` in `imp`
[INFO] [stdout]      --> crates/flock-core/src/gpu_commit.rs:16085:36
[INFO] [stdout]       |
[INFO] [stdout] 16085 |         assert!(matches!(res, imp::ZcT3Result::Calibrated));
[INFO] [stdout]       |                                    ^^^^^^^^^^ could not find `ZcT3Result` in `imp`
[INFO] [stdout]       |
[INFO] [stdout] note: found an item that was configured out
[INFO] [stdout]      --> crates/flock-core/src/gpu_commit.rs:13613:31
[INFO] [stdout]       |
[INFO] [stdout] 13611 | #[cfg(all(target_os = "macos", target_arch = "aarch64"))]
[INFO] [stdout]       |           ------------------- the item is gated behind the `macos` feature
[INFO] [stdout] 13612 | #[cfg_attr(not(test), allow(unused_imports))]
[INFO] [stdout] 13613 | pub(crate) use imp::{ZcT3Job, ZcT3Result, launch_zc_t3_products, zc_t3_wait};
[INFO] [stdout]       |                               ^^^^^^^^^^
[INFO] [stdout] 
[INFO] [stdout] 
[INFO] [stdout] error[E0433]: cannot find `ZcT3Result` in `imp`
[INFO] [stdout]      --> crates/flock-core/src/gpu_commit.rs:16109:18
[INFO] [stdout]       |
[INFO] [stdout] 16109 |             imp::ZcT3Result::Prefix(vals) => {
[INFO] [stdout]       |                  ^^^^^^^^^^ could not find `ZcT3Result` in `imp`
[INFO] [stdout]       |
[INFO] [stdout] note: found an item that was configured out
[INFO] [stdout]      --> crates/flock-core/src/gpu_commit.rs:13613:31
[INFO] [stdout]       |
[INFO] [stdout] 13611 | #[cfg(all(target_os = "macos", target_arch = "aarch64"))]
[INFO] [stdout]       |           ------------------- the item is gated behind the `macos` feature
[INFO] [stdout] 13612 | #[cfg_attr(not(test), allow(unused_imports))]
[INFO] [stdout] 13613 | pub(crate) use imp::{ZcT3Job, ZcT3Result, launch_zc_t3_products, zc_t3_wait};
[INFO] [stdout]       |                               ^^^^^^^^^^
[INFO] [stdout] 
[INFO] [stdout] 
[INFO] [stdout] error[E0433]: cannot find `ZcLoopResult` in `imp`
[INFO] [stdout]      --> crates/flock-core/src/gpu_commit.rs:16178:36
[INFO] [stdout]       |
[INFO] [stdout] 16178 |         assert!(matches!(res, imp::ZcLoopResult::Calibrated));
[INFO] [stdout]       |                                    ^^^^^^^^^^^^ could not find `ZcLoopResult` in `imp`
[INFO] [stdout]       |
[INFO] [stdout] note: found an item that was configured out
[INFO] [stdout]      --> crates/flock-core/src/gpu_commit.rs:13618:33
[INFO] [stdout]       |
[INFO] [stdout] 13616 | #[cfg(all(target_os = "macos", target_arch = "aarch64"))]
[INFO] [stdout]       |           ------------------- the item is gated behind the `macos` feature
[INFO] [stdout] 13617 | #[cfg_attr(not(test), allow(unused_imports))]
[INFO] [stdout] 13618 | pub(crate) use imp::{ZcLoopJob, ZcLoopResult, launch_zc_loop_products, zc_loop_wait};
[INFO] [stdout]       |                                 ^^^^^^^^^^^^
[INFO] [stdout] 
[INFO] [stdout] 
[INFO] [stdout] error[E0433]: cannot find `ZcLoopResult` in `imp`
[INFO] [stdout]      --> crates/flock-core/src/gpu_commit.rs:16194:18
[INFO] [stdout]       |
[INFO] [stdout] 16194 |             imp::ZcLoopResult::Prefix(vals) => {
[INFO] [stdout]       |                  ^^^^^^^^^^^^ could not find `ZcLoopResult` in `imp`
[INFO] [stdout]       |
[INFO] [stdout] note: found an item that was configured out
[INFO] [stdout]      --> crates/flock-core/src/gpu_commit.rs:13618:33
[INFO] [stdout]       |
[INFO] [stdout] 13616 | #[cfg(all(target_os = "macos", target_arch = "aarch64"))]
[INFO] [stdout]       |           ------------------- the item is gated behind the `macos` feature
[INFO] [stdout] 13617 | #[cfg_attr(not(test), allow(unused_imports))]
[INFO] [stdout] 13618 | pub(crate) use imp::{ZcLoopJob, ZcLoopResult, launch_zc_loop_products, zc_loop_wait};
[INFO] [stdout]       |                                 ^^^^^^^^^^^^
[INFO] [stdout] 
[INFO] [stdout] 
[INFO] [stdout] error[E0433]: cannot find `blake3_neon_apple` in `super`
[INFO] [stdout]     --> crates/flock-core/src/merkle.rs:1756:20
[INFO] [stdout]      |
[INFO] [stdout] 1756 |             super::blake3_neon_apple::hash_complete_groups(&data, &mut out);
[INFO] [stdout]      |                    ^^^^^^^^^^^^^^^^^ could not find `blake3_neon_apple` in `super`
[INFO] [stdout]      |
[INFO] [stdout] note: found an item that was configured out
[INFO] [stdout]     --> crates/flock-core/src/merkle.rs:108:5
[INFO] [stdout]      |
[INFO] [stdout]  106 | #[cfg(all(target_arch = "aarch64", target_os = "macos"))]
[INFO] [stdout]      |           ----------------------- the item is gated behind the `aarch64` feature
[INFO] [stdout]  107 | #[path = "merkle/blake3_neon_apple.rs"]
[INFO] [stdout]  108 | mod blake3_neon_apple;
[INFO] [stdout]      |     ^^^^^^^^^^^^^^^^^
[INFO] [stdout] 
[INFO] [stdout] 
[INFO] [stdout] error[E0433]: cannot find `blake3_neon_apple` in `super`
[INFO] [stdout]     --> crates/flock-core/src/merkle.rs:1761:31
[INFO] [stdout]      |
[INFO] [stdout] 1761 |             let done = super::blake3_neon_apple::hash_complete_groups(&data, &mut out);
[INFO] [stdout]      |                               ^^^^^^^^^^^^^^^^^ could not find `blake3_neon_apple` in `super`
[INFO] [stdout]      |
[INFO] [stdout] note: found an item that was configured out
[INFO] [stdout]     --> crates/flock-core/src/merkle.rs:108:5
[INFO] [stdout]      |
[INFO] [stdout]  106 | #[cfg(all(target_arch = "aarch64", target_os = "macos"))]
[INFO] [stdout]      |           ----------------------- the item is gated behind the `aarch64` feature
[INFO] [stdout]  107 | #[path = "merkle/blake3_neon_apple.rs"]
[INFO] [stdout]  108 | mod blake3_neon_apple;
[INFO] [stdout]      |     ^^^^^^^^^^^^^^^^^
[INFO] [stdout] 
[INFO] [stdout] 
[INFO] [stdout] error[E0425]: cannot find function `zc_r2_test_reset` in module `imp`
[INFO] [stdout]      --> crates/flock-core/src/gpu_commit.rs:15874:14
[INFO] [stdout]       |
[INFO] [stdout] 15874 |         imp::zc_r2_test_reset();
[INFO] [stdout]       |              ^^^^^^^^^^^^^^^^ not found in `imp`
[INFO] [stdout] 
[INFO] [stdout] 
[INFO] [stdout] error[E0425]: cannot find function `launch_zc_r2_products` in module `imp`
[INFO] [stdout]      --> crates/flock-core/src/gpu_commit.rs:15875:24
[INFO] [stdout]       |
[INFO] [stdout] 15875 |         let job = imp::launch_zc_r2_products(
[INFO] [stdout]       |                        ^^^^^^^^^^^^^^^^^^^^^ not found in `imp`
[INFO] [stdout]       |
[INFO] [stdout] note: found an item that was configured out
[INFO] [stdout]      --> crates/flock-core/src/gpu_commit.rs:13603:43
[INFO] [stdout]       |
[INFO] [stdout] 13601 | #[cfg(all(target_os = "macos", target_arch = "aarch64"))]
[INFO] [stdout]       |           ------------------- the item is gated behind the `macos` feature
[INFO] [stdout] 13602 | #[cfg_attr(not(test), allow(unused_imports))]
[INFO] [stdout] 13603 | pub(crate) use imp::{ZcR2Job, ZcR2Result, launch_zc_r2_products, zc_r2_wait};
[INFO] [stdout]       |                                           ^^^^^^^^^^^^^^^^^^^^^
[INFO] [stdout] 
[INFO] [stdout] 
[INFO] [stdout] error[E0425]: cannot find function `zc_r2_wait` in module `imp`
[INFO] [stdout]      --> crates/flock-core/src/gpu_commit.rs:15889:24
[INFO] [stdout]       |
[INFO] [stdout] 15889 |         let res = imp::zc_r2_wait(job, Some(&cpu_partials), Some(&cpu_la), 50.0, hi_size);
[INFO] [stdout]       |                        ^^^^^^^^^^ not found in `imp`
[INFO] [stdout]       |
[INFO] [stdout] note: found an item that was configured out
[INFO] [stdout]      --> crates/flock-core/src/gpu_commit.rs:13603:66
[INFO] [stdout]       |
[INFO] [stdout] 13601 | #[cfg(all(target_os = "macos", target_arch = "aarch64"))]
[INFO] [stdout]       |           ------------------- the item is gated behind the `macos` feature
[INFO] [stdout] 13602 | #[cfg_attr(not(test), allow(unused_imports))]
[INFO] [stdout] 13603 | pub(crate) use imp::{ZcR2Job, ZcR2Result, launch_zc_r2_products, zc_r2_wait};
[INFO] [stdout]       |                                                                  ^^^^^^^^^^
[INFO] [stdout] 
[INFO] [stdout] 
[INFO] [stdout] error[E0425]: cannot find function `zc_r2_test_state` in module `imp`
[INFO] [stdout]      --> crates/flock-core/src/gpu_commit.rs:15891:38
[INFO] [stdout]       |
[INFO] [stdout] 15891 |         let (tuned, poisoned) = imp::zc_r2_test_state();
[INFO] [stdout]       |                                      ^^^^^^^^^^^^^^^^ not found in `imp`
[INFO] [stdout] 
[INFO] [stdout] 
[INFO] [stdout] error[E0425]: cannot find function `zc_r2_test_set_share` in module `imp`
[INFO] [stdout]      --> crates/flock-core/src/gpu_commit.rs:15899:14
[INFO] [stdout]       |
[INFO] [stdout] 15899 |         imp::zc_r2_test_set_share(hi_size / 2);
[INFO] [stdout]       |              ^^^^^^^^^^^^^^^^^^^^ not found in `imp`
[INFO] [stdout] 
[INFO] [stdout] 
[INFO] [stdout] error[E0425]: cannot find function `launch_zc_r2_products` in module `imp`
[INFO] [stdout]      --> crates/flock-core/src/gpu_commit.rs:15900:25
[INFO] [stdout]       |
[INFO] [stdout] 15900 |         let job2 = imp::launch_zc_r2_products(
[INFO] [stdout]       |                         ^^^^^^^^^^^^^^^^^^^^^ not found in `imp`
[INFO] [stdout]       |
[INFO] [stdout] note: found an item that was configured out
[INFO] [stdout]      --> crates/flock-core/src/gpu_commit.rs:13603:43
[INFO] [stdout]       |
[INFO] [stdout] 13601 | #[cfg(all(target_os = "macos", target_arch = "aarch64"))]
[INFO] [stdout]       |           ------------------- the item is gated behind the `macos` feature
[INFO] [stdout] 13602 | #[cfg_attr(not(test), allow(unused_imports))]
[INFO] [stdout] 13603 | pub(crate) use imp::{ZcR2Job, ZcR2Result, launch_zc_r2_products, zc_r2_wait};
[INFO] [stdout]       |                                           ^^^^^^^^^^^^^^^^^^^^^
[INFO] [stdout] 
[INFO] [stdout] 
[INFO] [stdout] error[E0425]: cannot find function `zc_r2_wait` in module `imp`
[INFO] [stdout]      --> crates/flock-core/src/gpu_commit.rs:15915:20
[INFO] [stdout]       |
[INFO] [stdout] 15915 |         match imp::zc_r2_wait(job2, None, None, 0.0, hi_size) {
[INFO] [stdout]       |                    ^^^^^^^^^^ not found in `imp`
[INFO] [stdout]       |
[INFO] [stdout] note: found an item that was configured out
[INFO] [stdout]      --> crates/flock-core/src/gpu_commit.rs:13603:66
[INFO] [stdout]       |
[INFO] [stdout] 13601 | #[cfg(all(target_os = "macos", target_arch = "aarch64"))]
[INFO] [stdout]       |           ------------------- the item is gated behind the `macos` feature
[INFO] [stdout] 13602 | #[cfg_attr(not(test), allow(unused_imports))]
[INFO] [stdout] 13603 | pub(crate) use imp::{ZcR2Job, ZcR2Result, launch_zc_r2_products, zc_r2_wait};
[INFO] [stdout]       |                                                                  ^^^^^^^^^^
[INFO] [stdout] 
[INFO] [stdout] 
[INFO] [stdout] error[E0425]: cannot find function `zc_r2_test_reset` in module `imp`
[INFO] [stdout]      --> crates/flock-core/src/gpu_commit.rs:15930:14
[INFO] [stdout]       |
[INFO] [stdout] 15930 |         imp::zc_r2_test_reset();
[INFO] [stdout]       |              ^^^^^^^^^^^^^^^^ not found in `imp`
[INFO] [stdout] 
[INFO] [stdout] 
[INFO] [stdout] error[E0425]: cannot find function `zc_t3_test_reset` in module `imp`
[INFO] [stdout]      --> crates/flock-core/src/gpu_commit.rs:16071:14
[INFO] [stdout]       |
[INFO] [stdout] 16071 |         imp::zc_t3_test_reset();
[INFO] [stdout]       |              ^^^^^^^^^^^^^^^^ not found in `imp`
[INFO] [stdout] 
[INFO] [stdout] 
[INFO] [stdout] error[E0425]: cannot find function `launch_zc_t3_products` in module `imp`
[INFO] [stdout]      --> crates/flock-core/src/gpu_commit.rs:16072:24
[INFO] [stdout]       |
[INFO] [stdout] 16072 |         let job = imp::launch_zc_t3_products(
[INFO] [stdout]       |                        ^^^^^^^^^^^^^^^^^^^^^ not found in `imp`
[INFO] [stdout]       |
[INFO] [stdout] note: found an item that was configured out
[INFO] [stdout]      --> crates/flock-core/src/gpu_commit.rs:13613:43
[INFO] [stdout]       |
[INFO] [stdout] 13611 | #[cfg(all(target_os = "macos", target_arch = "aarch64"))]
[INFO] [stdout]       |           ------------------- the item is gated behind the `macos` feature
[INFO] [stdout] 13612 | #[cfg_attr(not(test), allow(unused_imports))]
[INFO] [stdout] 13613 | pub(crate) use imp::{ZcT3Job, ZcT3Result, launch_zc_t3_products, zc_t3_wait};
[INFO] [stdout]       |                                           ^^^^^^^^^^^^^^^^^^^^^
[INFO] [stdout] 
[INFO] [stdout] 
[INFO] [stdout] error[E0425]: cannot find function `zc_t3_wait` in module `imp`
[INFO] [stdout]      --> crates/flock-core/src/gpu_commit.rs:16084:24
[INFO] [stdout]       |
[INFO] [stdout] 16084 |         let res = imp::zc_t3_wait(job, Some(&cpu_partials), 50.0, hi_size);
[INFO] [stdout]       |                        ^^^^^^^^^^ not found in `imp`
[INFO] [stdout]       |
[INFO] [stdout] note: found an item that was configured out
[INFO] [stdout]      --> crates/flock-core/src/gpu_commit.rs:13613:66
[INFO] [stdout]       |
[INFO] [stdout] 13611 | #[cfg(all(target_os = "macos", target_arch = "aarch64"))]
[INFO] [stdout]       |           ------------------- the item is gated behind the `macos` feature
[INFO] [stdout] 13612 | #[cfg_attr(not(test), allow(unused_imports))]
[INFO] [stdout] 13613 | pub(crate) use imp::{ZcT3Job, ZcT3Result, launch_zc_t3_products, zc_t3_wait};
[INFO] [stdout]       |                                                                  ^^^^^^^^^^
[INFO] [stdout] 
[INFO] [stdout] 
[INFO] [stdout] error[E0425]: cannot find function `zc_t3_test_state` in module `imp`
[INFO] [stdout]      --> crates/flock-core/src/gpu_commit.rs:16086:38
[INFO] [stdout]       |
[INFO] [stdout] 16086 |         let (tuned, poisoned) = imp::zc_t3_test_state();
[INFO] [stdout]       |                                      ^^^^^^^^^^^^^^^^ not found in `imp`
[INFO] [stdout] 
[INFO] [stdout] 
[INFO] [stdout] error[E0425]: cannot find function `zc_t3_test_set_share` in module `imp`
[INFO] [stdout]      --> crates/flock-core/src/gpu_commit.rs:16094:14
[INFO] [stdout]       |
[INFO] [stdout] 16094 |         imp::zc_t3_test_set_share(hi_size / 2);
[INFO] [stdout]       |              ^^^^^^^^^^^^^^^^^^^^ not found in `imp`
[INFO] [stdout] 
[INFO] [stdout] 
[INFO] [stdout] error[E0425]: cannot find function `launch_zc_t3_products` in module `imp`
[INFO] [stdout]      --> crates/flock-core/src/gpu_commit.rs:16095:25
[INFO] [stdout]       |
[INFO] [stdout] 16095 |         let job2 = imp::launch_zc_t3_products(
[INFO] [stdout]       |                         ^^^^^^^^^^^^^^^^^^^^^ not found in `imp`
[INFO] [stdout]       |
[INFO] [stdout] note: found an item that was configured out
[INFO] [stdout]      --> crates/flock-core/src/gpu_commit.rs:13613:43
[INFO] [stdout]       |
[INFO] [stdout] 13611 | #[cfg(all(target_os = "macos", target_arch = "aarch64"))]
[INFO] [stdout]       |           ------------------- the item is gated behind the `macos` feature
[INFO] [stdout] 13612 | #[cfg_attr(not(test), allow(unused_imports))]
[INFO] [stdout] 13613 | pub(crate) use imp::{ZcT3Job, ZcT3Result, launch_zc_t3_products, zc_t3_wait};
[INFO] [stdout]       |                                           ^^^^^^^^^^^^^^^^^^^^^
[INFO] [stdout] 
[INFO] [stdout] 
[INFO] [stdout] error[E0425]: cannot find function `zc_t3_wait` in module `imp`
[INFO] [stdout]      --> crates/flock-core/src/gpu_commit.rs:16108:20
[INFO] [stdout]       |
[INFO] [stdout] 16108 |         match imp::zc_t3_wait(job2, None, 0.0, hi_size) {
[INFO] [stdout]       |                    ^^^^^^^^^^ not found in `imp`
[INFO] [stdout]       |
[INFO] [stdout] note: found an item that was configured out
[INFO] [stdout]      --> crates/flock-core/src/gpu_commit.rs:13613:66
[INFO] [stdout]       |
[INFO] [stdout] 13611 | #[cfg(all(target_os = "macos", target_arch = "aarch64"))]
[INFO] [stdout]       |           ------------------- the item is gated behind the `macos` feature
[INFO] [stdout] 13612 | #[cfg_attr(not(test), allow(unused_imports))]
[INFO] [stdout] 13613 | pub(crate) use imp::{ZcT3Job, ZcT3Result, launch_zc_t3_products, zc_t3_wait};
[INFO] [stdout]       |                                                                  ^^^^^^^^^^
[INFO] [stdout] 
[INFO] [stdout] 
[INFO] [stdout] error[E0425]: cannot find function `zc_t3_test_reset` in module `imp`
[INFO] [stdout]      --> crates/flock-core/src/gpu_commit.rs:16119:14
[INFO] [stdout]       |
[INFO] [stdout] 16119 |         imp::zc_t3_test_reset();
[INFO] [stdout]       |              ^^^^^^^^^^^^^^^^ not found in `imp`
[INFO] [stdout] 
[INFO] [stdout] 
[INFO] [stdout] error[E0425]: cannot find function `zc_loop_test_reset` in module `imp`
[INFO] [stdout]      --> crates/flock-core/src/gpu_commit.rs:16172:14
[INFO] [stdout]       |
[INFO] [stdout] 16172 |         imp::zc_loop_test_reset();
[INFO] [stdout]       |              ^^^^^^^^^^^^^^^^^^ not found in `imp`
[INFO] [stdout] 
[INFO] [stdout] 
[INFO] [stdout] error[E0425]: cannot find function `launch_zc_loop_products` in module `imp`
[INFO] [stdout]      --> crates/flock-core/src/gpu_commit.rs:16173:24
[INFO] [stdout]       |
[INFO] [stdout] 16173 |         let job = imp::launch_zc_loop_products(&a, &b, r_fold, &eq_lo, &eq_hi, lo_size, hi_size)
[INFO] [stdout]       |                        ^^^^^^^^^^^^^^^^^^^^^^^ not found in `imp`
[INFO] [stdout]       |
[INFO] [stdout] note: found an item that was configured out
[INFO] [stdout]      --> crates/flock-core/src/gpu_commit.rs:13618:47
[INFO] [stdout]       |
[INFO] [stdout] 13616 | #[cfg(all(target_os = "macos", target_arch = "aarch64"))]
[INFO] [stdout]       |           ------------------- the item is gated behind the `macos` feature
[INFO] [stdout] 13617 | #[cfg_attr(not(test), allow(unused_imports))]
[INFO] [stdout] 13618 | pub(crate) use imp::{ZcLoopJob, ZcLoopResult, launch_zc_loop_products, zc_loop_wait};
[INFO] [stdout]       |                                               ^^^^^^^^^^^^^^^^^^^^^^^
[INFO] [stdout] 
[INFO] [stdout] 
[INFO] [stdout] error[E0425]: cannot find function `zc_loop_wait` in module `imp`
[INFO] [stdout]      --> crates/flock-core/src/gpu_commit.rs:16177:24
[INFO] [stdout]       |
[INFO] [stdout] 16177 |         let res = imp::zc_loop_wait(job, Some(&cpu_partials), 50.0, hi_size);
[INFO] [stdout]       |                        ^^^^^^^^^^^^ not found in `imp`
[INFO] [stdout]       |
[INFO] [stdout] note: found an item that was configured out
[INFO] [stdout]      --> crates/flock-core/src/gpu_commit.rs:13618:72
[INFO] [stdout]       |
[INFO] [stdout] 13616 | #[cfg(all(target_os = "macos", target_arch = "aarch64"))]
[INFO] [stdout]       |           ------------------- the item is gated behind the `macos` feature
[INFO] [stdout] 13617 | #[cfg_attr(not(test), allow(unused_imports))]
[INFO] [stdout] 13618 | pub(crate) use imp::{ZcLoopJob, ZcLoopResult, launch_zc_loop_products, zc_loop_wait};
[INFO] [stdout]       |                                                                        ^^^^^^^^^^^^
[INFO] [stdout] 
[INFO] [stdout] 
[INFO] [stdout] error[E0425]: cannot find function `zc_loop_test_state` in module `imp`
[INFO] [stdout]      --> crates/flock-core/src/gpu_commit.rs:16179:38
[INFO] [stdout]       |
[INFO] [stdout] 16179 |         let (tuned, poisoned) = imp::zc_loop_test_state();
[INFO] [stdout]       |                                      ^^^^^^^^^^^^^^^^^^ not found in `imp`
[INFO] [stdout] 
[INFO] [stdout] 
[INFO] [stdout] error[E0425]: cannot find function `zc_loop_test_set_share` in module `imp`
[INFO] [stdout]      --> crates/flock-core/src/gpu_commit.rs:16187:14
[INFO] [stdout]       |
[INFO] [stdout] 16187 |         imp::zc_loop_test_set_share(hi_size / 2);
[INFO] [stdout]       |              ^^^^^^^^^^^^^^^^^^^^^^ not found in `imp`
[INFO] [stdout] 
[INFO] [stdout] 
[INFO] [stdout] error[E0425]: cannot find function `launch_zc_loop_products` in module `imp`
[INFO] [stdout]      --> crates/flock-core/src/gpu_commit.rs:16188:25
[INFO] [stdout]       |
[INFO] [stdout] 16188 |         let job2 = imp::launch_zc_loop_products(&a, &b, r_fold, &eq_lo, &eq_hi, lo_size, hi_size)
[INFO] [stdout]       |                         ^^^^^^^^^^^^^^^^^^^^^^^ not found in `imp`
[INFO] [stdout]       |
[INFO] [stdout] note: found an item that was configured out
[INFO] [stdout]      --> crates/flock-core/src/gpu_commit.rs:13618:47
[INFO] [stdout]       |
[INFO] [stdout] 13616 | #[cfg(all(target_os = "macos", target_arch = "aarch64"))]
[INFO] [stdout]       |           ------------------- the item is gated behind the `macos` feature
[INFO] [stdout] 13617 | #[cfg_attr(not(test), allow(unused_imports))]
[INFO] [stdout] 13618 | pub(crate) use imp::{ZcLoopJob, ZcLoopResult, launch_zc_loop_products, zc_loop_wait};
[INFO] [stdout]       |                                               ^^^^^^^^^^^^^^^^^^^^^^^
[INFO] [stdout] 
[INFO] [stdout] 
[INFO] [stdout] error[E0425]: cannot find function `zc_loop_wait` in module `imp`
[INFO] [stdout]      --> crates/flock-core/src/gpu_commit.rs:16193:20
[INFO] [stdout]       |
[INFO] [stdout] 16193 |         match imp::zc_loop_wait(job2, None, 0.0, hi_size) {
[INFO] [stdout]       |                    ^^^^^^^^^^^^ not found in `imp`
[INFO] [stdout]       |
[INFO] [stdout] note: found an item that was configured out
[INFO] [stdout]      --> crates/flock-core/src/gpu_commit.rs:13618:72
[INFO] [stdout]       |
[INFO] [stdout] 13616 | #[cfg(all(target_os = "macos", target_arch = "aarch64"))]
[INFO] [stdout]       |           ------------------- the item is gated behind the `macos` feature
[INFO] [stdout] 13617 | #[cfg_attr(not(test), allow(unused_imports))]
[INFO] [stdout] 13618 | pub(crate) use imp::{ZcLoopJob, ZcLoopResult, launch_zc_loop_products, zc_loop_wait};
[INFO] [stdout]       |                                                                        ^^^^^^^^^^^^
[INFO] [stdout] 
[INFO] [stdout] 
[INFO] [stdout] error[E0425]: cannot find function `zc_loop_test_reset` in module `imp`
[INFO] [stdout]      --> crates/flock-core/src/gpu_commit.rs:16204:14
[INFO] [stdout]       |
[INFO] [stdout] 16204 |         imp::zc_loop_test_reset();
[INFO] [stdout]       |              ^^^^^^^^^^^^^^^^^^ not found in `imp`
[INFO] [stdout] 
[INFO] [stdout] 
[INFO] [stdout] warning: unused variable: `t_outer`
[INFO] [stdout]   --> crates/flock-core/src/ntt/additive_ntt_f128/kernels.rs:91:5
[INFO] [stdout]    |
[INFO] [stdout] 91 |     t_outer: F128,
[INFO] [stdout]    |     ^^^^^^^ help: if this is intentional, prefix it with an underscore: `_t_outer`
[INFO] [stdout]    |
[INFO] [stdout]    = note: `#[warn(unused_variables)]` (part of `#[warn(unused)]`) on by default
[INFO] [stdout] 
[INFO] [stdout] 
[INFO] [stdout] warning: unused variable: `t_inner_a`
[INFO] [stdout]   --> crates/flock-core/src/ntt/additive_ntt_f128/kernels.rs:92:5
[INFO] [stdout]    |
[INFO] [stdout] 92 |     t_inner_a: F128,
[INFO] [stdout]    |     ^^^^^^^^^ help: if this is intentional, prefix it with an underscore: `_t_inner_a`
[INFO] [stdout] 
[INFO] [stdout] 
[INFO] [stdout] warning: unused variable: `t_inner_b`
[INFO] [stdout]   --> crates/flock-core/src/ntt/additive_ntt_f128/kernels.rs:93:5
[INFO] [stdout]    |
[INFO] [stdout] 93 |     t_inner_b: F128,
[INFO] [stdout]    |     ^^^^^^^^^ help: if this is intentional, prefix it with an underscore: `_t_inner_b`
[INFO] [stdout] 
[INFO] [stdout] 
[INFO] [stdout] warning: unused variable: `finish_chunk`
[INFO] [stdout]     --> crates/flock-core/src/ntt/additive_ntt_f128.rs:1248:9
[INFO] [stdout]      |
[INFO] [stdout] 1248 |         finish_chunk: F,
[INFO] [stdout]      |         ^^^^^^^^^^^^ help: if this is intentional, prefix it with an underscore: `_finish_chunk`
[INFO] [stdout] 
[INFO] [stdout] 
[INFO] [stdout] warning: unused variable: `ranked_shape`
[INFO] [stdout]    --> crates/flock-core/src/pcs.rs:290:5
[INFO] [stdout]     |
[INFO] [stdout] 290 |     ranked_shape: bool,
[INFO] [stdout]     |     ^^^^^^^^^^^^ help: if this is intentional, prefix it with an underscore: `_ranked_shape`
[INFO] [stdout] 
[INFO] [stdout] 
[INFO] [stdout] warning: value assigned to `out` is never read
[INFO] [stdout]     --> crates/flock-core/src/zerocheck/multilinear.rs:1831:23
[INFO] [stdout]      |
[INFO] [stdout] 1831 |           let mut out = [F128::ZERO; 8];
[INFO] [stdout]      |                         ^^^^^^^^^^^^^^^ this value is reassigned later and never used
[INFO] [stdout] ...
[INFO] [stdout] 1898 | /             out = round2_lookahead_chunk_scalar(
[INFO] [stdout] 1899 | |                 a_packed,
[INFO] [stdout] 1900 | |                 b_packed,
[INFO] [stdout] 1901 | |                 table,
[INFO] [stdout] ...    |
[INFO] [stdout] 1909 | |                 useful_pairs_inclusive,
[INFO] [stdout] 1910 | |             );
[INFO] [stdout]      | |_____________- `out` is overwritten here before the previous value is read
[INFO] [stdout]      |
[INFO] [stdout]      = note: `#[warn(unused_assignments)]` (part of `#[warn(unused)]`) on by default
[INFO] [stdout] 
[INFO] [stdout] 
[INFO] [stdout] warning: unused variable: `odd_on_gpu`
[INFO] [stdout]     --> crates/flock-core/src/zerocheck/multilinear.rs:1809:9
[INFO] [stdout]      |
[INFO] [stdout] 1809 |     let odd_on_gpu = false;
[INFO] [stdout]      |         ^^^^^^^^^^ help: if this is intentional, prefix it with an underscore: `_odd_on_gpu`
[INFO] [stdout] 
[INFO] [stdout] 
[INFO] [stdout] warning: unused variable: `pair_base`
[INFO] [stdout]     --> crates/flock-core/src/zerocheck/multilinear.rs:2202:13
[INFO] [stdout]      |
[INFO] [stdout] 2202 |         let pair_base = 2 * x_hi * out_chunk;
[INFO] [stdout]      |             ^^^^^^^^^ help: if this is intentional, prefix it with an underscore: `_pair_base`
[INFO] [stdout] 
[INFO] [stdout] 
[INFO] [stdout] warning: unused variable: `pair_base`
[INFO] [stdout]     --> crates/flock-core/src/zerocheck/multilinear.rs:2383:13
[INFO] [stdout]      |
[INFO] [stdout] 2383 |         let pair_base = 2 * x_hi * out_chunk;
[INFO] [stdout]      |             ^^^^^^^^^ help: if this is intentional, prefix it with an underscore: `_pair_base`
[INFO] [stdout] 
[INFO] [stdout] 
[INFO] [stdout] warning: value assigned to `outv` is never read
[INFO] [stdout]     --> crates/flock-core/src/zerocheck/multilinear.rs:2384:24
[INFO] [stdout]      |
[INFO] [stdout] 2384 |           let mut outv = [F128::ZERO; 8];
[INFO] [stdout]      |                          ^^^^^^^^^^^^^^^ this value is reassigned later and never used
[INFO] [stdout] ...
[INFO] [stdout] 2407 | /             outv = fold2_round45_chunk_scalar(
[INFO] [stdout] 2408 | |                 compact, table, &table_l1, &table_l3, rho2, a_out, b_out, eq_lo, lo_size, x_hi,
[INFO] [stdout] 2409 | |             );
[INFO] [stdout]      | |_____________- `outv` is overwritten here before the previous value is read
[INFO] [stdout] 
[INFO] [stdout] 
[INFO] [stdout] warning: function `gpu_metallib_enabled` is never used
[INFO] [stdout]    --> crates/flock-core/src/gpu_commit.rs:265:15
[INFO] [stdout]     |
[INFO] [stdout] 265 | pub(crate) fn gpu_metallib_enabled() -> bool {
[INFO] [stdout]     |               ^^^^^^^^^^^^^^^^^^^^
[INFO] [stdout]     |
[INFO] [stdout]     = note: `#[warn(dead_code)]` (part of `#[warn(unused)]`) on by default
[INFO] [stdout] 
[INFO] [stdout] 
[INFO] [stdout] warning: function `gpu_zerocheck_enabled` is never used
[INFO] [stdout]    --> crates/flock-core/src/gpu_commit.rs:279:15
[INFO] [stdout]     |
[INFO] [stdout] 279 | pub(crate) fn gpu_zerocheck_enabled() -> bool {
[INFO] [stdout]     |               ^^^^^^^^^^^^^^^^^^^^^
[INFO] [stdout] 
[INFO] [stdout] 
[INFO] [stdout] warning: function `gpu_zerocheck_debug` is never used
[INFO] [stdout]    --> crates/flock-core/src/gpu_commit.rs:334:15
[INFO] [stdout]     |
[INFO] [stdout] 334 | pub(crate) fn gpu_zerocheck_debug() -> bool {
[INFO] [stdout]     |               ^^^^^^^^^^^^^^^^^^^
[INFO] [stdout] 
[INFO] [stdout] 
[INFO] [stdout] warning: function `gpu_lincheck_enabled` is never used
[INFO] [stdout]    --> crates/flock-core/src/gpu_commit.rs:353:15
[INFO] [stdout]     |
[INFO] [stdout] 353 | pub(crate) fn gpu_lincheck_enabled() -> bool {
[INFO] [stdout]     |               ^^^^^^^^^^^^^^^^^^^^
[INFO] [stdout] 
[INFO] [stdout] 
[INFO] [stdout] warning: function `gpu_lincheck_debug` is never used
[INFO] [stdout]    --> crates/flock-core/src/gpu_commit.rs:439:15
[INFO] [stdout]     |
[INFO] [stdout] 439 | pub(crate) fn gpu_lincheck_debug() -> bool {
[INFO] [stdout]     |               ^^^^^^^^^^^^^^^^^^
[INFO] [stdout] 
[INFO] [stdout] 
[INFO] [stdout] warning: function `gpu_zc_r2_enabled` is never used
[INFO] [stdout]    --> crates/flock-core/src/gpu_commit.rs:495:15
[INFO] [stdout]     |
[INFO] [stdout] 495 | pub(crate) fn gpu_zc_r2_enabled() -> bool {
[INFO] [stdout]     |               ^^^^^^^^^^^^^^^^^
[INFO] [stdout] 
[INFO] [stdout] 
[INFO] [stdout] warning: function `zc_idle_fill_enabled` is never used
[INFO] [stdout]    --> crates/flock-core/src/gpu_commit.rs:665:15
[INFO] [stdout]     |
[INFO] [stdout] 665 | pub(crate) fn zc_idle_fill_enabled() -> bool {
[INFO] [stdout]     |               ^^^^^^^^^^^^^^^^^^^^
[INFO] [stdout] 
[INFO] [stdout] 
[INFO] [stdout] warning: function `gpu_zc_t3_enabled` is never used
[INFO] [stdout]    --> crates/flock-core/src/gpu_commit.rs:692:15
[INFO] [stdout]     |
[INFO] [stdout] 692 | pub(crate) fn gpu_zc_t3_enabled() -> bool {
[INFO] [stdout]     |               ^^^^^^^^^^^^^^^^^
[INFO] [stdout] 
[INFO] [stdout] 
[INFO] [stdout] warning: function `gpu_zc_t3_debug` is never used
[INFO] [stdout]    --> crates/flock-core/src/gpu_commit.rs:699:15
[INFO] [stdout]     |
[INFO] [stdout] 699 | pub(crate) fn gpu_zc_t3_debug() -> bool {
[INFO] [stdout]     |               ^^^^^^^^^^^^^^^
[INFO] [stdout] 
[INFO] [stdout] 
[INFO] [stdout] warning: function `gpu_zc_loop_enabled` is never used
[INFO] [stdout]    --> crates/flock-core/src/gpu_commit.rs:708:15
[INFO] [stdout]     |
[INFO] [stdout] 708 | pub(crate) fn gpu_zc_loop_enabled() -> bool {
[INFO] [stdout]     |               ^^^^^^^^^^^^^^^^^^^
[INFO] [stdout] 
[INFO] [stdout] 
[INFO] [stdout] warning: function `gpu_zc_loop_debug` is never used
[INFO] [stdout]    --> crates/flock-core/src/gpu_commit.rs:715:15
[INFO] [stdout]     |
[INFO] [stdout] 715 | pub(crate) fn gpu_zc_loop_debug() -> bool {
[INFO] [stdout]     |               ^^^^^^^^^^^^^^^^^
[INFO] [stdout] 
[INFO] [stdout] 
[INFO] [stdout] warning: function `warmup_latch_cache_enabled` is never used
[INFO] [stdout]    --> crates/flock-core/src/gpu_commit.rs:732:15
[INFO] [stdout]     |
[INFO] [stdout] 732 | pub(crate) fn warmup_latch_cache_enabled() -> bool {
[INFO] [stdout]     |               ^^^^^^^^^^^^^^^^^^^^^^^^^^
[INFO] [stdout] 
[INFO] [stdout] 
[INFO] [stdout] warning: function `cache_dir_fallback_enabled` is never used
[INFO] [stdout]    --> crates/flock-core/src/gpu_commit.rs:760:15
[INFO] [stdout]     |
[INFO] [stdout] 760 | pub(crate) fn cache_dir_fallback_enabled() -> bool {
[INFO] [stdout]     |               ^^^^^^^^^^^^^^^^^^^^^^^^^^
[INFO] [stdout] 
[INFO] [stdout] 
[INFO] [stdout] warning: function `static_warmup_latch_enabled` is never used
[INFO] [stdout]    --> crates/flock-core/src/gpu_commit.rs:796:15
[INFO] [stdout]     |
[INFO] [stdout] 796 | pub(crate) fn static_warmup_latch_enabled() -> bool {
[INFO] [stdout]     |               ^^^^^^^^^^^^^^^^^^^^^^^^^^^
[INFO] [stdout] 
[INFO] [stdout] 
[INFO] [stdout] warning: function `cache_dir_candidates` is never used
[INFO] [stdout]    --> crates/flock-core/src/gpu_commit.rs:805:15
[INFO] [stdout]     |
[INFO] [stdout] 805 | pub(crate) fn cache_dir_candidates(args: &[String]) -> Vec<std::path::PathBuf> {
[INFO] [stdout]     |               ^^^^^^^^^^^^^^^^^^^^
[INFO] [stdout] 
[INFO] [stdout] 
[INFO] [stdout] warning: function `shared_cache_dir` is never used
[INFO] [stdout]    --> crates/flock-core/src/gpu_commit.rs:871:15
[INFO] [stdout]     |
[INFO] [stdout] 871 | pub(crate) fn shared_cache_dir() -> &'static std::path::Path {
[INFO] [stdout]     |               ^^^^^^^^^^^^^^^^
[INFO] [stdout] 
[INFO] [stdout] 
[INFO] [stdout] warning: function `gpu_keepwarm_enabled` is never used
[INFO] [stdout]    --> crates/flock-core/src/gpu_commit.rs:975:15
[INFO] [stdout]     |
[INFO] [stdout] 975 | pub(crate) fn gpu_keepwarm_enabled() -> bool {
[INFO] [stdout]     |               ^^^^^^^^^^^^^^^^^^^^
[INFO] [stdout] 
[INFO] [stdout] 
[INFO] [stdout] warning: function `gpu_from_z_zero_root_value_enabled` is never used
[INFO] [stdout]     --> crates/flock-core/src/gpu_commit.rs:1015:4
[INFO] [stdout]      |
[INFO] [stdout] 1015 | fn gpu_from_z_zero_root_value_enabled(value: Option<&std::ffi::OsStr>) -> bool {
[INFO] [stdout]      |    ^^^^^^^^^^^^^^^^^^^^^^^^^^^^^^^^^^
[INFO] [stdout] 
[INFO] [stdout] 
[INFO] [stdout] warning: function `gpu_from_z_zero_root_enabled` is never used
[INFO] [stdout]     --> crates/flock-core/src/gpu_commit.rs:1019:4
[INFO] [stdout]      |
[INFO] [stdout] 1019 | fn gpu_from_z_zero_root_enabled() -> bool {
[INFO] [stdout]      |    ^^^^^^^^^^^^^^^^^^^^^^^^^^^^
[INFO] [stdout] 
[INFO] [stdout] 
[INFO] [stdout] warning: function `select_gpu_from_z_zero_root` is never used
[INFO] [stdout]     --> crates/flock-core/src/gpu_commit.rs:1026:4
[INFO] [stdout]      |
[INFO] [stdout] 1026 | fn select_gpu_from_z_zero_root(
[INFO] [stdout]      |    ^^^^^^^^^^^^^^^^^^^^^^^^^^^
[INFO] [stdout] 
[INFO] [stdout] 
[INFO] [stdout] warning: function `gpu_from_z_zero_root_selected` is never used
[INFO] [stdout]     --> crates/flock-core/src/gpu_commit.rs:1038:4
[INFO] [stdout]      |
[INFO] [stdout] 1038 | fn gpu_from_z_zero_root_selected(log_d: usize) -> bool {
[INFO] [stdout]      |    ^^^^^^^^^^^^^^^^^^^^^^^^^^^^^
[INFO] [stdout] 
[INFO] [stdout] 
[INFO] [stdout] warning: function `gpu_z_pin_value_enabled` is never used
[INFO] [stdout]     --> crates/flock-core/src/gpu_commit.rs:1129:4
[INFO] [stdout]      |
[INFO] [stdout] 1129 | fn gpu_z_pin_value_enabled(value: Option<&std::ffi::OsStr>) -> bool {
[INFO] [stdout]      |    ^^^^^^^^^^^^^^^^^^^^^^^
[INFO] [stdout] 
[INFO] [stdout] 
[INFO] [stdout] warning: function `gpu_z_pin_enabled` is never used
[INFO] [stdout]     --> crates/flock-core/src/gpu_commit.rs:1133:4
[INFO] [stdout]      |
[INFO] [stdout] 1133 | fn gpu_z_pin_enabled() -> bool {
[INFO] [stdout]      |    ^^^^^^^^^^^^^^^^^
[INFO] [stdout] 
[INFO] [stdout] 
[INFO] [stdout] warning: function `gpu_parent3_value_enabled` is never used
[INFO] [stdout]     --> crates/flock-core/src/gpu_commit.rs:1147:4
[INFO] [stdout]      |
[INFO] [stdout] 1147 | fn gpu_parent3_value_enabled(value: Option<&std::ffi::OsStr>) -> bool {
[INFO] [stdout]      |    ^^^^^^^^^^^^^^^^^^^^^^^^^
[INFO] [stdout] 
[INFO] [stdout] 
[INFO] [stdout] warning: function `gpu_parent3_enabled` is never used
[INFO] [stdout]     --> crates/flock-core/src/gpu_commit.rs:1151:4
[INFO] [stdout]      |
[INFO] [stdout] 1151 | fn gpu_parent3_enabled() -> bool {
[INFO] [stdout]      |    ^^^^^^^^^^^^^^^^^^^
[INFO] [stdout] 
[INFO] [stdout] 
[INFO] [stdout] warning: function `select_gpu_parent3` is never used
[INFO] [stdout]     --> crates/flock-core/src/gpu_commit.rs:1156:4
[INFO] [stdout]      |
[INFO] [stdout] 1156 | fn select_gpu_parent3(n_leaves_total: usize, enabled: bool) -> bool {
[INFO] [stdout]      |    ^^^^^^^^^^^^^^^^^^
[INFO] [stdout] 
[INFO] [stdout] 
[INFO] [stdout] warning: function `gpu_leaf_parent3_value_enabled` is never used
[INFO] [stdout]     --> crates/flock-core/src/gpu_commit.rs:1160:4
[INFO] [stdout]      |
[INFO] [stdout] 1160 | fn gpu_leaf_parent3_value_enabled(value: Option<&std::ffi::OsStr>) -> bool {
[INFO] [stdout]      |    ^^^^^^^^^^^^^^^^^^^^^^^^^^^^^^
[INFO] [stdout] 
[INFO] [stdout] 
[INFO] [stdout] warning: function `gpu_leaf_parent3_enabled` is never used
[INFO] [stdout]     --> crates/flock-core/src/gpu_commit.rs:1164:4
[INFO] [stdout]      |
[INFO] [stdout] 1164 | fn gpu_leaf_parent3_enabled() -> bool {
[INFO] [stdout]      |    ^^^^^^^^^^^^^^^^^^^^^^^^
[INFO] [stdout] 
[INFO] [stdout] 
[INFO] [stdout] warning: function `select_gpu_leaf_parent3` is never used
[INFO] [stdout]     --> crates/flock-core/src/gpu_commit.rs:1172:4
[INFO] [stdout]      |
[INFO] [stdout] 1172 | fn select_gpu_leaf_parent3(pso_ok: bool) -> bool {
[INFO] [stdout]      |    ^^^^^^^^^^^^^^^^^^^^^^^
[INFO] [stdout] 
[INFO] [stdout] 
[INFO] [stdout] warning: function `gpu_leaf_vec4_value_enabled` is never used
[INFO] [stdout]     --> crates/flock-core/src/gpu_commit.rs:1214:4
[INFO] [stdout]      |
[INFO] [stdout] 1214 | fn gpu_leaf_vec4_value_enabled(value: Option<&std::ffi::OsStr>) -> bool {
[INFO] [stdout]      |    ^^^^^^^^^^^^^^^^^^^^^^^^^^^
[INFO] [stdout] 
[INFO] [stdout] 
[INFO] [stdout] warning: function `gpu_leaf_vec4_enabled` is never used
[INFO] [stdout]     --> crates/flock-core/src/gpu_commit.rs:1218:15
[INFO] [stdout]      |
[INFO] [stdout] 1218 | pub(crate) fn gpu_leaf_vec4_enabled() -> bool {
[INFO] [stdout]      |               ^^^^^^^^^^^^^^^^^^^^^
[INFO] [stdout] 
[INFO] [stdout] 
[INFO] [stdout] warning: function `pass_tune_enabled` is never used
[INFO] [stdout]     --> crates/flock-core/src/gpu_commit.rs:1376:15
[INFO] [stdout]      |
[INFO] [stdout] 1376 | pub(crate) fn pass_tune_enabled() -> bool {
[INFO] [stdout]      |               ^^^^^^^^^^^^^^^^^
[INFO] [stdout] 
[INFO] [stdout] 
[INFO] [stdout] warning: function `gpu_mixed_final_enabled` is never used
[INFO] [stdout]     --> crates/flock-core/src/gpu_commit.rs:1395:15
[INFO] [stdout]      |
[INFO] [stdout] 1395 | pub(crate) fn gpu_mixed_final_enabled() -> bool {
[INFO] [stdout]      |               ^^^^^^^^^^^^^^^^^^^^^^^
[INFO] [stdout] 
[INFO] [stdout] 
[INFO] [stdout] warning: constant `LATCH_MARGIN` is never used
[INFO] [stdout]     --> crates/flock-core/src/gpu_commit.rs:1402:7
[INFO] [stdout]      |
[INFO] [stdout] 1402 | const LATCH_MARGIN: f64 = 1.10;
[INFO] [stdout]      |       ^^^^^^^^^^^^
[INFO] [stdout] 
[INFO] [stdout] 
[INFO] [stdout] warning: function `latch_measure_fix_value_enabled` is never used
[INFO] [stdout]     --> crates/flock-core/src/gpu_commit.rs:1414:4
[INFO] [stdout]      |
[INFO] [stdout] 1414 | fn latch_measure_fix_value_enabled(value: Option<&std::ffi::OsStr>) -> bool {
[INFO] [stdout]      |    ^^^^^^^^^^^^^^^^^^^^^^^^^^^^^^^
[INFO] [stdout] 
[INFO] [stdout] 
[INFO] [stdout] warning: function `latch_measure_fix_enabled` is never used
[INFO] [stdout]     --> crates/flock-core/src/gpu_commit.rs:1418:4
[INFO] [stdout]      |
[INFO] [stdout] 1418 | fn latch_measure_fix_enabled() -> bool {
[INFO] [stdout]      |    ^^^^^^^^^^^^^^^^^^^^^^^^^
[INFO] [stdout] 
[INFO] [stdout] 
[INFO] [stdout] warning: function `is_ranked_gpu_shape` is never used
[INFO] [stdout]     --> crates/flock-core/src/gpu_commit.rs:1445:4
[INFO] [stdout]      |
[INFO] [stdout] 1445 | fn is_ranked_gpu_shape(params: &crate::pcs::commit::PcsParams) -> bool {
[INFO] [stdout]      |    ^^^^^^^^^^^^^^^^^^^
[INFO] [stdout] 
[INFO] [stdout] 
[INFO] [stdout] warning: constant `RANKED_EXACT_TUNE_SATISFIED` is never used
[INFO] [stdout]     --> crates/flock-core/src/gpu_commit.rs:1655:7
[INFO] [stdout]      |
[INFO] [stdout] 1655 | const RANKED_EXACT_TUNE_SATISFIED: u8 = 2;
[INFO] [stdout]      |       ^^^^^^^^^^^^^^^^^^^^^^^^^^^
[INFO] [stdout] 
[INFO] [stdout] 
[INFO] [stdout] warning: function `satisfy_ranked_exact_tune_in` is never used
[INFO] [stdout]     --> crates/flock-core/src/gpu_commit.rs:1674:4
[INFO] [stdout]      |
[INFO] [stdout] 1674 | fn satisfy_ranked_exact_tune_in(state: &std::sync::atomic::AtomicU8) -> bool {
[INFO] [stdout]      |    ^^^^^^^^^^^^^^^^^^^^^^^^^^^^
[INFO] [stdout] 
[INFO] [stdout] 
[INFO] [stdout] warning: function `satisfy_ranked_exact_contention_tune` is never used
[INFO] [stdout]     --> crates/flock-core/src/gpu_commit.rs:1703:4
[INFO] [stdout]      |
[INFO] [stdout] 1703 | fn satisfy_ranked_exact_contention_tune() {
[INFO] [stdout]      |    ^^^^^^^^^^^^^^^^^^^^^^^^^^^^^^^^^^^^
[INFO] [stdout] 
[INFO] [stdout] 
[INFO] [stdout] warning: function `claim_ranked_exact_contention_tune` is never used
[INFO] [stdout]     --> crates/flock-core/src/gpu_commit.rs:1707:4
[INFO] [stdout]      |
[INFO] [stdout] 1707 | fn claim_ranked_exact_contention_tune() -> bool {
[INFO] [stdout]      |    ^^^^^^^^^^^^^^^^^^^^^^^^^^^^^^^^^^
[INFO] [stdout] 
[INFO] [stdout] 
[INFO] [stdout] warning: function `gpu_commit_enabled` is never used
[INFO] [stdout]     --> crates/flock-core/src/gpu_commit.rs:1761:15
[INFO] [stdout]      |
[INFO] [stdout] 1761 | pub(crate) fn gpu_commit_enabled() -> bool {
[INFO] [stdout]      |               ^^^^^^^^^^^^^^^^^^
[INFO] [stdout] 
[INFO] [stdout] 
[INFO] [stdout] warning: function `flat_twiddle_table` is never used
[INFO] [stdout]     --> crates/flock-core/src/gpu_commit.rs:1780:15
[INFO] [stdout]      |
[INFO] [stdout] 1780 | pub(crate) fn flat_twiddle_table(ntt: &AdditiveNttF128, log_d: usize) -> Vec<F128> {
[INFO] [stdout]      |               ^^^^^^^^^^^^^^^^^^
[INFO] [stdout] 
[INFO] [stdout] 
[INFO] [stdout] warning: function `plan_passes` is never used
[INFO] [stdout]     --> crates/flock-core/src/gpu_commit.rs:1799:15
[INFO] [stdout]      |
[INFO] [stdout] 1799 | pub(crate) fn plan_passes(log_d: usize, start_layer: usize) -> Vec<(usize, usize)> {
[INFO] [stdout]      |               ^^^^^^^^^^^
[INFO] [stdout] 
[INFO] [stdout] 
[INFO] [stdout] warning: function `max_twiddle_bits` is never used
[INFO] [stdout]     --> crates/flock-core/src/gpu_commit.rs:1813:15
[INFO] [stdout]      |
[INFO] [stdout] 1813 | pub(crate) fn max_twiddle_bits(log_d: usize, layer: usize) -> u32 {
[INFO] [stdout]      |               ^^^^^^^^^^^^^^^^
[INFO] [stdout] 
[INFO] [stdout] 
[INFO] [stdout] warning: function `pass5_mixed_ok` is never used
[INFO] [stdout]     --> crates/flock-core/src/gpu_commit.rs:1828:15
[INFO] [stdout]      |
[INFO] [stdout] 1828 | pub(crate) fn pass5_mixed_ok(log_d: usize, l: usize, f: usize) -> bool {
[INFO] [stdout]      |               ^^^^^^^^^^^^^^
[INFO] [stdout] 
[INFO] [stdout] 
[INFO] [stdout] warning: function `select_gpu_mixed_final` is never used
[INFO] [stdout]     --> crates/flock-core/src/gpu_commit.rs:1836:15
[INFO] [stdout]      |
[INFO] [stdout] 1836 | pub(crate) fn select_gpu_mixed_final(
[INFO] [stdout]      |               ^^^^^^^^^^^^^^^^^^^^^^
[INFO] [stdout] 
[INFO] [stdout] 
[INFO] [stdout] warning: function `gpu_mixed_final_selected` is never used
[INFO] [stdout]     --> crates/flock-core/src/gpu_commit.rs:1847:4
[INFO] [stdout]      |
[INFO] [stdout] 1847 | fn gpu_mixed_final_selected(log_d: usize, l: usize, f: usize) -> bool {
[INFO] [stdout]      |    ^^^^^^^^^^^^^^^^^^^^^^^^
[INFO] [stdout] 
[INFO] [stdout] 
[INFO] [stdout] warning: function `gpu_ntt_interleaved_from_layer` is never used
[INFO] [stdout]      --> crates/flock-core/src/gpu_commit.rs:13681:19
[INFO] [stdout]       |
[INFO] [stdout] 13681 |     pub(crate) fn gpu_ntt_interleaved_from_layer(
[INFO] [stdout]       |                   ^^^^^^^^^^^^^^^^^^^^^^^^^^^^^^
[INFO] [stdout] 
[INFO] [stdout] 
[INFO] [stdout] warning: function `gpu_merkle_tree_blake3` is never used
[INFO] [stdout]      --> crates/flock-core/src/gpu_commit.rs:13690:19
[INFO] [stdout]       |
[INFO] [stdout] 13690 |     pub(crate) fn gpu_merkle_tree_blake3(
[INFO] [stdout]       |                   ^^^^^^^^^^^^^^^^^^^^^^
[INFO] [stdout] 
[INFO] [stdout] 
[INFO] [stdout] warning: function `fusion_aware_interleaved_n_top` is never used
[INFO] [stdout]    --> crates/flock-core/src/ntt/additive_ntt_f128.rs:179:4
[INFO] [stdout]     |
[INFO] [stdout] 179 | fn fusion_aware_interleaved_n_top(
[INFO] [stdout]     |    ^^^^^^^^^^^^^^^^^^^^^^^^^^^^^^
[INFO] [stdout] 
[INFO] [stdout] 
[INFO] [stdout] warning: function `use_ranked_low_twiddle_final_pair` is never used
[INFO] [stdout]    --> crates/flock-core/src/ntt/additive_ntt_f128.rs:221:4
[INFO] [stdout]     |
[INFO] [stdout] 221 | fn use_ranked_low_twiddle_final_pair(log_d: usize, num_ntts: usize, n_top: usize) -> bool {
[INFO] [stdout]     |    ^^^^^^^^^^^^^^^^^^^^^^^^^^^^^^^^^
[INFO] [stdout] 
[INFO] [stdout] 
[INFO] [stdout] warning: function `use_ranked_zero_root_fusion` is never used
[INFO] [stdout]    --> crates/flock-core/src/ntt/additive_ntt_f128.rs:236:4
[INFO] [stdout]     |
[INFO] [stdout] 236 | fn use_ranked_zero_root_fusion(
[INFO] [stdout]     |    ^^^^^^^^^^^^^^^^^^^^^^^^^^^
[INFO] [stdout] 
[INFO] [stdout] 
[INFO] [stdout] warning: constant `ZERO_TAIL_LOG_D` is never used
[INFO] [stdout]    --> crates/flock-core/src/ntt/additive_ntt_f128.rs:391:7
[INFO] [stdout]     |
[INFO] [stdout] 391 | const ZERO_TAIL_LOG_D: usize = 20;
[INFO] [stdout]     |       ^^^^^^^^^^^^^^^
[INFO] [stdout] 
[INFO] [stdout] 
[INFO] [stdout] warning: function `zero_lane_skip_disabled` is never used
[INFO] [stdout]    --> crates/flock-core/src/ntt/additive_ntt_f128.rs:413:4
[INFO] [stdout]     |
[INFO] [stdout] 413 | fn zero_lane_skip_disabled() -> bool {
[INFO] [stdout]     |    ^^^^^^^^^^^^^^^^^^^^^^^
[INFO] [stdout] 
[INFO] [stdout] 
[INFO] [stdout] warning: function `ranked_zero_odd_tail_lanes` is never used
[INFO] [stdout]    --> crates/flock-core/src/ntt/additive_ntt_f128.rs:426:15
[INFO] [stdout]     |
[INFO] [stdout] 426 | pub(crate) fn ranked_zero_odd_tail_lanes(log_d: usize, num_ntts: usize) -> usize {
[INFO] [stdout]     |               ^^^^^^^^^^^^^^^^^^^^^^^^^^
[INFO] [stdout] 
[INFO] [stdout] 
[INFO] [stdout] warning: constant `INTERLEAVED_PHASE_ALL` is never used
[INFO] [stdout]    --> crates/flock-core/src/ntt/additive_ntt_f128.rs:484:7
[INFO] [stdout]     |
[INFO] [stdout] 484 | const INTERLEAVED_PHASE_ALL: u8 = 0;
[INFO] [stdout]     |       ^^^^^^^^^^^^^^^^^^^^^
[INFO] [stdout] 
[INFO] [stdout] 
[INFO] [stdout] warning: constant `INTERLEAVED_PHASE_TOP_ONLY` is never used
[INFO] [stdout]    --> crates/flock-core/src/ntt/additive_ntt_f128.rs:485:7
[INFO] [stdout]     |
[INFO] [stdout] 485 | const INTERLEAVED_PHASE_TOP_ONLY: u8 = 1;
[INFO] [stdout]     |       ^^^^^^^^^^^^^^^^^^^^^^^^^^
[INFO] [stdout] 
[INFO] [stdout] 
[INFO] [stdout] warning: constant `INTERLEAVED_PHASE_DEEP_ONLY` is never used
[INFO] [stdout]    --> crates/flock-core/src/ntt/additive_ntt_f128.rs:486:7
[INFO] [stdout]     |
[INFO] [stdout] 486 | const INTERLEAVED_PHASE_DEEP_ONLY: u8 = 2;
[INFO] [stdout]     |       ^^^^^^^^^^^^^^^^^^^^^^^^^^^
[INFO] [stdout] 
[INFO] [stdout] 
[INFO] [stdout] warning: multiple methods are never used
[INFO] [stdout]     --> crates/flock-core/src/ntt/additive_ntt_f128.rs:531:19
[INFO] [stdout]      |
[INFO] [stdout]  501 | impl AdditiveNttF128 {
[INFO] [stdout]      | -------------------- methods in this implementation
[INFO] [stdout] ...
[INFO] [stdout]  531 |     pub(crate) fn precomputed_twiddle_table(&self) -> Option<&[F128]> {
[INFO] [stdout]      |                   ^^^^^^^^^^^^^^^^^^^^^^^^^
[INFO] [stdout] ...
[INFO] [stdout]  762 |     fn forward_transform_interleaved_from_message_fused3_with_helper(
[INFO] [stdout]      |        ^^^^^^^^^^^^^^^^^^^^^^^^^^^^^^^^^^^^^^^^^^^^^^^^^^^^^^^^^^^^^
[INFO] [stdout] ...
[INFO] [stdout] 1063 |     pub(crate) fn forward_transform_interleaved_block_range(
[INFO] [stdout]      |                   ^^^^^^^^^^^^^^^^^^^^^^^^^^^^^^^^^^^^^^^^^
[INFO] [stdout] ...
[INFO] [stdout] 1186 |     pub(crate) fn forward_transform_interleaved_ranked_block_range_and_then<F>(
[INFO] [stdout]      |                   ^^^^^^^^^^^^^^^^^^^^^^^^^^^^^^^^^^^^^^^^^^^^^^^^^^^^^^^^^
[INFO] [stdout] ...
[INFO] [stdout] 1647 |     fn forward_transform_interleaved_deep_from_layer_and_then<F>(
[INFO] [stdout]      |        ^^^^^^^^^^^^^^^^^^^^^^^^^^^^^^^^^^^^^^^^^^^^^^^^^^^^^^
[INFO] [stdout] ...
[INFO] [stdout] 1744 |     fn forward_transform_interleaved_deep_fused_pairs_and_then<F>(
[INFO] [stdout]      |        ^^^^^^^^^^^^^^^^^^^^^^^^^^^^^^^^^^^^^^^^^^^^^^^^^^^^^^^
[INFO] [stdout] ...
[INFO] [stdout] 1772 |     fn forward_transform_interleaved_deep_fused_pairs_range_and_then<F>(
[INFO] [stdout]      |        ^^^^^^^^^^^^^^^^^^^^^^^^^^^^^^^^^^^^^^^^^^^^^^^^^^^^^^^^^^^^^
[INFO] [stdout] 
[INFO] [stdout] 
[INFO] [stdout] warning: function `butterfly_interleaved_block_par_rows` is never used
[INFO] [stdout]     --> crates/flock-core/src/ntt/additive_ntt_f128.rs:2151:4
[INFO] [stdout]      |
[INFO] [stdout] 2151 | fn butterfly_interleaved_block_par_rows(
[INFO] [stdout]      |    ^^^^^^^^^^^^^^^^^^^^^^^^^^^^^^^^^^^^
[INFO] [stdout] 
[INFO] [stdout] 
[INFO] [stdout] warning: function `butterfly_interleaved_fused_2layer_par_rows` is never used
[INFO] [stdout]     --> crates/flock-core/src/ntt/additive_ntt_f128.rs:2184:4
[INFO] [stdout]      |
[INFO] [stdout] 2184 | fn butterfly_interleaved_fused_2layer_par_rows(
[INFO] [stdout]      |    ^^^^^^^^^^^^^^^^^^^^^^^^^^^^^^^^^^^^^^^^^^^
[INFO] [stdout] 
[INFO] [stdout] 
[INFO] [stdout] warning: function `butterfly_interleaved_fused_2layer_rows_seq` is never used
[INFO] [stdout]     --> crates/flock-core/src/ntt/additive_ntt_f128.rs:2236:4
[INFO] [stdout]      |
[INFO] [stdout] 2236 | fn butterfly_interleaved_fused_2layer_rows_seq(
[INFO] [stdout]      |    ^^^^^^^^^^^^^^^^^^^^^^^^^^^^^^^^^^^^^^^^^^^
[INFO] [stdout] 
[INFO] [stdout] 
[INFO] [stdout] warning: function `butterfly_interleaved_fused_2layer_low_twiddles_rows_seq` is never used
[INFO] [stdout]     --> crates/flock-core/src/ntt/additive_ntt_f128.rs:2289:4
[INFO] [stdout]      |
[INFO] [stdout] 2289 | fn butterfly_interleaved_fused_2layer_low_twiddles_rows_seq(
[INFO] [stdout]      |    ^^^^^^^^^^^^^^^^^^^^^^^^^^^^^^^^^^^^^^^^^^^^^^^^^^^^^^^^
[INFO] [stdout] 
[INFO] [stdout] 
[INFO] [stdout] warning: function `butterfly_interleaved_fused_3layer_par_rows` is never used
[INFO] [stdout]     --> crates/flock-core/src/ntt/additive_ntt_f128.rs:2360:4
[INFO] [stdout]      |
[INFO] [stdout] 2360 | fn butterfly_interleaved_fused_3layer_par_rows<const ZERO_ROOT: bool>(
[INFO] [stdout]      |    ^^^^^^^^^^^^^^^^^^^^^^^^^^^^^^^^^^^^^^^^^^^
[INFO] [stdout] 
[INFO] [stdout] 
[INFO] [stdout] warning: function `butterfly_interleaved_fused_3layer_all_blocks_par_rows` is never used
[INFO] [stdout]     --> crates/flock-core/src/ntt/additive_ntt_f128.rs:2451:4
[INFO] [stdout]      |
[INFO] [stdout] 2451 | fn butterfly_interleaved_fused_3layer_all_blocks_par_rows(
[INFO] [stdout]      |    ^^^^^^^^^^^^^^^^^^^^^^^^^^^^^^^^^^^^^^^^^^^^^^^^^^^^^^
[INFO] [stdout] 
[INFO] [stdout] 
[INFO] [stdout] warning: function `butterfly_interleaved_fused_4layer_par_rows` is never used
[INFO] [stdout]     --> crates/flock-core/src/ntt/additive_ntt_f128.rs:2566:4
[INFO] [stdout]      |
[INFO] [stdout] 2566 | fn butterfly_interleaved_fused_4layer_par_rows(
[INFO] [stdout]      |    ^^^^^^^^^^^^^^^^^^^^^^^^^^^^^^^^^^^^^^^^^^^
[INFO] [stdout] 
[INFO] [stdout] 
[INFO] [stdout] warning: function `butterfly_fused_2layer` is never used
[INFO] [stdout]   --> crates/flock-core/src/ntt/additive_ntt_f128/kernels.rs:44:15
[INFO] [stdout]    |
[INFO] [stdout] 44 | pub(super) fn butterfly_fused_2layer(
[INFO] [stdout]    |               ^^^^^^^^^^^^^^^^^^^^^^
[INFO] [stdout] 
[INFO] [stdout] 
[INFO] [stdout] warning: function `try_butterfly_fused_2layer_rows` is never used
[INFO] [stdout]   --> crates/flock-core/src/ntt/additive_ntt_f128/kernels.rs:89:15
[INFO] [stdout]    |
[INFO] [stdout] 89 | pub(super) fn try_butterfly_fused_2layer_rows(
[INFO] [stdout]    |               ^^^^^^^^^^^^^^^^^^^^^^^^^^^^^^^
[INFO] [stdout] 
[INFO] [stdout] 
[INFO] [stdout] warning: function `butterfly_fused_2layer_low_twiddles` is never used
[INFO] [stdout]    --> crates/flock-core/src/ntt/additive_ntt_f128/kernels.rs:123:15
[INFO] [stdout]     |
[INFO] [stdout] 123 | pub(super) fn butterfly_fused_2layer_low_twiddles(
[INFO] [stdout]     |               ^^^^^^^^^^^^^^^^^^^^^^^^^^^^^^^^^^^
[INFO] [stdout] 
[INFO] [stdout] 
[INFO] [stdout] warning: function `butterfly_fused_4layer_row` is never used
[INFO] [stdout]    --> crates/flock-core/src/ntt/additive_ntt_f128/kernels.rs:152:22
[INFO] [stdout]     |
[INFO] [stdout] 152 | pub(super) unsafe fn butterfly_fused_4layer_row(
[INFO] [stdout]     |                      ^^^^^^^^^^^^^^^^^^^^^^^^^^
[INFO] [stdout] 
[INFO] [stdout] 
[INFO] [stdout] warning: function `butterfly_fused_3layer_row` is never used
[INFO] [stdout]    --> crates/flock-core/src/ntt/additive_ntt_f128/kernels.rs:187:22
[INFO] [stdout]     |
[INFO] [stdout] 187 | pub(super) unsafe fn butterfly_fused_3layer_row(
[INFO] [stdout]     |                      ^^^^^^^^^^^^^^^^^^^^^^^^^^
[INFO] [stdout] 
[INFO] [stdout] 
[INFO] [stdout] warning: function `butterfly_fused_3layer_zero_root_row` is never used
[INFO] [stdout]    --> crates/flock-core/src/ntt/additive_ntt_f128/kernels.rs:356:22
[INFO] [stdout]     |
[INFO] [stdout] 356 | pub(super) unsafe fn butterfly_fused_3layer_zero_root_row(
[INFO] [stdout]     |                      ^^^^^^^^^^^^^^^^^^^^^^^^^^^^^^^^^^^^
[INFO] [stdout] 
[INFO] [stdout] 
[INFO] [stdout] warning: function `butterfly_fused_2layer` is never used
[INFO] [stdout]   --> crates/flock-core/src/ntt/additive_ntt_f128/kernels/portable.rs:15:15
[INFO] [stdout]    |
[INFO] [stdout] 15 | pub(super) fn butterfly_fused_2layer(
[INFO] [stdout]    |               ^^^^^^^^^^^^^^^^^^^^^^
[INFO] [stdout] 
[INFO] [stdout] 
[INFO] [stdout] warning: function `butterfly_fused_4layer` is never used
[INFO] [stdout]    --> crates/flock-core/src/ntt/additive_ntt_f128/kernels/portable.rs:279:15
[INFO] [stdout]     |
[INFO] [stdout] 279 | pub(super) fn butterfly_fused_4layer(values: &mut [F128; 16], twiddles: &[F128; 15]) {
[INFO] [stdout]     |               ^^^^^^^^^^^^^^^^^^^^^^
[INFO] [stdout] 
[INFO] [stdout] 
[INFO] [stdout] warning: function `butterfly_fused_4layer_row` is never used
[INFO] [stdout]    --> crates/flock-core/src/ntt/additive_ntt_f128/kernels/portable.rs:313:22
[INFO] [stdout]     |
[INFO] [stdout] 313 | pub(super) unsafe fn butterfly_fused_4layer_row(
[INFO] [stdout]     |                      ^^^^^^^^^^^^^^^^^^^^^^^^^^
[INFO] [stdout] 
[INFO] [stdout] 
[INFO] [stdout] warning: function `use_ranked_open_lookahead_neon` is never used
[INFO] [stdout]    --> crates/flock-core/src/pcs.rs:262:4
[INFO] [stdout]     |
[INFO] [stdout] 262 | fn use_ranked_open_lookahead_neon(ranked_shape: bool, len: usize) -> bool {
[INFO] [stdout]     |    ^^^^^^^^^^^^^^^^^^^^^^^^^^^^^^
[INFO] [stdout] 
[INFO] [stdout] 
[INFO] [stdout] warning: function `f128_range_overlaps_pin` is never used
[INFO] [stdout]    --> crates/flock-core/src/scratch.rs:242:15
[INFO] [stdout]     |
[INFO] [stdout] 242 | pub(crate) fn f128_range_overlaps_pin(addr: usize, len_bytes: usize) -> bool {
[INFO] [stdout]     |               ^^^^^^^^^^^^^^^^^^^^^^^
[INFO] [stdout] 
[INFO] [stdout] 
[INFO] [stdout] warning: function `pin2_f128_allocation` is never used
[INFO] [stdout]    --> crates/flock-core/src/scratch.rs:308:15
[INFO] [stdout]     |
[INFO] [stdout] 308 | pub(crate) fn pin2_f128_allocation(buffer: &[F128]) -> bool {
[INFO] [stdout]     |               ^^^^^^^^^^^^^^^^^^^^
[INFO] [stdout] 
[INFO] [stdout] 
[INFO] [stdout] warning: function `pin_f128_allocation` is never used
[INFO] [stdout]    --> crates/flock-core/src/scratch.rs:338:15
[INFO] [stdout]     |
[INFO] [stdout] 338 | pub(crate) fn pin_f128_allocation(buffer: &[F128]) -> bool {
[INFO] [stdout]     |               ^^^^^^^^^^^^^^^^^^^
[INFO] [stdout] 
[INFO] [stdout] 
[INFO] [stdout] warning: function `unpin_f128_allocation` is never used
[INFO] [stdout]    --> crates/flock-core/src/scratch.rs:364:15
[INFO] [stdout]     |
[INFO] [stdout] 364 | pub(crate) fn unpin_f128_allocation(addr: usize, len: usize) -> bool {
[INFO] [stdout]     |               ^^^^^^^^^^^^^^^^^^^^^
[INFO] [stdout] 
[INFO] [stdout] 
[INFO] [stdout] warning: associated items `from_initialized_f128`, `from_f128_full_overwrite`, `is_fully_initialized`, and `initialize_zeroed_for_scalar_fallback` are never used
[INFO] [stdout]    --> crates/flock-core/src/scratch.rs:795:19
[INFO] [stdout]     |
[INFO] [stdout] 768 | impl ScratchBytes {
[INFO] [stdout]     | ----------------- associated items in this implementation
[INFO] [stdout] ...
[INFO] [stdout] 795 |     pub(crate) fn from_initialized_f128(storage: Vec<F128>) -> Self {
[INFO] [stdout]     |                   ^^^^^^^^^^^^^^^^^^^^^
[INFO] [stdout] ...
[INFO] [stdout] 830 |     pub(crate) fn from_f128_full_overwrite(storage: Vec<F128>, release_tag: u64) -> Self {
[INFO] [stdout]     |                   ^^^^^^^^^^^^^^^^^^^^^^^^
[INFO] [stdout] ...
[INFO] [stdout] 876 |     pub(crate) fn is_fully_initialized(&self) -> bool {
[INFO] [stdout]     |                   ^^^^^^^^^^^^^^^^^^^^
[INFO] [stdout] ...
[INFO] [stdout] 884 |     pub(crate) fn initialize_zeroed_for_scalar_fallback(&mut self) {
[INFO] [stdout]     |                   ^^^^^^^^^^^^^^^^^^^^^^^^^^^^^^^^^^^^^
[INFO] [stdout] 
[INFO] [stdout] 
[INFO] [stdout] warning: function `apple_inverse_micro_selected` is never used
[INFO] [stdout]   --> crates/flock-core/src/zerocheck/multilinear.rs:52:4
[INFO] [stdout]    |
[INFO] [stdout] 52 | fn apple_inverse_micro_selected(platform_supported: bool, kill: Option<&str>) -> bool {
[INFO] [stdout]    |    ^^^^^^^^^^^^^^^^^^^^^^^^^^^^
[INFO] [stdout] 
[INFO] [stdout] 
[INFO] [stdout] warning: constant `LARGE_TAIL_EQ_N_HI` is never used
[INFO] [stdout]    --> crates/flock-core/src/zerocheck/multilinear.rs:311:7
[INFO] [stdout]     |
[INFO] [stdout] 311 | const LARGE_TAIL_EQ_N_HI: usize = 11;
[INFO] [stdout]     |       ^^^^^^^^^^^^^^^^^^
[INFO] [stdout] 
[INFO] [stdout] 
[INFO] [stdout] warning: constant `LARGE_TAIL_EQ_MIN_HALF` is never used
[INFO] [stdout]    --> crates/flock-core/src/zerocheck/multilinear.rs:312:7
[INFO] [stdout]     |
[INFO] [stdout] 312 | const LARGE_TAIL_EQ_MIN_HALF: usize = 1 << 22;
[INFO] [stdout]     |       ^^^^^^^^^^^^^^^^^^^^^^
[INFO] [stdout] 
[INFO] [stdout] 
[INFO] [stdout] warning: function `apple_inverse_literal_selected` is never used
[INFO] [stdout]    --> crates/flock-core/src/zerocheck/univariate_skip_optimized.rs:111:4
[INFO] [stdout]     |
[INFO] [stdout] 111 | fn apple_inverse_literal_selected(platform_supported: bool, kill: Option<&str>) -> bool {
[INFO] [stdout]     |    ^^^^^^^^^^^^^^^^^^^^^^^^^^^^^^
[INFO] [stdout] 
[INFO] [stdout] 
[INFO] [stdout] warning: function `accumulate_c_fold4_q_banks_scalar` is never used
[INFO] [stdout]    --> crates/flock-core/src/zerocheck/univariate_skip_optimized.rs:539:4
[INFO] [stdout]     |
[INFO] [stdout] 539 | fn accumulate_c_fold4_q_banks_scalar(
[INFO] [stdout]     |    ^^^^^^^^^^^^^^^^^^^^^^^^^^^^^^^^^
[INFO] [stdout] 
[INFO] [stdout] 
[INFO] [stdout] warning: function `stage_c_prelude_for_tail_fill` is never used
[INFO] [stdout]     --> crates/flock-core/src/zerocheck/univariate_skip_optimized.rs:2355:15
[INFO] [stdout]      |
[INFO] [stdout] 2355 | pub(crate) fn stage_c_prelude_for_tail_fill(
[INFO] [stdout]      |               ^^^^^^^^^^^^^^^^^^^^^^^^^^^^^
[INFO] [stdout] 
[INFO] [stdout] 
[INFO] [stderr]     Checking flock-prover v0.1.0 (/opt/rustwide/workdir/crates/flock-prover)
[INFO] [stdout] warning: function `select_deferred_ranked_lincheck_stripe` is never used
[INFO] [stdout]     --> crates/flock-prover/src/r1cs_hashes/blake3.rs:3093:4
[INFO] [stdout]      |
[INFO] [stdout] 3093 | fn select_deferred_ranked_lincheck_stripe(
[INFO] [stdout]      |    ^^^^^^^^^^^^^^^^^^^^^^^^^^^^^^^^^^^^^^
[INFO] [stdout]      |
[INFO] [stdout]      = note: `#[warn(dead_code)]` (part of `#[warn(unused)]`) on by default
[INFO] [stdout] 
[INFO] [stdout] 
[INFO] [stdout] warning: function `use_deferred_ranked_lincheck_stripe` is never used
[INFO] [stdout]     --> crates/flock-prover/src/r1cs_hashes/blake3.rs:3113:4
[INFO] [stdout]      |
[INFO] [stdout] 3113 | fn use_deferred_ranked_lincheck_stripe(n_blocks_log: usize, pcs_params: &PcsParams) -> bool {
[INFO] [stdout]      |    ^^^^^^^^^^^^^^^^^^^^^^^^^^^^^^^^^^^
[INFO] [stdout] 
[INFO] [stdout] 
[INFO] [stdout] warning: function `drain_witgen_slabs` is never used
[INFO] [stdout]    --> crates/flock-prover/src/r1cs_hashes/common.rs:447:15
[INFO] [stdout]     |
[INFO] [stdout] 447 | pub(crate) fn drain_witgen_slabs<F>(n_slabs: usize, f: &F)
[INFO] [stdout]     |               ^^^^^^^^^^^^^^^^^^
[INFO] [stdout] 
[INFO] [stdout] 
[INFO] [stdout] warning: suspicious definition of the runtime `read` symbol used by the standard library
[INFO] [stdout]    --> crates/flock-prover/src/seed_pipe.rs:546:5
[INFO] [stdout]     |
[INFO] [stdout] 546 |     fn read(fd: i32, buf: *mut u8, count: usize) -> isize;
[INFO] [stdout]     |     ^^^^^^^^^^^^^^^^^^^^^^^^^^^^^^^^^^^^^^^^^^^^^^^^^^^^^^
[INFO] [stdout]     |
[INFO] [stdout]     = note: expected `unsafe extern "C" fn(i32, *mut c_void, usize) -> isize` (for the current target)
[INFO] [stdout]                found `unsafe extern "C" fn(i32, *mut u8, usize) -> isize`
[INFO] [stdout]     = help: either fix the signature or remove any attributes like `#[unsafe(no_mangle)]`, `#[unsafe(export_name = "read")]`, or `#[link_name = "read"]`
[INFO] [stdout]     = help: allow this lint if the signature is compatible
[INFO] [stdout]     = note: `#[warn(suspicious_runtime_symbol_definitions)]` on by default
[INFO] [stdout] 
[INFO] [stdout] 
[INFO] [stdout] warning: suspicious definition of the runtime `write` symbol used by the standard library
[INFO] [stdout]    --> crates/flock-prover/src/seed_pipe.rs:547:5
[INFO] [stdout]     |
[INFO] [stdout] 547 |     fn write(fd: i32, buf: *const u8, count: usize) -> isize;
[INFO] [stdout]     |     ^^^^^^^^^^^^^^^^^^^^^^^^^^^^^^^^^^^^^^^^^^^^^^^^^^^^^^^^^
[INFO] [stdout]     |
[INFO] [stdout]     = note: expected `unsafe extern "C" fn(i32, *const c_void, usize) -> isize` (for the current target)
[INFO] [stdout]                found `unsafe extern "C" fn(i32, *const u8, usize) -> isize`
[INFO] [stdout]     = help: either fix the signature or remove any attributes like `#[unsafe(no_mangle)]`, `#[unsafe(export_name = "write")]`, or `#[link_name = "write"]`
[INFO] [stdout]     = help: allow this lint if the signature is compatible
[INFO] [stdout] 
[INFO] [stdout] 
[INFO] [stderr]     Checking flock-benchmark-worker v0.1.0 (/opt/rustwide/workdir/benchmark-tools/worker)
[INFO] [stderr]     Checking flock-benchmark-harness v0.1.0 (/opt/rustwide/workdir/benchmark-tools/harness)
[INFO] [stdout] warning: unused variable: `t_outer`
[INFO] [stdout]   --> crates/flock-core/src/ntt/additive_ntt_f128/kernels.rs:91:5
[INFO] [stdout]    |
[INFO] [stdout] 91 |     t_outer: F128,
[INFO] [stdout]    |     ^^^^^^^ help: if this is intentional, prefix it with an underscore: `_t_outer`
[INFO] [stdout]    |
[INFO] [stdout]    = note: `#[warn(unused_variables)]` (part of `#[warn(unused)]`) on by default
[INFO] [stdout] 
[INFO] [stdout] 
[INFO] [stdout] warning: unused variable: `t_inner_a`
[INFO] [stdout]   --> crates/flock-core/src/ntt/additive_ntt_f128/kernels.rs:92:5
[INFO] [stdout]    |
[INFO] [stdout] 92 |     t_inner_a: F128,
[INFO] [stdout]    |     ^^^^^^^^^ help: if this is intentional, prefix it with an underscore: `_t_inner_a`
[INFO] [stdout] 
[INFO] [stdout] 
[INFO] [stdout] warning: unused variable: `t_inner_b`
[INFO] [stdout]   --> crates/flock-core/src/ntt/additive_ntt_f128/kernels.rs:93:5
[INFO] [stdout]    |
[INFO] [stdout] 93 |     t_inner_b: F128,
[INFO] [stdout]    |     ^^^^^^^^^ help: if this is intentional, prefix it with an underscore: `_t_inner_b`
[INFO] [stdout] 
[INFO] [stdout] 
[INFO] [stdout] warning: unused variable: `finish_chunk`
[INFO] [stdout]     --> crates/flock-core/src/ntt/additive_ntt_f128.rs:1248:9
[INFO] [stdout]      |
[INFO] [stdout] 1248 |         finish_chunk: F,
[INFO] [stdout]      |         ^^^^^^^^^^^^ help: if this is intentional, prefix it with an underscore: `_finish_chunk`
[INFO] [stdout] 
[INFO] [stdout] 
[INFO] [stdout] warning: function `use_deferred_ranked_lincheck_stripe` is never used
[INFO] [stdout]     --> crates/flock-prover/src/r1cs_hashes/blake3.rs:3113:4
[INFO] [stdout]      |
[INFO] [stdout] 3113 | fn use_deferred_ranked_lincheck_stripe(n_blocks_log: usize, pcs_params: &PcsParams) -> bool {
[INFO] [stdout]      |    ^^^^^^^^^^^^^^^^^^^^^^^^^^^^^^^^^^^
[INFO] [stdout]      |
[INFO] [stdout]      = note: `#[warn(dead_code)]` (part of `#[warn(unused)]`) on by default
[INFO] [stdout] 
[INFO] [stdout] 
[INFO] [stdout] warning: function `drain_witgen_slabs` is never used
[INFO] [stdout]    --> crates/flock-prover/src/r1cs_hashes/common.rs:447:15
[INFO] [stdout]     |
[INFO] [stdout] 447 | pub(crate) fn drain_witgen_slabs<F>(n_slabs: usize, f: &F)
[INFO] [stdout]     |               ^^^^^^^^^^^^^^^^^^
[INFO] [stdout] 
[INFO] [stdout] 
[INFO] [stdout] warning: suspicious definition of the runtime `read` symbol used by the standard library
[INFO] [stdout]    --> crates/flock-prover/src/seed_pipe.rs:546:5
[INFO] [stdout]     |
[INFO] [stdout] 546 |     fn read(fd: i32, buf: *mut u8, count: usize) -> isize;
[INFO] [stdout]     |     ^^^^^^^^^^^^^^^^^^^^^^^^^^^^^^^^^^^^^^^^^^^^^^^^^^^^^^
[INFO] [stdout]     |
[INFO] [stdout]     = note: expected `unsafe extern "C" fn(i32, *mut c_void, usize) -> isize` (for the current target)
[INFO] [stdout]                found `unsafe extern "C" fn(i32, *mut u8, usize) -> isize`
[INFO] [stdout]     = help: either fix the signature or remove any attributes like `#[unsafe(no_mangle)]`, `#[unsafe(export_name = "read")]`, or `#[link_name = "read"]`
[INFO] [stdout]     = help: allow this lint if the signature is compatible
[INFO] [stdout]     = note: `#[warn(suspicious_runtime_symbol_definitions)]` on by default
[INFO] [stdout] 
[INFO] [stdout] 
[INFO] [stdout] warning: suspicious definition of the runtime `write` symbol used by the standard library
[INFO] [stdout]    --> crates/flock-prover/src/seed_pipe.rs:547:5
[INFO] [stdout]     |
[INFO] [stdout] 547 |     fn write(fd: i32, buf: *const u8, count: usize) -> isize;
[INFO] [stdout]     |     ^^^^^^^^^^^^^^^^^^^^^^^^^^^^^^^^^^^^^^^^^^^^^^^^^^^^^^^^^
[INFO] [stdout]     |
[INFO] [stdout]     = note: expected `unsafe extern "C" fn(i32, *const c_void, usize) -> isize` (for the current target)
[INFO] [stdout]                found `unsafe extern "C" fn(i32, *const u8, usize) -> isize`
[INFO] [stdout]     = help: either fix the signature or remove any attributes like `#[unsafe(no_mangle)]`, `#[unsafe(export_name = "write")]`, or `#[link_name = "write"]`
[INFO] [stdout]     = help: allow this lint if the signature is compatible
[INFO] [stdout] 
[INFO] [stdout] 
[INFO] [stdout] warning: unused variable: `ranked_shape`
[INFO] [stdout]    --> crates/flock-core/src/pcs.rs:290:5
[INFO] [stdout]     |
[INFO] [stdout] 290 |     ranked_shape: bool,
[INFO] [stdout]     |     ^^^^^^^^^^^^ help: if this is intentional, prefix it with an underscore: `_ranked_shape`
[INFO] [stdout] 
[INFO] [stdout] 
[INFO] [stdout] warning: value assigned to `out` is never read
[INFO] [stdout]     --> crates/flock-core/src/zerocheck/multilinear.rs:1831:23
[INFO] [stdout]      |
[INFO] [stdout] 1831 |           let mut out = [F128::ZERO; 8];
[INFO] [stdout]      |                         ^^^^^^^^^^^^^^^ this value is reassigned later and never used
[INFO] [stdout] ...
[INFO] [stdout] 1898 | /             out = round2_lookahead_chunk_scalar(
[INFO] [stdout] 1899 | |                 a_packed,
[INFO] [stdout] 1900 | |                 b_packed,
[INFO] [stdout] 1901 | |                 table,
[INFO] [stdout] ...    |
[INFO] [stdout] 1909 | |                 useful_pairs_inclusive,
[INFO] [stdout] 1910 | |             );
[INFO] [stdout]      | |_____________- `out` is overwritten here before the previous value is read
[INFO] [stdout]      |
[INFO] [stdout]      = note: `#[warn(unused_assignments)]` (part of `#[warn(unused)]`) on by default
[INFO] [stdout] 
[INFO] [stdout] 
[INFO] [stdout] warning: unused variable: `odd_on_gpu`
[INFO] [stdout]     --> crates/flock-core/src/zerocheck/multilinear.rs:1809:9
[INFO] [stdout]      |
[INFO] [stdout] 1809 |     let odd_on_gpu = false;
[INFO] [stdout]      |         ^^^^^^^^^^ help: if this is intentional, prefix it with an underscore: `_odd_on_gpu`
[INFO] [stdout] 
[INFO] [stdout] 
[INFO] [stdout] warning: unused variable: `pair_base`
[INFO] [stdout]     --> crates/flock-core/src/zerocheck/multilinear.rs:2202:13
[INFO] [stdout]      |
[INFO] [stdout] 2202 |         let pair_base = 2 * x_hi * out_chunk;
[INFO] [stdout]      |             ^^^^^^^^^ help: if this is intentional, prefix it with an underscore: `_pair_base`
[INFO] [stdout] 
[INFO] [stdout] 
[INFO] [stdout] warning: unused variable: `pair_base`
[INFO] [stdout]     --> crates/flock-core/src/zerocheck/multilinear.rs:2383:13
[INFO] [stdout]      |
[INFO] [stdout] 2383 |         let pair_base = 2 * x_hi * out_chunk;
[INFO] [stdout]      |             ^^^^^^^^^ help: if this is intentional, prefix it with an underscore: `_pair_base`
[INFO] [stdout] 
[INFO] [stdout] 
[INFO] [stdout] warning: value assigned to `outv` is never read
[INFO] [stdout]     --> crates/flock-core/src/zerocheck/multilinear.rs:2384:24
[INFO] [stdout]      |
[INFO] [stdout] 2384 |           let mut outv = [F128::ZERO; 8];
[INFO] [stdout]      |                          ^^^^^^^^^^^^^^^ this value is reassigned later and never used
[INFO] [stdout] ...
[INFO] [stdout] 2407 | /             outv = fold2_round45_chunk_scalar(
[INFO] [stdout] 2408 | |                 compact, table, &table_l1, &table_l3, rho2, a_out, b_out, eq_lo, lo_size, x_hi,
[INFO] [stdout] 2409 | |             );
[INFO] [stdout]      | |_____________- `outv` is overwritten here before the previous value is read
[INFO] [stdout] 
[INFO] [stdout] 
[INFO] [stdout] Some errors have detailed explanations: E0425, E0433.
[INFO] [stdout] 
[INFO] [stdout] For more information about an error, try `rustc --explain E0425`.
[INFO] [stdout] 
[INFO] [stderr] error: could not compile `flock-core` (lib test) due to 32 previous errors; 10 warnings emitted
[INFO] running `Command { std: "docker" "inspect" "32067b14d26960c0ab54df1e1b642f27f3a2d71c7086c657ff558f1b390939e5", kill_on_drop: false }`
[INFO] running `Command { std: "docker" "rm" "-f" "32067b14d26960c0ab54df1e1b642f27f3a2d71c7086c657ff558f1b390939e5", kill_on_drop: false }`
[INFO] [stdout] 32067b14d26960c0ab54df1e1b642f27f3a2d71c7086c657ff558f1b390939e5
